000
CDUS46 KSGX 261418
CLIFUL


CLIMATE REPORT
NATIONAL WEATHER SERVICE SAN DIEGO, CA
718 AM PDT SUN MAR 26 2017


...................................

...THE FULLERTON AIRPORT CA CLIMATE SUMMARY FOR MARCH 25 2017...

CLIMATE NORMAL PERIOD 1981 TO 2010
CLIMATE RECORD PERIOD 1998 TO 2017


WEATHER ITEM   OBSERVED TIME   RECORD YEAR NORMAL DEPARTURE LAST
                VALUE   (LST)  VALUE       VALUE  FROM      YEAR
                                                  NORMAL
..................................................................
TEMPERATURE (F)
 YESTERDAY
  MAXIMUM         70   1232 PM  87    2015  70      0       79
  MINIMUM         55    555 AM  45    2005  50      5       51
  AVERAGE         63                        60      3       65

PRECIPITATION (IN)
  YESTERDAY        0.00          0.84 2012   0.04  -0.04     0.00
  MONTH TO DATE    0.26                      1.95  -1.69     0.88
  SINCE OCT 1     16.34                     12.13   4.21     5.06
  SINCE JAN 1     10.43                      8.23   2.20     4.01

DEGREE DAYS
 HEATING
  YESTERDAY        2                         5     -3        0
  MONTH TO DATE   51                       140    -89       40
  SINCE MAR 1     51                       140    -89       40
  SINCE JUL 1    748                      1062   -314      719

 COOLING
  YESTERDAY        0                         0      0        0
  MONTH TO DATE   34                         8     26       20
  SINCE MAR 1     34                         8     26       20
  SINCE JAN 1     37                        17     20       92
..................................................................


WIND (MPH)
  RESULTANT WIND SPEED   3   RESULTANT WIND DIRECTION  SW (210)
  HIGHEST WIND SPEED    14   HIGHEST WIND DIRECTION     S (190)
  HIGHEST GUST SPEED    20   HIGHEST GUST DIRECTION    SW (220)
  AVERAGE WIND SPEED     3.7


SKY COVER
  POSSIBLE SUNSHINE  MM
  AVERAGE SKY COVER 0.6


WEATHER CONDITIONS
 THE FOLLOWING WEATHER WAS RECORDED YESTERDAY.
  NO SIGNIFICANT WEATHER WAS OBSERVED.


RELATIVE HUMIDITY (PERCENT)
 HIGHEST    86           500 AM
 LOWEST     63          1100 AM
 AVERAGE    75

..........................................................


THE FULLERTON AIRPORT CA CLIMATE NORMALS FOR TODAY
                         NORMAL    RECORD    YEAR
 MAXIMUM TEMPERATURE (F)   70        96      2015
 MINIMUM TEMPERATURE (F)   50        45      1999


SUNRISE AND SUNSET
MARCH 26 2017.........SUNRISE   647 AM PDT   SUNSET   708 PM PDT
MARCH 27 2017.........SUNRISE   646 AM PDT   SUNSET   709 PM PDT


-  INDICATES NEGATIVE NUMBERS.
R  INDICATES RECORD WAS SET OR TIED.
MM INDICATES DATA IS MISSING.
T  INDICATES TRACE AMOUNT.




$$
