000
CDUS46 KSGX 181420
CLIFUL


CLIMATE REPORT
NATIONAL WEATHER SERVICE SAN DIEGO, CA
620 AM PST THU DEC 18 2014


...................................

...THE FULLERTON AIRPORT CA CLIMATE SUMMARY FOR DECEMBER 17 2014...

CLIMATE NORMAL PERIOD 1981 TO 2010
CLIMATE RECORD PERIOD 1998 TO 2014


WEATHER ITEM   OBSERVED TIME   RECORD YEAR NORMAL DEPARTURE LAST
                VALUE   (LST)  VALUE       VALUE  FROM      YEAR
                                                  NORMAL
..................................................................
TEMPERATURE (F)
 YESTERDAY
  MAXIMUM         66    147 PM  83    1998  67     -1       79
  MINIMUM         52   1159 PM  38    2001  45      7       50
  AVERAGE         59                        56      3       65

PRECIPITATION (IN)
  YESTERDAY        0.24          0.74 2008   0.06   0.18     0.00
  MONTH TO DATE    3.09                      0.77   2.32     0.21
  SINCE JUL 1      3.87                      2.95   0.92     0.99
  SINCE JAN 1      7.33                     12.60  -5.27     3.52

SNOWFALL (IN)
  YESTERDAY        0.0
  MONTH TO DATE    0.0
  SINCE JAN 1      0.0
  SINCE JUL 1      0.0
  SNOW DEPTH       0

DEGREE DAYS
 HEATING
  YESTERDAY        6                         9     -3        0
  MONTH TO DATE   54                       147    -93      133
  SINCE DEC 1     54                       147    -93      133
  SINCE JUL 1     78                       311   -233      209

 COOLING
  YESTERDAY        0                         0      0        0
  MONTH TO DATE    2                         0      2        4
  SINCE DEC 1      2                         0      2        4
  SINCE JAN 1   2111                      1251    860     1900
..................................................................


WIND (MPH)
  RESULTANT WIND SPEED   2   RESULTANT WIND DIRECTION   E (100)
  HIGHEST WIND SPEED    15   HIGHEST WIND DIRECTION     W (290)
  HIGHEST GUST SPEED    24   HIGHEST GUST DIRECTION     W (290)
  AVERAGE WIND SPEED     3.5


SKY COVER
  POSSIBLE SUNSHINE  MM
  AVERAGE SKY COVER 0.6


WEATHER CONDITIONS
 THE FOLLOWING WEATHER WAS RECORDED YESTERDAY.
  HEAVY RAIN
  RAIN
  LIGHT RAIN
  FOG


RELATIVE HUMIDITY (PERCENT)
 HIGHEST    93           300 AM
 LOWEST     44           200 PM
 AVERAGE    69

..........................................................


THE FULLERTON AIRPORT CA CLIMATE NORMALS FOR TODAY
                         NORMAL    RECORD    YEAR
 MAXIMUM TEMPERATURE (F)   67        83      2004
 MINIMUM TEMPERATURE (F)   45        36      2006


SUNRISE AND SUNSET
DECEMBER 18 2014......SUNRISE   651 AM PST   SUNSET   446 PM PST
DECEMBER 19 2014......SUNRISE   652 AM PST   SUNSET   446 PM PST


-  INDICATES NEGATIVE NUMBERS.
R  INDICATES RECORD WAS SET OR TIED.
MM INDICATES DATA IS MISSING.
T  INDICATES TRACE AMOUNT.




$$
