000
CDUS46 KSGX 081523
CLIFUL


CLIMATE REPORT
NATIONAL WEATHER SERVICE SAN DIEGO, CA
723 AM PST THU DEC 8 2016


...................................

...THE FULLERTON AIRPORT CA CLIMATE SUMMARY FOR DECEMBER 7 2016...

CLIMATE NORMAL PERIOD 1981 TO 2010
CLIMATE RECORD PERIOD 1998 TO 2016


WEATHER ITEM   OBSERVED TIME   RECORD YEAR NORMAL DEPARTURE LAST
                VALUE   (LST)  VALUE       VALUE  FROM      YEAR
                                                  NORMAL
..................................................................
TEMPERATURE (F)
 YESTERDAY
  MAXIMUM         65    220 PM  84    2006  68     -3       80
  MINIMUM         51   1159 PM  34    1998  45      6       47
  AVERAGE         58                        56      2       64

PRECIPITATION (IN)
  YESTERDAY        0.00          0.84 2009   0.04  -0.04     0.00
  MONTH TO DATE    0.00                      0.30  -0.30     0.00
  SINCE OCT 1      1.40                      2.15  -0.75     0.26
  SINCE JAN 1      5.61                     12.13  -6.52     4.58

DEGREE DAYS
 HEATING
  YESTERDAY        7                         9     -2        1
  MONTH TO DATE   51                        57     -6       24
  SINCE DEC 1     51                        57     -6       24
  SINCE JUL 1    115                       221   -106      129

 COOLING
  YESTERDAY        0                         0      0        0
  MONTH TO DATE    0                         0      0        0
  SINCE DEC 1      0                         0      0        0
  SINCE JAN 1   1891                      1251    640     2188
..................................................................


WIND (MPH)
  RESULTANT WIND SPEED   1   RESULTANT WIND DIRECTION   E (100)
  HIGHEST WIND SPEED     9   HIGHEST WIND DIRECTION    SW (210)
  HIGHEST GUST SPEED    11   HIGHEST GUST DIRECTION    SW (210)
  AVERAGE WIND SPEED     1.6


SKY COVER
  POSSIBLE SUNSHINE  MM
  AVERAGE SKY COVER 0.5


WEATHER CONDITIONS
 THE FOLLOWING WEATHER WAS RECORDED YESTERDAY.
  FOG


RELATIVE HUMIDITY (PERCENT)
 HIGHEST    93          1200 AM
 LOWEST     52           200 PM
 AVERAGE    73

..........................................................


THE FULLERTON AIRPORT CA CLIMATE NORMALS FOR TODAY
                         NORMAL    RECORD    YEAR
 MAXIMUM TEMPERATURE (F)   68        82      2015
 MINIMUM TEMPERATURE (F)   45        34      2009


SUNRISE AND SUNSET
DECEMBER  8 2016......SUNRISE   645 AM PST   SUNSET   443 PM PST
DECEMBER  9 2016......SUNRISE   646 AM PST   SUNSET   443 PM PST


-  INDICATES NEGATIVE NUMBERS.
R  INDICATES RECORD WAS SET OR TIED.
MM INDICATES DATA IS MISSING.
T  INDICATES TRACE AMOUNT.




$$
