000
CDUS46 KSGX 060018
CLIFUL


CLIMATE REPORT
NATIONAL WEATHER SERVICE SAN DIEGO, CA
518 PM PDT THU MAY 5 2016


...................................

...THE FULLERTON AIRPORT CA CLIMATE SUMMARY FOR MAY 5 2016...
VALID TODAY AS OF 0500 PM LOCAL TIME.

CLIMATE NORMAL PERIOD 1981 TO 2010
CLIMATE RECORD PERIOD 1998 TO 2016


WEATHER ITEM   OBSERVED TIME   RECORD YEAR NORMAL DEPARTURE LAST
                VALUE   (LST)  VALUE       VALUE  FROM      YEAR
                                                  NORMAL
..................................................................
TEMPERATURE (F)
 TODAY
  MAXIMUM         MM        MM  83    2011  75     MM       69
  MINIMUM         MM        MM  50    1999  56     MM       59
  AVERAGE         MM                        65     MM       64

PRECIPITATION (IN)
  TODAY            0.00          0.01 2005   0.02  -0.02     0.00
                                      2005
                                      2013
  MONTH TO DATE    0.00                      0.08  -0.08     0.00
  SINCE OCT 1      5.21                     13.29  -8.08     5.55
  SINCE JAN 1      4.16                      9.39  -5.23     1.73

DEGREE DAYS
 HEATING
  TODAY           MM                         2     MM        1
  MONTH TO DATE    0                        10    -10        1
  SINCE MAR 1     81                       282   -201       65
  SINCE JUL 1    760                      1204   -444      428

 COOLING
  TODAY           MM                         2     MM        0
  MONTH TO DATE   11                        10      1       22
  SINCE MAR 1    116                        53     63      259
  SINCE JAN 1    188                        62    126      310
..................................................................


WIND (MPH)
  RESULTANT WIND SPEED   3   RESULTANT WIND DIRECTION  SE (150)
  HIGHEST WIND SPEED    12   HIGHEST WIND DIRECTION     S (190)
  HIGHEST GUST SPEED    17   HIGHEST GUST DIRECTION     S (190)
  AVERAGE WIND SPEED     5.3


SKY COVER
  POSSIBLE SUNSHINE  MM
  AVERAGE SKY COVER 1.0


WEATHER CONDITIONS
 THE FOLLOWING WEATHER WAS RECORDED TODAY.
  NO SIGNIFICANT WEATHER WAS OBSERVED.


RELATIVE HUMIDITY (PERCENT)
 HIGHEST    58          1000 AM
 LOWEST     45           200 PM
 AVERAGE    52

..........................................................


THE FULLERTON AIRPORT CA CLIMATE NORMALS FOR TOMORROW
                         NORMAL    RECORD    YEAR
 MAXIMUM TEMPERATURE (F)   75        93      2004
 MINIMUM TEMPERATURE (F)   56        53      2007


SUNRISE AND SUNSET
MAY  5 2016...........SUNRISE   558 AM PDT   SUNSET   739 PM PDT
MAY  6 2016...........SUNRISE   558 AM PDT   SUNSET   740 PM PDT


-  INDICATES NEGATIVE NUMBERS.
R  INDICATES RECORD WAS SET OR TIED.
MM INDICATES DATA IS MISSING.
T  INDICATES TRACE AMOUNT.




$$
