000
CDUS41 KCAR 220528
CLIFVE


CLIMATE REPORT
NATIONAL WEATHER SERVICE CARIBOU, ME
1228 AM EST WED NOV 22 2017


...................................

...THE FRENCHVILLE ME CLIMATE SUMMARY FOR NOVEMBER 21 2017...

CLIMATE NORMAL PERIOD 1981 TO 2010
CLIMATE RECORD PERIOD 9999 TO 9999


WEATHER ITEM   OBSERVED TIME   RECORD YEAR NORMAL DEPARTURE LAST
                VALUE   (LST)  VALUE       VALUE  FROM      YEAR
                                                  NORMAL
..................................................................
TEMPERATURE (F)
 YESTERDAY
  MAXIMUM         29   1034 PM              33     -4
  MINIMUM          7    656 AM              22    -15
  AVERAGE         18                        28    -10

PRECIPITATION (IN)
  YESTERDAY        0.00         MM      MM   0.10  -0.10     0.06
  MONTH TO DATE    3.02                      2.03   0.99     1.42
  SINCE SEP 1     13.34                      8.09   5.25     7.07
  SINCE JAN 1     34.73                     30.15   4.58    29.81

SNOWFALL (IN)
  YESTERDAY       MM            MM      MM  MM     MM       MM
  MONTH TO DATE   MM                        MM     MM       MM
  SINCE SEP 1     MM                        MM     MM       MM
  SINCE JUL 1     MM                        MM     MM       MM
  SNOW DEPTH      MM

DEGREE DAYS
 HEATING
  YESTERDAY       47                               10
  MONTH TO DATE  772                               80
  SINCE JUL 1   1686                             -266

 COOLING
  YESTERDAY        0                                0
  MONTH TO DATE    0                                0
  SINCE JAN 1    105                              -29
..................................................................


WIND (MPH)
  HIGHEST WIND SPEED    17   HIGHEST WIND DIRECTION     W (280)
  HIGHEST GUST SPEED    24   HIGHEST GUST DIRECTION     W (280)
  AVERAGE WIND SPEED     8.1




..........................................................


THE FRENCHVILLE ME CLIMATE NORMALS FOR TODAY
                         NORMAL
 MAXIMUM TEMPERATURE (F)   33
 MINIMUM TEMPERATURE (F)   21


SUNRISE AND SUNSET
NOVEMBER 22 2017......SUNRISE   648 AM EST   SUNSET   351 PM EST
NOVEMBER 23 2017......SUNRISE   649 AM EST   SUNSET   350 PM EST


-  INDICATES NEGATIVE NUMBERS.
R  INDICATES RECORD WAS SET OR TIED.
MM INDICATES DATA IS MISSING.
T  INDICATES TRACE AMOUNT.




$$
