000
CDUS41 KCAR 280530
CLIFVE


CLIMATE REPORT
NATIONAL WEATHER SERVICE CARIBOU, ME
129 AM EDT WED SEP 28 2016


...................................

...THE FRENCHVILLE ME CLIMATE SUMMARY FOR SEPTEMBER 27 2016...

CLIMATE NORMAL PERIOD 1981 TO 2010
CLIMATE RECORD PERIOD 9999 TO 9999


WEATHER ITEM   OBSERVED TIME   RECORD YEAR NORMAL DEPARTURE LAST
                VALUE   (LST)  VALUE       VALUE  FROM      YEAR
                                                  NORMAL
..................................................................
TEMPERATURE (F)
 YESTERDAY
  MAXIMUM         50    324 PM              58     -8
  MINIMUM         40    716 AM              40      0
  AVERAGE         45                        49     -4

PRECIPITATION (IN)
  YESTERDAY        0.03         MM      MM   0.10  -0.07     0.00
  MONTH TO DATE    2.52                      3.21  -0.69     1.72
  SINCE SEP 1      2.52                      3.21  -0.69     1.72
  SINCE JAN 1     25.26                     25.27  -0.01    19.41

SNOWFALL (IN)
  YESTERDAY       MM            MM      MM  MM     MM       MM
  MONTH TO DATE   MM                        MM     MM       MM
  SINCE SEP 1     MM                        MM     MM       MM
  SINCE JUL 1     MM                        MM     MM       MM
  SNOW DEPTH      MM

DEGREE DAYS
 HEATING
  YESTERDAY       20                                4
  MONTH TO DATE  191                             -111
  SINCE JUL 1    298                             -196

 COOLING
  YESTERDAY        0                                0
  MONTH TO DATE   20                               10
  SINCE JAN 1    221                               87
..................................................................


WIND (MPH)
  HIGHEST WIND SPEED    14   HIGHEST WIND DIRECTION    NE (60)
  HIGHEST GUST SPEED    21   HIGHEST GUST DIRECTION    NE (60)
  AVERAGE WIND SPEED     4.6




..........................................................


THE FRENCHVILLE ME CLIMATE NORMALS FOR TODAY
                         NORMAL
 MAXIMUM TEMPERATURE (F)   57
 MINIMUM TEMPERATURE (F)   40


SUNRISE AND SUNSET
SEPTEMBER 28 2016.....SUNRISE   629 AM EDT   SUNSET   618 PM EDT
SEPTEMBER 29 2016.....SUNRISE   630 AM EDT   SUNSET   616 PM EDT


-  INDICATES NEGATIVE NUMBERS.
R  INDICATES RECORD WAS SET OR TIED.
MM INDICATES DATA IS MISSING.
T  INDICATES TRACE AMOUNT.




$$
