000
CDUS41 KCAR 250527
CLIFVE


CLIMATE REPORT
NATIONAL WEATHER SERVICE CARIBOU, ME
126 AM EDT TUE JUL 25 2017


...................................

...THE FRENCHVILLE ME CLIMATE SUMMARY FOR JULY 24 2017...

CLIMATE NORMAL PERIOD 1981 TO 2010
CLIMATE RECORD PERIOD 9999 TO 9999


WEATHER ITEM   OBSERVED TIME   RECORD YEAR NORMAL DEPARTURE LAST
                VALUE   (LST)  VALUE       VALUE  FROM      YEAR
                                                  NORMAL
..................................................................
TEMPERATURE (F)
 YESTERDAY
  MAXIMUM         68    317 PM              74     -6
  MINIMUM         41    421 AM              55    -14
  AVERAGE         55                        65    -10

PRECIPITATION (IN)
  YESTERDAY        0.00         MM      MM   0.12  -0.12     0.00
  MONTH TO DATE    1.89                      3.52  -1.63     4.75
  SINCE JUN 1      7.73                      7.37   0.36     9.50
  SINCE JAN 1     19.42                     17.27   2.15    19.59

SNOWFALL (IN)
  YESTERDAY       MM            MM      MM  MM     MM       MM
  MONTH TO DATE   MM                        MM     MM       MM
  SINCE JUN 1     MM                        MM     MM       MM
  SINCE JUL 1     MM                        MM     MM       MM
  SNOW DEPTH      MM

DEGREE DAYS
 HEATING
  YESTERDAY       10                                8
  MONTH TO DATE   56                                1
  SINCE JUL 1     56                                1

 COOLING
  YESTERDAY        0                               -2
  MONTH TO DATE   36                              -11
  SINCE JAN 1     64                              -11
..................................................................


WIND (MPH)
  HIGHEST WIND SPEED     8   HIGHEST WIND DIRECTION    NW (320)
  HIGHEST GUST SPEED    11   HIGHEST GUST DIRECTION     N (340)
  AVERAGE WIND SPEED     3.9




..........................................................


THE FRENCHVILLE ME CLIMATE NORMALS FOR TODAY
                         NORMAL
 MAXIMUM TEMPERATURE (F)   74
 MINIMUM TEMPERATURE (F)   55


SUNRISE AND SUNSET
JULY 25 2017..........SUNRISE   504 AM EDT   SUNSET   815 PM EDT
JULY 26 2017..........SUNRISE   505 AM EDT   SUNSET   814 PM EDT


-  INDICATES NEGATIVE NUMBERS.
R  INDICATES RECORD WAS SET OR TIED.
MM INDICATES DATA IS MISSING.
T  INDICATES TRACE AMOUNT.




$$
