000
CDUS41 KCAR 310529
CLIFVE


CLIMATE REPORT
NATIONAL WEATHER SERVICE CARIBOU, ME
129 AM EDT TUE MAY 31 2016


...................................

...THE FRENCHVILLE ME CLIMATE SUMMARY FOR MAY 30 2016...

CLIMATE NORMAL PERIOD 1981 TO 2010
CLIMATE RECORD PERIOD 9999 TO 9999


WEATHER ITEM   OBSERVED TIME   RECORD YEAR NORMAL DEPARTURE LAST
                VALUE   (LST)  VALUE       VALUE  FROM      YEAR
                                                  NORMAL
..................................................................
TEMPERATURE (F)
 YESTERDAY
  MAXIMUM         76    402 PM              65     11
  MINIMUM         47    518 AM              44      3
  AVERAGE         62                        55      7

PRECIPITATION (IN)
  YESTERDAY        0.21         MM      MM   0.12   0.09     0.20
  MONTH TO DATE    2.73                      2.93  -0.20     2.48
  SINCE MAR 1      6.52                      7.22  -0.70     4.71
  SINCE JAN 1     10.00                      9.79   0.21     5.52

SNOWFALL (IN)
  YESTERDAY       MM            MM      MM  MM     MM       MM
  MONTH TO DATE   MM                        MM     MM       MM
  SINCE MAR 1     MM                        MM     MM       MM
  SINCE JUL 1     MM                        MM     MM       MM
  SNOW DEPTH      MM

DEGREE DAYS
 HEATING
  YESTERDAY        3                               -8
  MONTH TO DATE  389                              -56
  SINCE JUL 1   8771                             -806

 COOLING
  YESTERDAY        0                                0
  MONTH TO DATE    6                                6
  SINCE JAN 1      6                                6
..................................................................


WIND (MPH)
  HIGHEST WIND SPEED    16   HIGHEST WIND DIRECTION     W (270)
  HIGHEST GUST SPEED    21   HIGHEST GUST DIRECTION     W (270)
  AVERAGE WIND SPEED     9.1




..........................................................


THE FRENCHVILLE ME CLIMATE NORMALS FOR TODAY
                         NORMAL
 MAXIMUM TEMPERATURE (F)   66
 MINIMUM TEMPERATURE (F)   45


SUNRISE AND SUNSET
MAY 31 2016...........SUNRISE   441 AM EDT   SUNSET   821 PM EDT
JUNE  1 2016..........SUNRISE   441 AM EDT   SUNSET   822 PM EDT


-  INDICATES NEGATIVE NUMBERS.
R  INDICATES RECORD WAS SET OR TIED.
MM INDICATES DATA IS MISSING.
T  INDICATES TRACE AMOUNT.




$$
