000
CDUS41 KCAR 230527
CLIFVE


CLIMATE REPORT
NATIONAL WEATHER SERVICE CARIBOU, ME
126 AM EDT SAT JUL 23 2016


...................................

...THE FRENCHVILLE ME CLIMATE SUMMARY FOR JULY 22 2016...

CLIMATE NORMAL PERIOD 1981 TO 2010
CLIMATE RECORD PERIOD 9999 TO 9999


WEATHER ITEM   OBSERVED TIME   RECORD YEAR NORMAL DEPARTURE LAST
                VALUE   (LST)  VALUE       VALUE  FROM      YEAR
                                                  NORMAL
..................................................................
TEMPERATURE (F)
 YESTERDAY
  MAXIMUM         79    109 PM              75      4
  MINIMUM         64   1159 PM              56      8
  AVERAGE         72                        65      7

PRECIPITATION (IN)
  YESTERDAY        0.78         MM      MM   0.14   0.64      T
  MONTH TO DATE    4.75                      3.26   1.49     2.54
  SINCE JUN 1      9.50                      7.11   2.39     7.29
  SINCE JAN 1     19.59                     17.01   2.58    12.83

SNOWFALL (IN)
  YESTERDAY       MM            MM      MM  MM     MM       MM
  MONTH TO DATE   MM                        MM     MM       MM
  SINCE JUN 1     MM                        MM     MM       MM
  SINCE JUL 1     MM                        MM     MM       MM
  SNOW DEPTH      MM

DEGREE DAYS
 HEATING
  YESTERDAY        0                               -2
  MONTH TO DATE   61                               10
  SINCE JUL 1     61                               10

 COOLING
  YESTERDAY        7                                5
  MONTH TO DATE   47                                4
  SINCE JAN 1    102                               31
..................................................................


WIND (MPH)
  HIGHEST WIND SPEED    29   HIGHEST WIND DIRECTION    SW (240)
  HIGHEST GUST SPEED    40   HIGHEST GUST DIRECTION    SW (230)
  AVERAGE WIND SPEED     8.0




..........................................................


THE FRENCHVILLE ME CLIMATE NORMALS FOR TODAY
                         NORMAL
 MAXIMUM TEMPERATURE (F)   75
 MINIMUM TEMPERATURE (F)   56


SUNRISE AND SUNSET
JULY 23 2016..........SUNRISE   501 AM EDT   SUNSET   817 PM EDT
JULY 24 2016..........SUNRISE   503 AM EDT   SUNSET   816 PM EDT


-  INDICATES NEGATIVE NUMBERS.
R  INDICATES RECORD WAS SET OR TIED.
MM INDICATES DATA IS MISSING.
T  INDICATES TRACE AMOUNT.




$$
