000
CDUS41 KCAR 230528
CLIFVE


CLIMATE REPORT
NATIONAL WEATHER SERVICE CARIBOU, ME
127 AM EDT SAT AUG 23 2014


...................................

...THE FRENCHVILLE ME CLIMATE SUMMARY FOR AUGUST 22 2014...

CLIMATE NORMAL PERIOD 1981 TO 2010
CLIMATE RECORD PERIOD 9999 TO 9999


WEATHER ITEM   OBSERVED TIME   RECORD YEAR NORMAL DEPARTURE LAST
                VALUE   (LST)  VALUE       VALUE  FROM      YEAR
                                                  NORMAL
..................................................................
TEMPERATURE (F)
 YESTERDAY
  MAXIMUM         69    416 PM              71     -2
  MINIMUM         55   1153 PM              52      3
  AVERAGE         62                        62      0

PRECIPITATION (IN)
  YESTERDAY        0.00         MM      MM   0.12  -0.12     0.55
  MONTH TO DATE    1.78                      2.78  -1.00     6.63
  SINCE JUN 1     12.24                     10.94   1.30    14.39
  SINCE JAN 1     22.61                     20.84   1.77    24.28

SNOWFALL (IN)
  YESTERDAY       MM            MM      MM  MM     MM       MM
  MONTH TO DATE   MM                        MM     MM       MM
  SINCE JUN 1     MM                        MM     MM       MM
  SINCE JUL 1     MM                        MM     MM       MM
  SNOW DEPTH      MM

DEGREE DAYS
 HEATING
  YESTERDAY        3                               -1
  MONTH TO DATE   55                              -15
  SINCE JUL 1    105                              -35

 COOLING
  YESTERDAY        0                               -1
  MONTH TO DATE   13                              -23
  SINCE JAN 1    113                               -5
..................................................................


WIND (MPH)
  HIGHEST WIND SPEED    10   HIGHEST WIND DIRECTION    NE (40)
  HIGHEST GUST SPEED    12   HIGHEST GUST DIRECTION    NE (50)
  AVERAGE WIND SPEED     3.0




..........................................................


THE FRENCHVILLE ME CLIMATE NORMALS FOR TODAY
                         NORMAL
 MAXIMUM TEMPERATURE (F)   71
 MINIMUM TEMPERATURE (F)   52


SUNRISE AND SUNSET
AUGUST 23 2014........SUNRISE   540 AM EDT   SUNSET   730 PM EDT
AUGUST 24 2014........SUNRISE   542 AM EDT   SUNSET   729 PM EDT


-  INDICATES NEGATIVE NUMBERS.
R  INDICATES RECORD WAS SET OR TIED.
MM INDICATES DATA IS MISSING.
T  INDICATES TRACE AMOUNT.




$$
