000
CDUS41 KCAR 262245
CLIFVE


CLIMATE REPORT
NATIONAL WEATHER SERVICE CARIBOU, ME
545 PM EST THU FEB 26 2015


...................................

...THE FRENCHVILLE ME CLIMATE SUMMARY FOR FEBRUARY 26 2015...
VALID TODAY AS OF 0500 PM LOCAL TIME.

CLIMATE NORMAL PERIOD 1981 TO 2010
CLIMATE RECORD PERIOD 9999 TO 9999


WEATHER ITEM   OBSERVED TIME   RECORD YEAR NORMAL DEPARTURE LAST
                VALUE   (LST)  VALUE       VALUE  FROM      YEAR
                                                  NORMAL
..................................................................
TEMPERATURE (F)
 TODAY
  MAXIMUM          9   1213 AM              25    -16
  MINIMUM         -6    703 AM               8    -14
  AVERAGE          2                        17    -15

PRECIPITATION (IN)
  TODAY            T            MM      MM   0.04  -0.04     0.01
  MONTH TO DATE    0.10                      0.73  -0.63     0.92
  SINCE DEC 1      3.29                      5.03  -1.74     3.94
  SINCE JAN 1      0.81                      2.49  -1.68     2.92

SNOWFALL (IN)
  TODAY           MM            MM      MM  MM     MM       MM
  MONTH TO DATE   MM                        MM     MM       MM
  SINCE DEC 1     MM                        MM     MM       MM
  SINCE JUL 1     MM                        MM     MM       MM
  SNOW DEPTH       0

DEGREE DAYS
 HEATING
  TODAY           63                               15
  MONTH TO DATE 1652                              292
  SINCE JUL 1   7028                              124

 COOLING
  TODAY            0                                0
  MONTH TO DATE    0                                0
  SINCE JAN 1      0                                0
..................................................................


WIND (MPH)
  HIGHEST WIND SPEED    21   HIGHEST WIND DIRECTION     W (290)
  HIGHEST GUST SPEED    26   HIGHEST GUST DIRECTION     W (290)
  AVERAGE WIND SPEED    11.5




..........................................................


THE FRENCHVILLE ME CLIMATE NORMALS FOR TOMORROW
                         NORMAL
 MAXIMUM TEMPERATURE (F)   26
 MINIMUM TEMPERATURE (F)    9


SUNRISE AND SUNSET
FEBRUARY 26 2015......SUNRISE   620 AM EST   SUNSET   514 PM EST
FEBRUARY 27 2015......SUNRISE   618 AM EST   SUNSET   515 PM EST


-  INDICATES NEGATIVE NUMBERS.
R  INDICATES RECORD WAS SET OR TIED.
MM INDICATES DATA IS MISSING.
T  INDICATES TRACE AMOUNT.




$$
