000
CDUS41 KCAR 280546
CLIFVE


CLIMATE REPORT
NATIONAL WEATHER SERVICE CARIBOU, ME
144 AM EDT TUE JUL 28 2015


...................................

...THE FRENCHVILLE ME CLIMATE SUMMARY FOR JULY 27 2015...

CLIMATE NORMAL PERIOD 1981 TO 2010
CLIMATE RECORD PERIOD 9999 TO 9999


WEATHER ITEM   OBSERVED TIME   RECORD YEAR NORMAL DEPARTURE LAST
                VALUE   (LST)  VALUE       VALUE  FROM      YEAR
                                                  NORMAL
..................................................................
TEMPERATURE (F)
 YESTERDAY
  MAXIMUM         74    145 PM              74      0
  MINIMUM         58   1236 AM              55      3
  AVERAGE         66                        65      1

PRECIPITATION (IN)
  YESTERDAY        0.07         MM      MM   0.11  -0.04     1.17
  MONTH TO DATE    2.86                      3.87  -1.01     4.46
  SINCE JUN 1      7.61                      7.72  -0.11     8.57
  SINCE JAN 1     13.15                     17.62  -4.47    18.94

SNOWFALL (IN)
  YESTERDAY       MM            MM      MM  MM     MM       MM
  MONTH TO DATE   MM                        MM     MM       MM
  SINCE JUN 1     MM                        MM     MM       MM
  SINCE JUL 1     MM                        MM     MM       MM
  SNOW DEPTH      MM

DEGREE DAYS
 HEATING
  YESTERDAY        0                               -2
  MONTH TO DATE  109                               48
  SINCE JUL 1    109                               48

 COOLING
  YESTERDAY        1                               -1
  MONTH TO DATE   17                              -36
  SINCE JAN 1     28                              -53
..................................................................


WIND (MPH)
  HIGHEST WIND SPEED    13   HIGHEST WIND DIRECTION     S (200)
  HIGHEST GUST SPEED    19   HIGHEST GUST DIRECTION     S (200)
  AVERAGE WIND SPEED     6.0




..........................................................


THE FRENCHVILLE ME CLIMATE NORMALS FOR TODAY
                         NORMAL
 MAXIMUM TEMPERATURE (F)   74
 MINIMUM TEMPERATURE (F)   55


SUNRISE AND SUNSET
JULY 28 2015..........SUNRISE   506 AM EDT   SUNSET   812 PM EDT
JULY 29 2015..........SUNRISE   508 AM EDT   SUNSET   811 PM EDT


-  INDICATES NEGATIVE NUMBERS.
R  INDICATES RECORD WAS SET OR TIED.
MM INDICATES DATA IS MISSING.
T  INDICATES TRACE AMOUNT.




$$
