648
CDUS43 KIWX 290521
CLIFWA


CLIMATE REPORT
NATIONAL WEATHER SERVICE NORTHERN INDIANA
121 AM EDT SAT JUL 29 2017


...................................

...THE FORT WAYNE CLIMATE SUMMARY FOR JULY 28 2017...

CLIMATE NORMAL PERIOD 1981 TO 2010
CLIMATE RECORD PERIOD 1897 TO 2017


WEATHER ITEM   OBSERVED TIME   RECORD YEAR NORMAL DEPARTURE LAST
                VALUE   (LST)  VALUE       VALUE  FROM      YEAR
                                                  NORMAL
..................................................................
TEMPERATURE (F)
 YESTERDAY
  MAXIMUM         81    322 PM  98    1916  84     -3       89
  MINIMUM         64   1159 PM  49    1900  62      2       67
  AVERAGE         73                        73      0       78

PRECIPITATION (IN)
  YESTERDAY        T             1.42 1961   0.13  -0.13     0.08
  MONTH TO DATE    4.36                      3.84   0.52     0.76
  SINCE JUN 1     11.67                      8.00   3.67     6.20
  SINCE JAN 1     35.12                     22.80  12.32    20.39

DEGREE DAYS
 HEATING
  YESTERDAY        0                         0      0        0
  MONTH TO DATE    0                         0      0        3
  SINCE JUN 1      6                        29    -23       14
  SINCE JUL 1      0                         0      0        3

 COOLING
  YESTERDAY        8                         8      0       13
  MONTH TO DATE  259                       245     14      275
  SINCE JUN 1    474                       427     47      481
  SINCE JAN 1    538                       484     54      555
..................................................................


WIND (MPH)
  HIGHEST WIND SPEED    21   HIGHEST WIND DIRECTION    NE (40)
  HIGHEST GUST SPEED    26   HIGHEST GUST DIRECTION    NE (30)
  AVERAGE WIND SPEED    10.8


SKY COVER
  AVERAGE SKY COVER 0.6


WEATHER CONDITIONS
 THE FOLLOWING WEATHER WAS RECORDED YESTERDAY.
  LIGHT RAIN


RELATIVE HUMIDITY (PERCENT)
 HIGHEST    90           300 AM
 LOWEST     50           600 PM
 AVERAGE    70

..........................................................


THE FORT WAYNE CLIMATE NORMALS FOR TODAY
                         NORMAL    RECORD    YEAR
 MAXIMUM TEMPERATURE (F)   83        98      1916
 MINIMUM TEMPERATURE (F)   62        47      1904


SUNRISE AND SUNSET
JULY 29 2017..........SUNRISE   634 AM EDT   SUNSET   900 PM EDT
JULY 30 2017..........SUNRISE   635 AM EDT   SUNSET   859 PM EDT


-  INDICATES NEGATIVE NUMBERS.
R  INDICATES RECORD WAS SET OR TIED.
MM INDICATES DATA IS MISSING.
T  INDICATES TRACE AMOUNT.




$$
