000
CDUS43 KIWX 282123
CLIFWA


CLIMATE REPORT
NATIONAL WEATHER SERVICE NORTHERN INDIANA
423 PM EST WED JAN 28 2015


...................................

...THE FORT WAYNE CLIMATE SUMMARY FOR JANUARY 28 2015...
VALID TODAY AS OF 0400 PM LOCAL TIME.

CLIMATE NORMAL PERIOD 1981 TO 2010
CLIMATE RECORD PERIOD 1897 TO 2015


WEATHER ITEM   OBSERVED TIME   RECORD YEAR NORMAL DEPARTURE LAST
                VALUE   (LST)  VALUE       VALUE  FROM      YEAR
                                                  NORMAL
..................................................................
TEMPERATURE (F)
 TODAY
  MAXIMUM         27    359 PM  64    1914  33     -6        3
  MINIMUM          6    653 AM -16    2014  17    -11      -16
                                      1963
  AVERAGE         17                        25     -8       -6

PRECIPITATION (IN)
  TODAY            0.00          1.71 1969   0.07  -0.07     0.00
  MONTH TO DATE    2.15                      2.05   0.10     2.70
  SINCE DEC 1      3.87                      4.82  -0.95     5.56
  SINCE JAN 1      2.15                      2.05   0.10     2.70

SNOWFALL (IN)
  TODAY            0.0           7.0  1913   0.4   -0.4      0.0
  MONTH TO DATE   12.3                       9.1    3.2     30.8
  SINCE DEC 1     12.9                      17.6   -4.7     40.7
  SINCE JUL 1     17.1                      19.7   -2.6     41.7

DEGREE DAYS
 HEATING
  TODAY           48                        40      8       71
  MONTH TO DATE 1227                      1119    108     1338
  SINCE DEC 1   2220                      2230    -10     2493
  SINCE JUL 1   3666                      3447    219     3794

 COOLING
  TODAY            0                         0      0        0
  MONTH TO DATE    0                         0      0        0
  SINCE DEC 1      0                         0      0        0
  SINCE JAN 1      0                         0      0        0
..................................................................


WIND (MPH)
  HIGHEST WIND SPEED    12   HIGHEST WIND DIRECTION    SE (130)
  HIGHEST GUST SPEED    15   HIGHEST GUST DIRECTION    SE (130)
  AVERAGE WIND SPEED     3.6


SKY COVER
  POSSIBLE SUNSHINE  MM
  AVERAGE SKY COVER 0.4


WEATHER CONDITIONS
 THE FOLLOWING WEATHER WAS RECORDED TODAY.
  FOG
  HAZE


RELATIVE HUMIDITY (PERCENT)
 HIGHEST    91           200 AM
 LOWEST     62           100 PM
 AVERAGE    77

..........................................................


THE FORT WAYNE CLIMATE NORMALS FOR TOMORROW
                         NORMAL    RECORD    YEAR
 MAXIMUM TEMPERATURE (F)   33        62      1914
 MINIMUM TEMPERATURE (F)   17       -10      1963


SUNRISE AND SUNSET
JANUARY 28 2015.......SUNRISE   755 AM EST   SUNSET   553 PM EST
JANUARY 29 2015.......SUNRISE   754 AM EST   SUNSET   554 PM EST


-  INDICATES NEGATIVE NUMBERS.
R  INDICATES RECORD WAS SET OR TIED.
MM INDICATES DATA IS MISSING.
T  INDICATES TRACE AMOUNT.




$$
