000
CDUS43 KIWX 070027
CLIFWA


CLIMATE REPORT
NATIONAL WEATHER SERVICE NORTHERN INDIANA
726 PM EST SAT FEB 6 2016


...................................

...THE FORT WAYNE CLIMATE SUMMARY FOR FEBRUARY 6 2016...
VALID AS OF 0700 PM LOCAL TIME.

CLIMATE NORMAL PERIOD 1981 TO 2010
CLIMATE RECORD PERIOD 1897 TO 2016


WEATHER ITEM   OBSERVED TIME   RECORD YEAR NORMAL DEPARTURE LAST
                VALUE   (LST)  VALUE       VALUE  FROM      YEAR
                                                  NORMAL
..................................................................
TEMPERATURE (F)
 TODAY
  MAXIMUM         39    436 PM  61    1938  34      5       29
  MINIMUM         21    723 AM -13    1977  18      3        6
  AVERAGE         30                        26      4       18

PRECIPITATION (IN)
  TODAY            0.00          1.22 1942   0.07  -0.07     0.00
  MONTH TO DATE    0.24                      0.42  -0.18     1.10
  SINCE DEC 1      6.01                      5.45   0.56     5.05
  SINCE JAN 1      1.86                      2.68  -0.82     3.33

SNOWFALL (IN)
  TODAY            0.0           7.7  1952   0.3   -0.3      0.0
  MONTH TO DATE    T                         1.9   -1.9     12.3
  SINCE DEC 1      7.1                      20.5  -13.4     25.6
  SINCE JUL 1     11.3                      22.6  -11.3     29.8
  SNOW DEPTH       0

DEGREE DAYS
 HEATING
  TODAY           35                        39     -4       47
  MONTH TO DATE  181                       235    -54      281
  SINCE DEC 1   2088                      2589   -501     2610
  SINCE JUL 1   3057                      3806   -749     4056

 COOLING
  TODAY            0                         0      0        0
  MONTH TO DATE    0                         0      0        0
  SINCE DEC 1      0                         0      0        0
  SINCE JAN 1      0                         0      0        0
..................................................................


WIND (MPH)
  RESULTANT WIND SPEED   8   RESULTANT WIND DIRECTION  SW (240)
  HIGHEST WIND SPEED    16   HIGHEST WIND DIRECTION    SW (230)
  HIGHEST GUST SPEED    20   HIGHEST GUST DIRECTION    SW (230)
  AVERAGE WIND SPEED     8.2


SKY COVER
  POSSIBLE SUNSHINE  MM
  AVERAGE SKY COVER 0.4


WEATHER CONDITIONS
 THE FOLLOWING WEATHER WAS RECORDED TODAY.
  FOG
  HAZE


RELATIVE HUMIDITY (PERCENT)
 HIGHEST    92           400 AM
 LOWEST     52           300 PM
 AVERAGE    72

..........................................................


THE FORT WAYNE CLIMATE NORMALS FOR TOMORROW
                         NORMAL    RECORD    YEAR
 MAXIMUM TEMPERATURE (F)   34        62      1925
 MINIMUM TEMPERATURE (F)   19       -13      2014


SUNRISE AND SUNSET
FEBRUARY  6 2016......SUNRISE   747 AM EST   SUNSET   604 PM EST
FEBRUARY  7 2016......SUNRISE   746 AM EST   SUNSET   605 PM EST


-  INDICATES NEGATIVE NUMBERS.
R  INDICATES RECORD WAS SET OR TIED.
MM INDICATES DATA IS MISSING.
T  INDICATES TRACE AMOUNT.




$$
