000
CDUS43 KIWX 290526
CLIFWA


CLIMATE REPORT
NATIONAL WEATHER SERVICE NORTHERN INDIANA
123 AM EDT WED MAR 29 2017


...................................

...THE FORT WAYNE CLIMATE SUMMARY FOR MARCH 28 2017...

CLIMATE NORMAL PERIOD 1981 TO 2010
CLIMATE RECORD PERIOD 1897 TO 2017


WEATHER ITEM   OBSERVED TIME   RECORD YEAR NORMAL DEPARTURE LAST
                VALUE   (LST)  VALUE       VALUE  FROM      YEAR
                                                  NORMAL
..................................................................
TEMPERATURE (F)
 YESTERDAY
  MAXIMUM         54   1241 AM  84    1910  53      1       48
  MINIMUM         45   1159 PM  10    1955  33     12       36
  AVERAGE         50                        43      7       42

PRECIPITATION (IN)
  YESTERDAY        0.01          2.12 1907   0.11  -0.10      T
  MONTH TO DATE    2.82                      2.39   0.43     3.07
  SINCE MAR 1      2.82                      2.39   0.43     3.07
  SINCE JAN 1      9.29                      6.69   2.60     6.12

SNOWFALL (IN)
  YESTERDAY        0.0           0.5  1964   0.1   -0.1      0.0
  MONTH TO DATE    3.0                       3.9   -0.9      2.8
  SINCE MAR 1      3.0                       3.9   -0.9      2.8
  SINCE JUL 1     18.1                      32.3  -14.2     19.0
  SNOW DEPTH       0

DEGREE DAYS
 HEATING
  YESTERDAY       15                        22     -7       23
  MONTH TO DATE  725                       763    -38      584
  SINCE MAR 1    725                       763    -38      584
  SINCE JUL 1   4419                      5361   -942     4411

 COOLING
  YESTERDAY        0                         0      0        0
  MONTH TO DATE    0                         0      0        0
  SINCE MAR 1      0                         0      0        0
  SINCE JAN 1      0                         0      0        0
..................................................................


WIND (MPH)
  HIGHEST WIND SPEED    16   HIGHEST WIND DIRECTION     N (360)
  HIGHEST GUST SPEED    19   HIGHEST GUST DIRECTION    NE (40)
  AVERAGE WIND SPEED     8.9


SKY COVER
  AVERAGE SKY COVER 0.9


WEATHER CONDITIONS
 THE FOLLOWING WEATHER WAS RECORDED YESTERDAY.
  LIGHT RAIN
  FOG


RELATIVE HUMIDITY (PERCENT)
 HIGHEST    93           600 AM
 LOWEST     74          1000 AM
 AVERAGE    84

..........................................................


THE FORT WAYNE CLIMATE NORMALS FOR TODAY
                         NORMAL    RECORD    YEAR
 MAXIMUM TEMPERATURE (F)   54        80      1910
 MINIMUM TEMPERATURE (F)   33        13      1923


SUNRISE AND SUNSET
MARCH 29 2017.........SUNRISE   729 AM EDT   SUNSET   803 PM EDT
MARCH 30 2017.........SUNRISE   727 AM EDT   SUNSET   804 PM EDT


-  INDICATES NEGATIVE NUMBERS.
R  INDICATES RECORD WAS SET OR TIED.
MM INDICATES DATA IS MISSING.
T  INDICATES TRACE AMOUNT.




$$
