000
CDUS43 KIWX 180528
CLIFWA


CLIMATE REPORT
NATIONAL WEATHER SERVICE NORTHERN INDIANA
1226 AM EST WED JAN 18 2017


...................................

...THE FORT WAYNE CLIMATE SUMMARY FOR JANUARY 17 2017...

CLIMATE NORMAL PERIOD 1981 TO 2010
CLIMATE RECORD PERIOD 1897 TO 2017


WEATHER ITEM   OBSERVED TIME   RECORD YEAR NORMAL DEPARTURE LAST
                VALUE   (LST)  VALUE       VALUE  FROM      YEAR
                                                  NORMAL
..................................................................
TEMPERATURE (F)
 YESTERDAY
  MAXIMUM         52    847 AM  65    1952  32     20       25
  MINIMUM         37   1159 PM -17    1982  17     20        3
  AVERAGE         45                        25     20       14

PRECIPITATION (IN)
  YESTERDAY        0.40          1.27 1913   0.07   0.33     0.03
  MONTH TO DATE    3.21                      1.31   1.90     1.51
  SINCE DEC 1      5.52                      4.08   1.44     5.66
  SINCE JAN 1      3.21                      1.31   1.90     1.51

SNOWFALL (IN)
  YESTERDAY        0.0           3.0  1930   0.3   -0.3      0.6
  MONTH TO DATE    0.7                       5.4   -4.7      5.0
  SINCE DEC 1     11.6                      13.9   -2.3      5.2
  SINCE JUL 1     12.0                      16.0   -4.0      9.4
  SNOW DEPTH       0

DEGREE DAYS
 HEATING
  YESTERDAY       20                        40    -20       51
  MONTH TO DATE  611                       679    -68      644
  SINCE DEC 1   1777                      1790    -13     1362
  SINCE JUL 1   2622                      3007   -385     2331

 COOLING
  YESTERDAY        0                         0      0        0
  MONTH TO DATE    0                         0      0        0
  SINCE DEC 1      0                         0      0        0
  SINCE JAN 1      0                         0      0        0
..................................................................


WIND (MPH)
  HIGHEST WIND SPEED    26   HIGHEST WIND DIRECTION     W (260)
  HIGHEST GUST SPEED    32   HIGHEST GUST DIRECTION     W (250)
  AVERAGE WIND SPEED    14.4


SKY COVER
  AVERAGE SKY COVER 1.0


WEATHER CONDITIONS
 THE FOLLOWING WEATHER WAS RECORDED YESTERDAY.
  THUNDERSTORM
  HEAVY RAIN
  RAIN
  LIGHT RAIN
  FOG
  FOG W/VISIBILITY <= 1/4 MILE


RELATIVE HUMIDITY (PERCENT)
 HIGHEST   100           100 AM
 LOWEST     80           100 PM
 AVERAGE    90

..........................................................


THE FORT WAYNE CLIMATE NORMALS FOR TODAY
                         NORMAL    RECORD    YEAR
 MAXIMUM TEMPERATURE (F)   32        60      1996
                                             1973
 MINIMUM TEMPERATURE (F)   17       -15      1994
                                             1930


SUNRISE AND SUNSET
JANUARY 18 2017.......SUNRISE   802 AM EST   SUNSET   541 PM EST
JANUARY 19 2017.......SUNRISE   801 AM EST   SUNSET   542 PM EST


-  INDICATES NEGATIVE NUMBERS.
R  INDICATES RECORD WAS SET OR TIED.
MM INDICATES DATA IS MISSING.
T  INDICATES TRACE AMOUNT.




$$
