000
CDUS43 KIWX 012020
CLIFWA


CLIMATE REPORT
NATIONAL WEATHER SERVICE NORTHERN INDIANA
420 PM EDT SAT OCT 1 2016


...................................

...THE FORT WAYNE CLIMATE SUMMARY FOR OCTOBER 1 2016...
VALID TODAY AS OF 0400 PM LOCAL TIME.

CLIMATE NORMAL PERIOD 1981 TO 2010
CLIMATE RECORD PERIOD 1897 TO 2016


WEATHER ITEM   OBSERVED TIME   RECORD YEAR NORMAL DEPARTURE LAST
                VALUE   (LST)  VALUE       VALUE  FROM      YEAR
                                                  NORMAL
..................................................................
TEMPERATURE (F)
 TODAY
  MAXIMUM         64   1230 PM  88    1897  70     -6       61
  MINIMUM         55    259 PM  25    1899  46      9       47
  AVERAGE         60                        58      2       54

PRECIPITATION (IN)
  TODAY            0.48          1.89 1945   0.09   0.39     0.00
  MONTH TO DATE    0.48                      0.09   0.39     0.00
  SINCE SEP 1      5.92                      2.89   3.03     3.03
  SINCE JAN 1     29.73                     29.73   0.00    38.68

SNOWFALL (IN)
  TODAY            0.0           0.0  2002   0.0    0.0      0.0
                                      2001
  MONTH TO DATE    0.0                       0.0    0.0      0.0
  SINCE SEP 1      0.0                       0.0    0.0      0.0
  SINCE JUL 1      0.0                       0.0    0.0      0.0

DEGREE DAYS
 HEATING
  TODAY            5                         8     -3       11
  MONTH TO DATE    5                         8     -3       11
  SINCE SEP 1     29                       112    -83       56
  SINCE JUL 1     32                       124    -92       65

 COOLING
  TODAY            0                         1     -1        0
  MONTH TO DATE    0                         1     -1        0
  SINCE SEP 1    143                        84     59      136
  SINCE JAN 1   1069                       801    268      808
..................................................................


WIND (MPH)
  HIGHEST WIND SPEED    10   HIGHEST WIND DIRECTION    NW (300)
  HIGHEST GUST SPEED    14   HIGHEST GUST DIRECTION    SE (150)
  AVERAGE WIND SPEED     5.9


SKY COVER
  POSSIBLE SUNSHINE  MM
  AVERAGE SKY COVER 0.7


WEATHER CONDITIONS
 THE FOLLOWING WEATHER WAS RECORDED TODAY.
  THUNDERSTORM
  HEAVY RAIN
  RAIN
  LIGHT RAIN
  FOG


RELATIVE HUMIDITY (PERCENT)
 HIGHEST   100           500 AM
 LOWEST     67           100 PM
 AVERAGE    84

..........................................................


THE FORT WAYNE CLIMATE NORMALS FOR TOMORROW
                         NORMAL    RECORD    YEAR
 MAXIMUM TEMPERATURE (F)   69        88      1922
 MINIMUM TEMPERATURE (F)   46        26      1908


SUNRISE AND SUNSET
OCTOBER  1 2016.......SUNRISE   738 AM EDT   SUNSET   722 PM EDT
OCTOBER  2 2016.......SUNRISE   739 AM EDT   SUNSET   720 PM EDT


-  INDICATES NEGATIVE NUMBERS.
R  INDICATES RECORD WAS SET OR TIED.
MM INDICATES DATA IS MISSING.
T  INDICATES TRACE AMOUNT.




$$
