000
CDUS43 KIWX 270527
CLIFWA


CLIMATE REPORT
NATIONAL WEATHER SERVICE NORTHERN INDIANA
125 AM EDT FRI MAR 27 2015


...................................

...THE FORT WAYNE CLIMATE SUMMARY FOR MARCH 26 2015...

CLIMATE NORMAL PERIOD 1981 TO 2010
CLIMATE RECORD PERIOD 1897 TO 2015


WEATHER ITEM   OBSERVED TIME   RECORD YEAR NORMAL DEPARTURE LAST
                VALUE   (LST)  VALUE       VALUE  FROM      YEAR
                                                  NORMAL
..................................................................
TEMPERATURE (F)
 YESTERDAY
  MAXIMUM         45    236 PM  83    1907  53     -8       36
  MINIMUM         31   1159 PM   5    2001  32     -1       14
  AVERAGE         38                        42     -4       25

PRECIPITATION (IN)
  YESTERDAY        0.72          1.20 1934   0.09   0.63      T
  MONTH TO DATE    2.07                      2.18  -0.11     1.46
  SINCE MAR 1      2.07                      2.18  -0.11     1.46
  SINCE JAN 1      5.84                      6.48  -0.64     7.70

SNOWFALL (IN)
  YESTERDAY        T             3.3  2002   0.0    0.0       T
  MONTH TO DATE    8.6                       3.7    4.9     12.2
  SINCE MAR 1      8.6                       3.7    4.9     12.2
  SINCE JUL 1     45.1                      32.1   13.0     74.0
  SNOW DEPTH       0

DEGREE DAYS
 HEATING
  YESTERDAY       27                        23      4       40
  MONTH TO DATE  816                       719     97      947
  SINCE MAR 1    816                       719     97      947
  SINCE JUL 1   5965                      5317    648     6200

 COOLING
  YESTERDAY        0                         0      0        0
  MONTH TO DATE    0                         0      0        0
  SINCE MAR 1      0                         0      0        0
  SINCE JAN 1      0                         0      0        0
..................................................................


WIND (MPH)
  HIGHEST WIND SPEED    20   HIGHEST WIND DIRECTION     W (290)
  HIGHEST GUST SPEED    26   HIGHEST GUST DIRECTION    NW (310)
  AVERAGE WIND SPEED     9.2


SKY COVER
  AVERAGE SKY COVER 0.6


WEATHER CONDITIONS
 THE FOLLOWING WEATHER WAS RECORDED YESTERDAY.
  HEAVY RAIN
  RAIN
  LIGHT RAIN
  SNOW
  FOG


RELATIVE HUMIDITY (PERCENT)
 HIGHEST   100           500 AM
 LOWEST     57           400 PM
 AVERAGE    79

..........................................................


THE FORT WAYNE CLIMATE NORMALS FOR TODAY
                         NORMAL    RECORD    YEAR
 MAXIMUM TEMPERATURE (F)   53        84      1910
 MINIMUM TEMPERATURE (F)   32         1      1965


SUNRISE AND SUNSET
MARCH 27 2015.........SUNRISE   733 AM EDT   SUNSET   800 PM EDT
MARCH 28 2015.........SUNRISE   731 AM EDT   SUNSET   801 PM EDT


-  INDICATES NEGATIVE NUMBERS.
R  INDICATES RECORD WAS SET OR TIED.
MM INDICATES DATA IS MISSING.
T  INDICATES TRACE AMOUNT.




$$
