000
CDUS43 KIWX 050524
CLIFWA


CLIMATE REPORT
NATIONAL WEATHER SERVICE NORTHERN INDIANA
1224 AM EST MON DEC 5 2016


...................................

...THE FORT WAYNE CLIMATE SUMMARY FOR DECEMBER 4 2016...

CLIMATE NORMAL PERIOD 1981 TO 2010
CLIMATE RECORD PERIOD 1897 TO 2016


WEATHER ITEM   OBSERVED TIME   RECORD YEAR NORMAL DEPARTURE LAST
                VALUE   (LST)  VALUE       VALUE  FROM      YEAR
                                                  NORMAL
..................................................................
TEMPERATURE (F)
 YESTERDAY
  MAXIMUM         39    235 PM  64    1998  40     -1       42
  MINIMUM         31    817 AM   4    1976  26      5       31
                                      1935
  AVERAGE         35                        33      2       37

PRECIPITATION (IN)
  YESTERDAY        0.35          1.09 1920   0.09   0.26     0.00
  MONTH TO DATE    0.35                      0.38  -0.03     0.07
  SINCE DEC 1      0.35                      0.38  -0.03     0.07
  SINCE JAN 1     35.41                     35.95  -0.54    42.31

SNOWFALL (IN)
  YESTERDAY        2.7 R         1.8  1972   0.2    2.5      0.0
  MONTH TO DATE    2.7                       0.7    2.0      0.2
  SINCE DEC 1      2.7                       0.7    2.0      0.2
  SINCE JUL 1      3.1                       2.8    0.3      4.4
  SNOW DEPTH       0

DEGREE DAYS
 HEATING
  YESTERDAY       30                        32     -2       28
  MONTH TO DATE  115                       126    -11      112
  SINCE DEC 1    115                       126    -11      112
  SINCE JUL 1    960                      1343   -383     1081

 COOLING
  YESTERDAY        0                         0      0        0
  MONTH TO DATE    0                         0      0        0
  SINCE DEC 1      0                         0      0        0
  SINCE JAN 1   1104                       809    295      811
..................................................................


WIND (MPH)
  HIGHEST WIND SPEED    24   HIGHEST WIND DIRECTION     W (270)
  HIGHEST GUST SPEED    30   HIGHEST GUST DIRECTION     W (270)
  AVERAGE WIND SPEED     7.6


SKY COVER
  AVERAGE SKY COVER 1.0


WEATHER CONDITIONS
 THE FOLLOWING WEATHER WAS RECORDED YESTERDAY.
  LIGHT RAIN
  HEAVY SNOW
  SNOW
  LIGHT SNOW
  FOG
  FOG W/VISIBILITY <= 1/4 MILE


RELATIVE HUMIDITY (PERCENT)
 HIGHEST    96          1100 PM
 LOWEST     70          1200 PM
 AVERAGE    83

..........................................................


THE FORT WAYNE CLIMATE NORMALS FOR TODAY
                         NORMAL    RECORD    YEAR
 MAXIMUM TEMPERATURE (F)   40        67      2001
 MINIMUM TEMPERATURE (F)   25        -2      1964


SUNRISE AND SUNSET
DECEMBER  5 2016......SUNRISE   751 AM EST   SUNSET   512 PM EST
DECEMBER  6 2016......SUNRISE   752 AM EST   SUNSET   512 PM EST


-  INDICATES NEGATIVE NUMBERS.
R  INDICATES RECORD WAS SET OR TIED.
MM INDICATES DATA IS MISSING.
T  INDICATES TRACE AMOUNT.




$$
