000
CDUS43 KIWX 200533
CLIFWA


CLIMATE REPORT
NATIONAL WEATHER SERVICE NORTHERN INDIANA
1232 AM EST MON NOV 20 2017


...................................

...THE FORT WAYNE CLIMATE SUMMARY FOR NOVEMBER 19 2017...

CLIMATE NORMAL PERIOD 1981 TO 2010
CLIMATE RECORD PERIOD 1897 TO 2017


WEATHER ITEM   OBSERVED TIME   RECORD YEAR NORMAL DEPARTURE LAST
                VALUE   (LST)  VALUE       VALUE  FROM      YEAR
                                                  NORMAL
..................................................................
TEMPERATURE (F)
 YESTERDAY
  MAXIMUM         42   1200 AM  75    1930  48     -6       44
  MINIMUM         30   1159 PM  11    1914  32     -2       32
  AVERAGE         36                        40     -4       38

PRECIPITATION (IN)
  YESTERDAY        T             1.25 1985   0.11  -0.11     0.05
  MONTH TO DATE    5.36                      1.91   3.45     0.79
  SINCE SEP 1      9.27                      7.55   1.72     9.88
  SINCE JAN 1     47.55                     34.39  13.16    33.69

SNOWFALL (IN)
  YESTERDAY        0.0           3.4  1969   0.0    0.0      0.4
  MONTH TO DATE    T                         0.7   -0.7      0.4
  SINCE SEP 1      T                         1.0   -1.0      0.4
  SINCE JUL 1      T                         1.0   -1.0      0.4

DEGREE DAYS
 HEATING
  YESTERDAY       29                        25      4       27
  MONTH TO DATE  425                       402     23      285
  SINCE SEP 1    782                       899   -117      558
  SINCE JUL 1    797                       911   -114      561

 COOLING
  YESTERDAY        0                         0      0        0
  MONTH TO DATE    0                         0      0        4
  SINCE SEP 1    148                        92     56      178
  SINCE JAN 1    836                       809     27     1104
..................................................................


WIND (MPH)
  HIGHEST WIND SPEED    23   HIGHEST WIND DIRECTION     W (280)
  HIGHEST GUST SPEED    30   HIGHEST GUST DIRECTION    NW (310)
  AVERAGE WIND SPEED    14.7


SKY COVER
  AVERAGE SKY COVER 0.8


WEATHER CONDITIONS
 THE FOLLOWING WEATHER WAS RECORDED YESTERDAY.
  LIGHT RAIN


RELATIVE HUMIDITY (PERCENT)
 HIGHEST    82          1200 AM
 LOWEST     59           400 PM
 AVERAGE    71

..........................................................


THE FORT WAYNE CLIMATE NORMALS FOR TODAY
                         NORMAL    RECORD    YEAR
 MAXIMUM TEMPERATURE (F)   48        70      1942
                                             1930
 MINIMUM TEMPERATURE (F)   31        11      1903


SUNRISE AND SUNSET
NOVEMBER 20 2017......SUNRISE   734 AM EST   SUNSET   518 PM EST
NOVEMBER 21 2017......SUNRISE   736 AM EST   SUNSET   518 PM EST


-  INDICATES NEGATIVE NUMBERS.
R  INDICATES RECORD WAS SET OR TIED.
MM INDICATES DATA IS MISSING.
T  INDICATES TRACE AMOUNT.




$$
