000
CDUS44 KTSA 022129
CLIFYV

CLIMATE REPORT
NATIONAL WEATHER SERVICE TULSA OK
418 PM CDT SUN AUG 2 2015


...................................

...THE FAYETTEVILLE ARKANSAS CLIMATE SUMMARY FOR AUGUST 2 2015...
VALID TODAY AS OF 0400 PM LOCAL TIME.

CLIMATE NORMAL PERIOD 1981 TO 2010
CLIMATE RECORD PERIOD 1905 TO 2015


WEATHER ITEM   OBSERVED TIME   RECORD YEAR NORMAL DEPARTURE LAST
                VALUE   (LST)  VALUE       VALUE  FROM      YEAR
                                                  NORMAL
..................................................................
TEMPERATURE (F)
 TODAY
  MAXIMUM         90    251 PM 108    2011  90      0       86
  MINIMUM         64    559 AM  52    1973  67     -3       61
                                      1965
  AVERAGE         77                        78     -1       74

PRECIPITATION (IN)
  TODAY            0.00                      0.09  -0.09     0.01
  MONTH TO DATE    0.00                      0.18  -0.18     0.01
  SINCE JUN 1     14.82                      8.62   6.20     6.54
  SINCE JAN 1     38.28                     28.83   9.45    21.06

DEGREE DAYS
 COOLING
  TODAY           12                        13     -1        9
  MONTH TO DATE   22                        26     -4       17
  SINCE JUN 1    769                       662    107      531
  SINCE JAN 1    866                       775     91      679
..................................................................


WIND (MPH)
  HIGHEST WIND SPEED    14   HIGHEST WIND DIRECTION    SW (220)
  HIGHEST GUST SPEED    18   HIGHEST GUST DIRECTION    SW (220)
  AVERAGE WIND SPEED     5.3


SKY COVER
  POSSIBLE SUNSHINE  MM
  AVERAGE SKY COVER 0.1


WEATHER CONDITIONS
 THE FOLLOWING WEATHER WAS RECORDED TODAY.
  FOG


RELATIVE HUMIDITY (PERCENT)
 HIGHEST   100          1200 AM
 LOWEST     44           300 PM
 AVERAGE    72

..........................................................


THE FAYETTEVILLE ARKANSAS CLIMATE NORMALS FOR TOMORROW
                         NORMAL    RECORD    YEAR
 MAXIMUM TEMPERATURE (F)   90       110      2011
 MINIMUM TEMPERATURE (F)   66        47      1976


SUNRISE AND SUNSET
AUGUST  2 2015........SUNRISE   625 AM CDT   SUNSET   821 PM CDT
AUGUST  3 2015........SUNRISE   625 AM CDT   SUNSET   820 PM CDT


-  INDICATES NEGATIVE NUMBERS.
R  INDICATES RECORD WAS SET OR TIED.
MM INDICATES DATA IS MISSING.
T  INDICATES TRACE AMOUNT.




$$
