000
CDUS44 KTSA 300804
CLIFYV

CLIMATE REPORT
NATIONAL WEATHER SERVICE TULSA OK
302 AM CDT SAT AUG 30 2014


...................................

...THE FAYETTEVILLE ARKANSAS CLIMATE SUMMARY FOR AUGUST 29 2014...

CLIMATE NORMAL PERIOD 1981 TO 2010
CLIMATE RECORD PERIOD 1905 TO 2014


WEATHER ITEM   OBSERVED TIME   RECORD YEAR NORMAL DEPARTURE LAST
                VALUE   (LST)  VALUE       VALUE  FROM      YEAR
                                                  NORMAL
..................................................................
TEMPERATURE (F)
 YESTERDAY
  MAXIMUM         87   1227 PM 104    1984  87      0       96
  MINIMUM         66    105 AM  47    1986  63      3       65
  AVERAGE         77                        75      2       81

PRECIPITATION (IN)
  YESTERDAY        0.03                      0.11  -0.08     0.00
  MONTH TO DATE    1.69                      3.01  -1.32     2.82
  SINCE JUN 1      8.22                     11.45  -3.23     6.97
  SINCE JAN 1     22.74                     31.66  -8.92    31.07

DEGREE DAYS
 COOLING
  YESTERDAY       12                        10      2       16
  MONTH TO DATE  349                       356     -7      313
  SINCE JUN 1    863                       992   -129      958
  SINCE JAN 1   1011                      1105    -94     1094
..................................................................


WIND (MPH)
  HIGHEST WIND SPEED    17   HIGHEST WIND DIRECTION     S (200)
  HIGHEST GUST SPEED    23   HIGHEST GUST DIRECTION     S (200)
  AVERAGE WIND SPEED     7.2


SKY COVER
  POSSIBLE SUNSHINE  MM
  AVERAGE SKY COVER 0.3


WEATHER CONDITIONS
 THE FOLLOWING WEATHER WAS RECORDED YESTERDAY.
  RAIN
  LIGHT RAIN


RELATIVE HUMIDITY (PERCENT)
 HIGHEST    97          1000 PM
 LOWEST     48           100 PM
 AVERAGE    73

..........................................................


THE FAYETTEVILLE ARKANSAS CLIMATE NORMALS FOR TODAY
                         NORMAL    RECORD    YEAR
 MAXIMUM TEMPERATURE (F)   87       101      2000
 MINIMUM TEMPERATURE (F)   63        47      1988


SUNRISE AND SUNSET
AUGUST 30 2014........SUNRISE   647 AM CDT   SUNSET   747 PM CDT
AUGUST 31 2014........SUNRISE   648 AM CDT   SUNSET   746 PM CDT


-  INDICATES NEGATIVE NUMBERS.
R  INDICATES RECORD WAS SET OR TIED.
MM INDICATES DATA IS MISSING.
T  INDICATES TRACE AMOUNT.




$$
