000
CDUS44 KTSA 310805 RRA
CLIFYV

CLIMATE REPORT
NATIONAL WEATHER SERVICE TULSA OK
147 AM CDT MON AUG 31 2015


...................................

...THE FAYETTEVILLE ARKANSAS CLIMATE SUMMARY FOR AUGUST 30 2015...

CLIMATE NORMAL PERIOD 1981 TO 2010
CLIMATE RECORD PERIOD 1905 TO 2015


WEATHER ITEM   OBSERVED TIME   RECORD YEAR NORMAL DEPARTURE LAST
                VALUE   (LST)  VALUE       VALUE  FROM      YEAR
                                                  NORMAL
..................................................................
TEMPERATURE (F)
 YESTERDAY
  MAXIMUM         85    316 PM 101    2000  87     -2       85
  MINIMUM         67   1148 PM  47    1988  63      4       69
  AVERAGE         76                        75      1       77

PRECIPITATION (IN)
  YESTERDAY        T                         0.11  -0.11     0.39
  MONTH TO DATE    4.41                      3.12   1.29     2.08
  SINCE JUN 1     19.23                     11.56   7.67     8.61
  SINCE JAN 1     42.69                     31.77  10.92    23.13

DEGREE DAYS
 COOLING
  YESTERDAY       11                        10      1       12
  MONTH TO DATE  272                       366    -94      361
  SINCE JUN 1   1019                      1002     17      875
  SINCE JAN 1   1116                      1115      1     1023
..................................................................


WIND (MPH)
  HIGHEST WIND SPEED    15   HIGHEST WIND DIRECTION     S (180)
  HIGHEST GUST SPEED    18   HIGHEST GUST DIRECTION     S (170)
  AVERAGE WIND SPEED     3.4


SKY COVER
  POSSIBLE SUNSHINE  MM
  AVERAGE SKY COVER 0.3


WEATHER CONDITIONS
 THE FOLLOWING WEATHER WAS RECORDED YESTERDAY.
  THUNDERSTORM
  FOG
  HAZE


RELATIVE HUMIDITY (PERCENT)
 HIGHEST   100           500 AM
 LOWEST     61           300 PM
 AVERAGE    81

..........................................................


THE FAYETTEVILLE ARKANSAS CLIMATE NORMALS FOR TODAY
                         NORMAL    RECORD    YEAR
 MAXIMUM TEMPERATURE (F)   87       101      2000
 MINIMUM TEMPERATURE (F)   63        48      1967


SUNRISE AND SUNSET
AUGUST 31 2015........SUNRISE   647 AM CDT   SUNSET   746 PM CDT
SEPTEMBER  1 2015.....SUNRISE   648 AM CDT   SUNSET   744 PM CDT


-  INDICATES NEGATIVE NUMBERS.
R  INDICATES RECORD WAS SET OR TIED.
MM INDICATES DATA IS MISSING.
T  INDICATES TRACE AMOUNT.




$$
