000
CDUS44 KTSA 102132
CLIFYV

CLIMATE REPORT
NATIONAL WEATHER SERVICE TULSA OK
418 PM CDT THU JUL 10 2014


...................................

...THE FAYETTEVILLE ARKANSAS CLIMATE SUMMARY FOR JULY 10 2014...
VALID TODAY AS OF 0400 PM LOCAL TIME.

CLIMATE NORMAL PERIOD 1981 TO 2010
CLIMATE RECORD PERIOD 1905 TO 2014


WEATHER ITEM   OBSERVED TIME   RECORD YEAR NORMAL DEPARTURE LAST
                VALUE   (LST)  VALUE       VALUE  FROM      YEAR
                                                  NORMAL
..................................................................
TEMPERATURE (F)
 TODAY
  MAXIMUM         77    939 AM 102    2011  88    -11       99
  MINIMUM         60    527 AM  51    1952  67     -7       71
  AVERAGE         69                        77     -8       85

PRECIPITATION (IN)
  TODAY            0.54                      0.13   0.41     0.05
  MONTH TO DATE    0.54                      1.30  -0.76     0.05
  SINCE JUN 1      4.64                      6.28  -1.64     1.42
  SINCE JAN 1     19.16                     26.49  -7.33    25.52

DEGREE DAYS
 COOLING
  TODAY            4                        12     -8       20
  MONTH TO DATE   90                       118    -28       91
  SINCE JUN 1    352                       363    -11      381
  SINCE JAN 1    500                       476     24      517
..................................................................


WIND (MPH)
  HIGHEST WIND SPEED    21   HIGHEST WIND DIRECTION    NW (320)
  HIGHEST GUST SPEED    32   HIGHEST GUST DIRECTION     W (270)
  AVERAGE WIND SPEED     0.7


SKY COVER
  POSSIBLE SUNSHINE  MM
  AVERAGE SKY COVER 0.3


WEATHER CONDITIONS
 THE FOLLOWING WEATHER WAS RECORDED TODAY.
  THUNDERSTORM
  HEAVY RAIN
  RAIN
  LIGHT RAIN
  FOG


RELATIVE HUMIDITY (PERCENT)
 HIGHEST   100          1200 AM
 LOWEST     82           900 AM
 AVERAGE    91

..........................................................


THE FAYETTEVILLE ARKANSAS CLIMATE NORMALS FOR TOMORROW
                         NORMAL    RECORD    YEAR
 MAXIMUM TEMPERATURE (F)   88       103      1954
 MINIMUM TEMPERATURE (F)   67        52      1961


SUNRISE AND SUNSET
JULY 10 2014..........SUNRISE   608 AM CDT   SUNSET   835 PM CDT
JULY 11 2014..........SUNRISE   609 AM CDT   SUNSET   835 PM CDT


-  INDICATES NEGATIVE NUMBERS.
R  INDICATES RECORD WAS SET OR TIED.
MM INDICATES DATA IS MISSING.
T  INDICATES TRACE AMOUNT.




$$
