000
CDUS44 KTSA 050906
CLIFYV

CLIMATE REPORT
NATIONAL WEATHER SERVICE TULSA OK
305 AM CST THU MAR 5 2015


...................................

...THE FAYETTEVILLE ARKANSAS CLIMATE SUMMARY FOR MARCH 4 2015...

CLIMATE NORMAL PERIOD 1981 TO 2010
CLIMATE RECORD PERIOD 1905 TO 2015


WEATHER ITEM   OBSERVED TIME   RECORD YEAR NORMAL DEPARTURE LAST
                VALUE   (LST)  VALUE       VALUE  FROM      YEAR
                                                  NORMAL
..................................................................
TEMPERATURE (F)
 YESTERDAY
  MAXIMUM         48   1232 AM  78    1955  56     -8       46
  MINIMUM         20   1151 PM   0    2002  33    -13       11
  AVERAGE         34                        45    -11       29

PRECIPITATION (IN)
  YESTERDAY        0.64                      0.13   0.51     0.00
  MONTH TO DATE    0.73                      0.46   0.27     1.38
  SINCE MAR 1      0.73                      0.46   0.27     1.38
  SINCE JAN 1      3.79                      6.11  -2.32     3.86

SNOWFALL (IN)
  YESTERDAY        2.6                                       0.0
  MONTH TO DATE    2.6                                       3.0
  SINCE MAR 1      2.6                                       3.0
  SINCE JUL 1      7.9                                      17.1

DEGREE DAYS
 HEATING
  YESTERDAY       31                        20     11       36
  MONTH TO DATE  116                        83     33      150
  SINCE MAR 1    116                        83     33      150
  SINCE JUL 1   3602                      3386    216     3870

 COOLING
  YESTERDAY        0                         0      0        0
  MONTH TO DATE    0                         0      0        0
  SINCE MAR 1      0                         0      0        0
  SINCE JAN 1      0                         0      0        0
..................................................................


WIND (MPH)
  HIGHEST WIND SPEED    16   HIGHEST WIND DIRECTION     N (360)
  HIGHEST GUST SPEED    24   HIGHEST GUST DIRECTION     N (20)
  AVERAGE WIND SPEED     8.3


SKY COVER
  POSSIBLE SUNSHINE  MM
  AVERAGE SKY COVER 1.0


WEATHER CONDITIONS
 THE FOLLOWING WEATHER WAS RECORDED YESTERDAY.
  RAIN
  LIGHT RAIN
  FREEZING RAIN
  SNOW
  LIGHT SNOW
  SLEET
  FOG


RELATIVE HUMIDITY (PERCENT)
 HIGHEST   100           100 AM
 LOWEST     81           300 PM
 AVERAGE    91

..........................................................


THE FAYETTEVILLE ARKANSAS CLIMATE NORMALS FOR TODAY
                         NORMAL    RECORD    YEAR
 MAXIMUM TEMPERATURE (F)   57        79      1991
 MINIMUM TEMPERATURE (F)   33        10      1960


SUNRISE AND SUNSET
MARCH  5 2015.........SUNRISE   642 AM CST   SUNSET   615 PM CST
MARCH  6 2015.........SUNRISE   640 AM CST   SUNSET   616 PM CST


-  INDICATES NEGATIVE NUMBERS.
R  INDICATES RECORD WAS SET OR TIED.
MM INDICATES DATA IS MISSING.
T  INDICATES TRACE AMOUNT.




$$
