000
CDUS44 KTSA 230839
CLIFYV

CLIMATE REPORT
NATIONAL WEATHER SERVICE TULSA OK
330 AM CDT SAT MAY 23 2015

...................................

...THE FAYETTEVILLE ARKANSAS CLIMATE SUMMARY FOR MAY 22 2015...

CLIMATE NORMAL PERIOD 1981 TO 2010
CLIMATE RECORD PERIOD 1905 TO 2015


WEATHER ITEM   OBSERVED TIME   RECORD YEAR NORMAL DEPARTURE LAST
                VALUE   (LST)  VALUE       VALUE  FROM      YEAR
                                                  NORMAL
..................................................................
TEMPERATURE (F)
 YESTERDAY
  MAXIMUM         65    440 PM  89    1953  77    -12       84
  MINIMUM         43    343 AM  40    1967  56    -13       55
  AVERAGE         54                        66    -12       70

PRECIPITATION (IN)
  YESTERDAY        T                         0.20  -0.20     0.00
  MONTH TO DATE    9.46                      4.35   5.11     2.78
  SINCE MAR 1     16.85                     12.87   3.98    11.39
  SINCE JAN 1     19.91                     18.52   1.39    13.87

DEGREE DAYS
 COOLING
  YESTERDAY        0                         3     -3        5
  MONTH TO DATE   48                        46      2       89
  SINCE MAR 1     71                        74     -3      101
  SINCE JAN 1     71                        74     -3      101
..................................................................


WIND (MPH)
  HIGHEST WIND SPEED    14   HIGHEST WIND DIRECTION    SE (120)
  HIGHEST GUST SPEED    30   HIGHEST GUST DIRECTION    SW (210)
  AVERAGE WIND SPEED     3.8


SKY COVER
  POSSIBLE SUNSHINE  MM
  AVERAGE SKY COVER 0.2


WEATHER CONDITIONS
 THE FOLLOWING WEATHER WAS RECORDED YESTERDAY.
  FOG


RELATIVE HUMIDITY (PERCENT)
 HIGHEST   100          1200 AM
 LOWEST     52           100 PM
 AVERAGE    76

..........................................................


THE FAYETTEVILLE ARKANSAS CLIMATE NORMALS FOR TODAY
                         NORMAL    RECORD    YEAR
 MAXIMUM TEMPERATURE (F)   78        92      1962
 MINIMUM TEMPERATURE (F)   56        35      1963


SUNRISE AND SUNSET
MAY 23 2015...........SUNRISE   606 AM CDT   SUNSET   822 PM CDT
MAY 24 2015...........SUNRISE   605 AM CDT   SUNSET   822 PM CDT


-  INDICATES NEGATIVE NUMBERS.
R  INDICATES RECORD WAS SET OR TIED.
MM INDICATES DATA IS MISSING.
T  INDICATES TRACE AMOUNT.




$$
