000
CDUS43 KUNR 310831
CLIGCC


CLIMATE REPORT
NATIONAL WEATHER SERVICE RAPID CITY SD
230 AM MDT FRI OCT 31 2014


...................................

...THE GILLETTE AIRPORT WY CLIMATE SUMMARY FOR OCTOBER 30 2014...

CLIMATE NORMAL PERIOD 1981 TO 2010
CLIMATE RECORD PERIOD 9999 TO 9999


WEATHER ITEM   OBSERVED TIME   NORMAL DEPARTURE LAST
                VALUE   (LST)  VALUE  FROM      YEAR
                                      NORMAL
......................................................
TEMPERATURE (F)
 YESTERDAY
  MAXIMUM         59    257 PM  53      6       48
  MINIMUM         34    636 AM  27      7       32
  AVERAGE         47            40      7       40

PRECIPITATION (IN)
  YESTERDAY        0.00          0.02  -0.02     0.00
  MONTH TO DATE    0.59          1.24  -0.65     2.75
  SINCE SEP 1      1.88          2.43  -0.55     5.13
  SINCE JAN 1     17.14         12.91   4.23    18.56

DEGREE DAYS
 HEATING
  YESTERDAY       18            25     -7       25
  MONTH TO DATE  418           590   -172      654
  SINCE SEP 1    645           828   -183      795
  SINCE JUL 1    694           885   -191      795

 COOLING
  YESTERDAY        0             0      0        0
  MONTH TO DATE    0             0      0        0
  SINCE SEP 1     57            40     17       93
  SINCE JAN 1    412           500    -88      615
......................................................


WIND (MPH)
  HIGHEST WIND SPEED    22   HIGHEST WIND DIRECTION     S (170)
  HIGHEST GUST SPEED    28   HIGHEST GUST DIRECTION     S (170)
  AVERAGE WIND SPEED     9.1


SKY COVER
  AVERAGE SKY COVER 0.0


WEATHER CONDITIONS
 THE FOLLOWING WEATHER WAS RECORDED YESTERDAY.
  NO SIGNIFICANT WEATHER WAS OBSERVED.


RELATIVE HUMIDITY (PERCENT)
 HIGHEST    76           900 PM
 LOWEST     28           300 PM
 AVERAGE    52

..........................................................




SUNRISE AND SUNSET
OCTOBER 31 2014.......SUNRISE   738 AM MDT   SUNSET   553 PM MDT
NOVEMBER  1 2014......SUNRISE   739 AM MDT   SUNSET   551 PM MDT


-  INDICATES NEGATIVE NUMBERS.
R  INDICATES RECORD WAS SET OR TIED.
MM INDICATES DATA IS MISSING.
T  INDICATES TRACE AMOUNT.




$$
