000
CDUS43 KUNR 270850
CLIGCC


CLIMATE REPORT
NATIONAL WEATHER SERVICE RAPID CITY SD
245 AM MDT WED MAY 27 2015


...................................

...THE GILLETTE AIRPORT WY CLIMATE SUMMARY FOR MAY 26 2015...

CLIMATE NORMAL PERIOD 1981 TO 2010
CLIMATE RECORD PERIOD 9999 TO 9999


WEATHER ITEM   OBSERVED TIME   NORMAL DEPARTURE LAST
                VALUE   (LST)  VALUE  FROM      YEAR
                                      NORMAL
......................................................
TEMPERATURE (F)
 YESTERDAY
  MAXIMUM         70    143 PM  69      1       81
  MINIMUM         38    412 AM  42     -4       51
  AVERAGE         54            56     -2       66

PRECIPITATION (IN)
  YESTERDAY        0.17          0.08   0.09     0.00
  MONTH TO DATE    3.93          2.02   1.91     6.41
  SINCE MAR 1      5.58          4.45   1.13     8.30
  SINCE JAN 1      6.43          5.23   1.20     9.58

DEGREE DAYS
 HEATING
  YESTERDAY       11            10      1        0
  MONTH TO DATE  435           341     94      370
  SINCE MAR 1   1744          1949   -205     1975
  SINCE JUL 1   6834          7357   -523     7620

 COOLING
  YESTERDAY        0             0      0        1
  MONTH TO DATE    0             0      0        1
  SINCE MAR 1      0             0      0        1
  SINCE JAN 1      0             0      0        1
......................................................


WIND (MPH)
  HIGHEST WIND SPEED    18   HIGHEST WIND DIRECTION    SE (140)
  HIGHEST GUST SPEED    23   HIGHEST GUST DIRECTION    SE (140)
  AVERAGE WIND SPEED     6.5


SKY COVER
  AVERAGE SKY COVER 0.2


WEATHER CONDITIONS
 THE FOLLOWING WEATHER WAS RECORDED YESTERDAY.
  THUNDERSTORM
  HEAVY RAIN
  RAIN
  FOG
  FOG W/VISIBILITY <= 1/4 MILE


RELATIVE HUMIDITY (PERCENT)
 HIGHEST   100          1200 AM
 LOWEST     45           200 PM
 AVERAGE    73

..........................................................




SUNRISE AND SUNSET
MAY 27 2015...........SUNRISE   524 AM MDT   SUNSET   835 PM MDT
MAY 28 2015...........SUNRISE   524 AM MDT   SUNSET   836 PM MDT


-  INDICATES NEGATIVE NUMBERS.
R  INDICATES RECORD WAS SET OR TIED.
MM INDICATES DATA IS MISSING.
T  INDICATES TRACE AMOUNT.




$$
