000
CDUS43 KUNR 100832
CLIGCC


CLIMATE REPORT
NATIONAL WEATHER SERVICE RAPID CITY SD
232 AM MDT THU JUL 10 2014


...................................

...THE GILLETTE AIRPORT WY CLIMATE SUMMARY FOR JULY 9 2014...

CLIMATE NORMAL PERIOD 1981 TO 2010
CLIMATE RECORD PERIOD 9999 TO 9999


WEATHER ITEM   OBSERVED TIME   NORMAL DEPARTURE LAST
                VALUE   (LST)  VALUE  FROM      YEAR
                                      NORMAL
......................................................
TEMPERATURE (F)
 YESTERDAY
  MAXIMUM         88    305 PM  86      2       81
  MINIMUM         58    429 AM  55      3       56
  AVERAGE         73            70      3       69

PRECIPITATION (IN)
  YESTERDAY        T             0.05  -0.05     0.00
  MONTH TO DATE    0.08          0.45  -0.37     1.65
  SINCE JUN 1      3.21          2.66   0.55     4.16
  SINCE JAN 1     12.81          8.32   4.49    11.20

DEGREE DAYS
 HEATING
  YESTERDAY        0             1     -1        0
  MONTH TO DATE   10            10      0        0
  SINCE JUN 1    202           152     50      117
  SINCE JUL 1     10            10      0        0

 COOLING
  YESTERDAY        8             6      2        4
  MONTH TO DATE   45            49     -4       66
  SINCE JUN 1     60           109    -49      112
  SINCE JAN 1     68           117    -49      120
......................................................


WIND (MPH)
  HIGHEST WIND SPEED    24   HIGHEST WIND DIRECTION     S (180)
  HIGHEST GUST SPEED    29   HIGHEST GUST DIRECTION     S (180)
  AVERAGE WIND SPEED     9.3


SKY COVER
  AVERAGE SKY COVER 0.1


WEATHER CONDITIONS
 THE FOLLOWING WEATHER WAS RECORDED YESTERDAY.
  THUNDERSTORM
  LIGHT RAIN
  HAZE


RELATIVE HUMIDITY (PERCENT)
 HIGHEST    64           400 AM
 LOWEST     26           400 PM
 AVERAGE    45

..........................................................




SUNRISE AND SUNSET
JULY 10 2014..........SUNRISE   528 AM MDT   SUNSET   847 PM MDT
JULY 11 2014..........SUNRISE   529 AM MDT   SUNSET   846 PM MDT


-  INDICATES NEGATIVE NUMBERS.
R  INDICATES RECORD WAS SET OR TIED.
MM INDICATES DATA IS MISSING.
T  INDICATES TRACE AMOUNT.




$$
