000
CDUS43 KUNR 290854
CLIGCC


CLIMATE REPORT
NATIONAL WEATHER SERVICE RAPID CITY SD
254 AM MDT MON JUN 29 2015


...................................

...THE GILLETTE AIRPORT WY CLIMATE SUMMARY FOR JUNE 28 2015...

CLIMATE NORMAL PERIOD 1981 TO 2010
CLIMATE RECORD PERIOD 9999 TO 9999


WEATHER ITEM   OBSERVED TIME   NORMAL DEPARTURE LAST
                VALUE   (LST)  VALUE  FROM      YEAR
                                      NORMAL
......................................................
TEMPERATURE (F)
 YESTERDAY
  MAXIMUM         90    342 PM  82      8       71
  MINIMUM         58   1222 AM  52      6       47
  AVERAGE         74            67      7       59

PRECIPITATION (IN)
  YESTERDAY        0.00          0.06  -0.06     0.08
  MONTH TO DATE    3.11          2.10   1.01     3.13
  SINCE JUN 1      3.11          2.10   1.01     3.13
  SINCE JAN 1     10.23          7.76   2.47    12.73

DEGREE DAYS
 HEATING
  YESTERDAY        0             2     -2        6
  MONTH TO DATE   39           138    -99      181
  SINCE JUN 1     39           138    -99      181
  SINCE JUL 1   6915          7540   -625     7813

 COOLING
  YESTERDAY        9             4      5        0
  MONTH TO DATE   53            52      1       15
  SINCE JUN 1     53            52      1       15
  SINCE JAN 1     53            60     -7       23
......................................................


WIND (MPH)
  HIGHEST WIND SPEED    17   HIGHEST WIND DIRECTION     S (170)
  HIGHEST GUST SPEED    21   HIGHEST GUST DIRECTION     S (180)
  AVERAGE WIND SPEED     8.0


SKY COVER
  AVERAGE SKY COVER 0.1


WEATHER CONDITIONS
 THE FOLLOWING WEATHER WAS RECORDED YESTERDAY.
  NO SIGNIFICANT WEATHER WAS OBSERVED.


RELATIVE HUMIDITY (PERCENT)
 HIGHEST    78          1200 AM
 LOWEST     29           300 PM
 AVERAGE    54

..........................................................




SUNRISE AND SUNSET
JUNE 29 2015..........SUNRISE   521 AM MDT   SUNSET   850 PM MDT
JUNE 30 2015..........SUNRISE   521 AM MDT   SUNSET   850 PM MDT


-  INDICATES NEGATIVE NUMBERS.
R  INDICATES RECORD WAS SET OR TIED.
MM INDICATES DATA IS MISSING.
T  INDICATES TRACE AMOUNT.




$$
