000
CDUS43 KUNR 100838
CLIGCC


CLIMATE REPORT
NATIONAL WEATHER SERVICE RAPID CITY SD
138 AM MST SUN DEC 10 2017


...................................

...THE GILLETTE AIRPORT WY CLIMATE SUMMARY FOR DECEMBER 9 2017...

CLIMATE NORMAL PERIOD 1981 TO 2010
CLIMATE RECORD PERIOD 9999 TO 9999


WEATHER ITEM   OBSERVED TIME   NORMAL DEPARTURE LAST
                VALUE   (LST)  VALUE  FROM      YEAR
                                      NORMAL
......................................................
TEMPERATURE (F)
 YESTERDAY
  MAXIMUM         52    304 PM  35     17       12
  MINIMUM         29    711 AM  13     16      -10
  AVERAGE         41            24     17        1

PRECIPITATION (IN)
  YESTERDAY        0.00          0.02  -0.02     0.00
  MONTH TO DATE    0.18          0.16   0.02     0.14
  SINCE DEC 1      0.18          0.16   0.02     0.14
  SINCE JAN 1     13.52         13.65  -0.13    13.53

DEGREE DAYS
 HEATING
  YESTERDAY       24            41    -17       64
  MONTH TO DATE  292           361    -69      454
  SINCE DEC 1    292           361    -69      454
  SINCE JUL 1   2063          2236   -173     1847

 COOLING
  YESTERDAY        0             0      0        0
  MONTH TO DATE    0             0      0        0
  SINCE DEC 1      0             0      0        0
  SINCE JAN 1    617           502    115      569
......................................................


WIND (MPH)
  HIGHEST WIND SPEED    22   HIGHEST WIND DIRECTION     W (270)
  HIGHEST GUST SPEED    26   HIGHEST GUST DIRECTION     W (270)
  AVERAGE WIND SPEED    14.9


SKY COVER
  AVERAGE SKY COVER 0.0


WEATHER CONDITIONS
 THE FOLLOWING WEATHER WAS RECORDED YESTERDAY.
  NO SIGNIFICANT WEATHER WAS OBSERVED.


RELATIVE HUMIDITY (PERCENT)
 HIGHEST    47           100 AM
 LOWEST     19           300 PM
 AVERAGE    33

..........................................................




SUNRISE AND SUNSET
DECEMBER 10 2017......SUNRISE   727 AM MST   SUNSET   423 PM MST
DECEMBER 11 2017......SUNRISE   728 AM MST   SUNSET   423 PM MST


-  INDICATES NEGATIVE NUMBERS.
R  INDICATES RECORD WAS SET OR TIED.
MM INDICATES DATA IS MISSING.
T  INDICATES TRACE AMOUNT.




$$
