000
CDUS43 KUNR 170831
CLIGCC


CLIMATE REPORT
NATIONAL WEATHER SERVICE RAPID CITY SD
231 AM MDT THU AUG 17 2017


...................................

...THE GILLETTE AIRPORT WY CLIMATE SUMMARY FOR AUGUST 16 2017...

CLIMATE NORMAL PERIOD 1981 TO 2010
CLIMATE RECORD PERIOD 9999 TO 9999


WEATHER ITEM   OBSERVED TIME   NORMAL DEPARTURE LAST
                VALUE   (LST)  VALUE  FROM      YEAR
                                      NORMAL
......................................................
TEMPERATURE (F)
 YESTERDAY
  MAXIMUM         83    434 PM  86     -3       89
  MINIMUM         47    241 AM  54     -7       58
  AVERAGE         65            70     -5       74

PRECIPITATION (IN)
  YESTERDAY        0.00          0.03  -0.03     0.00
  MONTH TO DATE    0.28          0.56  -0.28     0.98
  SINCE JUN 1      2.82          4.43  -1.61     2.74
  SINCE JAN 1     10.01         10.09  -0.08     8.58

DEGREE DAYS
 HEATING
  YESTERDAY        0             1     -1        0
  MONTH TO DATE   33            13     20        1
  SINCE JUN 1    123           174    -51       42
  SINCE JUL 1     33            32      1        8

 COOLING
  YESTERDAY        0             6     -6        9
  MONTH TO DATE   34           111    -77       95
  SINCE JUN 1    446           385     61      489
  SINCE JAN 1    450           393     57      489
......................................................


WIND (MPH)
  HIGHEST WIND SPEED    18   HIGHEST WIND DIRECTION     S (180)
  HIGHEST GUST SPEED    22   HIGHEST GUST DIRECTION     S (180)
  AVERAGE WIND SPEED     6.9


SKY COVER
  AVERAGE SKY COVER 0.0


WEATHER CONDITIONS
 THE FOLLOWING WEATHER WAS RECORDED YESTERDAY.
  NO SIGNIFICANT WEATHER WAS OBSERVED.


RELATIVE HUMIDITY (PERCENT)
 HIGHEST    93           100 AM
 LOWEST     14           300 PM
 AVERAGE    54

..........................................................




SUNRISE AND SUNSET
AUGUST 17 2017........SUNRISE   608 AM MDT   SUNSET   803 PM MDT
AUGUST 18 2017........SUNRISE   609 AM MDT   SUNSET   802 PM MDT


-  INDICATES NEGATIVE NUMBERS.
R  INDICATES RECORD WAS SET OR TIED.
MM INDICATES DATA IS MISSING.
T  INDICATES TRACE AMOUNT.




$$
