000
CDUS43 KUNR 250834
CLIGCC


CLIMATE REPORT
NATIONAL WEATHER SERVICE RAPID CITY SD
233 AM MDT MON JUL 25 2016


...................................

...THE GILLETTE AIRPORT WY CLIMATE SUMMARY FOR JULY 24 2016...

CLIMATE NORMAL PERIOD 1981 TO 2010
CLIMATE RECORD PERIOD 9999 TO 9999


WEATHER ITEM   OBSERVED TIME   NORMAL DEPARTURE LAST
                VALUE   (LST)  VALUE  FROM      YEAR
                                      NORMAL
......................................................
TEMPERATURE (F)
 YESTERDAY
  MAXIMUM         87    509 PM  88     -1       91
  MINIMUM         51    315 AM  57     -6       54
  AVERAGE         69            73     -4       73

PRECIPITATION (IN)
  YESTERDAY        0.00          0.05  -0.05     0.00
  MONTH TO DATE    0.19          1.31  -1.12     0.38
  SINCE JUN 1      0.63          3.52  -2.89     3.49
  SINCE JAN 1      6.47          9.18  -2.71    10.61

DEGREE DAYS
 HEATING
  YESTERDAY        0             0      0        0
  MONTH TO DATE    7            14     -7       15
  SINCE JUN 1     41           156   -115       54
  SINCE JUL 1      7            14     -7       15

 COOLING
  YESTERDAY        4             8     -4        8
  MONTH TO DATE  164           160      4      127
  SINCE JUN 1    328           220    108      201
  SINCE JAN 1    328           228    100      201
......................................................


WIND (MPH)
  HIGHEST WIND SPEED    22   HIGHEST WIND DIRECTION     S (160)
  HIGHEST GUST SPEED    32   HIGHEST GUST DIRECTION     S (170)
  AVERAGE WIND SPEED     9.1


SKY COVER
  AVERAGE SKY COVER 0.2


WEATHER CONDITIONS
 THE FOLLOWING WEATHER WAS RECORDED YESTERDAY.
  NO SIGNIFICANT WEATHER WAS OBSERVED.


RELATIVE HUMIDITY (PERCENT)
 HIGHEST    68           300 AM
 LOWEST     19           300 PM
 AVERAGE    44

..........................................................




SUNRISE AND SUNSET
JULY 25 2016..........SUNRISE   542 AM MDT   SUNSET   834 PM MDT
JULY 26 2016..........SUNRISE   543 AM MDT   SUNSET   833 PM MDT


-  INDICATES NEGATIVE NUMBERS.
R  INDICATES RECORD WAS SET OR TIED.
MM INDICATES DATA IS MISSING.
T  INDICATES TRACE AMOUNT.




$$
