000
CDUS43 KUNR 220836
CLIGCC


CLIMATE REPORT
NATIONAL WEATHER SERVICE RAPID CITY SD
234 AM MDT WED MAR 22 2017


...................................

...THE GILLETTE AIRPORT WY CLIMATE SUMMARY FOR MARCH 21 2017...

CLIMATE NORMAL PERIOD 1981 TO 2010
CLIMATE RECORD PERIOD 9999 TO 9999


WEATHER ITEM   OBSERVED TIME   NORMAL DEPARTURE LAST
                VALUE   (LST)  VALUE  FROM      YEAR
                                      NORMAL
......................................................
TEMPERATURE (F)
 YESTERDAY
  MAXIMUM         46    308 PM  49     -3       71
  MINIMUM         34   1159 PM  23     11       36
  AVERAGE         40            36      4       54

PRECIPITATION (IN)
  YESTERDAY        0.00          0.03  -0.03      T
  MONTH TO DATE    0.47          0.58  -0.11     0.12
  SINCE MAR 1      0.47          0.58  -0.11     0.12
  SINCE JAN 1      1.31          1.36  -0.05     1.63

DEGREE DAYS
 HEATING
  YESTERDAY       25            29     -4       11
  MONTH TO DATE  517           661   -144      494
  SINCE MAR 1    517           661   -144      494
  SINCE JUL 1   5274          6069   -795     5225

 COOLING
  YESTERDAY        0             0      0        0
  MONTH TO DATE    0             0      0        0
  SINCE MAR 1      0             0      0        0
  SINCE JAN 1      0             0      0        0
......................................................


WIND (MPH)
  HIGHEST WIND SPEED    32   HIGHEST WIND DIRECTION     S (170)
  HIGHEST GUST SPEED    39   HIGHEST GUST DIRECTION     S (170)
  AVERAGE WIND SPEED    17.8


SKY COVER
  AVERAGE SKY COVER 0.9


WEATHER CONDITIONS
 THE FOLLOWING WEATHER WAS RECORDED YESTERDAY.
  NO SIGNIFICANT WEATHER WAS OBSERVED.


RELATIVE HUMIDITY (PERCENT)
 HIGHEST   100          1200 AM
 LOWEST     70           300 PM
 AVERAGE    85

..........................................................




SUNRISE AND SUNSET
MARCH 22 2017.........SUNRISE   701 AM MDT   SUNSET   717 PM MDT
MARCH 23 2017.........SUNRISE   659 AM MDT   SUNSET   719 PM MDT


-  INDICATES NEGATIVE NUMBERS.
R  INDICATES RECORD WAS SET OR TIED.
MM INDICATES DATA IS MISSING.
T  INDICATES TRACE AMOUNT.




$$
