000
CDUS43 KDDC 290709
CLIGCK


CLIMATE REPORT
NATIONAL WEATHER SERVICE DODGE CITY KS
208 AM CDT MON MAY 29 2017


...................................

...THE GARDEN CITY REGIONAL ARPT KS CLIMATE SUMMARY FOR MAY 28 2017...

CLIMATE NORMAL PERIOD 1981 TO 2010
CLIMATE RECORD PERIOD 1948 TO 2017


WEATHER ITEM   OBSERVED TIME   RECORD YEAR NORMAL DEPARTURE LAST
                VALUE   (LST)  VALUE       VALUE  FROM      YEAR
                                                  NORMAL
..................................................................
TEMPERATURE (F)
 YESTERDAY
  MAXIMUM         80    341 PM 101    1974  80      0       80
  MINIMUM         47    558 AM  40    1992  54     -7       45
  AVERAGE         64                        67     -3       63

PRECIPITATION (IN)
  YESTERDAY        0.00          0.64 1975   0.11  -0.11     0.00
  MONTH TO DATE    1.01                      2.55  -1.54     0.38
  SINCE MAR 1      6.95                      5.73   1.22     4.92
  SINCE JAN 1      8.24                      6.61   1.63     5.14

DEGREE DAYS
 HEATING
  YESTERDAY        1                         2     -1
  MONTH TO DATE  142                       124     18
  SINCE MAR 1    955                      1162   -207
  SINCE JUL 1   4429                      5186   -757

 COOLING
  YESTERDAY        0                         4     -4
  MONTH TO DATE   46                        63    -17
  SINCE MAR 1     83                        75      8
  SINCE JAN 1     83                        75      8
..................................................................


WIND (MPH)
  HIGHEST WIND SPEED    21   HIGHEST WIND DIRECTION    NW (330)
  HIGHEST GUST SPEED    27   HIGHEST GUST DIRECTION     N (340)
  AVERAGE WIND SPEED    11.0



WEATHER CONDITIONS
 THE FOLLOWING WEATHER WAS RECORDED YESTERDAY.
  NO SIGNIFICANT WEATHER WAS OBSERVED.


RELATIVE HUMIDITY (PERCENT)
 HIGHEST    93          1200 AM
 LOWEST     23           400 PM
 AVERAGE    58

..........................................................


THE GARDEN CITY REGIONAL ARPT KS CLIMATE NORMALS FOR TODAY
                         NORMAL    RECORD    YEAR
 MAXIMUM TEMPERATURE (F)   80       104      2011
 MINIMUM TEMPERATURE (F)   55        36      1992


SUNRISE AND SUNSET
MAY 29 2017...........SUNRISE   623 AM CDT   SUNSET   858 PM CDT
MAY 30 2017...........SUNRISE   623 AM CDT   SUNSET   858 PM CDT


-  INDICATES NEGATIVE NUMBERS.
R  INDICATES RECORD WAS SET OR TIED.
MM INDICATES DATA IS MISSING.
T  INDICATES TRACE AMOUNT.




$$
