000
CDUS43 KDDC 200706
CLIGCK


CLIMATE REPORT
NATIONAL WEATHER SERVICE DODGE CITY KS
106 AM CST SAT JAN 20 2018


...................................

...THE GARDEN CITY REGIONAL ARPT KS CLIMATE SUMMARY FOR JANUARY 19 2018...

CLIMATE NORMAL PERIOD 1981 TO 2010
CLIMATE RECORD PERIOD 1948 TO 2018


WEATHER ITEM   OBSERVED TIME   RECORD YEAR NORMAL DEPARTURE LAST
                VALUE   (LST)  VALUE       VALUE  FROM      YEAR
                                                  NORMAL
..................................................................
TEMPERATURE (F)
 YESTERDAY
  MAXIMUM         71    235 PM  77    1986  44     27       44
  MINIMUM         20    724 AM -10    1978  18      2       30
  AVERAGE         46                        31     15       37

PRECIPITATION (IN)
  YESTERDAY        0.00          0.80 1990   0.01  -0.01     0.00
  MONTH TO DATE    T                         0.20  -0.20     1.14
  SINCE DEC 1      T                         0.72  -0.72     1.44
  SINCE JAN 1      T                         0.20  -0.20     1.14

DEGREE DAYS
 HEATING
  YESTERDAY       19                        34    -15
  MONTH TO DATE  677                       646     31
  SINCE DEC 1   1695                      1680     15
  SINCE JUL 1   2651                      2769   -118

 COOLING
  YESTERDAY        0                         0      0
  MONTH TO DATE    0                         0      0
  SINCE DEC 1      0                         0      0
  SINCE JAN 1      0                         0      0
..................................................................


WIND (MPH)
  HIGHEST WIND SPEED    18   HIGHEST WIND DIRECTION    SW (210)
  HIGHEST GUST SPEED    23   HIGHEST GUST DIRECTION    SW (230)
  AVERAGE WIND SPEED     9.7



WEATHER CONDITIONS
 THE FOLLOWING WEATHER WAS RECORDED YESTERDAY.
  NO SIGNIFICANT WEATHER WAS OBSERVED.


RELATIVE HUMIDITY (PERCENT)
 HIGHEST    52           700 AM
 LOWEST      8           200 PM
 AVERAGE    30

..........................................................


THE GARDEN CITY REGIONAL ARPT KS CLIMATE NORMALS FOR TODAY
                         NORMAL    RECORD    YEAR
 MAXIMUM TEMPERATURE (F)   44        78      1986
 MINIMUM TEMPERATURE (F)   18       -10      1978


SUNRISE AND SUNSET
JANUARY 20 2018.......SUNRISE   755 AM CST   SUNSET   553 PM CST
JANUARY 21 2018.......SUNRISE   755 AM CST   SUNSET   554 PM CST


-  INDICATES NEGATIVE NUMBERS.
R  INDICATES RECORD WAS SET OR TIED.
MM INDICATES DATA IS MISSING.
T  INDICATES TRACE AMOUNT.




$$
