000
CDUS43 KDDC 241006
CLIGCK


CLIMATE REPORT
NATIONAL WEATHER SERVICE DODGE CITY KS
506 AM CDT SUN MAY 24 2015


...................................

...THE GARDEN CITY REGIONAL ARPT KS CLIMATE SUMMARY FOR MAY 23 2015...

CLIMATE NORMAL PERIOD 1981 TO 2010
CLIMATE RECORD PERIOD 1948 TO 2015


WEATHER ITEM   OBSERVED TIME   RECORD YEAR NORMAL DEPARTURE LAST
                VALUE   (LST)  VALUE       VALUE  FROM      YEAR
                                                  NORMAL
..................................................................
TEMPERATURE (F)
 YESTERDAY
  MAXIMUM         67    301 PM 101    1964  78    -11       72
  MINIMUM         51    816 AM  42    1966  53     -2       59
  AVERAGE         59                        66     -7       66

PRECIPITATION (IN)
  YESTERDAY        1.36          1.84 2007   0.10   1.26      T
  MONTH TO DATE    6.08                      2.02   4.06     0.60
  SINCE MAR 1      6.76                      5.20   1.56     1.11
  SINCE JAN 1      7.53                      6.08   1.45     1.27

DEGREE DAYS
 HEATING
  YESTERDAY        6                         3      3
  MONTH TO DATE  154                       113     41
  SINCE MAR 1   1034                      1151   -117
  SINCE JUL 1   4942                      5175   -233

 COOLING
  YESTERDAY        0                         3     -3
  MONTH TO DATE   17                        44    -27
  SINCE MAR 1     24                        56    -32
  SINCE JAN 1     24                        56    -32
..................................................................


WIND (MPH)
  HIGHEST WIND SPEED    26   HIGHEST WIND DIRECTION    SE (140)
  HIGHEST GUST SPEED    34   HIGHEST GUST DIRECTION    SE (150)
  AVERAGE WIND SPEED    14.3



WEATHER CONDITIONS
 THE FOLLOWING WEATHER WAS RECORDED YESTERDAY.
  THUNDERSTORM
  HEAVY RAIN
  RAIN
  LIGHT RAIN
  FOG


RELATIVE HUMIDITY (PERCENT)
 HIGHEST   100           100 AM
 LOWEST     68           200 PM
 AVERAGE    84

..........................................................


THE GARDEN CITY REGIONAL ARPT KS CLIMATE NORMALS FOR TODAY
                         NORMAL    RECORD    YEAR
 MAXIMUM TEMPERATURE (F)   79       102      1967
 MINIMUM TEMPERATURE (F)   53        37      1979


SUNRISE AND SUNSET
MAY 24 2015...........SUNRISE   626 AM CDT   SUNSET   854 PM CDT
MAY 25 2015...........SUNRISE   626 AM CDT   SUNSET   854 PM CDT


-  INDICATES NEGATIVE NUMBERS.
R  INDICATES RECORD WAS SET OR TIED.
MM INDICATES DATA IS MISSING.
T  INDICATES TRACE AMOUNT.




$$
