000
CDUS43 KDDC 092325
CLIGCK


CLIMATE REPORT
NATIONAL WEATHER SERVICE DODGE CITY KS
525 PM CST TUE FEB 9 2016


...................................

...THE GARDEN CITY REGIONAL ARPT KS CLIMATE SUMMARY FOR FEBRUARY 9 2016...
VALID TODAY AS OF 0500 PM LOCAL TIME.

CLIMATE NORMAL PERIOD 1981 TO 2010
CLIMATE RECORD PERIOD 1948 TO 2016


WEATHER ITEM   OBSERVED TIME   RECORD YEAR NORMAL DEPARTURE LAST
                VALUE   (LST)  VALUE       VALUE  FROM      YEAR
                                                  NORMAL
..................................................................
TEMPERATURE (F)
 TODAY
  MAXIMUM         51    359 PM  85    1976  47      4       68
  MINIMUM         23    643 AM  -9    2011  20      3       27
  AVERAGE         37                        33      4       48

PRECIPITATION (IN)
  TODAY            0.00          0.29 1965   0.02  -0.02     0.00
  MONTH TO DATE    0.07                      0.15  -0.08      T
  SINCE DEC 1      1.20                      1.01   0.19     0.43
  SINCE JAN 1      0.10                      0.49  -0.39     0.38

DEGREE DAYS
 HEATING
  TODAY           28                        32     -4       17
  MONTH TO DATE  297                       293      4      228
  SINCE DEC 1   2186                      2384   -198     2201
  SINCE JUL 1   3023                      3473   -450     3240

 COOLING
  TODAY            0                         0      0        0
  MONTH TO DATE    0                         0      0        0
  SINCE DEC 1      0                         0      0        0
  SINCE JAN 1      0                         0      0        0
..................................................................


WIND (MPH)
  HIGHEST WIND SPEED    20   HIGHEST WIND DIRECTION     N (350)
  HIGHEST GUST SPEED    24   HIGHEST GUST DIRECTION     N (350)
  AVERAGE WIND SPEED    11.1



WEATHER CONDITIONS
 THE FOLLOWING WEATHER WAS RECORDED TODAY.
  NO SIGNIFICANT WEATHER WAS OBSERVED.


RELATIVE HUMIDITY (PERCENT)
 HIGHEST    88           700 AM
 LOWEST     36           200 PM
 AVERAGE    62

..........................................................


THE GARDEN CITY REGIONAL ARPT KS CLIMATE NORMALS FOR TOMORROW
                         NORMAL    RECORD    YEAR
 MAXIMUM TEMPERATURE (F)   47        79      1999
 MINIMUM TEMPERATURE (F)   20       -14      1981


SUNRISE AND SUNSET
FEBRUARY  9 2016......SUNRISE   740 AM CST   SUNSET   615 PM CST
FEBRUARY 10 2016......SUNRISE   739 AM CST   SUNSET   616 PM CST


-  INDICATES NEGATIVE NUMBERS.
R  INDICATES RECORD WAS SET OR TIED.
MM INDICATES DATA IS MISSING.
T  INDICATES TRACE AMOUNT.




$$
