000
CDUS43 KDDC 312332
CLIGCK


CLIMATE REPORT
NATIONAL WEATHER SERVICE DODGE CITY KS
631 PM CDT FRI JUL 31 2015


...................................

...THE GARDEN CITY REGIONAL ARPT KS CLIMATE SUMMARY FOR JULY 31 2015...
VALID TODAY AS OF 0500 PM LOCAL TIME.

CLIMATE NORMAL PERIOD 1981 TO 2010
CLIMATE RECORD PERIOD 1948 TO 2015


WEATHER ITEM   OBSERVED TIME   RECORD YEAR NORMAL DEPARTURE LAST
                VALUE   (LST)  VALUE       VALUE  FROM      YEAR
                                                  NORMAL
..................................................................
TEMPERATURE (F)
 TODAY
  MAXIMUM         88    451 PM 104    1991  91     -3       82
  MINIMUM         66    639 AM  54    1971  65      1       56
  AVERAGE         77                        78     -1       69

PRECIPITATION (IN)
  TODAY            0.00          0.82 1975   0.09  -0.09     0.00
  MONTH TO DATE    6.53                      2.78   3.75     3.56
  SINCE JUN 1      9.08                      6.26   2.82    14.44
  SINCE JAN 1     17.90                     13.20   4.70    15.80

DEGREE DAYS
 HEATING
  TODAY            0                         0      0        0
  MONTH TO DATE    0                         0      0       10
  SINCE JUN 1      0                        17    -17       21
  SINCE JUL 1      0                         1     -1       10

 COOLING
  TODAY           12                        13     -1        4
  MONTH TO DATE  410                       410      0      342
  SINCE JUN 1    756                       662     94      616
  SINCE JAN 1    786                       751     35      759
..................................................................


WIND (MPH)
  HIGHEST WIND SPEED    15   HIGHEST WIND DIRECTION    SW (220)
  HIGHEST GUST SPEED    18   HIGHEST GUST DIRECTION    SW (230)
  AVERAGE WIND SPEED     5.7



WEATHER CONDITIONS
 THE FOLLOWING WEATHER WAS RECORDED TODAY.
  FOG
  HAZE


RELATIVE HUMIDITY (PERCENT)
 HIGHEST   100           400 AM
 LOWEST     43           400 PM
 AVERAGE    72

..........................................................


THE GARDEN CITY REGIONAL ARPT KS CLIMATE NORMALS FOR TOMORROW
                         NORMAL    RECORD    YEAR
 MAXIMUM TEMPERATURE (F)   91       107      1980
 MINIMUM TEMPERATURE (F)   65        54      1977


SUNRISE AND SUNSET
JULY 31 2015..........SUNRISE   645 AM CDT   SUNSET   853 PM CDT
AUGUST  1 2015........SUNRISE   646 AM CDT   SUNSET   852 PM CDT


-  INDICATES NEGATIVE NUMBERS.
R  INDICATES RECORD WAS SET OR TIED.
MM INDICATES DATA IS MISSING.
T  INDICATES TRACE AMOUNT.




$$
