000
CDUS43 KDDC 202349
CLIGCK


CLIMATE REPORT
NATIONAL WEATHER SERVICE DODGE CITY KS
646 PM CDT SAT SEP 20 2014


...................................

...THE GARDEN CITY REGIONAL ARPT KS CLIMATE SUMMARY FOR SEPTEMBER 20 2014...
VALID TODAY AS OF 0500 PM LOCAL TIME.

CLIMATE NORMAL PERIOD 1981 TO 2010
CLIMATE RECORD PERIOD 1948 TO 2014


WEATHER ITEM   OBSERVED TIME   RECORD YEAR NORMAL DEPARTURE LAST
                VALUE   (LST)  VALUE       VALUE  FROM      YEAR
                                                  NORMAL
..................................................................
TEMPERATURE (F)
 TODAY
  MAXIMUM         91    358 PM  98    1977  80     11       74
  MINIMUM         60    616 AM  32    1983  52      8       51
  AVERAGE         76                        66     10       63

PRECIPITATION (IN)
  TODAY            0.00          2.05 1965   0.05  -0.05     0.00
  MONTH TO DATE    1.47                      1.03   0.44     1.22
  SINCE SEP 1      1.47                      1.03   0.44     1.22
  SINCE JAN 1     19.12                     16.68   2.44    11.39

DEGREE DAYS
 HEATING
  TODAY            0                         3     -3        2
  MONTH TO DATE   56                        26     30        6
  SINCE SEP 1     56                        26     30        6
  SINCE JUL 1     66                        30     36        6

 COOLING
  TODAY           11                         4      7        0
  MONTH TO DATE  123                       132     -9      197
  SINCE SEP 1    123                       132     -9      197
  SINCE JAN 1   1283                      1248     35     1539
..................................................................


WIND (MPH)
  HIGHEST WIND SPEED    15   HIGHEST WIND DIRECTION    SW (230)
  HIGHEST GUST SPEED    18   HIGHEST GUST DIRECTION    SW (230)
  AVERAGE WIND SPEED     7.6



WEATHER CONDITIONS
 THE FOLLOWING WEATHER WAS RECORDED TODAY.
  FOG


RELATIVE HUMIDITY (PERCENT)
 HIGHEST   100           600 AM
 LOWEST     32           400 PM
 AVERAGE    66

..........................................................


THE GARDEN CITY REGIONAL ARPT KS CLIMATE NORMALS FOR TOMORROW
                         NORMAL    RECORD    YEAR
 MAXIMUM TEMPERATURE (F)   80        99      2005
 MINIMUM TEMPERATURE (F)   52        28      1983


SUNRISE AND SUNSET
SEPTEMBER 20 2014.....SUNRISE   729 AM CDT   SUNSET   743 PM CDT
SEPTEMBER 21 2014.....SUNRISE   730 AM CDT   SUNSET   741 PM CDT


-  INDICATES NEGATIVE NUMBERS.
R  INDICATES RECORD WAS SET OR TIED.
MM INDICATES DATA IS MISSING.
T  INDICATES TRACE AMOUNT.




$$
