000
CDUS43 KDDC 231012
CLIGCK


CLIMATE REPORT
NATIONAL WEATHER SERVICE DODGE CITY KS
511 AM CDT WED APR 23 2014


...................................

...THE GARDEN CITY REGIONAL ARPT KS CLIMATE SUMMARY FOR APRIL 22 2014...

CLIMATE NORMAL PERIOD 1981 TO 2010
CLIMATE RECORD PERIOD 1948 TO 2014


WEATHER ITEM   OBSERVED TIME   RECORD YEAR NORMAL DEPARTURE LAST
                VALUE   (LST)  VALUE       VALUE  FROM      YEAR
                                                  NORMAL
..................................................................
TEMPERATURE (F)
 YESTERDAY
  MAXIMUM         81    449 PM 100    1989  69     12       72
  MINIMUM         41    501 AM  25    1982  41      0       29
  AVERAGE         61                        55      6       51

PRECIPITATION (IN)
  YESTERDAY        T             0.53 2010   0.07  -0.07      T
  MONTH TO DATE    0.44                      1.19  -0.75     0.05
  SINCE MAR 1      0.48                      2.65  -2.17     0.13
  SINCE JAN 1      0.64                      3.53  -2.89     0.47

DEGREE DAYS
 HEATING
  YESTERDAY        4                        10     -6
  MONTH TO DATE  291                       302    -11
  SINCE MAR 1   1032                       966     66
  SINCE JUL 1   5208                      4990    218

 COOLING
  YESTERDAY        0                         1     -1
  MONTH TO DATE    8                         3      5
  SINCE MAR 1      8                         3      5
  SINCE JAN 1      8                         3      5
..................................................................


WIND (MPH)
  HIGHEST WIND SPEED    31   HIGHEST WIND DIRECTION     S (180)
  HIGHEST GUST SPEED    40   HIGHEST GUST DIRECTION     S (180)
  AVERAGE WIND SPEED    17.7



WEATHER CONDITIONS
 THE FOLLOWING WEATHER WAS RECORDED YESTERDAY.
  THUNDERSTORM
  LIGHT RAIN
  HAZE


RELATIVE HUMIDITY (PERCENT)
 HIGHEST    70           500 AM
 LOWEST     21          1100 AM
 AVERAGE    46

..........................................................


THE GARDEN CITY REGIONAL ARPT KS CLIMATE NORMALS FOR TODAY
                         NORMAL    RECORD    YEAR
 MAXIMUM TEMPERATURE (F)   70        96      1989
 MINIMUM TEMPERATURE (F)   41        24      2013


SUNRISE AND SUNSET
APRIL 23 2014.........SUNRISE   657 AM CDT   SUNSET   826 PM CDT
APRIL 24 2014.........SUNRISE   655 AM CDT   SUNSET   827 PM CDT


-  INDICATES NEGATIVE NUMBERS.
R  INDICATES RECORD WAS SET OR TIED.
MM INDICATES DATA IS MISSING.
T  INDICATES TRACE AMOUNT.




$$
