000
CDUS43 KDDC 181008
CLIGCK


CLIMATE REPORT
NATIONAL WEATHER SERVICE DODGE CITY KS
408 AM CST THU DEC 18 2014


...................................

...THE GARDEN CITY REGIONAL ARPT KS CLIMATE SUMMARY FOR DECEMBER 17 2014...

CLIMATE NORMAL PERIOD 1981 TO 2010
CLIMATE RECORD PERIOD 1948 TO 2014


WEATHER ITEM   OBSERVED TIME   RECORD YEAR NORMAL DEPARTURE LAST
                VALUE   (LST)  VALUE       VALUE  FROM      YEAR
                                                  NORMAL
..................................................................
TEMPERATURE (F)
 YESTERDAY
  MAXIMUM         41    113 PM  75    1980  44     -3       57
  MINIMUM         28    844 AM  -1    1972  18     10       28
  AVERAGE         35                        31      4       43

PRECIPITATION (IN)
  YESTERDAY        0.05          0.20 1965   0.01   0.04     0.00
  MONTH TO DATE    0.05                      0.29  -0.24      T
  SINCE DEC 1      0.05                      0.29  -0.24      T
  SINCE JAN 1     21.44                     19.24   2.20    14.84

DEGREE DAYS
 HEATING
  YESTERDAY       30                        34     -4
  MONTH TO DATE  452                       552   -100
  SINCE DEC 1    452                       552   -100
  SINCE JUL 1   1491                      1641   -150

 COOLING
  YESTERDAY        0                         0      0
  MONTH TO DATE    0                         0      0
  SINCE DEC 1      0                         0      0
  SINCE JAN 1   1342                      1298     44
..................................................................


WIND (MPH)
  HIGHEST WIND SPEED    22   HIGHEST WIND DIRECTION    SE (150)
  HIGHEST GUST SPEED    27   HIGHEST GUST DIRECTION    SE (140)
  AVERAGE WIND SPEED    14.2



WEATHER CONDITIONS
 THE FOLLOWING WEATHER WAS RECORDED YESTERDAY.
  SNOW
  LIGHT SNOW
  FOG


RELATIVE HUMIDITY (PERCENT)
 HIGHEST    92           700 PM
 LOWEST     64           100 PM
 AVERAGE    78

..........................................................


THE GARDEN CITY REGIONAL ARPT KS CLIMATE NORMALS FOR TODAY
                         NORMAL    RECORD    YEAR
 MAXIMUM TEMPERATURE (F)   44        73      1979
 MINIMUM TEMPERATURE (F)   18        -6      1983


SUNRISE AND SUNSET
DECEMBER 18 2014......SUNRISE   753 AM CST   SUNSET   526 PM CST
DECEMBER 19 2014......SUNRISE   754 AM CST   SUNSET   526 PM CST


-  INDICATES NEGATIVE NUMBERS.
R  INDICATES RECORD WAS SET OR TIED.
MM INDICATES DATA IS MISSING.
T  INDICATES TRACE AMOUNT.




$$
