000
CDUS43 KDDC 190705
CLIGCK


CLIMATE REPORT
NATIONAL WEATHER SERVICE DODGE CITY KS
105 AM CST SUN NOV 19 2017


...................................

...THE GARDEN CITY REGIONAL ARPT KS CLIMATE SUMMARY FOR NOVEMBER 18 2017...

CLIMATE NORMAL PERIOD 1981 TO 2010
CLIMATE RECORD PERIOD 1948 TO 2017


WEATHER ITEM   OBSERVED TIME   RECORD YEAR NORMAL DEPARTURE LAST
                VALUE   (LST)  VALUE       VALUE  FROM      YEAR
                                                  NORMAL
..................................................................
TEMPERATURE (F)
 YESTERDAY
  MAXIMUM         52    242 PM  78    2007  54     -2       44
  MINIMUM         22   1124 PM   8    2014  27     -5       19
  AVERAGE         37                        40     -3       32

PRECIPITATION (IN)
  YESTERDAY        0.01          0.28 2004   0.01   0.00     0.00
  MONTH TO DATE    0.01                      0.35  -0.34     0.07
  SINCE SEP 1      5.75                      3.10   2.65     0.26
  SINCE JAN 1     20.57                     18.75   1.82    20.09

DEGREE DAYS
 HEATING
  YESTERDAY       28                        25      3
  MONTH TO DATE  376                       369      7
  SINCE SEP 1    724                       755    -31
  SINCE JUL 1    724                       759    -35

 COOLING
  YESTERDAY        0                         0      0
  MONTH TO DATE    0                         0      0
  SINCE SEP 1    226                       182     44
  SINCE JAN 1   1373                      1298     75
..................................................................


WIND (MPH)
  HIGHEST WIND SPEED    37   HIGHEST WIND DIRECTION    NW (320)
  HIGHEST GUST SPEED    51   HIGHEST GUST DIRECTION    NW (330)
  AVERAGE WIND SPEED    18.7



WEATHER CONDITIONS
 THE FOLLOWING WEATHER WAS RECORDED YESTERDAY.
  LIGHT RAIN
  HAZE


RELATIVE HUMIDITY (PERCENT)
 HIGHEST    82           600 AM
 LOWEST     21           400 PM
 AVERAGE    52

..........................................................


THE GARDEN CITY REGIONAL ARPT KS CLIMATE NORMALS FOR TODAY
                         NORMAL    RECORD    YEAR
 MAXIMUM TEMPERATURE (F)   54        81      2007
 MINIMUM TEMPERATURE (F)   26         9      1985


SUNRISE AND SUNSET
NOVEMBER 19 2017......SUNRISE   728 AM CST   SUNSET   528 PM CST
NOVEMBER 20 2017......SUNRISE   729 AM CST   SUNSET   528 PM CST


-  INDICATES NEGATIVE NUMBERS.
R  INDICATES RECORD WAS SET OR TIED.
MM INDICATES DATA IS MISSING.
T  INDICATES TRACE AMOUNT.




$$
