000
CDUS43 KDDC 210706
CLIGCK


CLIMATE REPORT
NATIONAL WEATHER SERVICE DODGE CITY KS
105 AM CST TUE FEB 21 2017


...................................

...THE GARDEN CITY REGIONAL ARPT KS CLIMATE SUMMARY FOR FEBRUARY 20 2017...

CLIMATE NORMAL PERIOD 1981 TO 2010
CLIMATE RECORD PERIOD 1948 TO 2017


WEATHER ITEM   OBSERVED TIME   RECORD YEAR NORMAL DEPARTURE LAST
                VALUE   (LST)  VALUE       VALUE  FROM      YEAR
                                                  NORMAL
..................................................................
TEMPERATURE (F)
 YESTERDAY
  MAXIMUM         66    359 PM  87    1981  50     16       70
  MINIMUM         33   1135 PM   1    1978  23     10       32
  AVERAGE         50                        36     14       51

PRECIPITATION (IN)
  YESTERDAY        0.00          1.13 1990   0.03  -0.03     0.00
  MONTH TO DATE    0.01                      0.37  -0.36     0.19
  SINCE DEC 1      1.59                      1.23   0.36     1.32
  SINCE JAN 1      1.29                      0.71   0.58     0.22

DEGREE DAYS
 HEATING
  YESTERDAY       15                        29    -14
  MONTH TO DATE  428                       626   -198
  SINCE DEC 1   2602                      2717   -115
  SINCE JUL 1   3290                      3806   -516

 COOLING
  YESTERDAY        0                         0      0
  MONTH TO DATE    0                         0      0
  SINCE DEC 1      0                         0      0
  SINCE JAN 1      0                         0      0
..................................................................


WIND (MPH)
  HIGHEST WIND SPEED    37   HIGHEST WIND DIRECTION     N (340)
  HIGHEST GUST SPEED    43   HIGHEST GUST DIRECTION    NW (330)
  AVERAGE WIND SPEED    15.6



WEATHER CONDITIONS
 THE FOLLOWING WEATHER WAS RECORDED YESTERDAY.
  NO SIGNIFICANT WEATHER WAS OBSERVED.


RELATIVE HUMIDITY (PERCENT)
 HIGHEST    70           500 AM
 LOWEST     13           100 PM
 AVERAGE    42

..........................................................


THE GARDEN CITY REGIONAL ARPT KS CLIMATE NORMALS FOR TODAY
                         NORMAL    RECORD    YEAR
 MAXIMUM TEMPERATURE (F)   50        79      1977
 MINIMUM TEMPERATURE (F)   23        -6      1978


SUNRISE AND SUNSET
FEBRUARY 21 2017......SUNRISE   725 AM CST   SUNSET   628 PM CST
FEBRUARY 22 2017......SUNRISE   724 AM CST   SUNSET   629 PM CST


-  INDICATES NEGATIVE NUMBERS.
R  INDICATES RECORD WAS SET OR TIED.
MM INDICATES DATA IS MISSING.
T  INDICATES TRACE AMOUNT.




$$
