000
CDUS41 KPHI 212133
CLIGED


CLIMATE REPORT
NATIONAL WEATHER SERVICE MOUNT HOLLY NJ
533 PM EDT TUE OCT 21 2014


...................................

...THE GEORGETOWN DE CLIMATE SUMMARY FOR OCTOBER 21 2014...
VALID TODAY AS OF 0500 PM LOCAL TIME.

CLIMATE NORMAL PERIOD 1981 TO 2010
CLIMATE RECORD PERIOD 1948 TO 2014


WEATHER ITEM   OBSERVED TIME   RECORD YEAR NORMAL DEPARTURE LAST
                VALUE   (LST)  VALUE       VALUE  FROM      YEAR
                                                  NORMAL
..................................................................
TEMPERATURE (F)
 TODAY
  MAXIMUM         72    215 PM  83    1984  67      5       68
  MINIMUM         52    119 AM  22    1952  46      6       40
  AVERAGE         62                        56      6       54

PRECIPITATION (IN)
  TODAY            T             2.42 1976   0.13  -0.13     0.00
  MONTH TO DATE    1.95                      2.55  -0.60     4.47
  SINCE SEP 1      5.85                      6.68  -0.83     5.16
  SINCE JAN 1     36.15                     35.95   0.20    47.15

SNOWFALL (IN)
  TODAY           MM            MM      MM  MM     MM       MM
  MONTH TO DATE   MM                        MM     MM       MM
  SINCE SEP 1     MM                        MM     MM       MM
  SINCE JUL 1     MM                        MM     MM       MM
  SNOW DEPTH      MM

DEGREE DAYS
 HEATING
  TODAY            3                         9     -6       11
  MONTH TO DATE   87                       137    -50       57
  SINCE SEP 1    102                       174    -72      109
  SINCE JUL 1    102                       175    -73      109

 COOLING
  TODAY            0                         0      0        0
  MONTH TO DATE   23                        18      5       68
  SINCE SEP 1    198                       160     38      204
  SINCE JAN 1   1149                      1189    -40     1391
..................................................................


WIND (MPH)
  HIGHEST WIND SPEED    15   HIGHEST WIND DIRECTION     E (80)
  HIGHEST GUST SPEED    17   HIGHEST GUST DIRECTION     E (90)
  AVERAGE WIND SPEED     4.7


SKY COVER
  POSSIBLE SUNSHINE  MM
  AVERAGE SKY COVER 0.6


WEATHER CONDITIONS
 THE FOLLOWING WEATHER WAS RECORDED TODAY.
  LIGHT RAIN


RELATIVE HUMIDITY (PERCENT)
 HIGHEST    93           700 AM
 LOWEST     44           100 PM
 AVERAGE    69

..........................................................


THE GEORGETOWN DE CLIMATE NORMALS FOR TOMORROW
                         NORMAL    RECORD    YEAR
 MAXIMUM TEMPERATURE (F)   66        83      1979
 MINIMUM TEMPERATURE (F)   45        22      1952


SUNRISE AND SUNSET
OCTOBER 21 2014.......SUNRISE   717 AM EDT   SUNSET   615 PM EDT
OCTOBER 22 2014.......SUNRISE   718 AM EDT   SUNSET   614 PM EDT


-  INDICATES NEGATIVE NUMBERS.
R  INDICATES RECORD WAS SET OR TIED.
MM INDICATES DATA IS MISSING.
T  INDICATES TRACE AMOUNT.




$$
