000
CDUS41 KPHI 220627
CLIGED


CLIMATE REPORT
NATIONAL WEATHER SERVICE MOUNT HOLLY NJ
226 AM EDT FRI MAY 22 2015


...................................

...THE GEORGETOWN DE CLIMATE SUMMARY FOR MAY 21 2015...

CLIMATE NORMAL PERIOD 1981 TO 2010
CLIMATE RECORD PERIOD 1948 TO 2015


WEATHER ITEM   OBSERVED TIME   RECORD YEAR NORMAL DEPARTURE LAST
                VALUE   (LST)  VALUE       VALUE  FROM      YEAR
                                                  NORMAL
..................................................................
TEMPERATURE (F)
 YESTERDAY
  MAXIMUM         57    935 AM  94    1996  75    -18       77
  MINIMUM         48    339 AM  33    1992  54     -6       61
  AVERAGE         53                        65    -12       69

PRECIPITATION (IN)
  YESTERDAY        0.64          1.09 1980   0.12   0.52     0.07
  MONTH TO DATE    1.19                      2.23  -1.04     1.64
  SINCE MAR 1      7.91                      9.91  -2.00     8.51
  SINCE JAN 1     14.74                     15.62  -0.88    15.69

SNOWFALL (IN)
  YESTERDAY       MM            MM      MM  MM     MM       MM
  MONTH TO DATE   MM                        MM     MM       MM
  SINCE MAR 1     MM                        MM     MM       MM
  SINCE JUL 1     MM                        MM     MM       MM
  SNOW DEPTH      MM

DEGREE DAYS
 HEATING
  YESTERDAY       12                         3      9        0
  MONTH TO DATE   52                       112    -60       55
  SINCE MAR 1   1117                      1092     25     1133
  SINCE JUL 1   4605                      4372    233     4488

 COOLING
  YESTERDAY        0                         3     -3        4
  MONTH TO DATE   91                        38     53       51
  SINCE MAR 1     96                        58     38       63
  SINCE JAN 1     96                        58     38       63
..................................................................


WIND (MPH)
  HIGHEST WIND SPEED    10   HIGHEST WIND DIRECTION    NE (50)
  HIGHEST GUST SPEED    14   HIGHEST GUST DIRECTION    NW (320)
  AVERAGE WIND SPEED     4.6


SKY COVER
  POSSIBLE SUNSHINE  MM
  AVERAGE SKY COVER 0.8


WEATHER CONDITIONS
 THE FOLLOWING WEATHER WAS RECORDED YESTERDAY.
  HEAVY RAIN
  RAIN
  LIGHT RAIN
  FOG


RELATIVE HUMIDITY (PERCENT)
 HIGHEST   100           300 PM
 LOWEST     61          1200 AM
 AVERAGE    81

..........................................................


THE GEORGETOWN DE CLIMATE NORMALS FOR TODAY
                         NORMAL    RECORD    YEAR
 MAXIMUM TEMPERATURE (F)   75        92      1996
 MINIMUM TEMPERATURE (F)   55        36      2002


SUNRISE AND SUNSET
MAY 22 2015...........SUNRISE   544 AM EDT   SUNSET   812 PM EDT
MAY 23 2015...........SUNRISE   543 AM EDT   SUNSET   813 PM EDT


-  INDICATES NEGATIVE NUMBERS.
R  INDICATES RECORD WAS SET OR TIED.
MM INDICATES DATA IS MISSING.
T  INDICATES TRACE AMOUNT.




$$
