000
CDUS41 KPHI 250642
CLIGED


CLIMATE REPORT
NATIONAL WEATHER SERVICE MOUNT HOLLY NJ
237 AM EDT SAT OCT 25 2014


...................................

...THE GEORGETOWN DE CLIMATE SUMMARY FOR OCTOBER 24 2014...

CLIMATE NORMAL PERIOD 1981 TO 2010
CLIMATE RECORD PERIOD 1948 TO 2014


WEATHER ITEM   OBSERVED TIME   RECORD YEAR NORMAL DEPARTURE LAST
                VALUE   (LST)  VALUE       VALUE  FROM      YEAR
                                                  NORMAL
..................................................................
TEMPERATURE (F)
 YESTERDAY
  MAXIMUM         69    308 PM  83    2009  66      3       53
                                      2001
  MINIMUM         53   1159 PM  21    1969  45      8       36
  AVERAGE         61                        55      6       45

PRECIPITATION (IN)
  YESTERDAY        0.00          2.05 1971   0.11  -0.11     0.00
  MONTH TO DATE    2.50                      2.90  -0.40     4.72
  SINCE SEP 1      6.40                      7.03  -0.63     5.41
  SINCE JAN 1     36.70                     36.30   0.40    47.40

SNOWFALL (IN)
  YESTERDAY       MM            MM      MM  MM     MM       MM
  MONTH TO DATE   MM                        MM     MM       MM
  SINCE SEP 1     MM                        MM     MM       MM
  SINCE JUL 1     MM                        MM     MM       MM
  SNOW DEPTH      MM

DEGREE DAYS
 HEATING
  YESTERDAY        4                        10     -6       20
  MONTH TO DATE  109                       167    -58       99
  SINCE SEP 1    124                       204    -80      151
  SINCE JUL 1    124                       205    -81      151

 COOLING
  YESTERDAY        0                         0      0        0
  MONTH TO DATE   23                        18      5       68
  SINCE SEP 1    198                       160     38      204
  SINCE JAN 1   1149                      1189    -40     1391
..................................................................


WIND (MPH)
  HIGHEST WIND SPEED    15   HIGHEST WIND DIRECTION    NW (330)
  HIGHEST GUST SPEED    22   HIGHEST GUST DIRECTION    NW (310)
  AVERAGE WIND SPEED     5.9


SKY COVER
  POSSIBLE SUNSHINE  MM
  AVERAGE SKY COVER 0.4


WEATHER CONDITIONS
 THE FOLLOWING WEATHER WAS RECORDED YESTERDAY.
  NO SIGNIFICANT WEATHER WAS OBSERVED.


RELATIVE HUMIDITY (PERCENT)
 HIGHEST    77           100 AM
 LOWEST     40           300 PM
 AVERAGE    59

..........................................................


THE GEORGETOWN DE CLIMATE NORMALS FOR TODAY
                         NORMAL    RECORD    YEAR
 MAXIMUM TEMPERATURE (F)   65        81      2001
                                             1954
 MINIMUM TEMPERATURE (F)   44        25      1969


SUNRISE AND SUNSET
OCTOBER 25 2014.......SUNRISE   721 AM EDT   SUNSET   610 PM EDT
OCTOBER 26 2014.......SUNRISE   722 AM EDT   SUNSET   608 PM EDT


-  INDICATES NEGATIVE NUMBERS.
R  INDICATES RECORD WAS SET OR TIED.
MM INDICATES DATA IS MISSING.
T  INDICATES TRACE AMOUNT.




$$
