000
CDUS41 KPHI 030632
CLIGED


CLIMATE REPORT
NATIONAL WEATHER SERVICE MOUNT HOLLY NJ
230 AM EDT MON AUG 3 2015


...................................

...THE GEORGETOWN DE CLIMATE SUMMARY FOR AUGUST 2 2015...

CLIMATE NORMAL PERIOD 1981 TO 2010
CLIMATE RECORD PERIOD 1948 TO 2015


WEATHER ITEM   OBSERVED TIME   RECORD YEAR NORMAL DEPARTURE LAST
                VALUE   (LST)  VALUE       VALUE  FROM      YEAR
                                                  NORMAL
..................................................................
TEMPERATURE (F)
 YESTERDAY
  MAXIMUM         88    158 PM  97    2006  86      2       75
  MINIMUM         67    459 AM  53    1981  68     -1       63
  AVERAGE         78                        77      1       69

PRECIPITATION (IN)
  YESTERDAY        0.00          3.20 1965   0.11  -0.11     1.09
  MONTH TO DATE    0.59                      0.21   0.38     1.38
  SINCE JUN 1      8.73                      9.01  -0.28    10.17
  SINCE JAN 1     23.47                     25.95  -2.48    27.36

SNOWFALL (IN)
  YESTERDAY       MM            MM      MM  MM     MM       MM
  MONTH TO DATE   MM                        MM     MM       MM
  SINCE JUN 1     MM                        MM     MM       MM
  SINCE JUL 1     MM                        MM     MM       MM
  SNOW DEPTH      MM

DEGREE DAYS
 HEATING
  YESTERDAY        0                         0      0        0
  MONTH TO DATE    0                         0      0        0
  SINCE JUN 1     21                        13      8        5
  SINCE JUL 1      0                         0      0        0

 COOLING
  YESTERDAY       13                        12      1        4
  MONTH TO DATE   28                        24      4       11
  SINCE JUN 1    701                       630     71      609
  SINCE JAN 1    876                       724    152      710
..................................................................


WIND (MPH)
  HIGHEST WIND SPEED    12   HIGHEST WIND DIRECTION    SE (140)
  HIGHEST GUST SPEED    13   HIGHEST GUST DIRECTION     S (170)
  AVERAGE WIND SPEED     3.3


SKY COVER
  POSSIBLE SUNSHINE  MM
  AVERAGE SKY COVER 0.2


WEATHER CONDITIONS
 THE FOLLOWING WEATHER WAS RECORDED YESTERDAY.
  NO SIGNIFICANT WEATHER WAS OBSERVED.


RELATIVE HUMIDITY (PERCENT)
 HIGHEST    97           100 AM
 LOWEST     42           300 PM
 AVERAGE    70

..........................................................


THE GEORGETOWN DE CLIMATE NORMALS FOR TODAY
                         NORMAL    RECORD    YEAR
 MAXIMUM TEMPERATURE (F)   86       100      2006
 MINIMUM TEMPERATURE (F)   68        50      1959


SUNRISE AND SUNSET
AUGUST  3 2015........SUNRISE   604 AM EDT   SUNSET   810 PM EDT
AUGUST  4 2015........SUNRISE   605 AM EDT   SUNSET   809 PM EDT


-  INDICATES NEGATIVE NUMBERS.
R  INDICATES RECORD WAS SET OR TIED.
MM INDICATES DATA IS MISSING.
T  INDICATES TRACE AMOUNT.




$$
