000
CDUS41 KPHI 240547
CLIGED


CLIMATE REPORT
NATIONAL WEATHER SERVICE MOUNT HOLLY NJ
145 AM EDT THU AUG 24 2017


...................................

...THE GEORGETOWN DE CLIMATE SUMMARY FOR AUGUST 23 2017...

CLIMATE NORMAL PERIOD 1981 TO 2010
CLIMATE RECORD PERIOD 1948 TO 2017


WEATHER ITEM   OBSERVED TIME   RECORD YEAR NORMAL DEPARTURE LAST
                VALUE   (LST)  VALUE       VALUE  FROM      YEAR
                                                  NORMAL
..................................................................
TEMPERATURE (F)
 YESTERDAY
  MAXIMUM         85   1022 AM  94    1968  84      1       81
  MINIMUM         69   1157 PM  50    1956  66      3       58
  AVERAGE         77                        75      2       70

PRECIPITATION (IN)
  YESTERDAY        T             2.65 1974   0.14  -0.14     0.00
  MONTH TO DATE    6.00                      2.56   3.44     3.88
  SINCE JUN 1     16.42                     11.36   5.06    11.13
  SINCE JAN 1     32.60                     28.30   4.30    29.36

DEGREE DAYS
 HEATING
  YESTERDAY        0                         0      0        0
  MONTH TO DATE    0                         0      0        0
  SINCE JUN 1     12                        13     -1        1
  SINCE JUL 1      0                         0      0        0

 COOLING
  YESTERDAY       12                        10      2        5
  MONTH TO DATE  275                       257     18      332
  SINCE JUN 1   1042                       863    179     1027
  SINCE JAN 1   1188                       957    231     1117
..................................................................


WIND (MPH)
  HIGHEST WIND SPEED    12   HIGHEST WIND DIRECTION    SW (210)
  HIGHEST GUST SPEED    16   HIGHEST GUST DIRECTION     S (200)
  AVERAGE WIND SPEED     4.4


SKY COVER
  POSSIBLE SUNSHINE  MM
  AVERAGE SKY COVER 0.5


WEATHER CONDITIONS
 THE FOLLOWING WEATHER WAS RECORDED YESTERDAY.
  LIGHT RAIN


RELATIVE HUMIDITY (PERCENT)
 HIGHEST    91          1200 AM
 LOWEST     58           600 PM
 AVERAGE    75

..........................................................


THE GEORGETOWN DE CLIMATE NORMALS FOR TODAY
                         NORMAL    RECORD    YEAR
 MAXIMUM TEMPERATURE (F)   84        95      1968
 MINIMUM TEMPERATURE (F)   66        48      1957


SUNRISE AND SUNSET
AUGUST 24 2017........SUNRISE   624 AM EDT   SUNSET   743 PM EDT
AUGUST 25 2017........SUNRISE   625 AM EDT   SUNSET   742 PM EDT


-  INDICATES NEGATIVE NUMBERS.
R  INDICATES RECORD WAS SET OR TIED.
MM INDICATES DATA IS MISSING.
T  INDICATES TRACE AMOUNT.




$$
