000
CDUS41 KPHI 060630
CLIGED


CLIMATE REPORT
NATIONAL WEATHER SERVICE MOUNT HOLLY NJ
129 AM EST TUE DEC 6 2016


...................................

...THE GEORGETOWN DE CLIMATE SUMMARY FOR DECEMBER 5 2016...

CLIMATE NORMAL PERIOD 1981 TO 2010
CLIMATE RECORD PERIOD 1948 TO 2016


WEATHER ITEM   OBSERVED TIME   RECORD YEAR NORMAL DEPARTURE LAST
                VALUE   (LST)  VALUE       VALUE  FROM      YEAR
                                                  NORMAL
..................................................................
TEMPERATURE (F)
 YESTERDAY
  MAXIMUM         53    202 PM  75    2001  51      2       51
  MINIMUM         39    152 AM  14    1966  33      6       29
  AVERAGE         46                        42      4       40

PRECIPITATION (IN)
  YESTERDAY        0.29          1.26 2003   0.12   0.17     0.00
  MONTH TO DATE    0.40                      0.59  -0.19     0.59
  SINCE DEC 1      0.40                      0.59  -0.19     0.59
  SINCE JAN 1     45.67                     41.07   4.60    35.80

SNOWFALL (IN)
  YESTERDAY       MM            MM      MM  MM     MM       MM
  MONTH TO DATE   MM                        MM     MM       MM
  SINCE DEC 1     MM                        MM     MM       MM
  SINCE JUL 1     MM                        MM     MM       MM
  SNOW DEPTH      MM

DEGREE DAYS
 HEATING
  YESTERDAY       19                        23     -4       25
  MONTH TO DATE   95                       110    -15       81
  SINCE DEC 1     95                       110    -15       81
  SINCE JUL 1    729                       894   -165      721

 COOLING
  YESTERDAY        0                         0      0        0
  MONTH TO DATE    0                         0      0        0
  SINCE DEC 1      0                         0      0        0
  SINCE JAN 1   1506                      1196    310     1413
..................................................................


WIND (MPH)
  HIGHEST WIND SPEED    12   HIGHEST WIND DIRECTION     N (360)
  HIGHEST GUST SPEED    20   HIGHEST GUST DIRECTION     N (340)
  AVERAGE WIND SPEED     4.6


SKY COVER
  POSSIBLE SUNSHINE  MM
  AVERAGE SKY COVER 0.5


WEATHER CONDITIONS
 THE FOLLOWING WEATHER WAS RECORDED YESTERDAY.
  LIGHT RAIN
  FOG


RELATIVE HUMIDITY (PERCENT)
 HIGHEST   100           300 AM
 LOWEST     63           300 PM
 AVERAGE    82

..........................................................


THE GEORGETOWN DE CLIMATE NORMALS FOR TODAY
                         NORMAL    RECORD    YEAR
 MAXIMUM TEMPERATURE (F)   51        75      1982
 MINIMUM TEMPERATURE (F)   33        15      2007


SUNRISE AND SUNSET
DECEMBER  6 2016......SUNRISE   706 AM EST   SUNSET   440 PM EST
DECEMBER  7 2016......SUNRISE   706 AM EST   SUNSET   440 PM EST


-  INDICATES NEGATIVE NUMBERS.
R  INDICATES RECORD WAS SET OR TIED.
MM INDICATES DATA IS MISSING.
T  INDICATES TRACE AMOUNT.




$$
