000
CDUS46 KOTX 280824
CLIGEG


CLIMATE REPORT
NATIONAL WEATHER SERVICE SPOKANE, WA
124 AM PDT THU AUG 28 2014


...................................

...THE SPOKANE WA AIRPORT CLIMATE SUMMARY FOR AUGUST 27 2014...

CLIMATE NORMAL PERIOD 1981 TO 2010
CLIMATE RECORD PERIOD 1881 TO 2014


WEATHER ITEM   OBSERVED TIME   RECORD YEAR NORMAL DEPARTURE LAST
                VALUE   (LST)  VALUE       VALUE  FROM      YEAR
                                                  NORMAL
..................................................................
TEMPERATURE (F)
 YESTERDAY
  MAXIMUM         89    329 PM  98    1929  80      9       84
  MINIMUM         61    529 AM  40    1962  54      7       56
  AVERAGE         75                        67      8       70

PRECIPITATION (IN)
  YESTERDAY        0.00          0.62 1899   0.03  -0.03     0.00
  MONTH TO DATE    0.58                      0.51   0.07     0.68
  SINCE OCT 1     12.33                     15.81  -3.48    14.83
  SINCE JAN 1     10.00                     10.03  -0.03     7.47

SNOWFALL (IN)
  YESTERDAY        0.0           0.0  2002   0.0    0.0      0.0
                                      2001
                                      1999
  MONTH TO DATE    0.0                       0.0    0.0      0.0
  SINCE JUN 1      0.0                       0.0    0.0      0.0
  SINCE JUL 1      0.0                       0.0    0.0      0.0
  SNOW DEPTH       0

DEGREE DAYS
 HEATING
  YESTERDAY        0                         2     -2        0
  MONTH TO DATE    1                        25    -24        7
  SINCE JUN 1    114                       193    -79      147
  SINCE JUL 1      8                        57    -49        7

 COOLING
  YESTERDAY       10                         4      6        5
  MONTH TO DATE  227                       155     72      216
  SINCE JUN 1    589                       384    205      548
  SINCE JAN 1    595                       398    197      578
..................................................................


WIND (MPH)
  HIGHEST WIND SPEED    16   HIGHEST WIND DIRECTION    SW (230)
  HIGHEST GUST SPEED    25   HIGHEST GUST DIRECTION    SW (230)
  AVERAGE WIND SPEED     8.0


SKY COVER
  POSSIBLE SUNSHINE  MM
  AVERAGE SKY COVER 0.1


WEATHER CONDITIONS
 THE FOLLOWING WEATHER WAS RECORDED YESTERDAY.
  NO SIGNIFICANT WEATHER WAS OBSERVED.


RELATIVE HUMIDITY (PERCENT)
 HIGHEST    60           500 AM
 LOWEST     22          1100 AM
 AVERAGE    41

..........................................................


THE SPOKANE WA AIRPORT CLIMATE NORMALS FOR TODAY
                         NORMAL    RECORD    YEAR
 MAXIMUM TEMPERATURE (F)   80        99      1929
 MINIMUM TEMPERATURE (F)   53        38      1882


SUNRISE AND SUNSET
AUGUST 28 2014........SUNRISE   603 AM PDT   SUNSET   738 PM PDT
AUGUST 29 2014........SUNRISE   605 AM PDT   SUNSET   736 PM PDT


-  INDICATES NEGATIVE NUMBERS.
R  INDICATES RECORD WAS SET OR TIED.
MM INDICATES DATA IS MISSING.
T  INDICATES TRACE AMOUNT.




$$
