000
CDUS46 KOTX 260908
CLIGEG


CLIMATE REPORT
NATIONAL WEATHER SERVICE SPOKANE, WA
208 AM PDT SUN MAR 26 2017


...................................

...THE SPOKANE WA AIRPORT CLIMATE SUMMARY FOR MARCH 25 2017...

CLIMATE NORMAL PERIOD 1981 TO 2010
CLIMATE RECORD PERIOD 1881 TO 2017


WEATHER ITEM   OBSERVED TIME   RECORD YEAR NORMAL DEPARTURE LAST
                VALUE   (LST)  VALUE       VALUE  FROM      YEAR
                                                  NORMAL
..................................................................
TEMPERATURE (F)
 YESTERDAY
  MAXIMUM         50    343 PM  71    1960  52     -2       51
  MINIMUM         35   1148 PM  14    1955  34      1       33
  AVERAGE         43                        43      0       42

PRECIPITATION (IN)
  YESTERDAY        0.00          0.61 1981   0.05  -0.05     0.00
                                      1940
  MONTH TO DATE    3.42                      1.30   2.12     2.95
  SINCE OCT 1     18.95                     10.20   8.75    12.77
  SINCE JAN 1      9.66                      4.42   5.24     6.41

SNOWFALL (IN)
  YESTERDAY        0.0           1.7  1984   0.1   -0.1      0.0
  MONTH TO DATE    5.4                       2.9    2.5       T
  SINCE MAR 1      5.4                       2.9    2.5       T
  SINCE JUL 1     61.0                      43.2   17.8     33.6
  SNOW DEPTH       0

DEGREE DAYS
 HEATING
  YESTERDAY       22                        22      0       23
  MONTH TO DATE  611                       638    -27      563
  SINCE MAR 1    611                       638    -27      563
  SINCE JUL 1   5604                      5467    137     4852

 COOLING
  YESTERDAY        0                         0      0        0
  MONTH TO DATE    0                         0      0        0
  SINCE MAR 1      0                         0      0        0
  SINCE JAN 1      0                         0      0        0
..................................................................


WIND (MPH)
  HIGHEST WIND SPEED    25   HIGHEST WIND DIRECTION    SW (230)
  HIGHEST GUST SPEED    29   HIGHEST GUST DIRECTION    SW (240)
  AVERAGE WIND SPEED    12.4


SKY COVER
  POSSIBLE SUNSHINE  MM
  AVERAGE SKY COVER 0.6


WEATHER CONDITIONS
 THE FOLLOWING WEATHER WAS RECORDED YESTERDAY.
  NO SIGNIFICANT WEATHER WAS OBSERVED.


RELATIVE HUMIDITY (PERCENT)
 HIGHEST    92          1200 AM
 LOWEST     39           400 PM
 AVERAGE    66

..........................................................


THE SPOKANE WA AIRPORT CLIMATE NORMALS FOR TODAY
                         NORMAL    RECORD    YEAR
 MAXIMUM TEMPERATURE (F)   52        67      1946
                                             1889
 MINIMUM TEMPERATURE (F)   34        16      1904


SUNRISE AND SUNSET
MARCH 26 2017.........SUNRISE   640 AM PDT   SUNSET   712 PM PDT
MARCH 27 2017.........SUNRISE   638 AM PDT   SUNSET   713 PM PDT


-  INDICATES NEGATIVE NUMBERS.
R  INDICATES RECORD WAS SET OR TIED.
MM INDICATES DATA IS MISSING.
T  INDICATES TRACE AMOUNT.




$$
