000
CDUS46 KOTX 030823
CLIGEG


CLIMATE REPORT
NATIONAL WEATHER SERVICE SPOKANE, WA
123 AM PDT TUE MAY 3 2016


...................................

...THE SPOKANE WA AIRPORT CLIMATE SUMMARY FOR MAY 2 2016...

CLIMATE NORMAL PERIOD 1981 TO 2010
CLIMATE RECORD PERIOD 1881 TO 2016


WEATHER ITEM   OBSERVED TIME   RECORD YEAR NORMAL DEPARTURE LAST
                VALUE   (LST)  VALUE       VALUE  FROM      YEAR
                                                  NORMAL
..................................................................
TEMPERATURE (F)
 YESTERDAY
  MAXIMUM         79    424 PM  82    1937  62     17       66
                                      1900
  MINIMUM         50    501 AM  27    2001  40     10       41
  AVERAGE         65                        51     14       54

PRECIPITATION (IN)
  YESTERDAY        0.00          0.63 1995   0.04  -0.04     0.00
  MONTH TO DATE    0.00                      0.08  -0.08      T
  SINCE OCT 1     13.44                     11.87   1.57    10.64
  SINCE JAN 1      7.08                      6.09   0.99     5.91

SNOWFALL (IN)
  YESTERDAY        0.0           T    1984   0.0    0.0      0.0
  MONTH TO DATE    0.0                       0.0    0.0      0.0
  SINCE MAR 1      0.6                       4.5   -3.9      1.9
  SINCE JUL 1     34.2                      44.8  -10.6     17.6
  SNOW DEPTH       0

DEGREE DAYS
 HEATING
  YESTERDAY        0                        14    -14       11
  MONTH TO DATE    7                        28    -21       17
  SINCE MAR 1    998                      1335   -337     1133
  SINCE JUL 1   5287                      6164   -877     5255

 COOLING
  YESTERDAY        0                         0      0        0
  MONTH TO DATE    0                         0      0        0
  SINCE MAR 1      6                         0      6        0
  SINCE JAN 1      6                         0      6        0
..................................................................


WIND (MPH)
  HIGHEST WIND SPEED    12   HIGHEST WIND DIRECTION    NE (40)
  HIGHEST GUST SPEED    15   HIGHEST GUST DIRECTION    NE (30)
  AVERAGE WIND SPEED     4.0


SKY COVER
  POSSIBLE SUNSHINE  MM
  AVERAGE SKY COVER 0.2


WEATHER CONDITIONS
 THE FOLLOWING WEATHER WAS RECORDED YESTERDAY.
  NO SIGNIFICANT WEATHER WAS OBSERVED.


RELATIVE HUMIDITY (PERCENT)
 HIGHEST    66           400 AM
 LOWEST     21           300 PM
 AVERAGE    44

..........................................................


THE SPOKANE WA AIRPORT CLIMATE NORMALS FOR TODAY
                         NORMAL    RECORD    YEAR
 MAXIMUM TEMPERATURE (F)   63        83      1937
                                             1918
 MINIMUM TEMPERATURE (F)   40        29      1996


SUNRISE AND SUNSET
MAY  3 2016...........SUNRISE   529 AM PDT   SUNSET   806 PM PDT
MAY  4 2016...........SUNRISE   527 AM PDT   SUNSET   807 PM PDT


-  INDICATES NEGATIVE NUMBERS.
R  INDICATES RECORD WAS SET OR TIED.
MM INDICATES DATA IS MISSING.
T  INDICATES TRACE AMOUNT.




$$
