000
CDUS46 KOTX 280821
CLIGEG


CLIMATE REPORT
NATIONAL WEATHER SERVICE SPOKANE, WA
120 AM PDT THU MAY 28 2015


...................................

...THE SPOKANE WA AIRPORT CLIMATE SUMMARY FOR MAY 27 2015...

CLIMATE NORMAL PERIOD 1981 TO 2010
CLIMATE RECORD PERIOD 1881 TO 2015


WEATHER ITEM   OBSERVED TIME   RECORD YEAR NORMAL DEPARTURE LAST
                VALUE   (LST)  VALUE       VALUE  FROM      YEAR
                                                  NORMAL
..................................................................
TEMPERATURE (F)
 YESTERDAY
  MAXIMUM         75    311 PM  92    1958  69      6       70
                                      1934
  MINIMUM         48    423 AM  34    1955  47      1       44
  AVERAGE         62                        58      4       57

PRECIPITATION (IN)
  YESTERDAY        0.00          0.98 2010   0.06  -0.06      T
  MONTH TO DATE    0.85                      1.37  -0.52     0.46
  SINCE OCT 1     11.49                     13.16  -1.67     9.63
  SINCE JAN 1      6.76                      7.38  -0.62     7.30

SNOWFALL (IN)
  YESTERDAY        0.0           T    1921   0.0    0.0      0.0
  MONTH TO DATE    0.0                       0.1   -0.1      0.0
  SINCE MAR 1      1.9                       4.6   -2.7      5.8
  SINCE JUL 1     17.6                      44.9  -27.3     37.6
  SNOW DEPTH       0

DEGREE DAYS
 HEATING
  YESTERDAY        3                         8     -5        8
  MONTH TO DATE  157                       292   -135      195
  SINCE MAR 1   1273                      1599   -326     1512
  SINCE JUL 1   5395                      6428  -1033     6555

 COOLING
  YESTERDAY        0                         1     -1        0
  MONTH TO DATE   15                         6      9        6
  SINCE MAR 1     15                         6      9        6
  SINCE JAN 1     15                         6      9        6
..................................................................


WIND (MPH)
  HIGHEST WIND SPEED    13   HIGHEST WIND DIRECTION    NE (50)
  HIGHEST GUST SPEED    14   HIGHEST GUST DIRECTION    NE (60)
  AVERAGE WIND SPEED     3.9


SKY COVER
  POSSIBLE SUNSHINE  MM
  AVERAGE SKY COVER 0.5


WEATHER CONDITIONS
 THE FOLLOWING WEATHER WAS RECORDED YESTERDAY.
  FOG


RELATIVE HUMIDITY (PERCENT)
 HIGHEST    93           400 AM
 LOWEST     35           300 PM
 AVERAGE    64

..........................................................


THE SPOKANE WA AIRPORT CLIMATE NORMALS FOR TODAY
                         NORMAL    RECORD    YEAR
 MAXIMUM TEMPERATURE (F)   70        96      1934
 MINIMUM TEMPERATURE (F)   47        34      1950


SUNRISE AND SUNSET
MAY 28 2015...........SUNRISE   459 AM PDT   SUNSET   836 PM PDT
MAY 29 2015...........SUNRISE   459 AM PDT   SUNSET   837 PM PDT


-  INDICATES NEGATIVE NUMBERS.
R  INDICATES RECORD WAS SET OR TIED.
MM INDICATES DATA IS MISSING.
T  INDICATES TRACE AMOUNT.




$$
