000
CDUS46 KOTX 230443
CLIGEG


CLIMATE REPORT
NATIONAL WEATHER SERVICE SPOKANE, WA
943 PM PDT THU JUN 22 2017


...................................

...THE SPOKANE WA AIRPORT CLIMATE SUMMARY FOR JUNE 22 2017...
VALID TODAY AS OF 0800 PM LOCAL TIME.

CLIMATE NORMAL PERIOD 1981 TO 2010
CLIMATE RECORD PERIOD 1881 TO 2017


WEATHER ITEM   OBSERVED TIME   RECORD YEAR NORMAL DEPARTURE LAST
                VALUE   (LST)  VALUE       VALUE  FROM      YEAR
                                                  NORMAL
..................................................................
TEMPERATURE (F)
 TODAY
  MAXIMUM         77    440 PM 100    1973  75      2       81
  MINIMUM         55    404 AM  37    1991  52      3       52
  AVERAGE         66                        63      3       67

PRECIPITATION (IN)
  TODAY            0.00          1.65 1905   0.03  -0.03     0.00
  MONTH TO DATE    0.50                      1.01  -0.51     0.34
  SINCE OCT 1     23.05                     14.42   8.63    14.56
  SINCE JAN 1     13.76                      8.64   5.12     8.20

DEGREE DAYS
 HEATING
  TODAY            0                         4     -4        0
  MONTH TO DATE   66                       113    -47       95
  SINCE JUN 1     66                       113    -47       95
  SINCE JUL 1   6628                      6570     58     5573

 COOLING
  TODAY            1                         2     -1        2
  MONTH TO DATE   43                        28     15       63
  SINCE JUN 1     43                        28     15       63
  SINCE JAN 1     78                        42     36       75
..................................................................


WIND (MPH)
  HIGHEST WIND SPEED    22   HIGHEST WIND DIRECTION     N (350)
  HIGHEST GUST SPEED    26   HIGHEST GUST DIRECTION     N (360)
  AVERAGE WIND SPEED     8.6


SKY COVER
  POSSIBLE SUNSHINE  MM
  AVERAGE SKY COVER 0.1


WEATHER CONDITIONS
 THE FOLLOWING WEATHER WAS RECORDED TODAY.
  NO SIGNIFICANT WEATHER WAS OBSERVED.


RELATIVE HUMIDITY (PERCENT)
 HIGHEST    47           400 AM
 LOWEST     16           200 PM
 AVERAGE    32

..........................................................


THE SPOKANE WA AIRPORT CLIMATE NORMALS FOR TOMORROW
                         NORMAL    RECORD    YEAR
 MAXIMUM TEMPERATURE (F)   76       101      1992
 MINIMUM TEMPERATURE (F)   52        39      1993


SUNRISE AND SUNSET
JUNE 22 2017..........SUNRISE   453 AM PDT   SUNSET   852 PM PDT
JUNE 23 2017..........SUNRISE   453 AM PDT   SUNSET   852 PM PDT


-  INDICATES NEGATIVE NUMBERS.
R  INDICATES RECORD WAS SET OR TIED.
MM INDICATES DATA IS MISSING.
T  INDICATES TRACE AMOUNT.




$$
