000
CDUS46 KOTX 280830
CLIGEG


CLIMATE REPORT
NATIONAL WEATHER SERVICE SPOKANE, WA
129 AM PDT THU JUL 28 2016


...................................

...THE SPOKANE WA AIRPORT CLIMATE SUMMARY FOR JULY 27 2016...

CLIMATE NORMAL PERIOD 1981 TO 2010
CLIMATE RECORD PERIOD 1881 TO 2016


WEATHER ITEM   OBSERVED TIME   RECORD YEAR NORMAL DEPARTURE LAST
                VALUE   (LST)  VALUE       VALUE  FROM      YEAR
                                                  NORMAL
..................................................................
TEMPERATURE (F)
 YESTERDAY
  MAXIMUM         93    325 PM 106    1934  86      7       73
  MINIMUM         63    500 AM  43    1888  58      5       51
  AVERAGE         78                        72      6       62

PRECIPITATION (IN)
  YESTERDAY        0.00          0.66 1940   0.02  -0.02      T
  MONTH TO DATE    0.27                      0.58  -0.31     0.19
  SINCE OCT 1     15.00                     15.24  -0.24    11.75
  SINCE JAN 1      8.64                      9.46  -0.82     7.02

SNOWFALL (IN)
  YESTERDAY        0.0           0.0  2002   0.0    0.0      0.0
                                      2001
                                      2000
  MONTH TO DATE    0.0                       0.0    0.0      0.0
  SINCE JUN 1      0.0                       0.0    0.0      0.0
  SINCE JUL 1      0.0                       0.0    0.0      0.0
  SNOW DEPTH       0

DEGREE DAYS
 HEATING
  YESTERDAY        0                         0      0        3
  MONTH TO DATE   20                        31    -11        5
  SINCE JUN 1    130                       167    -37       30
  SINCE JUL 1     20                        31    -11        5

 COOLING
  YESTERDAY       13                         7      6        0
  MONTH TO DATE   99                       150    -51      262
  SINCE JUN 1    213                       199     14      487
  SINCE JAN 1    225                       213     12      519
..................................................................


WIND (MPH)
  HIGHEST WIND SPEED    13   HIGHEST WIND DIRECTION     W (290)
  HIGHEST GUST SPEED    17   HIGHEST GUST DIRECTION     W (290)
  AVERAGE WIND SPEED     5.5


SKY COVER
  POSSIBLE SUNSHINE  MM
  AVERAGE SKY COVER 0.3


WEATHER CONDITIONS
 THE FOLLOWING WEATHER WAS RECORDED YESTERDAY.
  NO SIGNIFICANT WEATHER WAS OBSERVED.


RELATIVE HUMIDITY (PERCENT)
 HIGHEST    67           300 AM
 LOWEST     18           600 PM
 AVERAGE    43

..........................................................


THE SPOKANE WA AIRPORT CLIMATE NORMALS FOR TODAY
                         NORMAL    RECORD    YEAR
 MAXIMUM TEMPERATURE (F)   86       102      1939
 MINIMUM TEMPERATURE (F)   58        44      1959


SUNRISE AND SUNSET
JULY 28 2016..........SUNRISE   523 AM PDT   SUNSET   829 PM PDT
JULY 29 2016..........SUNRISE   524 AM PDT   SUNSET   828 PM PDT


-  INDICATES NEGATIVE NUMBERS.
R  INDICATES RECORD WAS SET OR TIED.
MM INDICATES DATA IS MISSING.
T  INDICATES TRACE AMOUNT.




$$
