000
CDUS46 KOTX 220830
CLIGEG


CLIMATE REPORT
NATIONAL WEATHER SERVICE SPOKANE, WA
129 AM PDT SUN OCT 22 2017


...................................

...THE SPOKANE WA AIRPORT CLIMATE SUMMARY FOR OCTOBER 21 2017...

CLIMATE NORMAL PERIOD 1981 TO 2010
CLIMATE RECORD PERIOD 1881 TO 2017


WEATHER ITEM   OBSERVED TIME   RECORD YEAR NORMAL DEPARTURE LAST
                VALUE   (LST)  VALUE       VALUE  FROM      YEAR
                                                  NORMAL
..................................................................
TEMPERATURE (F)
 YESTERDAY
  MAXIMUM         48   1159 PM  77    2003  55     -7       53
  MINIMUM         34    653 AM  18    1984  36     -2       44
  AVERAGE         41                        45     -4       49

PRECIPITATION (IN)
  YESTERDAY        0.33          0.71 1934   0.04   0.29      T
  MONTH TO DATE    1.20                      0.65   0.55     3.83
  SINCE OCT 1      1.20                      0.65   0.55     3.83
  SINCE JAN 1     16.38                     11.43   4.95    12.84

SNOWFALL (IN)
  YESTERDAY        0.0           0.2  1935   0.0    0.0      0.0
  MONTH TO DATE    T                         0.0    0.0      0.0
  SINCE SEP 1      T                         0.0    0.0      0.0
  SINCE JUL 1      T                         0.0    0.0      0.0
  SNOW DEPTH       0

DEGREE DAYS
 HEATING
  YESTERDAY       24                        20      4       16
  MONTH TO DATE  361                       324     37      336
  SINCE SEP 1    527                       507     20      494
  SINCE JUL 1    530                       572    -42      524

 COOLING
  YESTERDAY        0                         0      0        0
  MONTH TO DATE    0                         0      0        0
  SINCE SEP 1     89                        38     51        7
  SINCE JAN 1    794                       449    345      494
..................................................................


WIND (MPH)
  HIGHEST WIND SPEED    23   HIGHEST WIND DIRECTION     S (190)
  HIGHEST GUST SPEED    32   HIGHEST GUST DIRECTION     S (190)
  AVERAGE WIND SPEED    11.8


SKY COVER
  POSSIBLE SUNSHINE  MM
  AVERAGE SKY COVER 0.8


WEATHER CONDITIONS
 THE FOLLOWING WEATHER WAS RECORDED YESTERDAY.
  LIGHT RAIN
  FOG


RELATIVE HUMIDITY (PERCENT)
 HIGHEST   100           300 AM
 LOWEST     70          1200 PM
 AVERAGE    85

..........................................................


THE SPOKANE WA AIRPORT CLIMATE NORMALS FOR TODAY
                         NORMAL    RECORD    YEAR
 MAXIMUM TEMPERATURE (F)   55        74      2003
 MINIMUM TEMPERATURE (F)   35        20      1984
                                             1978


SUNRISE AND SUNSET
OCTOBER 22 2017.......SUNRISE   720 AM PDT   SUNSET   549 PM PDT
OCTOBER 23 2017.......SUNRISE   721 AM PDT   SUNSET   547 PM PDT


-  INDICATES NEGATIVE NUMBERS.
R  INDICATES RECORD WAS SET OR TIED.
MM INDICATES DATA IS MISSING.
T  INDICATES TRACE AMOUNT.




$$
