000
CDUS46 KOTX 270043
CLIGEG


CLIMATE REPORT
NATIONAL WEATHER SERVICE SPOKANE, WA
442 PM PST FRI DEC 26 2014


...................................

...THE SPOKANE WA AIRPORT CLIMATE SUMMARY FOR DECEMBER 26 2014...
VALID AS OF 0400 PM LOCAL TIME.

CLIMATE NORMAL PERIOD 1981 TO 2010
CLIMATE RECORD PERIOD 1881 TO 2014


WEATHER ITEM   OBSERVED TIME   RECORD YEAR NORMAL DEPARTURE LAST
                VALUE   (LST)  VALUE       VALUE  FROM      YEAR
                                                  NORMAL
..................................................................
TEMPERATURE (F)
 TODAY
  MAXIMUM         30    358 PM  56    1980  32     -2       35
  MINIMUM         20    829 AM  -8    1916  22     -2       21
  AVERAGE         25                        27     -2       28

PRECIPITATION (IN)
  TODAY            0.00          0.81 1958   0.07  -0.07     0.00
  MONTH TO DATE    1.76                      1.97  -0.21     0.65
  SINCE OCT 1      4.52                      5.45  -0.93     2.30
  SINCE JAN 1     14.78                     16.23  -1.45    11.33

SNOWFALL (IN)
  TODAY            0.0           6.1  1964   0.6   -0.6      0.0
  MONTH TO DATE    1.2                      12.0  -10.8      3.4
  SINCE DEC 1      1.2                      12.0  -10.8      3.4
  SINCE JUL 1      1.7                      19.5  -17.8      6.5
  SNOW DEPTH       0

DEGREE DAYS
 HEATING
  TODAY           40                        38      2       37
  MONTH TO DATE  770                       977   -207     1027
  SINCE DEC 1    770                       977   -207     1027
  SINCE JUL 1   2139                      2644   -505     2682

 COOLING
  TODAY            0                         0      0        0
  MONTH TO DATE    0                         0      0        0
  SINCE DEC 1      0                         0      0        0
  SINCE JAN 1    654                       450    204      709
..................................................................


WIND (MPH)
  HIGHEST WIND SPEED     9   HIGHEST WIND DIRECTION     W (250)
  HIGHEST GUST SPEED    11   HIGHEST GUST DIRECTION     W (270)
  AVERAGE WIND SPEED     2.3


SKY COVER
  POSSIBLE SUNSHINE  MM
  AVERAGE SKY COVER 0.5


WEATHER CONDITIONS
 THE FOLLOWING WEATHER WAS RECORDED TODAY.
  FOG
  FOG W/VISIBILITY <= 1/4 MILE


RELATIVE HUMIDITY (PERCENT)
 HIGHEST   100          1200 PM
 LOWEST     85          1200 AM
 AVERAGE    93

..........................................................


THE SPOKANE WA AIRPORT CLIMATE NORMALS FOR TOMORROW
                         NORMAL    RECORD    YEAR
 MAXIMUM TEMPERATURE (F)   32        55      1980
 MINIMUM TEMPERATURE (F)   22        -4      1983


SUNRISE AND SUNSET
DECEMBER 26 2014......SUNRISE   738 AM PST   SUNSET   404 PM PST
DECEMBER 27 2014......SUNRISE   738 AM PST   SUNSET   405 PM PST


-  INDICATES NEGATIVE NUMBERS.
R  INDICATES RECORD WAS SET OR TIED.
MM INDICATES DATA IS MISSING.
T  INDICATES TRACE AMOUNT.




$$
