506
CDUS45 KRIW 060749
CLIGEY


CLIMATE REPORT
NATIONAL WEATHER SERVICE RIVERTON WY
1246 AM MST SAT FEB 6 2016


...................................

...THE GREYBULL WY CLIMATE SUMMARY FOR FEBRUARY 5 2016...

CLIMATE NORMAL PERIOD 1981 TO 2010
CLIMATE RECORD PERIOD 1998 TO 2016


WEATHER ITEM   OBSERVED TIME   RECORD YEAR NORMAL DEPARTURE LAST
                VALUE   (LST)  VALUE       VALUE  FROM      YEAR
                                                  NORMAL
..................................................................
TEMPERATURE (F)
 YESTERDAY
  MAXIMUM         37    417 PM  45    2006  32      5       44
                                      1999
  MINIMUM         10    754 AM -19    2014   8      2       19
  AVERAGE         24                        20      4       32

PRECIPITATION (IN)
  YESTERDAY        0.00          0.01 2011   0.01  -0.01     0.00
  MONTH TO DATE    T                         0.03  -0.03      T
  SINCE DEC 1      0.12                      0.54  -0.42     0.43
  SINCE JAN 1      0.11                      0.26  -0.15     0.22

DEGREE DAYS
 HEATING
  YESTERDAY       41                        45     -4       33
  MONTH TO DATE  208                       229    -21      191
  SINCE DEC 1   2978                      3186   -208     3104
  SINCE JUL 1   4495                      5043   -548     4937

 COOLING
  YESTERDAY        0                         0      0        0
  MONTH TO DATE    0                         0      0        0
  SINCE DEC 1      0                         0      0        0
  SINCE JAN 1      0                         0      0        0
..................................................................


WIND (MPH)
  HIGHEST WIND SPEED    12   HIGHEST WIND DIRECTION     S (190)
  HIGHEST GUST SPEED    13   HIGHEST GUST DIRECTION     S (180)
  AVERAGE WIND SPEED     4.3


SKY COVER
  POSSIBLE SUNSHINE  MM
  AVERAGE SKY COVER 0.2


WEATHER CONDITIONS
 THE FOLLOWING WEATHER WAS RECORDED YESTERDAY.
  NO SIGNIFICANT WEATHER WAS OBSERVED.


RELATIVE HUMIDITY (PERCENT)
 HIGHEST    92           600 AM
 LOWEST     38           100 PM
 AVERAGE    65

..........................................................


THE GREYBULL WY CLIMATE NORMALS FOR TODAY
                         NORMAL    RECORD    YEAR
 MAXIMUM TEMPERATURE (F)   32        56      2015
 MINIMUM TEMPERATURE (F)    8       -29      2014


SUNRISE AND SUNSET
FEBRUARY  6 2016......SUNRISE   725 AM MST   SUNSET   528 PM MST
FEBRUARY  7 2016......SUNRISE   724 AM MST   SUNSET   529 PM MST


-  INDICATES NEGATIVE NUMBERS.
R  INDICATES RECORD WAS SET OR TIED.
MM INDICATES DATA IS MISSING.
T  INDICATES TRACE AMOUNT.




$$
