000
CDUS45 KRIW 310736
CLIGEY


CLIMATE REPORT
NATIONAL WEATHER SERVICE RIVERTON WY
127 AM MDT SUN JUL 31 2016


...................................

...THE GREYBULL WY CLIMATE SUMMARY FOR JULY 30 2016...

CLIMATE NORMAL PERIOD 1981 TO 2010
CLIMATE RECORD PERIOD 1998 TO 2016


WEATHER ITEM   OBSERVED TIME   RECORD YEAR NORMAL DEPARTURE LAST
                VALUE   (LST)  VALUE       VALUE  FROM      YEAR
                                                  NORMAL
..................................................................
TEMPERATURE (F)
 YESTERDAY
  MAXIMUM         99    424 PM 101    2000  92      7       92
  MINIMUM         62    421 AM  45    2009  58      4       50
  AVERAGE         81                        75      6       71

PRECIPITATION (IN)
  YESTERDAY        T             0.08 1999   0.01  -0.01     0.00
  MONTH TO DATE    0.09                      0.64  -0.55      T
  SINCE JUN 1      0.26                      1.84  -1.58     0.25
  SINCE JAN 1      2.55                      5.01  -2.46     1.83

DEGREE DAYS
 HEATING
  YESTERDAY        0                         0      0        0
  MONTH TO DATE    2                         1      1        3
  SINCE JUN 1      7                        71    -64        3
  SINCE JUL 1      2                         1      1        3

 COOLING
  YESTERDAY       16                        10      6        6
  MONTH TO DATE  307                       268     39      252
  SINCE JUN 1    569                       374    195      497
  SINCE JAN 1    580                       394    186      502
..................................................................


WIND (MPH)
  HIGHEST WIND SPEED    40   HIGHEST WIND DIRECTION     W (260)
  HIGHEST GUST SPEED    51   HIGHEST GUST DIRECTION     W (260)
  AVERAGE WIND SPEED     3.6


SKY COVER
  POSSIBLE SUNSHINE  MM
  AVERAGE SKY COVER 0.0


WEATHER CONDITIONS
 THE FOLLOWING WEATHER WAS RECORDED YESTERDAY.
  LIGHT RAIN


RELATIVE HUMIDITY (PERCENT)
 HIGHEST    60           400 AM
 LOWEST     10           400 PM
 AVERAGE    35

..........................................................


THE GREYBULL WY CLIMATE NORMALS FOR TODAY
                         NORMAL    RECORD    YEAR
 MAXIMUM TEMPERATURE (F)   92       101      2012
                                             2000
 MINIMUM TEMPERATURE (F)   58        49      2009


SUNRISE AND SUNSET
JULY 31 2016..........SUNRISE   559 AM MDT   SUNSET   838 PM MDT
AUGUST  1 2016........SUNRISE   600 AM MDT   SUNSET   837 PM MDT


-  INDICATES NEGATIVE NUMBERS.
R  INDICATES RECORD WAS SET OR TIED.
MM INDICATES DATA IS MISSING.
T  INDICATES TRACE AMOUNT.




$$
