000
CDUS45 KRIW 290734
CLIGEY


CLIMATE REPORT
NATIONAL WEATHER SERVICE RIVERTON WY
133 AM MDT FRI AUG 29 2014


...................................

...THE GREYBULL WY CLIMATE SUMMARY FOR AUGUST 28 2014...

CLIMATE NORMAL PERIOD 1981 TO 2010
CLIMATE RECORD PERIOD 1998 TO 2014


WEATHER ITEM   OBSERVED TIME   RECORD YEAR NORMAL DEPARTURE LAST
                VALUE   (LST)  VALUE       VALUE  FROM      YEAR
                                                  NORMAL
..................................................................
TEMPERATURE (F)
 YESTERDAY
  MAXIMUM         87    524 PM  98    2012  86      1       95
  MINIMUM         52    555 AM  42    2004  51      1       63
  AVERAGE         70                        68      2       79

PRECIPITATION (IN)
  YESTERDAY        T             0.03 2010   0.03  -0.03     0.00
  MONTH TO DATE    0.98                      0.36   0.62      T
  SINCE JUN 1      2.13                      2.22  -0.09     0.72
  SINCE JAN 1      3.83                      5.39  -1.56     2.62

DEGREE DAYS
 HEATING
  YESTERDAY        0                         1     -1        0
  MONTH TO DATE   24                         6     18        0
  SINCE JUN 1     80                        82     -2       36
  SINCE JUL 1     24                        12     12        0

 COOLING
  YESTERDAY        5                         5      0       14
  MONTH TO DATE  210                       217     -7      295
  SINCE JUN 1    603                       600      3      851
  SINCE JAN 1    645                       620     25      878
..................................................................


WIND (MPH)
  HIGHEST WIND SPEED    14   HIGHEST WIND DIRECTION    NW (330)
  HIGHEST GUST SPEED    17   HIGHEST GUST DIRECTION     N (350)
  AVERAGE WIND SPEED     4.6


SKY COVER
  POSSIBLE SUNSHINE  MM
  AVERAGE SKY COVER 0.1


WEATHER CONDITIONS
 THE FOLLOWING WEATHER WAS RECORDED YESTERDAY.
  THUNDERSTORM
  LIGHT RAIN
  HAZE


RELATIVE HUMIDITY (PERCENT)
 HIGHEST    93           400 AM
 LOWEST     18           200 PM
 AVERAGE    56

..........................................................


THE GREYBULL WY CLIMATE NORMALS FOR TODAY
                         NORMAL    RECORD    YEAR
 MAXIMUM TEMPERATURE (F)   85       100      2012
 MINIMUM TEMPERATURE (F)   51        46      2005


SUNRISE AND SUNSET
AUGUST 29 2014........SUNRISE   631 AM MDT   SUNSET   754 PM MDT
AUGUST 30 2014........SUNRISE   633 AM MDT   SUNSET   752 PM MDT


-  INDICATES NEGATIVE NUMBERS.
R  INDICATES RECORD WAS SET OR TIED.
MM INDICATES DATA IS MISSING.
T  INDICATES TRACE AMOUNT.




$$
