000
CDUS45 KRIW 220732
CLIGEY


CLIMATE REPORT
NATIONAL WEATHER SERVICE RIVERTON WY
130 AM MDT MON SEP 22 2014


...................................

...THE GREYBULL WY CLIMATE SUMMARY FOR SEPTEMBER 21 2014...

CLIMATE NORMAL PERIOD 1981 TO 2010
CLIMATE RECORD PERIOD 1998 TO 2014


WEATHER ITEM   OBSERVED TIME   RECORD YEAR NORMAL DEPARTURE LAST
                VALUE   (LST)  VALUE       VALUE  FROM      YEAR
                                                  NORMAL
..................................................................
TEMPERATURE (F)
 YESTERDAY
  MAXIMUM         81    349 PM  86    2013  72      9       86
  MINIMUM         44    619 AM  32    2000  41      3       41
                                      1999
  AVERAGE         63                        56      7       64

PRECIPITATION (IN)
  YESTERDAY        0.00          0.15 2006   0.03  -0.03     0.00
  MONTH TO DATE    0.49                      0.62  -0.13     0.52
  SINCE SEP 1      0.49                      0.62  -0.13     0.52
  SINCE JAN 1      4.35                      6.07  -1.72     3.14

DEGREE DAYS
 HEATING
  YESTERDAY        2                         9     -7        1
  MONTH TO DATE  120                       109     11       31
  SINCE SEP 1    120                       109     11       31
  SINCE JUL 1    147                       130     17       31

 COOLING
  YESTERDAY        0                         0      0        0
  MONTH TO DATE   22                        34    -12       95
  SINCE SEP 1     22                        34    -12       95
  SINCE JAN 1    677                       667     10     1004
..................................................................


WIND (MPH)
  HIGHEST WIND SPEED     9   HIGHEST WIND DIRECTION     S (190)
  HIGHEST GUST SPEED    13   HIGHEST GUST DIRECTION     S (180)
  AVERAGE WIND SPEED     2.4


SKY COVER
  POSSIBLE SUNSHINE  MM
  AVERAGE SKY COVER 0.0


WEATHER CONDITIONS
 THE FOLLOWING WEATHER WAS RECORDED YESTERDAY.
  NO SIGNIFICANT WEATHER WAS OBSERVED.


RELATIVE HUMIDITY (PERCENT)
 HIGHEST    86           700 AM
 LOWEST     23           400 PM
 AVERAGE    55

..........................................................


THE GREYBULL WY CLIMATE NORMALS FOR TODAY
                         NORMAL    RECORD    YEAR
 MAXIMUM TEMPERATURE (F)   71        90      2007
 MINIMUM TEMPERATURE (F)   40        30      2003
                                             2002


SUNRISE AND SUNSET
SEPTEMBER 22 2014.....SUNRISE   659 AM MDT   SUNSET   710 PM MDT
SEPTEMBER 23 2014.....SUNRISE   701 AM MDT   SUNSET   708 PM MDT


-  INDICATES NEGATIVE NUMBERS.
R  INDICATES RECORD WAS SET OR TIED.
MM INDICATES DATA IS MISSING.
T  INDICATES TRACE AMOUNT.




$$
