000
CDUS45 KRIW 260734
CLIGEY


CLIMATE REPORT
NATIONAL WEATHER SERVICE RIVERTON WY
133 AM MDT FRI AUG 26 2016


...................................

...THE GREYBULL WY CLIMATE SUMMARY FOR AUGUST 25 2016...

CLIMATE NORMAL PERIOD 1981 TO 2010
CLIMATE RECORD PERIOD 1998 TO 2016


WEATHER ITEM   OBSERVED TIME   RECORD YEAR NORMAL DEPARTURE LAST
                VALUE   (LST)  VALUE       VALUE  FROM      YEAR
                                                  NORMAL
..................................................................
TEMPERATURE (F)
 YESTERDAY
  MAXIMUM         71    405 PM  99    2008  87    -16       98
  MINIMUM         52    559 AM  45    2005  52      0       51
  AVERAGE         62                        70     -8       75

PRECIPITATION (IN)
  YESTERDAY        0.02          0.07 2004   0.02   0.00     0.00
  MONTH TO DATE    0.33                      0.29   0.04     0.08
  SINCE JUN 1      0.59                      2.15  -1.56     0.33
  SINCE JAN 1      2.88                      5.32  -2.44     1.91

DEGREE DAYS
 HEATING
  YESTERDAY        3                         1      2        0
  MONTH TO DATE   14                         3     11       25
  SINCE JUN 1     21                        79    -58       28
  SINCE JUL 1     16                         9      7       28

 COOLING
  YESTERDAY        0                         5     -5       10
  MONTH TO DATE  207                       202      5      185
  SINCE JUN 1    792                       585    207      692
  SINCE JAN 1    803                       605    198      697
..................................................................


WIND (MPH)
  HIGHEST WIND SPEED    18   HIGHEST WIND DIRECTION    NW (310)
  HIGHEST GUST SPEED    22   HIGHEST GUST DIRECTION    NW (310)
  AVERAGE WIND SPEED     5.2


SKY COVER
  POSSIBLE SUNSHINE  MM
  AVERAGE SKY COVER 0.6


WEATHER CONDITIONS
 THE FOLLOWING WEATHER WAS RECORDED YESTERDAY.
  LIGHT RAIN


RELATIVE HUMIDITY (PERCENT)
 HIGHEST    59           600 AM
 LOWEST     28           300 PM
 AVERAGE    44

..........................................................


THE GREYBULL WY CLIMATE NORMALS FOR TODAY
                         NORMAL    RECORD    YEAR
 MAXIMUM TEMPERATURE (F)   86       100      2007
 MINIMUM TEMPERATURE (F)   52        41      2005
                                             2004


SUNRISE AND SUNSET
AUGUST 26 2016........SUNRISE   629 AM MDT   SUNSET   758 PM MDT
AUGUST 27 2016........SUNRISE   630 AM MDT   SUNSET   757 PM MDT


-  INDICATES NEGATIVE NUMBERS.
R  INDICATES RECORD WAS SET OR TIED.
MM INDICATES DATA IS MISSING.
T  INDICATES TRACE AMOUNT.




$$
