000
CDUS45 KRIW 010734
CLIGEY


CLIMATE REPORT
NATIONAL WEATHER SERVICE RIVERTON WY
134 AM MDT WED OCT 1 2014


...................................

...THE GREYBULL WY CLIMATE SUMMARY FOR SEPTEMBER 30 2014...

CLIMATE NORMAL PERIOD 1981 TO 2010
CLIMATE RECORD PERIOD 1998 TO 2014


WEATHER ITEM   OBSERVED TIME   RECORD YEAR NORMAL DEPARTURE LAST
                VALUE   (LST)  VALUE       VALUE  FROM      YEAR
                                                  NORMAL
..................................................................
TEMPERATURE (F)
 YESTERDAY
  MAXIMUM         63    340 PM  85    2011  67     -4       76
  MINIMUM         42    540 AM  38    2009  37      5       45
                                      2008
                                      2007
  AVERAGE         53                        52      1       61

PRECIPITATION (IN)
  YESTERDAY        0.08          0.25 2009   0.03   0.05     0.00
  MONTH TO DATE    0.86                      0.88  -0.02     1.11
  SINCE SEP 1      0.86                      0.88  -0.02     1.11
  SINCE JAN 1      4.72                      6.33  -1.61     3.73

DEGREE DAYS
 HEATING
  YESTERDAY       12                        13     -1        4
  MONTH TO DATE  152                       209    -57      122
  SINCE SEP 1    152                       210    -58      122
  SINCE JUL 1    179                       231    -52      122

 COOLING
  YESTERDAY        0                         0      0        0
  MONTH TO DATE   43                        36      7       96
  SINCE SEP 1     43                        36      7       96
  SINCE JAN 1    698                       669     29     1005
..................................................................


WIND (MPH)
  HIGHEST WIND SPEED    21   HIGHEST WIND DIRECTION    NW (310)
  HIGHEST GUST SPEED    27   HIGHEST GUST DIRECTION    NW (310)
  AVERAGE WIND SPEED     4.8


SKY COVER
  POSSIBLE SUNSHINE  MM
  AVERAGE SKY COVER 0.7


WEATHER CONDITIONS
 THE FOLLOWING WEATHER WAS RECORDED YESTERDAY.
  RAIN
  LIGHT RAIN
  FOG
  FOG W/VISIBILITY <= 1/4 MILE


RELATIVE HUMIDITY (PERCENT)
 HIGHEST   100           500 AM
 LOWEST     48           300 PM
 AVERAGE    74

..........................................................


THE GREYBULL WY CLIMATE NORMALS FOR TODAY
                         NORMAL    RECORD    YEAR
 MAXIMUM TEMPERATURE (F)   66        91      2011
 MINIMUM TEMPERATURE (F)   37        30      2003


SUNRISE AND SUNSET
OCTOBER  1 2014.......SUNRISE   710 AM MDT   SUNSET   653 PM MDT
OCTOBER  2 2014.......SUNRISE   711 AM MDT   SUNSET   651 PM MDT


-  INDICATES NEGATIVE NUMBERS.
R  INDICATES RECORD WAS SET OR TIED.
MM INDICATES DATA IS MISSING.
T  INDICATES TRACE AMOUNT.




$$
