000
CDUS45 KRIW 240735
CLIGEY


CLIMATE REPORT
NATIONAL WEATHER SERVICE RIVERTON WY
133 AM MDT SAT JUN 24 2017


...................................

...THE GREYBULL WY CLIMATE SUMMARY FOR JUNE 23 2017...

CLIMATE NORMAL PERIOD 1981 TO 2010
CLIMATE RECORD PERIOD 1998 TO 2017


WEATHER ITEM   OBSERVED TIME   RECORD YEAR NORMAL DEPARTURE LAST
                VALUE   (LST)  VALUE       VALUE  FROM      YEAR
                                                  NORMAL
..................................................................
TEMPERATURE (F)
 YESTERDAY
  MAXIMUM         75    415 PM 101    2007  84     -9      100
                                      2001
  MINIMUM         46    501 AM  45    2013  53     -7       55
                                      2003
  AVERAGE         61                        69     -8       78

PRECIPITATION (IN)
  YESTERDAY        0.00          0.04 2005   0.02  -0.02     0.00
  MONTH TO DATE    0.20                      1.08  -0.88     0.06
  SINCE JUN 1      0.20                      1.08  -0.88     0.06
  SINCE JAN 1      1.74                      4.25  -2.51     2.35

DEGREE DAYS
 HEATING
  YESTERDAY        4                         1      3        0
  MONTH TO DATE   13                        64    -51        5
  SINCE JUN 1     13                        64    -51        5
  SINCE JUL 1   7448                      7744   -296     6596

 COOLING
  YESTERDAY        0                         5     -5       13
  MONTH TO DATE  122                        67     55      193
  SINCE JUN 1    122                        67     55      193
  SINCE JAN 1    134                        87     47      204
..................................................................


WIND (MPH)
  HIGHEST WIND SPEED    22   HIGHEST WIND DIRECTION    NW (320)
  HIGHEST GUST SPEED    27   HIGHEST GUST DIRECTION    NW (310)
  AVERAGE WIND SPEED    11.2


SKY COVER
  POSSIBLE SUNSHINE  MM
  AVERAGE SKY COVER 0.0


WEATHER CONDITIONS
 THE FOLLOWING WEATHER WAS RECORDED YESTERDAY.
  NO SIGNIFICANT WEATHER WAS OBSERVED.


RELATIVE HUMIDITY (PERCENT)
 HIGHEST    53           500 AM
 LOWEST     16           100 PM
 AVERAGE    35

..........................................................


THE GREYBULL WY CLIMATE NORMALS FOR TODAY
                         NORMAL    RECORD    YEAR
 MAXIMUM TEMPERATURE (F)   84       105      2012
 MINIMUM TEMPERATURE (F)   54        47      2003


SUNRISE AND SUNSET
JUNE 24 2017..........SUNRISE   528 AM MDT   SUNSET   901 PM MDT
JUNE 25 2017..........SUNRISE   529 AM MDT   SUNSET   901 PM MDT


-  INDICATES NEGATIVE NUMBERS.
R  INDICATES RECORD WAS SET OR TIED.
MM INDICATES DATA IS MISSING.
T  INDICATES TRACE AMOUNT.




$$
