000
CDUS43 KIND 180531
CLIGEZ


CLIMATE REPORT
NATIONAL WEATHER SERVICE INDIANAPOLIS IN
130 AM EDT WED OCT 18 2017


...................................

...THE SHELBYVILLE IN CLIMATE SUMMARY FOR OCTOBER 17 2017...

CLIMATE NORMAL PERIOD 1981 TO 2010
CLIMATE RECORD PERIOD 9999 TO 9999


WEATHER ITEM   OBSERVED TIME   NORMAL DEPARTURE LAST
                VALUE   (LST)  VALUE  FROM      YEAR
                                      NORMAL
......................................................
TEMPERATURE (F)
 YESTERDAY
  MAXIMUM         68    402 PM  65      3       85
  MINIMUM         38    657 AM  42     -4       67
  AVERAGE         53            54     -1       76

PRECIPITATION (IN)
  YESTERDAY        0.00          0.10  -0.10     0.00
  MONTH TO DATE    3.78          1.78   2.00     0.08
  SINCE SEP 1      5.54          4.95   0.59     3.88
  SINCE JAN 1     38.43         35.23   3.20    37.07

DEGREE DAYS
 HEATING
  YESTERDAY       12            12      0        0
  MONTH TO DATE   42           160   -118       48
  SINCE SEP 1     92           239   -147       61
  SINCE JUL 1     92           245   -153       63

 COOLING
  YESTERDAY        0             0      0       11
  MONTH TO DATE   47            11     36       50
  SINCE SEP 1    193           104     89      268
  SINCE JAN 1   1129           910    219     1447
......................................................


WIND (MPH)
  HIGHEST WIND SPEED    16   HIGHEST WIND DIRECTION    SW (210)
  HIGHEST GUST SPEED    21   HIGHEST GUST DIRECTION    SW (220)
  AVERAGE WIND SPEED     6.2


SKY COVER
  AVERAGE SKY COVER 0.0


WEATHER CONDITIONS
 THE FOLLOWING WEATHER WAS RECORDED YESTERDAY.
  NO SIGNIFICANT WEATHER WAS OBSERVED.


RELATIVE HUMIDITY (PERCENT)
 HIGHEST    86           100 AM
 LOWEST     32           400 PM
 AVERAGE    59

..........................................................


THE SHELBYVILLE IN CLIMATE NORMALS FOR TODAY
                         NORMAL
 MAXIMUM TEMPERATURE (F)   65
 MINIMUM TEMPERATURE (F)   42


SUNRISE AND SUNSET
OCTOBER 18 2017.......SUNRISE   757 AM EDT   SUNSET   659 PM EDT
OCTOBER 19 2017.......SUNRISE   758 AM EDT   SUNSET   658 PM EDT


-  INDICATES NEGATIVE NUMBERS.
R  INDICATES RECORD WAS SET OR TIED.
MM INDICATES DATA IS MISSING.
T  INDICATES TRACE AMOUNT.




$$
