000
CDUS43 KIND 300544
CLIGEZ


CLIMATE REPORT
NATIONAL WEATHER SERVICE INDIANAPOLIS IN
143 AM EDT THU JUL 30 2015


...................................

...THE SHELBYVILLE IN CLIMATE SUMMARY FOR JULY 29 2015...

CLIMATE NORMAL PERIOD 1981 TO 2010
CLIMATE RECORD PERIOD 9999 TO 9999


WEATHER ITEM   OBSERVED TIME   NORMAL DEPARTURE LAST
                VALUE   (LST)  VALUE  FROM      YEAR
                                      NORMAL
......................................................
TEMPERATURE (F)
 YESTERDAY
  MAXIMUM         92    326 PM  84      8       76
  MINIMUM         72   1159 PM  63      9       51
  AVERAGE         82            74      8       64

PRECIPITATION (IN)
  YESTERDAY        0.00          0.14  -0.14     0.09
  MONTH TO DATE    7.94          4.44   3.50     3.12
  SINCE JUN 1     15.76          8.84   6.92     8.52
  SINCE JAN 1     29.80         26.62   3.18    24.01

DEGREE DAYS
 HEATING
  YESTERDAY        0             0      0        1
  MONTH TO DATE    0             0      0        2
  SINCE JUN 1     21            15      6        3
  SINCE JUL 1      0             0      0        2

 COOLING
  YESTERDAY       17             9      8        0
  MONTH TO DATE  289           261     28      190
  SINCE JUN 1    580           470    110      506
  SINCE JAN 1    768           551    217      669
......................................................


WIND (MPH)
  HIGHEST WIND SPEED    14   HIGHEST WIND DIRECTION    NW (310)
  HIGHEST GUST SPEED    18   HIGHEST GUST DIRECTION     W (280)
  AVERAGE WIND SPEED     5.3


SKY COVER
  AVERAGE SKY COVER 0.4


WEATHER CONDITIONS
 THE FOLLOWING WEATHER WAS RECORDED YESTERDAY.
  FOG
  FOG W/VISIBILITY <= 1/4 MILE
  HAZE


RELATIVE HUMIDITY (PERCENT)
 HIGHEST    94          1200 AM
 LOWEST     60           200 PM
 AVERAGE    77

..........................................................


THE SHELBYVILLE IN CLIMATE NORMALS FOR TODAY
                         NORMAL
 MAXIMUM TEMPERATURE (F)   84
 MINIMUM TEMPERATURE (F)   63


SUNRISE AND SUNSET
JULY 30 2015..........SUNRISE   641 AM EDT   SUNSET   858 PM EDT
JULY 31 2015..........SUNRISE   641 AM EDT   SUNSET   857 PM EDT


-  INDICATES NEGATIVE NUMBERS.
R  INDICATES RECORD WAS SET OR TIED.
MM INDICATES DATA IS MISSING.
T  INDICATES TRACE AMOUNT.




$$
