157
CDUS43 KIND 110537
CLIGEZ


CLIMATE REPORT
NATIONAL WEATHER SERVICE INDIANAPOLIS IN
1234 AM EST SUN DEC 11 2016


...................................

...THE SHELBYVILLE IN CLIMATE SUMMARY FOR DECEMBER 10 2016...

CLIMATE NORMAL PERIOD 1981 TO 2010
CLIMATE RECORD PERIOD 9999 TO 9999


WEATHER ITEM   OBSERVED TIME   NORMAL DEPARTURE LAST
                VALUE   (LST)  VALUE  FROM      YEAR
                                      NORMAL
......................................................
TEMPERATURE (F)
 YESTERDAY
  MAXIMUM         30    448 PM  41    -11       56
  MINIMUM         21    109 AM  26     -5       42
  AVERAGE         26            33     -7       49

PRECIPITATION (IN)
  YESTERDAY        0.00          0.10  -0.10     0.00
  MONTH TO DATE    0.58          1.10  -0.52     0.28
  SINCE DEC 1      0.58          1.10  -0.52     0.28
  SINCE JAN 1     41.93         41.39   0.54    39.35

DEGREE DAYS
 HEATING
  YESTERDAY       39            32      7       16
  MONTH TO DATE  312           302     10      246
  SINCE DEC 1    312           302     10      246
  SINCE JUL 1    998          1377   -379      973

 COOLING
  YESTERDAY        0             0      0        0
  MONTH TO DATE    0             0      0        0
  SINCE DEC 1      0             0      0        0
  SINCE JAN 1   1470           913    557     1229
......................................................


WIND (MPH)
  HIGHEST WIND SPEED    14   HIGHEST WIND DIRECTION     W (260)
  HIGHEST GUST SPEED    17   HIGHEST GUST DIRECTION     W (260)
  AVERAGE WIND SPEED     6.9


SKY COVER
  AVERAGE SKY COVER 0.9


WEATHER CONDITIONS
 THE FOLLOWING WEATHER WAS RECORDED YESTERDAY.
  NO SIGNIFICANT WEATHER WAS OBSERVED.


RELATIVE HUMIDITY (PERCENT)
 HIGHEST    81           200 AM
 LOWEST     53           300 PM
 AVERAGE    67

..........................................................


THE SHELBYVILLE IN CLIMATE NORMALS FOR TODAY
                         NORMAL
 MAXIMUM TEMPERATURE (F)   40
 MINIMUM TEMPERATURE (F)   25


SUNRISE AND SUNSET
DECEMBER 11 2016......SUNRISE   754 AM EST   SUNSET   519 PM EST
DECEMBER 12 2016......SUNRISE   755 AM EST   SUNSET   520 PM EST


-  INDICATES NEGATIVE NUMBERS.
R  INDICATES RECORD WAS SET OR TIED.
MM INDICATES DATA IS MISSING.
T  INDICATES TRACE AMOUNT.




$$
