000
CDUS43 KIND 060531
CLIGEZ


CLIMATE REPORT
NATIONAL WEATHER SERVICE INDIANAPOLIS IN
1231 AM EST SAT FEB 6 2016


...................................

...THE SHELBYVILLE IN CLIMATE SUMMARY FOR FEBRUARY 5 2016...

CLIMATE NORMAL PERIOD 1981 TO 2010
CLIMATE RECORD PERIOD 9999 TO 9999


WEATHER ITEM   OBSERVED TIME   NORMAL DEPARTURE LAST
                VALUE   (LST)  VALUE  FROM      YEAR
                                      NORMAL
......................................................
TEMPERATURE (F)
 YESTERDAY
  MAXIMUM         44    259 PM  37      7       23
  MINIMUM         22    444 AM  22      0        6
  AVERAGE         33            30      3       15

PRECIPITATION (IN)
  YESTERDAY        0.00          0.08  -0.08     0.00
  MONTH TO DATE    1.12          0.39   0.73     0.41
  SINCE DEC 1      8.64          6.05   2.59     5.31
  SINCE JAN 1      2.48          2.78  -0.30     2.33

DEGREE DAYS
 HEATING
  YESTERDAY       32            35     -3       50
  MONTH TO DATE  126           178    -52      185
  SINCE DEC 1   1764          2332   -568     2213
  SINCE JUL 1   2491          3407   -916     3397

 COOLING
  YESTERDAY        0             0      0        0
  MONTH TO DATE    0             0      0        0
  SINCE DEC 1      1             0      1        0
  SINCE JAN 1      0             0      0        0
......................................................


WIND (MPH)
  HIGHEST WIND SPEED    17   HIGHEST WIND DIRECTION     W (260)
  HIGHEST GUST SPEED    24   HIGHEST GUST DIRECTION    SW (210)
  AVERAGE WIND SPEED     7.5


SKY COVER
  AVERAGE SKY COVER 0.0


WEATHER CONDITIONS
 THE FOLLOWING WEATHER WAS RECORDED YESTERDAY.
  FOG
  HAZE


RELATIVE HUMIDITY (PERCENT)
 HIGHEST    84           300 AM
 LOWEST     45           300 PM
 AVERAGE    65

..........................................................


THE SHELBYVILLE IN CLIMATE NORMALS FOR TODAY
                         NORMAL
 MAXIMUM TEMPERATURE (F)   38
 MINIMUM TEMPERATURE (F)   22


SUNRISE AND SUNSET
FEBRUARY  6 2016......SUNRISE   746 AM EST   SUNSET   609 PM EST
FEBRUARY  7 2016......SUNRISE   745 AM EST   SUNSET   610 PM EST


-  INDICATES NEGATIVE NUMBERS.
R  INDICATES RECORD WAS SET OR TIED.
MM INDICATES DATA IS MISSING.
T  INDICATES TRACE AMOUNT.




$$
