000
CDUS43 KIND 240536
CLIGEZ


CLIMATE REPORT
NATIONAL WEATHER SERVICE INDIANAPOLIS IN
132 AM EDT SAT JUN 24 2017


...................................

...THE SHELBYVILLE IN CLIMATE SUMMARY FOR JUNE 23 2017...

CLIMATE NORMAL PERIOD 1981 TO 2010
CLIMATE RECORD PERIOD 9999 TO 9999


WEATHER ITEM   OBSERVED TIME   NORMAL DEPARTURE LAST
                VALUE   (LST)  VALUE  FROM      YEAR
                                      NORMAL
......................................................
TEMPERATURE (F)
 YESTERDAY
  MAXIMUM         77   1050 AM  84     -7       92
  MINIMUM         64   1159 PM  63      1       69
  AVERAGE         71            73     -2       81

PRECIPITATION (IN)
  YESTERDAY        1.30          0.14   1.16     0.10
  MONTH TO DATE    4.99          3.45   1.54     4.08
  SINCE JUN 1      4.99          3.45   1.54     4.08
  SINCE JAN 1     23.61         21.23   2.38    20.62

DEGREE DAYS
 HEATING
  YESTERDAY        0             0      0        0
  MONTH TO DATE    1            11    -10        0
  SINCE JUN 1      1            11    -10        0
  SINCE JUL 1   4106          5406  -1300     4071

 COOLING
  YESTERDAY        6             8     -2       16
  MONTH TO DATE  212           148     64      241
  SINCE JUN 1    212           148     64      241
  SINCE JAN 1    374           229    145      364
......................................................


WIND (MPH)
  HIGHEST WIND SPEED    21   HIGHEST WIND DIRECTION    SW (220)
  HIGHEST GUST SPEED    26   HIGHEST GUST DIRECTION    SW (220)
  AVERAGE WIND SPEED     8.8


SKY COVER
  AVERAGE SKY COVER 0.8


WEATHER CONDITIONS
 THE FOLLOWING WEATHER WAS RECORDED YESTERDAY.
  THUNDERSTORM
  HEAVY RAIN
  RAIN
  LIGHT RAIN
  FOG


RELATIVE HUMIDITY (PERCENT)
 HIGHEST    90           100 PM
 LOWEST     73           700 PM
 AVERAGE    82

..........................................................


THE SHELBYVILLE IN CLIMATE NORMALS FOR TODAY
                         NORMAL
 MAXIMUM TEMPERATURE (F)   84
 MINIMUM TEMPERATURE (F)   63


SUNRISE AND SUNSET
JUNE 24 2017..........SUNRISE   617 AM EDT   SUNSET   915 PM EDT
JUNE 25 2017..........SUNRISE   617 AM EDT   SUNSET   915 PM EDT


-  INDICATES NEGATIVE NUMBERS.
R  INDICATES RECORD WAS SET OR TIED.
MM INDICATES DATA IS MISSING.
T  INDICATES TRACE AMOUNT.




$$
