000
CDUS43 KIND 060532
CLIGEZ


CLIMATE REPORT
NATIONAL WEATHER SERVICE INDIANAPOLIS IN
131 AM EDT FRI MAY 6 2016


...................................

...THE SHELBYVILLE IN CLIMATE SUMMARY FOR MAY 5 2016...

CLIMATE NORMAL PERIOD 1981 TO 2010
CLIMATE RECORD PERIOD 9999 TO 9999


WEATHER ITEM   OBSERVED TIME   NORMAL DEPARTURE LAST
                VALUE   (LST)  VALUE  FROM      YEAR
                                      NORMAL
......................................................
TEMPERATURE (F)
 YESTERDAY
  MAXIMUM         65        MM  70     -5       85
  MINIMUM         43        MM  49     -6       61
  AVERAGE         54            59     -5       73

PRECIPITATION (IN)
  YESTERDAY        0.12          0.20  -0.08     0.00
  MONTH TO DATE    0.73          0.98  -0.25     0.01
  SINCE MAR 1     10.31          8.73   1.58     8.54
  SINCE JAN 1     14.95         13.48   1.47    11.56

DEGREE DAYS
 HEATING
  YESTERDAY       11             7      4        0
  MONTH TO DATE   37            36      1       10
  SINCE MAR 1    805          1133   -328     1064
  SINCE JUL 1   3974          5296  -1322     5505

 COOLING
  YESTERDAY        0             1     -1        8
  MONTH TO DATE    6             5      1       13
  SINCE MAR 1     26            18      8       21
  SINCE JAN 1     26            18      8       21
......................................................


WIND (MPH)
  HIGHEST WIND SPEED    18   HIGHEST WIND DIRECTION     N (350)
  HIGHEST GUST SPEED    32   HIGHEST GUST DIRECTION    NW (330)
  AVERAGE WIND SPEED    11.9


SKY COVER
  AVERAGE SKY COVER 0.0


WEATHER CONDITIONS
 THE FOLLOWING WEATHER WAS RECORDED YESTERDAY.
  LIGHT RAIN


RELATIVE HUMIDITY (PERCENT)
 HIGHEST     0          1200 AM
 LOWEST      0          1200 AM
 AVERAGE     0

..........................................................


THE SHELBYVILLE IN CLIMATE NORMALS FOR TODAY
                         NORMAL
 MAXIMUM TEMPERATURE (F)   70
 MINIMUM TEMPERATURE (F)   49


SUNRISE AND SUNSET
MAY  6 2016...........SUNRISE   638 AM EDT   SUNSET   843 PM EDT
MAY  7 2016...........SUNRISE   637 AM EDT   SUNSET   843 PM EDT


-  INDICATES NEGATIVE NUMBERS.
R  INDICATES RECORD WAS SET OR TIED.
MM INDICATES DATA IS MISSING.
T  INDICATES TRACE AMOUNT.




$$
