000
CDUS43 KIND 010538
CLIGEZ


CLIMATE REPORT
NATIONAL WEATHER SERVICE INDIANAPOLIS IN
1237 AM EST SUN MAR 1 2015


...................................

...THE SHELBYVILLE IN CLIMATE SUMMARY FOR FEBRUARY 28 2015...

CLIMATE NORMAL PERIOD 1981 TO 2010
CLIMATE RECORD PERIOD 9999 TO 9999


WEATHER ITEM   OBSERVED TIME   NORMAL DEPARTURE LAST
                VALUE   (LST)  VALUE  FROM      YEAR
                                      NORMAL
......................................................
TEMPERATURE (F)
 YESTERDAY
  MAXIMUM         27    614 PM  44    -17       38
  MINIMUM          0    244 AM  27    -27       10
  AVERAGE         14            35    -21       24

PRECIPITATION (IN)
  YESTERDAY        0.12          0.08   0.04     0.00
  MONTH TO DATE    1.10          2.36  -1.26     1.85
  SINCE DEC 1      6.00          8.02  -2.02     9.76
  SINCE JAN 1      3.02          4.75  -1.73     3.88

DEGREE DAYS
 HEATING
  YESTERDAY       51            30     21       41
  MONTH TO DATE 1229           934    295     1132
  SINCE DEC 1   3257          3088    169     3432
  SINCE JUL 1   4441          4163    278     4498

 COOLING
  YESTERDAY        0             0      0        0
  MONTH TO DATE    0             0      0        0
  SINCE DEC 1      0             0      0        0
  SINCE JAN 1      0             0      0        0
......................................................


WIND (MPH)
  HIGHEST WIND SPEED    13   HIGHEST WIND DIRECTION    SE (120)
  HIGHEST GUST SPEED    15   HIGHEST GUST DIRECTION     E (110)
  AVERAGE WIND SPEED     6.9


SKY COVER
  AVERAGE SKY COVER 0.6


WEATHER CONDITIONS
 THE FOLLOWING WEATHER WAS RECORDED YESTERDAY.
  LIGHT SNOW
  FOG


RELATIVE HUMIDITY (PERCENT)
 HIGHEST    88          1000 PM
 LOWEST     46           200 PM
 AVERAGE    67

..........................................................


THE SHELBYVILLE IN CLIMATE NORMALS FOR TODAY
                         NORMAL
 MAXIMUM TEMPERATURE (F)   45
 MINIMUM TEMPERATURE (F)   27


SUNRISE AND SUNSET
MARCH  1 2015.........SUNRISE   717 AM EST   SUNSET   635 PM EST
MARCH  2 2015.........SUNRISE   715 AM EST   SUNSET   636 PM EST


-  INDICATES NEGATIVE NUMBERS.
R  INDICATES RECORD WAS SET OR TIED.
MM INDICATES DATA IS MISSING.
T  INDICATES TRACE AMOUNT.




$$
