000
CDUS43 KIND 010535
CLIGEZ


CLIMATE REPORT
NATIONAL WEATHER SERVICE INDIANAPOLIS IN
133 AM EDT SAT OCT 1 2016


...................................

...THE SHELBYVILLE IN CLIMATE SUMMARY FOR SEPTEMBER 30 2016...

CLIMATE NORMAL PERIOD 1981 TO 2010
CLIMATE RECORD PERIOD 9999 TO 9999


WEATHER ITEM   OBSERVED TIME   NORMAL DEPARTURE LAST
                VALUE   (LST)  VALUE  FROM      YEAR
                                      NORMAL
......................................................
TEMPERATURE (F)
 YESTERDAY
  MAXIMUM         71    433 PM  72     -1       72
  MINIMUM         56   1159 PM  47      9       57
  AVERAGE         64            60      4       65

PRECIPITATION (IN)
  YESTERDAY        0.13          0.12   0.01     0.07
  MONTH TO DATE    3.80          3.17   0.63     1.76
  SINCE SEP 1      3.80          3.17   0.63     1.76
  SINCE JAN 1     36.99         33.45   3.54    32.73

DEGREE DAYS
 HEATING
  YESTERDAY        1             7     -6        0
  MONTH TO DATE   13            79    -66       13
  SINCE SEP 1     13            79    -66       13
  SINCE JUL 1     15            85    -70       15

 COOLING
  YESTERDAY        0             1     -1        0
  MONTH TO DATE  218            93    125      187
  SINCE SEP 1    218            93    125      187
  SINCE JAN 1   1397           899    498     1205
......................................................


WIND (MPH)
  HIGHEST WIND SPEED    14   HIGHEST WIND DIRECTION     S (190)
  HIGHEST GUST SPEED    16   HIGHEST GUST DIRECTION     S (180)
  AVERAGE WIND SPEED     3.9


SKY COVER
  AVERAGE SKY COVER 0.7


WEATHER CONDITIONS
 THE FOLLOWING WEATHER WAS RECORDED YESTERDAY.
  THUNDERSTORM
  RAIN
  LIGHT RAIN
  FOG


RELATIVE HUMIDITY (PERCENT)
 HIGHEST    90           300 AM
 LOWEST     53           400 PM
 AVERAGE    72

..........................................................


THE SHELBYVILLE IN CLIMATE NORMALS FOR TODAY
                         NORMAL
 MAXIMUM TEMPERATURE (F)   72
 MINIMUM TEMPERATURE (F)   47


SUNRISE AND SUNSET
OCTOBER  1 2016.......SUNRISE   740 AM EDT   SUNSET   725 PM EDT
OCTOBER  2 2016.......SUNRISE   741 AM EDT   SUNSET   723 PM EDT


-  INDICATES NEGATIVE NUMBERS.
R  INDICATES RECORD WAS SET OR TIED.
MM INDICATES DATA IS MISSING.
T  INDICATES TRACE AMOUNT.




$$
