000
CDUS43 KFGF 260727
CLIGFK


CLIMATE REPORT
NATIONAL WEATHER SERVICE EASTERN NORTH DAKOTA/GRAND FORKS
227 AM CDT WED JUL 26 2017


...................................

...THE GRAND FORKS INTL AP ND CLIMATE SUMMARY FOR JULY 25 2017...

CLIMATE NORMAL PERIOD 1981 TO 2010
CLIMATE RECORD PERIOD 1948 TO 2017


WEATHER ITEM   OBSERVED TIME   RECORD YEAR NORMAL DEPARTURE LAST
                VALUE   (LST)  VALUE       VALUE  FROM      YEAR
                                                  NORMAL
..................................................................
TEMPERATURE (F)
 YESTERDAY
  MAXIMUM         89    237 PM  98    1989  82      7       90
                                      1961
  MINIMUM         63   1152 PM  40    1972  56      7       58
  AVERAGE         76                        69      7       74

PRECIPITATION (IN)
  YESTERDAY        0.00          3.31 1993   0.08  -0.08     0.00
  MONTH TO DATE    1.17                      2.62  -1.45     5.20
  SINCE JUN 1      5.74                      6.10  -0.36     8.50
  SINCE JAN 1      9.89                     11.82  -1.93    14.89

SNOWFALL (IN)
  YESTERDAY        0.0          MM      MM   0.0    0.0      0.0
  MONTH TO DATE    0.0                       0.0    0.0      0.0
  SINCE JUN 1      0.0                       0.0    0.0      0.0
  SINCE JUL 1      0.0                       0.0    0.0      0.0
  SNOW DEPTH       0

DEGREE DAYS
 HEATING
  YESTERDAY        0                         1     -1        0
  MONTH TO DATE    8                        26    -18       12
  SINCE JUN 1     53                       129    -76       66
  SINCE JUL 1      8                        26    -18       12

 COOLING
  YESTERDAY       11                         5      6        9
  MONTH TO DATE  156                       115     41      131
  SINCE JUN 1    254                       190     64      209
  SINCE JAN 1    256                       207     49      231
..................................................................


WIND (MPH)
  HIGHEST WIND SPEED    16   HIGHEST WIND DIRECTION    NW (330)
  HIGHEST GUST SPEED    22   HIGHEST GUST DIRECTION     S (160)
  AVERAGE WIND SPEED     8.4


SKY COVER
  POSSIBLE SUNSHINE  MM
  AVERAGE SKY COVER 0.4


WEATHER CONDITIONS
 THE FOLLOWING WEATHER WAS RECORDED YESTERDAY.
  NO SIGNIFICANT WEATHER WAS OBSERVED.


RELATIVE HUMIDITY (PERCENT)
 HIGHEST   100           500 AM
 LOWEST     37           400 PM
 AVERAGE    69

..........................................................


THE GRAND FORKS INTL AP ND CLIMATE NORMALS FOR TODAY
                         NORMAL    RECORD    YEAR
 MAXIMUM TEMPERATURE (F)   82        97      1954
 MINIMUM TEMPERATURE (F)   56        39      1981


SUNRISE AND SUNSET
JULY 26 2017..........SUNRISE   558 AM CDT   SUNSET   912 PM CDT
JULY 27 2017..........SUNRISE   559 AM CDT   SUNSET   911 PM CDT


-  INDICATES NEGATIVE NUMBERS.
R  INDICATES RECORD WAS SET OR TIED.
MM INDICATES DATA IS MISSING.
T  INDICATES TRACE AMOUNT.




$$
