000
CDUS43 KFGF 292153
CLIGFK


CLIMATE REPORT
NATIONAL WEATHER SERVICE EASTERN NORTH DAKOTA/GRAND FORKS
451 PM CDT THU SEP 29 2016


...................................

...THE GRAND FORKS INTL AP ND CLIMATE SUMMARY FOR SEPTEMBER 29 2016...
VALID TODAY AS OF 0400 PM LOCAL TIME.

CLIMATE NORMAL PERIOD 1981 TO 2010
CLIMATE RECORD PERIOD 1941 TO 2016


WEATHER ITEM   OBSERVED TIME   RECORD YEAR NORMAL DEPARTURE LAST
                VALUE   (LST)  VALUE       VALUE  FROM      YEAR
                                                  NORMAL
..................................................................
TEMPERATURE (F)
 TODAY
  MAXIMUM         68    259 PM  85    2012  63      5       68
                                      1943
  MINIMUM         39    300 AM  21    1945  39      0       29
  AVERAGE         54                        51      3       49

PRECIPITATION (IN)
  TODAY            0.00          0.91 1965   0.07  -0.07     0.00
  MONTH TO DATE    4.16                      1.99   2.17     0.84
  SINCE SEP 1      4.16                      1.99   2.17     0.84
  SINCE JAN 1     22.68                     17.22   5.46    17.65

SNOWFALL (IN)
  TODAY            0.0          MM      MM   0.0    0.0      0.0
  MONTH TO DATE    0.0                       0.0    0.0      0.0
  SINCE SEP 1      0.0                       0.0    0.0      0.0
  SINCE JUL 1      0.0                       0.0    0.0      0.0
  SNOW DEPTH       0

DEGREE DAYS
 HEATING
  TODAY           11                        14     -3       16
  MONTH TO DATE  160                       253    -93      134
  SINCE SEP 1    160                       253    -93      134
  SINCE JUL 1    188                       335   -147      198

 COOLING
  TODAY            0                         0      0        0
  MONTH TO DATE   26                        24      2       72
  SINCE SEP 1     26                        24      2       72
  SINCE JAN 1    430                       376     54      469
..................................................................


WIND (MPH)
  HIGHEST WIND SPEED    16   HIGHEST WIND DIRECTION    SE (150)
  HIGHEST GUST SPEED    19   HIGHEST GUST DIRECTION     S (160)
  AVERAGE WIND SPEED     6.2


SKY COVER
  POSSIBLE SUNSHINE  MM
  AVERAGE SKY COVER 0.6


WEATHER CONDITIONS
 THE FOLLOWING WEATHER WAS RECORDED TODAY.
  FOG


RELATIVE HUMIDITY (PERCENT)
 HIGHEST    96          1200 AM
 LOWEST     48           200 PM
 AVERAGE    72

..........................................................


THE GRAND FORKS INTL AP ND CLIMATE NORMALS FOR TOMORROW
                         NORMAL    RECORD    YEAR
 MAXIMUM TEMPERATURE (F)   63        93      1976
 MINIMUM TEMPERATURE (F)   38        23      1974


SUNRISE AND SUNSET
SEPTEMBER 29 2016.....SUNRISE   726 AM CDT   SUNSET   711 PM CDT
SEPTEMBER 30 2016.....SUNRISE   727 AM CDT   SUNSET   709 PM CDT


-  INDICATES NEGATIVE NUMBERS.
R  INDICATES RECORD WAS SET OR TIED.
MM INDICATES DATA IS MISSING.
T  INDICATES TRACE AMOUNT.




$$
