000
CDUS43 KFGF 290633
CLIGFK


CLIMATE REPORT
NATIONAL WEATHER SERVICE EASTERN NORTH DAKOTA/GRAND FORKS
132 AM CDT WED MAR 29 2017


...................................

...THE GRAND FORKS INTL AP ND CLIMATE SUMMARY FOR MARCH 28 2017...

CLIMATE NORMAL PERIOD 1981 TO 2010
CLIMATE RECORD PERIOD 1941 TO 2017


WEATHER ITEM   OBSERVED TIME   RECORD YEAR NORMAL DEPARTURE LAST
                VALUE   (LST)  VALUE       VALUE  FROM      YEAR
                                                  NORMAL
..................................................................
TEMPERATURE (F)
 YESTERDAY
  MAXIMUM         55    359 PM  69    1946  41     14       52
  MINIMUM         33    623 AM -15    1970  22     11       24
  AVERAGE         44                        32     12       38

PRECIPITATION (IN)
  YESTERDAY        0.02          0.57 1985   0.03  -0.01     0.00
  MONTH TO DATE    0.79                      0.86  -0.07     0.53
  SINCE MAR 1      0.79                      0.86  -0.07     0.53
  SINCE JAN 1      1.64                      1.93  -0.29     1.11

SNOWFALL (IN)
  YESTERDAY        0.0           8.8  1985   0.2   -0.2      0.0
  MONTH TO DATE    0.2                       6.8   -6.6      2.2
  SINCE MAR 1      0.2                       6.8   -6.6      2.2
  SINCE JUL 1     38.5                      44.0   -5.5     28.1
  SNOW DEPTH       0

DEGREE DAYS
 HEATING
  YESTERDAY       21                        33    -12       27
  MONTH TO DATE 1099                      1140    -41      819
  SINCE MAR 1   1099                      1140    -41      819
  SINCE JUL 1   7068                      8290  -1222     6798

 COOLING
  YESTERDAY        0                         0      0        0
  MONTH TO DATE    0                         0      0        0
  SINCE MAR 1      0                         0      0        0
  SINCE JAN 1      0                         0      0        0
..................................................................


WIND (MPH)
  HIGHEST WIND SPEED    13   HIGHEST WIND DIRECTION    NE (30)
  HIGHEST GUST SPEED    15   HIGHEST GUST DIRECTION    NE (30)
  AVERAGE WIND SPEED     7.4


SKY COVER
  POSSIBLE SUNSHINE  MM
  AVERAGE SKY COVER 0.8


WEATHER CONDITIONS
 THE FOLLOWING WEATHER WAS RECORDED YESTERDAY.
  LIGHT RAIN
  FOG


RELATIVE HUMIDITY (PERCENT)
 HIGHEST   100           100 AM
 LOWEST     63           100 PM
 AVERAGE    82

..........................................................


THE GRAND FORKS INTL AP ND CLIMATE NORMALS FOR TODAY
                         NORMAL    RECORD    YEAR
 MAXIMUM TEMPERATURE (F)   42        69      1986
 MINIMUM TEMPERATURE (F)   23       -16      1969


SUNRISE AND SUNSET
MARCH 29 2017.........SUNRISE   713 AM CDT   SUNSET   755 PM CDT
MARCH 30 2017.........SUNRISE   711 AM CDT   SUNSET   756 PM CDT


-  INDICATES NEGATIVE NUMBERS.
R  INDICATES RECORD WAS SET OR TIED.
MM INDICATES DATA IS MISSING.
T  INDICATES TRACE AMOUNT.




$$
