000
CDUS43 KFGF 040639
CLIGFK


CLIMATE REPORT
NATIONAL WEATHER SERVICE EASTERN NORTH DAKOTA/GRAND FORKS
1238 AM CST SUN DEC 4 2016


...................................

...THE GRAND FORKS INTL AP ND CLIMATE SUMMARY FOR DECEMBER 3 2016...

CLIMATE NORMAL PERIOD 1981 TO 2010
CLIMATE RECORD PERIOD 1941 TO 2016


WEATHER ITEM   OBSERVED TIME   RECORD YEAR NORMAL DEPARTURE LAST
                VALUE   (LST)  VALUE       VALUE  FROM      YEAR
                                                  NORMAL
..................................................................
TEMPERATURE (F)
 YESTERDAY
  MAXIMUM         34   1159 PM  52    1941  25      9       37
  MINIMUM         26    656 AM -21    1985   8     18        9
                                      1964
  AVERAGE         30                        16     14       23

PRECIPITATION (IN)
  YESTERDAY        0.04          0.14 1970   0.02   0.02     0.00
  MONTH TO DATE    0.04                      0.06  -0.02     0.26
  SINCE DEC 1      0.04                      0.06  -0.02     0.26
  SINCE JAN 1     25.16                     20.26   4.90    20.51

SNOWFALL (IN)
  YESTERDAY        0.2           2.0  1991   0.3   -0.1      0.0
  MONTH TO DATE    0.2                       1.0   -0.8      4.3
  SINCE DEC 1      0.2                       1.0   -0.8      4.3
  SINCE JUL 1      1.3                      10.2   -8.9      7.0
  SNOW DEPTH       T

DEGREE DAYS
 HEATING
  YESTERDAY       35                        49    -14       42
  MONTH TO DATE  103                       145    -42      130
  SINCE DEC 1    103                       145    -42      130
  SINCE JUL 1   1571                      2344   -773     1795

 COOLING
  YESTERDAY        0                         0      0        0
  MONTH TO DATE    0                         0      0        0
  SINCE DEC 1      0                         0      0        0
  SINCE JAN 1    434                       379     55      476
..................................................................


WIND (MPH)
  HIGHEST WIND SPEED    22   HIGHEST WIND DIRECTION     S (170)
  HIGHEST GUST SPEED    28   HIGHEST GUST DIRECTION     S (160)
  AVERAGE WIND SPEED    14.5


SKY COVER
  POSSIBLE SUNSHINE  MM
  AVERAGE SKY COVER 1.0


WEATHER CONDITIONS
 THE FOLLOWING WEATHER WAS RECORDED YESTERDAY.
  LIGHT SNOW
  FOG


RELATIVE HUMIDITY (PERCENT)
 HIGHEST    92           900 PM
 LOWEST     69          1200 AM
 AVERAGE    81

..........................................................


THE GRAND FORKS INTL AP ND CLIMATE NORMALS FOR TODAY
                         NORMAL    RECORD    YEAR
 MAXIMUM TEMPERATURE (F)   24        47      1979
                                             1945
 MINIMUM TEMPERATURE (F)    7       -21      1964


SUNRISE AND SUNSET
DECEMBER  4 2016......SUNRISE   801 AM CST   SUNSET   437 PM CST
DECEMBER  5 2016......SUNRISE   803 AM CST   SUNSET   436 PM CST


-  INDICATES NEGATIVE NUMBERS.
R  INDICATES RECORD WAS SET OR TIED.
MM INDICATES DATA IS MISSING.
T  INDICATES TRACE AMOUNT.




$$
