000
CDUS43 KFGF 180719
CLIGFK


CLIMATE REPORT
NATIONAL WEATHER SERVICE EASTERN NORTH DAKOTA/GRAND FORKS
119 AM CST THU JAN 18 2018


...................................

...THE GRAND FORKS INTL AP ND CLIMATE SUMMARY FOR JANUARY 17 2018...

CLIMATE NORMAL PERIOD 1981 TO 2010
CLIMATE RECORD PERIOD 1948 TO 2018


WEATHER ITEM   OBSERVED TIME   RECORD YEAR NORMAL DEPARTURE LAST
                VALUE   (LST)  VALUE       VALUE  FROM      YEAR
                                                  NORMAL
..................................................................
TEMPERATURE (F)
 YESTERDAY
  MAXIMUM         36    249 PM  39    2015  16     20       23
  MINIMUM          3    116 AM -37    2005  -4      7        0
  AVERAGE         20                         6     14       12

PRECIPITATION (IN)
  YESTERDAY        0.00          0.44 1999   0.02  -0.02     0.00
  MONTH TO DATE    0.50                      0.32   0.18     0.42
  SINCE DEC 1      1.27                      0.93   0.34     2.03
  SINCE JAN 1      0.50                      0.32   0.18     0.42

SNOWFALL (IN)
  YESTERDAY        0.0          13.5  1996   0.3   -0.3      0.0
  MONTH TO DATE    9.3                       6.2    3.1      7.1
  SINCE DEC 1     17.5                      16.9    0.6     32.2
  SINCE JUL 1     27.7                      26.1    1.6     33.3
  SNOW DEPTH       9

DEGREE DAYS
 HEATING
  YESTERDAY       45                        59    -14       53
  MONTH TO DATE 1057                       995     62     1114
  SINCE DEC 1   2712                      2655     57     2718
  SINCE JUL 1   4697                      4854   -157     4186

 COOLING
  YESTERDAY        0                         0      0        0
  MONTH TO DATE    0                         0      0        0
  SINCE DEC 1      0                         0      0        0
  SINCE JAN 1      0                         0      0        0
..................................................................


WIND (MPH)
  HIGHEST WIND SPEED    21   HIGHEST WIND DIRECTION     W (250)
  HIGHEST GUST SPEED    28   HIGHEST GUST DIRECTION     S (190)
  AVERAGE WIND SPEED    13.2


SKY COVER
  POSSIBLE SUNSHINE  MM
  AVERAGE SKY COVER 0.1


WEATHER CONDITIONS
 THE FOLLOWING WEATHER WAS RECORDED YESTERDAY.
  NO SIGNIFICANT WEATHER WAS OBSERVED.


RELATIVE HUMIDITY (PERCENT)
 HIGHEST    79          1200 AM
 LOWEST     64           300 PM
 AVERAGE    72

..........................................................


THE GRAND FORKS INTL AP ND CLIMATE NORMALS FOR TODAY
                         NORMAL    RECORD    YEAR
 MAXIMUM TEMPERATURE (F)   16        40      1991
 MINIMUM TEMPERATURE (F)   -4       -34      1970


SUNRISE AND SUNSET
JANUARY 18 2018.......SUNRISE   811 AM CST   SUNSET   508 PM CST
JANUARY 19 2018.......SUNRISE   810 AM CST   SUNSET   509 PM CST


-  INDICATES NEGATIVE NUMBERS.
R  INDICATES RECORD WAS SET OR TIED.
MM INDICATES DATA IS MISSING.
T  INDICATES TRACE AMOUNT.




$$
