000
CDUS43 KFGF 280639
CLIGFK


CLIMATE REPORT
NATIONAL WEATHER SERVICE EASTERN NORTH DAKOTA/GRAND FORKS
137 AM CDT SUN MAY 28 2017


...................................

...THE GRAND FORKS INTL AP ND CLIMATE SUMMARY FOR MAY 27 2017...

CLIMATE NORMAL PERIOD 1981 TO 2010
CLIMATE RECORD PERIOD 1948 TO 2017


WEATHER ITEM   OBSERVED TIME   RECORD YEAR NORMAL DEPARTURE LAST
                VALUE   (LST)  VALUE       VALUE  FROM      YEAR
                                                  NORMAL
..................................................................
TEMPERATURE (F)
 YESTERDAY
  MAXIMUM         78    412 PM  97    1969  71      7       75
  MINIMUM         47    257 AM  27    2008  46      1       51
  AVERAGE         63                        58      5       63

PRECIPITATION (IN)
  YESTERDAY        0.02          0.61 2012   0.09  -0.07     0.00
  MONTH TO DATE    0.97                      2.27  -1.30     1.82
  SINCE MAR 1      3.16                      4.24  -1.08     3.93
  SINCE JAN 1      4.01                      5.31  -1.30     4.51

SNOWFALL (IN)
  YESTERDAY        0.0           0.2  1965   0.0    0.0      0.0
  MONTH TO DATE    0.0                       0.1   -0.1       T
  SINCE MAR 1      5.8                      10.2   -4.4      2.5
  SINCE JUL 1     44.1                      47.4   -3.3     28.4
  SNOW DEPTH       0

DEGREE DAYS
 HEATING
  YESTERDAY        2                         7     -5        2
  MONTH TO DATE  242                       307    -65      215
  SINCE MAR 1   2020                      2235   -215     1828
  SINCE JUL 1   7989                      9385  -1396     7807

 COOLING
  YESTERDAY        0                         1     -1        0
  MONTH TO DATE    2                        12    -10       20
  SINCE MAR 1      2                        13    -11       20
  SINCE JAN 1      2                        13    -11       20
..................................................................


WIND (MPH)
  HIGHEST WIND SPEED    35   HIGHEST WIND DIRECTION    NW (310)
  HIGHEST GUST SPEED    44   HIGHEST GUST DIRECTION    NW (310)
  AVERAGE WIND SPEED    12.7


SKY COVER
  POSSIBLE SUNSHINE  MM
  AVERAGE SKY COVER 0.4


WEATHER CONDITIONS
 THE FOLLOWING WEATHER WAS RECORDED YESTERDAY.
  LIGHT RAIN


RELATIVE HUMIDITY (PERCENT)
 HIGHEST    83          1100 PM
 LOWEST     25           400 PM
 AVERAGE    54

..........................................................


THE GRAND FORKS INTL AP ND CLIMATE NORMALS FOR TODAY
                         NORMAL    RECORD    YEAR
 MAXIMUM TEMPERATURE (F)   72        95      2006
 MINIMUM TEMPERATURE (F)   46        33      1965


SUNRISE AND SUNSET
MAY 28 2017...........SUNRISE   536 AM CDT   SUNSET   916 PM CDT
MAY 29 2017...........SUNRISE   536 AM CDT   SUNSET   917 PM CDT


-  INDICATES NEGATIVE NUMBERS.
R  INDICATES RECORD WAS SET OR TIED.
MM INDICATES DATA IS MISSING.
T  INDICATES TRACE AMOUNT.




$$
