000
CDUS43 KFGF 310648
CLIGFK


CLIMATE REPORT
NATIONAL WEATHER SERVICE EASTERN NORTH DAKOTA/GRAND FORKS
146 AM CDT SUN AUG 31 2014


...................................

...THE GRAND FORKS INTL AP ND CLIMATE SUMMARY FOR AUGUST 30 2014...

CLIMATE NORMAL PERIOD 1981 TO 2010
CLIMATE RECORD PERIOD 1941 TO 2014


WEATHER ITEM   OBSERVED TIME   RECORD YEAR NORMAL DEPARTURE LAST
                VALUE   (LST)  VALUE       VALUE  FROM      YEAR
                                                  NORMAL
..................................................................
TEMPERATURE (F)
 YESTERDAY
  MAXIMUM         74    503 PM  93    1961  77     -3       86
  MINIMUM         48    618 AM  38    2009  51     -3       61
                                      1982
  AVERAGE         61                        64     -3       74

PRECIPITATION (IN)
  YESTERDAY        0.00          3.87 1944   0.09  -0.09      T
  MONTH TO DATE    3.05                      2.79   0.26     0.86
  SINCE JUN 1     13.35                      9.42   3.93     6.04
  SINCE JAN 1     20.53                     15.14   5.39    14.21

SNOWFALL (IN)
  YESTERDAY        0.0          MM      MM   0.0    0.0      0.0
  MONTH TO DATE    0.0                       0.0    0.0      0.0
  SINCE JUN 1      0.0                       0.0    0.0      0.0
  SINCE JUL 1      0.0                       0.0    0.0      0.0
  SNOW DEPTH       0

DEGREE DAYS
 HEATING
  YESTERDAY        4                         4      0        0
  MONTH TO DATE   25                        51    -26       53
  SINCE JUN 1    100                       182    -82      159
  SINCE JUL 1     54                        79    -25       82

 COOLING
  YESTERDAY        0                         2     -2        9
  MONTH TO DATE  130                       119     11      152
  SINCE JUN 1    308                       335    -27      431
  SINCE JAN 1    361                       352      9      440
..................................................................


WIND (MPH)
  HIGHEST WIND SPEED    12   HIGHEST WIND DIRECTION    SE (150)
  HIGHEST GUST SPEED    14   HIGHEST GUST DIRECTION    SE (150)
  AVERAGE WIND SPEED     6.3


SKY COVER
  POSSIBLE SUNSHINE  MM
  AVERAGE SKY COVER 0.2


WEATHER CONDITIONS
 THE FOLLOWING WEATHER WAS RECORDED YESTERDAY.
  NO SIGNIFICANT WEATHER WAS OBSERVED.


RELATIVE HUMIDITY (PERCENT)
 HIGHEST    96           300 AM
 LOWEST     41           200 PM
 AVERAGE    69

..........................................................


THE GRAND FORKS INTL AP ND CLIMATE NORMALS FOR TODAY
                         NORMAL    RECORD    YEAR
 MAXIMUM TEMPERATURE (F)   77        97      1953
 MINIMUM TEMPERATURE (F)   50        35      1987


SUNRISE AND SUNSET
AUGUST 31 2014........SUNRISE   645 AM CDT   SUNSET   812 PM CDT
SEPTEMBER  1 2014.....SUNRISE   647 AM CDT   SUNSET   810 PM CDT


-  INDICATES NEGATIVE NUMBERS.
R  INDICATES RECORD WAS SET OR TIED.
MM INDICATES DATA IS MISSING.
T  INDICATES TRACE AMOUNT.




$$
