000
CDUS43 KFGF 250719
CLIGFK


CLIMATE REPORT
NATIONAL WEATHER SERVICE EASTERN NORTH DAKOTA/GRAND FORKS
119 AM CST SUN JAN 25 2015


...................................

...THE GRAND FORKS INTL AP ND CLIMATE SUMMARY FOR JANUARY 24 2015...

CLIMATE NORMAL PERIOD 1981 TO 2010
CLIMATE RECORD PERIOD 1941 TO 2015


WEATHER ITEM   OBSERVED TIME   RECORD YEAR NORMAL DEPARTURE LAST
                VALUE   (LST)  VALUE       VALUE  FROM      YEAR
                                                  NORMAL
..................................................................
TEMPERATURE (F)
 YESTERDAY
  MAXIMUM         33    215 PM  45    1981  17     16       34
                                      1942
  MINIMUM         21   1159 PM -32    1966  -3     24        1
  AVERAGE         27                         7     20       18

PRECIPITATION (IN)
  YESTERDAY        0.00          0.35 1950   0.02  -0.02     0.03
  MONTH TO DATE    0.42                      0.44  -0.02     0.50
  SINCE DEC 1      0.64                      1.05  -0.41     1.32
  SINCE JAN 1      0.42                      0.44  -0.02     0.50

SNOWFALL (IN)
  YESTERDAY        0.0           5.5  1950   0.3   -0.3      0.4
  MONTH TO DATE    3.8                       8.6   -4.8     13.4
  SINCE DEC 1      5.6                      19.3  -13.7     36.2
  SINCE JUL 1      9.6                      28.5  -18.9     37.8
  SNOW DEPTH       T

DEGREE DAYS
 HEATING
  YESTERDAY       38                        58    -20       47
  MONTH TO DATE 1317                      1405    -88     1495
  SINCE DEC 1   2769                      3065   -296     3503
  SINCE JUL 1   4913                      5264   -351     5614

 COOLING
  YESTERDAY        0                         0      0        0
  MONTH TO DATE    0                         0      0        0
  SINCE DEC 1      0                         0      0        0
  SINCE JAN 1      0                         0      0        0
..................................................................


WIND (MPH)
  HIGHEST WIND SPEED    22   HIGHEST WIND DIRECTION     N (350)
  HIGHEST GUST SPEED    26   HIGHEST GUST DIRECTION     N (350)
  AVERAGE WIND SPEED     9.0


SKY COVER
  POSSIBLE SUNSHINE  MM
  AVERAGE SKY COVER 0.8


WEATHER CONDITIONS
 THE FOLLOWING WEATHER WAS RECORDED YESTERDAY.
  NO SIGNIFICANT WEATHER WAS OBSERVED.


RELATIVE HUMIDITY (PERCENT)
 HIGHEST    92          1200 AM
 LOWEST     81           800 PM
 AVERAGE    87

..........................................................


THE GRAND FORKS INTL AP ND CLIMATE NORMALS FOR TODAY
                         NORMAL    RECORD    YEAR
 MAXIMUM TEMPERATURE (F)   17        42      2002
 MINIMUM TEMPERATURE (F)   -3       -31      1972


SUNRISE AND SUNSET
JANUARY 25 2015.......SUNRISE   805 AM CST   SUNSET   518 PM CST
JANUARY 26 2015.......SUNRISE   804 AM CST   SUNSET   519 PM CST


-  INDICATES NEGATIVE NUMBERS.
R  INDICATES RECORD WAS SET OR TIED.
MM INDICATES DATA IS MISSING.
T  INDICATES TRACE AMOUNT.




$$
