000
CDUS43 KFGF 230635
CLIGFK


CLIMATE REPORT
NATIONAL WEATHER SERVICE EASTERN NORTH DAKOTA/GRAND FORKS
134 AM CDT WED APR 23 2014


...................................

...THE GRAND FORKS INTL AP ND CLIMATE SUMMARY FOR APRIL 22 2014...

CLIMATE NORMAL PERIOD 1981 TO 2010
CLIMATE RECORD PERIOD 1941 TO 2014


WEATHER ITEM   OBSERVED TIME   RECORD YEAR NORMAL DEPARTURE LAST
                VALUE   (LST)  VALUE       VALUE  FROM      YEAR
                                                  NORMAL
..................................................................
TEMPERATURE (F)
 YESTERDAY
  MAXIMUM         63    343 PM  88    1990  58      5       34
  MINIMUM         29    244 AM  22    2008  33     -4       26
                                      2004
                                      1967
  AVERAGE         46                        46      0       30

PRECIPITATION (IN)
  YESTERDAY        0.00          0.35 1968   0.04  -0.04     0.00
  MONTH TO DATE    0.21                      0.65  -0.44     0.78
  SINCE MAR 1      1.14                      1.61  -0.47     1.76
  SINCE JAN 1      2.21                      2.68  -0.47     2.55

SNOWFALL (IN)
  YESTERDAY        0.0           T    1996   0.1   -0.1      0.0
  MONTH TO DATE    1.1                       2.2   -1.1      6.7
  SINCE MAR 1     14.6                       9.4    5.2     20.3
  SINCE JUL 1     60.3                      46.6   13.7     50.2
  SNOW DEPTH       0

DEGREE DAYS
 HEATING
  YESTERDAY       19                        20     -1       35
  MONTH TO DATE  643                       554     89      806
  SINCE MAR 1   2098                      1789    309     2372
  SINCE JUL 1   9993                      8939   1054     9373

 COOLING
  YESTERDAY        0                         0      0        0
  MONTH TO DATE    0                         0      0        0
  SINCE MAR 1      0                         0      0        0
  SINCE JAN 1      0                         0      0        0
..................................................................


WIND (MPH)
  HIGHEST WIND SPEED    17   HIGHEST WIND DIRECTION    SE (120)
  HIGHEST GUST SPEED    24   HIGHEST GUST DIRECTION     E (110)
  AVERAGE WIND SPEED     7.1


SKY COVER
  POSSIBLE SUNSHINE  MM
  AVERAGE SKY COVER 0.4


WEATHER CONDITIONS
 THE FOLLOWING WEATHER WAS RECORDED YESTERDAY.
  FOG
  HAZE


RELATIVE HUMIDITY (PERCENT)
 HIGHEST   100           200 AM
 LOWEST     30           500 PM
 AVERAGE    65

..........................................................


THE GRAND FORKS INTL AP ND CLIMATE NORMALS FOR TODAY
                         NORMAL    RECORD    YEAR
 MAXIMUM TEMPERATURE (F)   59        90      1990
 MINIMUM TEMPERATURE (F)   33        22      1958


SUNRISE AND SUNSET
APRIL 23 2014.........SUNRISE   624 AM CDT   SUNSET   830 PM CDT
APRIL 24 2014.........SUNRISE   623 AM CDT   SUNSET   832 PM CDT


-  INDICATES NEGATIVE NUMBERS.
R  INDICATES RECORD WAS SET OR TIED.
MM INDICATES DATA IS MISSING.
T  INDICATES TRACE AMOUNT.




$$
