000
CDUS43 KFGF 260636
CLIGFK


CLIMATE REPORT
NATIONAL WEATHER SERVICE EASTERN NORTH DAKOTA/GRAND FORKS
133 AM CDT FRI AUG 26 2016


...................................

...THE GRAND FORKS INTL AP ND CLIMATE SUMMARY FOR AUGUST 25 2016...

CLIMATE NORMAL PERIOD 1981 TO 2010
CLIMATE RECORD PERIOD 1941 TO 2016


WEATHER ITEM   OBSERVED TIME   RECORD YEAR NORMAL DEPARTURE LAST
                VALUE   (LST)  VALUE       VALUE  FROM      YEAR
                                                  NORMAL
..................................................................
TEMPERATURE (F)
 YESTERDAY
  MAXIMUM         72    342 PM  97    2013  79     -7       72
                                      1953
  MINIMUM         50   1159 PM  37    1950  52     -2       42
  AVERAGE         61                        66     -5       57

PRECIPITATION (IN)
  YESTERDAY        T             0.95 1983   0.10  -0.10     0.00
  MONTH TO DATE    3.21                      2.34   0.87     2.89
  SINCE JUN 1     11.81                      8.97   2.84    10.50
  SINCE JAN 1     18.20                     14.69   3.51    16.81

SNOWFALL (IN)
  YESTERDAY        0.0          MM      MM   0.0    0.0      0.0
  MONTH TO DATE    0.0                       0.0    0.0      0.0
  SINCE JUN 1      0.0                       0.0    0.0      0.0
  SINCE JUL 1      0.0                       0.0    0.0      0.0
  SNOW DEPTH       0

DEGREE DAYS
 HEATING
  YESTERDAY        4                         3      1        8
  MONTH TO DATE   11                        35    -24       46
  SINCE JUN 1     77                       166    -89      118
  SINCE JUL 1     23                        63    -40       60

 COOLING
  YESTERDAY        0                         3     -3        0
  MONTH TO DATE  129                       106     23       98
  SINCE JUN 1    374                       322     52      358
  SINCE JAN 1    396                       339     57      364
..................................................................


WIND (MPH)
  HIGHEST WIND SPEED    22   HIGHEST WIND DIRECTION     N (340)
  HIGHEST GUST SPEED    28   HIGHEST GUST DIRECTION    NW (330)
  AVERAGE WIND SPEED    11.4


SKY COVER
  POSSIBLE SUNSHINE  MM
  AVERAGE SKY COVER 0.6


WEATHER CONDITIONS
 THE FOLLOWING WEATHER WAS RECORDED YESTERDAY.
  LIGHT RAIN
  FOG
  HAZE


RELATIVE HUMIDITY (PERCENT)
 HIGHEST    89          1000 PM
 LOWEST     44           400 PM
 AVERAGE    67

..........................................................


THE GRAND FORKS INTL AP ND CLIMATE NORMALS FOR TODAY
                         NORMAL    RECORD    YEAR
 MAXIMUM TEMPERATURE (F)   78        97      1953
 MINIMUM TEMPERATURE (F)   52        37      1982


SUNRISE AND SUNSET
AUGUST 26 2016........SUNRISE   639 AM CDT   SUNSET   820 PM CDT
AUGUST 27 2016........SUNRISE   641 AM CDT   SUNSET   818 PM CDT


-  INDICATES NEGATIVE NUMBERS.
R  INDICATES RECORD WAS SET OR TIED.
MM INDICATES DATA IS MISSING.
T  INDICATES TRACE AMOUNT.




$$
