000
CDUS43 KFGF 282252
CLIGFK


CLIMATE REPORT
NATIONAL WEATHER SERVICE EASTERN NORTH DAKOTA/GRAND FORKS
452 PM CST FRI NOV 28 2014


...................................

...THE GRAND FORKS INTL AP ND CLIMATE SUMMARY FOR NOVEMBER 28 2014...
VALID TODAY AS OF 0400 PM LOCAL TIME.

CLIMATE NORMAL PERIOD 1981 TO 2010
CLIMATE RECORD PERIOD 1941 TO 2014


WEATHER ITEM   OBSERVED TIME   RECORD YEAR NORMAL DEPARTURE LAST
                VALUE   (LST)  VALUE       VALUE  FROM      YEAR
                                                  NORMAL
..................................................................
TEMPERATURE (F)
 TODAY
  MAXIMUM         15    359 PM  51    2011  27    -12       20
  MINIMUM          9    109 AM -29    1985  10     -1       -2
  AVERAGE         12                        19     -7        9

PRECIPITATION (IN)
  TODAY            0.03          0.36 1960   0.03   0.00      T
  MONTH TO DATE    0.31                      0.91  -0.60     0.15
  SINCE SEP 1      1.97                      4.93  -2.96     4.60
  SINCE JAN 1     22.65                     20.16   2.49    18.83

SNOWFALL (IN)
  TODAY           MM             3.6  1960   0.3   MM         T
  MONTH TO DATE    3.7                       7.0   -3.3      1.6
  SINCE SEP 1      3.7                       8.5   -4.8      1.6
  SINCE JUL 1      3.7                       8.5   -4.8      1.6
  SNOW DEPTH       1

DEGREE DAYS
 HEATING
  TODAY           53                        46      7       56
  MONTH TO DATE 1207                      1074    133     1117
  SINCE SEP 1   1976                      2023    -47     1938
  SINCE JUL 1   2030                      2105    -75     2020

 COOLING
  TODAY            0                         0      0        0
  MONTH TO DATE    0                         0      0        0
  SINCE SEP 1     34                        27      7       39
  SINCE JAN 1    395                       379     16      487
..................................................................


WIND (MPH)
  HIGHEST WIND SPEED    15   HIGHEST WIND DIRECTION    SE (150)
  HIGHEST GUST SPEED    18   HIGHEST GUST DIRECTION    SE (140)
  AVERAGE WIND SPEED     9.1


SKY COVER
  POSSIBLE SUNSHINE  MM
  AVERAGE SKY COVER 1.0


WEATHER CONDITIONS
 THE FOLLOWING WEATHER WAS RECORDED TODAY.
  LIGHT SNOW
  FOG
  HAZE


RELATIVE HUMIDITY (PERCENT)
 HIGHEST    83           100 AM
 LOWEST     73           100 PM
 AVERAGE    78

..........................................................


THE GRAND FORKS INTL AP ND CLIMATE NORMALS FOR TOMORROW
                         NORMAL    RECORD    YEAR
 MAXIMUM TEMPERATURE (F)   27        44      1990
 MINIMUM TEMPERATURE (F)   10       -31      1985


SUNRISE AND SUNSET
NOVEMBER 28 2014......SUNRISE   753 AM CST   SUNSET   440 PM CST
NOVEMBER 29 2014......SUNRISE   755 AM CST   SUNSET   439 PM CST


-  INDICATES NEGATIVE NUMBERS.
R  INDICATES RECORD WAS SET OR TIED.
MM INDICATES DATA IS MISSING.
T  INDICATES TRACE AMOUNT.




$$
