000
CDUS44 KSHV 220847
CLIGGG


CLIMATE REPORT
NATIONAL WEATHER SERVICE SHREVEPORT, LA
247 AM CST WED FEB 22 2017


...................................

...THE LONGVIEW CLIMATE SUMMARY FOR FEBRUARY 21 2017...

CLIMATE NORMAL PERIOD 1981 TO 2010
CLIMATE RECORD PERIOD 1902 TO 2017


WEATHER ITEM   OBSERVED TIME   RECORD YEAR NORMAL DEPARTURE LAST
                VALUE   (LST)  VALUE       VALUE  FROM      YEAR
                                                  NORMAL
..................................................................
TEMPERATURE (F)
 YESTERDAY
  MAXIMUM         72    449 PM  86    1996  63      9       72
  MINIMUM         55   1118 PM  22    1939  40     15       63
  AVERAGE         64                        52     12       68

PRECIPITATION (IN)
  YESTERDAY        0.00          1.83 1961   0.15  -0.15     0.43
  MONTH TO DATE    2.36                      2.98  -0.62     1.79
  SINCE DEC 1     12.66                     10.79   1.87     9.57
  SINCE JAN 1      7.86                      6.30   1.56     3.51

SNOWFALL (IN)
  YESTERDAY        0.0
  MONTH TO DATE    0.0
  SINCE DEC 1      0.0
  SINCE JUL 1      0.0
  SNOW DEPTH       0

DEGREE DAYS
 HEATING
  YESTERDAY        1                        14    -13        0
  MONTH TO DATE  141                       334   -193      235
  SINCE DEC 1    907                      1445   -538     1154
  SINCE JUL 1   1067                      1817   -750     1354

 COOLING
  YESTERDAY        0                         0      0        3
  MONTH TO DATE   30                         0     30        6
  SINCE DEC 1     67                        10     57       28
  SINCE JAN 1     49                         4     45        6
..................................................................


WIND (MPH)
  HIGHEST WIND SPEED    20   HIGHEST WIND DIRECTION    NW (320)
  HIGHEST GUST SPEED    23   HIGHEST GUST DIRECTION    NW (330)
  AVERAGE WIND SPEED     6.9


SKY COVER
  POSSIBLE SUNSHINE  MM
  AVERAGE SKY COVER 0.7


WEATHER CONDITIONS
 THE FOLLOWING WEATHER WAS RECORDED YESTERDAY.
  FOG


RELATIVE HUMIDITY (PERCENT)
 HIGHEST   100          1200 AM
 LOWEST     53           400 PM
 AVERAGE    77

..........................................................


THE LONGVIEW CLIMATE NORMALS FOR TODAY
                         NORMAL    RECORD    YEAR
 MAXIMUM TEMPERATURE (F)   64        89      1996
 MINIMUM TEMPERATURE (F)   41        21      1964


SUNRISE AND SUNSET
FEBRUARY 22 2017......SUNRISE   654 AM CST   SUNSET   611 PM CST
FEBRUARY 23 2017......SUNRISE   653 AM CST   SUNSET   612 PM CST


-  INDICATES NEGATIVE NUMBERS.
R  INDICATES RECORD WAS SET OR TIED.
MM INDICATES DATA IS MISSING.
T  INDICATES TRACE AMOUNT.




$$
