000
CDUS44 KSHV 210826
CLIGGG


CLIMATE REPORT
NATIONAL WEATHER SERVICE SHREVEPORT, LA
321 AM CDT SUN SEP 21 2014


...................................

...THE LONGVIEW CLIMATE SUMMARY FOR SEPTEMBER 20 2014...

CLIMATE NORMAL PERIOD 1981 TO 2010
CLIMATE RECORD PERIOD 1902 TO 2014


WEATHER ITEM   OBSERVED TIME   RECORD YEAR NORMAL DEPARTURE LAST
                VALUE   (LST)  VALUE       VALUE  FROM      YEAR
                                                  NORMAL
..................................................................
TEMPERATURE (F)
 YESTERDAY
  MAXIMUM         92    340 PM 103    1956  86      6       77
  MINIMUM         69    629 AM  50    1991  63      6       69
  AVERAGE         81                        75      6       73

PRECIPITATION (IN)
  YESTERDAY        0.00          3.93 2013   0.11  -0.11     3.93
  MONTH TO DATE    0.73                      2.11  -1.38     4.56
  SINCE DEC 1     30.90                     37.25  -6.35    29.24
  SINCE JAN 1     26.75                     32.76  -6.01    24.89

SNOWFALL (IN)
  YESTERDAY        0.0
  MONTH TO DATE    0.0
  SINCE SEP 1      0.0
  SINCE JUL 1      0.0
  SNOW DEPTH       0

DEGREE DAYS
 HEATING
  YESTERDAY        0                         0      0        0
  MONTH TO DATE    0                         0      0        0
  SINCE SEP 1      0                         0      0        0
  SINCE JUL 1      0                         0      0        0

 COOLING
  YESTERDAY       16                        10      6        8
  MONTH TO DATE  324                       257     67      387
  SINCE SEP 1    324                       257     67      387
  SINCE JAN 1   2178                      2197    -19     2482
..................................................................


WIND (MPH)
  HIGHEST WIND SPEED    16   HIGHEST WIND DIRECTION     E (70)
  HIGHEST GUST SPEED    22   HIGHEST GUST DIRECTION     E (70)
  AVERAGE WIND SPEED     2.7


SKY COVER
  POSSIBLE SUNSHINE  MM
  AVERAGE SKY COVER 0.1


WEATHER CONDITIONS
 THE FOLLOWING WEATHER WAS RECORDED YESTERDAY.
  FOG


RELATIVE HUMIDITY (PERCENT)
 HIGHEST    90          1200 AM
 LOWEST     38           200 PM
 AVERAGE    64

..........................................................


THE LONGVIEW CLIMATE NORMALS FOR TODAY
                         NORMAL    RECORD    YEAR
 MAXIMUM TEMPERATURE (F)   86       102      1936
 MINIMUM TEMPERATURE (F)   63        47      1938


SUNRISE AND SUNSET
SEPTEMBER 21 2014.....SUNRISE   706 AM CDT   SUNSET   717 PM CDT
SEPTEMBER 22 2014.....SUNRISE   707 AM CDT   SUNSET   715 PM CDT


-  INDICATES NEGATIVE NUMBERS.
R  INDICATES RECORD WAS SET OR TIED.
MM INDICATES DATA IS MISSING.
T  INDICATES TRACE AMOUNT.




$$
