778
CDUS44 KSHV 210854
CLIGGG


CLIMATE REPORT
NATIONAL WEATHER SERVICE SHREVEPORT, LA
254 AM CST SAT JAN 21 2017


...................................

...THE LONGVIEW CLIMATE SUMMARY FOR JANUARY 20 2017...

CLIMATE NORMAL PERIOD 1981 TO 2010
CLIMATE RECORD PERIOD 1902 TO 2017


WEATHER ITEM   OBSERVED TIME   RECORD YEAR NORMAL DEPARTURE LAST
                VALUE   (LST)  VALUE       VALUE  FROM      YEAR
                                                  NORMAL
..................................................................
TEMPERATURE (F)
 YESTERDAY
  MAXIMUM         75    257 PM  80    2012  57     18       56
  MINIMUM         55   1027 PM  13    1963  36     19       39
  AVERAGE         65                        46     19       48

PRECIPITATION (IN)
  YESTERDAY        0.00          2.20 1958   0.10  -0.10      T
  MONTH TO DATE    5.39                      2.06   3.33     0.75
  SINCE DEC 1     10.19                      6.55   3.64     6.81
  SINCE JAN 1      5.39                      2.06   3.33     0.75

SNOWFALL (IN)
  YESTERDAY        0.0
  MONTH TO DATE    0.0
  SINCE DEC 1      0.0
  SINCE JUL 1      0.0
  SNOW DEPTH       0

DEGREE DAYS
 HEATING
  YESTERDAY        0                        19    -19       17
  MONTH TO DATE  230                       380   -150      395
  SINCE DEC 1    645                       914   -269      752
  SINCE JUL 1    805                      1286   -481      952

 COOLING
  YESTERDAY        0                         0      0        0
  MONTH TO DATE   19                         0     19        0
  SINCE DEC 1     37                         6     31       22
  SINCE JAN 1     19                         0     19        0
..................................................................


WIND (MPH)
  HIGHEST WIND SPEED    18   HIGHEST WIND DIRECTION     S (200)
  HIGHEST GUST SPEED    24   HIGHEST GUST DIRECTION    SW (210)
  AVERAGE WIND SPEED    10.9


SKY COVER
  POSSIBLE SUNSHINE  MM
  AVERAGE SKY COVER 0.1


WEATHER CONDITIONS
 THE FOLLOWING WEATHER WAS RECORDED YESTERDAY.
  NO SIGNIFICANT WEATHER WAS OBSERVED.


RELATIVE HUMIDITY (PERCENT)
 HIGHEST   100          1200 AM
 LOWEST     41           200 PM
 AVERAGE    71

..........................................................


THE LONGVIEW CLIMATE NORMALS FOR TODAY
                         NORMAL    RECORD    YEAR
 MAXIMUM TEMPERATURE (F)   57        83      1911
 MINIMUM TEMPERATURE (F)   36        15      1963


SUNRISE AND SUNSET
JANUARY 21 2017.......SUNRISE   719 AM CST   SUNSET   542 PM CST
JANUARY 22 2017.......SUNRISE   718 AM CST   SUNSET   543 PM CST


-  INDICATES NEGATIVE NUMBERS.
R  INDICATES RECORD WAS SET OR TIED.
MM INDICATES DATA IS MISSING.
T  INDICATES TRACE AMOUNT.




$$
