000
CDUS44 KSHV 290830
CLIGGG


CLIMATE REPORT
NATIONAL WEATHER SERVICE SHREVEPORT, LA
326 AM CDT FRI JUL 29 2016


...................................

...THE LONGVIEW CLIMATE SUMMARY FOR JULY 28 2016...

CLIMATE NORMAL PERIOD 1981 TO 2010
CLIMATE RECORD PERIOD 1902 TO 2016


WEATHER ITEM   OBSERVED TIME   RECORD YEAR NORMAL DEPARTURE LAST
                VALUE   (LST)  VALUE       VALUE  FROM      YEAR
                                                  NORMAL
..................................................................
TEMPERATURE (F)
 YESTERDAY
  MAXIMUM         91   1247 PM 104    1998  94     -3      100
  MINIMUM         73   1159 PM  63    1994  73      0       79
  AVERAGE         82                        84     -2       90

PRECIPITATION (IN)
  YESTERDAY        0.34          1.20 1904   0.06   0.28     0.00
  MONTH TO DATE    1.82                      2.68  -0.86     0.15
  SINCE DEC 1     40.89                     31.91   8.98    43.91
  SINCE JAN 1     34.83                     27.42   7.41    41.61

SNOWFALL (IN)
  YESTERDAY        0.0
  MONTH TO DATE    0.0
  SINCE JUN 1      0.0
  SINCE JUL 1      0.0
  SNOW DEPTH       0

DEGREE DAYS
 HEATING
  YESTERDAY        0                         0      0        0
  MONTH TO DATE    0                         0      0        0
  SINCE JUN 1      0                         0      0        0
  SINCE JUL 1      0                         0      0        0

 COOLING
  YESTERDAY       17                        19     -2       25
  MONTH TO DATE  577                       519     58      551
  SINCE JUN 1   1059                       958    101     1037
  SINCE JAN 1   1421                      1337     84     1495
..................................................................


WIND (MPH)
  HIGHEST WIND SPEED    21   HIGHEST WIND DIRECTION     S (170)
  HIGHEST GUST SPEED    27   HIGHEST GUST DIRECTION     S (180)
  AVERAGE WIND SPEED     8.2


SKY COVER
  POSSIBLE SUNSHINE  MM
  AVERAGE SKY COVER 0.5


WEATHER CONDITIONS
 THE FOLLOWING WEATHER WAS RECORDED YESTERDAY.
  THUNDERSTORM
  RAIN
  LIGHT RAIN
  FOG


RELATIVE HUMIDITY (PERCENT)
 HIGHEST   100          1200 AM
 LOWEST     68          1200 PM
 AVERAGE    84

..........................................................


THE LONGVIEW CLIMATE NORMALS FOR TODAY
                         NORMAL    RECORD    YEAR
 MAXIMUM TEMPERATURE (F)   94       105      2012
                                             1930
 MINIMUM TEMPERATURE (F)   73        62      1928


SUNRISE AND SUNSET
JULY 29 2016..........SUNRISE   632 AM CDT   SUNSET   818 PM CDT
JULY 30 2016..........SUNRISE   633 AM CDT   SUNSET   818 PM CDT


-  INDICATES NEGATIVE NUMBERS.
R  INDICATES RECORD WAS SET OR TIED.
MM INDICATES DATA IS MISSING.
T  INDICATES TRACE AMOUNT.




$$
