000
CDUS44 KSHV 290740
CLIGGG


CLIMATE REPORT
NATIONAL WEATHER SERVICE SHREVEPORT, LA
239 AM CDT FRI APR 29 2016


...................................

...THE LONGVIEW CLIMATE SUMMARY FOR APRIL 28 2016...

CLIMATE NORMAL PERIOD 1981 TO 2010
CLIMATE RECORD PERIOD 1902 TO 2016


WEATHER ITEM   OBSERVED TIME   RECORD YEAR NORMAL DEPARTURE LAST
                VALUE   (LST)  VALUE       VALUE  FROM      YEAR
                                                  NORMAL
..................................................................
TEMPERATURE (F)
 YESTERDAY
  MAXIMUM         85    320 PM  91    1938  79      6       62
  MINIMUM         55    541 AM  42    2008  57     -2       51
                                      1921
  AVERAGE         70                        68      2       57

PRECIPITATION (IN)
  YESTERDAY        0.00          1.75 1932   0.10  -0.10     0.19
  MONTH TO DATE    5.17                      2.97   2.20     6.19
  SINCE DEC 1     26.16                     19.17   6.99    25.54
  SINCE JAN 1     20.10                     14.68   5.42    23.24

SNOWFALL (IN)
  YESTERDAY        0.0
  MONTH TO DATE    0.0
  SINCE MAR 1      0.0
  SINCE JUL 1      0.0
  SNOW DEPTH       0

DEGREE DAYS
 HEATING
  YESTERDAY        0                         1     -1        8
  MONTH TO DATE   49                        87    -38       38
  SINCE MAR 1    190                       342   -152      307
  SINCE JUL 1   1639                      2246   -607     2280

 COOLING
  YESTERDAY        5                         4      1        0
  MONTH TO DATE   80                        77      3      137
  SINCE MAR 1    118                       104     14      162
  SINCE JAN 1    124                       116      8      162
..................................................................


WIND (MPH)
  HIGHEST WIND SPEED    14   HIGHEST WIND DIRECTION     E (100)
  HIGHEST GUST SPEED    22   HIGHEST GUST DIRECTION     E (110)
  AVERAGE WIND SPEED     5.4


SKY COVER
  POSSIBLE SUNSHINE  MM
  AVERAGE SKY COVER 0.0


WEATHER CONDITIONS
 THE FOLLOWING WEATHER WAS RECORDED YESTERDAY.
  NO SIGNIFICANT WEATHER WAS OBSERVED.


RELATIVE HUMIDITY (PERCENT)
 HIGHEST   100           600 AM
 LOWEST     43           200 PM
 AVERAGE    72

..........................................................


THE LONGVIEW CLIMATE NORMALS FOR TODAY
                         NORMAL    RECORD    YEAR
 MAXIMUM TEMPERATURE (F)   80        92      1938
 MINIMUM TEMPERATURE (F)   57        41      1921


SUNRISE AND SUNSET
APRIL 29 2016.........SUNRISE   634 AM CDT   SUNSET   759 PM CDT
APRIL 30 2016.........SUNRISE   633 AM CDT   SUNSET   800 PM CDT


-  INDICATES NEGATIVE NUMBERS.
R  INDICATES RECORD WAS SET OR TIED.
MM INDICATES DATA IS MISSING.
T  INDICATES TRACE AMOUNT.




$$
