000
CDUS44 KSHV 232145
CLIGGG


CLIMATE REPORT
NATIONAL WEATHER SERVICE SHREVEPORT, LA
444 PM CDT TUE AUG 23 2016


...................................

...THE LONGVIEW CLIMATE SUMMARY FOR AUGUST 23 2016...
VALID TODAY AS OF 0400 PM LOCAL TIME.

CLIMATE NORMAL PERIOD 1981 TO 2010
CLIMATE RECORD PERIOD 1902 TO 2016


WEATHER ITEM   OBSERVED TIME   RECORD YEAR NORMAL DEPARTURE LAST
                VALUE   (LST)  VALUE       VALUE  FROM      YEAR
                                                  NORMAL
..................................................................
TEMPERATURE (F)
 TODAY
  MAXIMUM         91    253 PM 107    1980  94     -3       96
  MINIMUM         71    603 AM  58    1931  71      0       78
  AVERAGE         81                        82     -1       87

PRECIPITATION (IN)
  TODAY            0.00          2.20 1942   0.10  -0.10     0.00
  MONTH TO DATE    4.77                      2.21   2.56     1.62
  SINCE DEC 1     45.66                     34.33  11.33    45.53
  SINCE JAN 1     39.60                     29.84   9.76    43.23

DEGREE DAYS
 HEATING
  TODAY            0                         0      0        0
  MONTH TO DATE    0                         0      0        0
  SINCE JUN 1      0                         0      0        0
  SINCE JUL 1      0                         0      0        0

 COOLING
  TODAY           16                        17     -1       22
  MONTH TO DATE  428                       419      9      484
  SINCE JUN 1   1546                      1430    116     1591
  SINCE JAN 1   1908                      1809     99     2049
..................................................................


WIND (MPH)
  HIGHEST WIND SPEED    14   HIGHEST WIND DIRECTION    SW (220)
  HIGHEST GUST SPEED    20   HIGHEST GUST DIRECTION    SW (220)
  AVERAGE WIND SPEED     7.9


SKY COVER
  POSSIBLE SUNSHINE  MM
  AVERAGE SKY COVER 0.4


WEATHER CONDITIONS
 THE FOLLOWING WEATHER WAS RECORDED TODAY.
  FOG


RELATIVE HUMIDITY (PERCENT)
 HIGHEST   100          1200 AM
 LOWEST     60           300 PM
 AVERAGE    80

..........................................................


THE LONGVIEW CLIMATE NORMALS FOR TOMORROW
                         NORMAL    RECORD    YEAR
 MAXIMUM TEMPERATURE (F)   94       104      1938
 MINIMUM TEMPERATURE (F)   71        61      1931


SUNRISE AND SUNSET
AUGUST 23 2016........SUNRISE   648 AM CDT   SUNSET   754 PM CDT
AUGUST 24 2016........SUNRISE   649 AM CDT   SUNSET   752 PM CDT


-  INDICATES NEGATIVE NUMBERS.
R  INDICATES RECORD WAS SET OR TIED.
MM INDICATES DATA IS MISSING.
T  INDICATES TRACE AMOUNT.




$$
