000
CDUS45 KGJT 192327
CLIGJT


CLIMATE REPORT
NATIONAL WEATHER SERVICE GRAND JUNCTION CO
530 PM MDT SAT APR 19 2014


...................................

...THE GRAND JUNCTION CO CLIMATE SUMMARY FOR APRIL 19 2014...
VALID TODAY AS OF 0500 PM LOCAL TIME.

CLIMATE NORMAL PERIOD 1981 TO 2010
CLIMATE RECORD PERIOD 1893 TO 2014


WEATHER ITEM   OBSERVED TIME   RECORD YEAR NORMAL DEPARTURE LAST
                VALUE   (LST)  VALUE       VALUE  FROM      YEAR
                                                  NORMAL
..................................................................
TEMPERATURE (F)
 TODAY
  MAXIMUM         65    328 PM  86    1962  66     -1       52
  MINIMUM         50    858 AM  25    2013  39     11       25
  AVERAGE         58                        53      5       39

PRECIPITATION (IN)
  TODAY            0.06          0.49 1909   0.03   0.03     0.00
  MONTH TO DATE    0.64                      0.60   0.04     1.15
  SINCE MAR 1      0.74                      1.52  -0.78     1.50
  SINCE JAN 1      2.12                      2.64  -0.52     2.50

SNOWFALL (IN)
  TODAY            0.0           0.9  1941   0.0    0.0      0.0
  MONTH TO DATE    T                         0.8   -0.8      4.6
  SINCE MAR 1      T                         3.4   -3.4      4.6
  SINCE JUL 1     25.7                      18.9    6.8     24.6
  SNOW DEPTH       0

DEGREE DAYS
 HEATING
  TODAY            7                        12     -5       26
  MONTH TO DATE  301                       285     16      358
  SINCE MAR 1    953                       938     15     1007
  SINCE JUL 1   5891                      5317    574     5770

 COOLING
  TODAY            0                         0      0        0
  MONTH TO DATE    0                         0      0        0
  SINCE MAR 1      0                         0      0        0
  SINCE JAN 1      0                         0      0        0
..................................................................


WIND (MPH)
  HIGHEST WIND SPEED    17   HIGHEST WIND DIRECTION    NW (330)
  HIGHEST GUST SPEED    21   HIGHEST GUST DIRECTION    NW (330)
  AVERAGE WIND SPEED     6.7


SKY COVER
  POSSIBLE SUNSHINE  MM
  AVERAGE SKY COVER 0.8


WEATHER CONDITIONS
 THE FOLLOWING WEATHER WAS RECORDED TODAY.
  LIGHT RAIN
  FOG


RELATIVE HUMIDITY (PERCENT)
 HIGHEST    86           700 AM
 LOWEST     32          1200 AM
 AVERAGE    59

..........................................................


THE GRAND JUNCTION CO CLIMATE NORMALS FOR TOMORROW
                         NORMAL    RECORD    YEAR
 MAXIMUM TEMPERATURE (F)   67        85      1989
 MINIMUM TEMPERATURE (F)   39        25      1967


SUNRISE AND SUNSET
APRIL 19 2014.........SUNRISE   632 AM MDT   SUNSET   755 PM MDT
APRIL 20 2014.........SUNRISE   630 AM MDT   SUNSET   756 PM MDT


-  INDICATES NEGATIVE NUMBERS.
R  INDICATES RECORD WAS SET OR TIED.
MM INDICATES DATA IS MISSING.
T  INDICATES TRACE AMOUNT.




$$
