000
CDUS45 KGJT 282342
CLIGJT


CLIMATE REPORT
NATIONAL WEATHER SERVICE GRAND JUNCTION CO
540 PM MDT SUN MAY 28 2017


...................................

...THE GRAND JUNCTION CO CLIMATE SUMMARY FOR MAY 28 2017...
VALID TODAY AS OF 0500 PM LOCAL TIME.

CLIMATE NORMAL PERIOD 1981 TO 2010
CLIMATE RECORD PERIOD 1893 TO 2017


WEATHER ITEM   OBSERVED TIME   RECORD YEAR NORMAL DEPARTURE LAST
                VALUE   (LST)  VALUE       VALUE  FROM      YEAR
                                                  NORMAL
..................................................................
TEMPERATURE (F)
 TODAY
  MAXIMUM         78    310 PM  96    2000  81     -3       77
  MINIMUM         45    523 AM  35    1908  50     -5       43
  AVERAGE         62                        66     -4       60

PRECIPITATION (IN)
  TODAY            0.00          0.56 1924   0.02  -0.02     0.00
  MONTH TO DATE    0.66                      0.81  -0.15     0.91
  SINCE MAR 1      1.28                      2.64  -1.36     3.60
  SINCE JAN 1      2.83                      3.76  -0.93     4.97

SNOWFALL (IN)
  TODAY            0.0           0.0  2002   0.0    0.0      0.0
                                      2001
                                      2000
  MONTH TO DATE    T                         0.1   -0.1       T
  SINCE MAR 1      T                         3.6   -3.6      1.1
  SINCE JUL 1     13.9                      19.1   -5.2     28.5
  SNOW DEPTH      MM

DEGREE DAYS
 HEATING
  TODAY            3                         2      1        5
  MONTH TO DATE  161                       148     13      191
  SINCE MAR 1    974                      1203   -229     1235
  SINCE JUL 1   4621                      5582   -961     5713

 COOLING
  TODAY            0                         3     -3        0
  MONTH TO DATE   31                        38     -7       12
  SINCE MAR 1     32                        41     -9       12
  SINCE JAN 1     32                        41     -9       12
..................................................................


WIND (MPH)
  HIGHEST WIND SPEED    17   HIGHEST WIND DIRECTION    NE (60)
  HIGHEST GUST SPEED    24   HIGHEST GUST DIRECTION     S (190)
  AVERAGE WIND SPEED     7.6


SKY COVER
  POSSIBLE SUNSHINE  MM
  AVERAGE SKY COVER 0.0


WEATHER CONDITIONS
 THE FOLLOWING WEATHER WAS RECORDED TODAY.
  NO SIGNIFICANT WEATHER WAS OBSERVED.


RELATIVE HUMIDITY (PERCENT)
 HIGHEST    60           500 AM
 LOWEST      8           400 PM
 AVERAGE    34

..........................................................


THE GRAND JUNCTION CO CLIMATE NORMALS FOR TOMORROW
                         NORMAL    RECORD    YEAR
 MAXIMUM TEMPERATURE (F)   81       101      2000
 MINIMUM TEMPERATURE (F)   51        34      2006


SUNRISE AND SUNSET
MAY 28 2017...........SUNRISE   552 AM MDT   SUNSET   832 PM MDT
MAY 29 2017...........SUNRISE   551 AM MDT   SUNSET   832 PM MDT


-  INDICATES NEGATIVE NUMBERS.
R  INDICATES RECORD WAS SET OR TIED.
MM INDICATES DATA IS MISSING.
T  INDICATES TRACE AMOUNT.




$$
