000
CDUS45 KGJT 290810
CLIGJT


CLIMATE REPORT
NATIONAL WEATHER SERVICE GRAND JUNCTION CO
105 AM MST MON DEC 29 2014


...................................

...THE GRAND JUNCTION CO CLIMATE SUMMARY FOR DECEMBER 28 2014...

CLIMATE NORMAL PERIOD 1981 TO 2010
CLIMATE RECORD PERIOD 1893 TO 2014


WEATHER ITEM   OBSERVED TIME   RECORD YEAR NORMAL DEPARTURE LAST
                VALUE   (LST)  VALUE       VALUE  FROM      YEAR
                                                  NORMAL
..................................................................
TEMPERATURE (F)
 YESTERDAY
  MAXIMUM         30   1239 PM  54    1955  37     -7       25
  MINIMUM         13   1210 AM -13    1909  17     -4        9
  AVERAGE         22                        27     -5       17

PRECIPITATION (IN)
  YESTERDAY        0.01          0.52 1946   0.02  -0.01     0.00
  MONTH TO DATE    0.89                      0.53   0.36     0.96
  SINCE DEC 1      0.89                      0.53   0.36     0.96
  SINCE JAN 1     11.79                      9.36   2.43    12.43

SNOWFALL (IN)
  YESTERDAY        0.1           4.1  1946   0.2   -0.1      0.0
  MONTH TO DATE    3.0                       4.3   -1.3     10.7
  SINCE DEC 1      3.0                       4.3   -1.3     10.7
  SINCE JUL 1      3.0                       6.8   -3.8     15.5
  SNOW DEPTH       1

DEGREE DAYS
 HEATING
  YESTERDAY       43                        38      5       48
  MONTH TO DATE  864                      1016   -152     1389
  SINCE DEC 1    864                      1016   -152     1389
  SINCE JUL 1   2088                      2244   -156     2728

 COOLING
  YESTERDAY        0                         0      0        0
  MONTH TO DATE    0                         0      0        0
  SINCE DEC 1      0                         0      0        0
  SINCE JAN 1   1046                      1125    -79     1269
..................................................................


WIND (MPH)
  HIGHEST WIND SPEED    12   HIGHEST WIND DIRECTION     E (100)
  HIGHEST GUST SPEED    13   HIGHEST GUST DIRECTION     E (110)
  AVERAGE WIND SPEED     4.4


SKY COVER
  POSSIBLE SUNSHINE  MM
  AVERAGE SKY COVER 0.7


WEATHER CONDITIONS
 THE FOLLOWING WEATHER WAS RECORDED YESTERDAY.
  LIGHT SNOW
  FOG
  HAZE


RELATIVE HUMIDITY (PERCENT)
 HIGHEST    88          1200 AM
 LOWEST     50          1200 PM
 AVERAGE    69

..........................................................


THE GRAND JUNCTION CO CLIMATE NORMALS FOR TODAY
                         NORMAL    RECORD    YEAR
 MAXIMUM TEMPERATURE (F)   37        61      1965
 MINIMUM TEMPERATURE (F)   17       -13      1909


SUNRISE AND SUNSET
DECEMBER 29 2014......SUNRISE   733 AM MST   SUNSET   500 PM MST
DECEMBER 30 2014......SUNRISE   733 AM MST   SUNSET   501 PM MST


-  INDICATES NEGATIVE NUMBERS.
R  INDICATES RECORD WAS SET OR TIED.
MM INDICATES DATA IS MISSING.
T  INDICATES TRACE AMOUNT.




$$
