000
CDUS45 KGJT 280739
CLIGJT


CLIMATE REPORT
NATIONAL WEATHER SERVICE GRAND JUNCTION CO
136 AM MDT THU MAY 28 2015


...................................

...THE GRAND JUNCTION CO CLIMATE SUMMARY FOR MAY 27 2015...

CLIMATE NORMAL PERIOD 1981 TO 2010
CLIMATE RECORD PERIOD 1893 TO 2015


WEATHER ITEM   OBSERVED TIME   RECORD YEAR NORMAL DEPARTURE LAST
                VALUE   (LST)  VALUE       VALUE  FROM      YEAR
                                                  NORMAL
..................................................................
TEMPERATURE (F)
 YESTERDAY
  MAXIMUM         75    325 PM  93    2003  80     -5       87
                                      1969
  MINIMUM         45    525 AM  36    1973  50     -5       50
  AVERAGE         60                        65     -5       69

PRECIPITATION (IN)
  YESTERDAY        0.04          0.73 1926   0.03   0.01     0.00
  MONTH TO DATE    1.82                      0.79   1.03     1.48
  SINCE MAR 1      4.21                      2.62   1.59     2.39
  SINCE JAN 1      5.07                      3.74   1.33     3.77

SNOWFALL (IN)
  YESTERDAY        0.0           0.0  2014   0.0    0.0      0.0
  MONTH TO DATE    0.1                       0.1    0.0      0.0
  SINCE MAR 1      4.0                       3.6    0.4       T
  SINCE JUL 1     12.6                      19.1   -6.5     25.7
  SNOW DEPTH       0

DEGREE DAYS
 HEATING
  YESTERDAY        5                         3      2        0
  MONTH TO DATE  216                       146     70      204
  SINCE MAR 1   1171                      1201    -30     1312
  SINCE JUL 1   5156                      5580   -424     6250

 COOLING
  YESTERDAY        0                         3     -3        4
  MONTH TO DATE    2                        35    -33       26
  SINCE MAR 1      2                        38    -36       26
  SINCE JAN 1      2                        38    -36       26
..................................................................


WIND (MPH)
  HIGHEST WIND SPEED    33   HIGHEST WIND DIRECTION    NW (310)
  HIGHEST GUST SPEED    40   HIGHEST GUST DIRECTION    NW (310)
  AVERAGE WIND SPEED     6.2


SKY COVER
  POSSIBLE SUNSHINE  MM
  AVERAGE SKY COVER 0.1


WEATHER CONDITIONS
 THE FOLLOWING WEATHER WAS RECORDED YESTERDAY.
  THUNDERSTORM
  LIGHT RAIN
  FOG


RELATIVE HUMIDITY (PERCENT)
 HIGHEST   100           300 AM
 LOWEST     29           500 PM
 AVERAGE    65

..........................................................


THE GRAND JUNCTION CO CLIMATE NORMALS FOR TODAY
                         NORMAL    RECORD    YEAR
 MAXIMUM TEMPERATURE (F)   81        96      2000
 MINIMUM TEMPERATURE (F)   50        35      1908


SUNRISE AND SUNSET
MAY 28 2015...........SUNRISE   552 AM MDT   SUNSET   831 PM MDT
MAY 29 2015...........SUNRISE   551 AM MDT   SUNSET   832 PM MDT


-  INDICATES NEGATIVE NUMBERS.
R  INDICATES RECORD WAS SET OR TIED.
MM INDICATES DATA IS MISSING.
T  INDICATES TRACE AMOUNT.




$$
