000
CDUS45 KGJT 270733
CLIGJT


CLIMATE REPORT
NATIONAL WEATHER SERVICE GRAND JUNCTION CO
130 AM MDT WED JUL 27 2016


...................................

...THE GRAND JUNCTION CO CLIMATE SUMMARY FOR JULY 26 2016...

CLIMATE NORMAL PERIOD 1981 TO 2010
CLIMATE RECORD PERIOD 1893 TO 2016


WEATHER ITEM   OBSERVED TIME   RECORD YEAR NORMAL DEPARTURE LAST
                VALUE   (LST)  VALUE       VALUE  FROM      YEAR
                                                  NORMAL
..................................................................
TEMPERATURE (F)
 YESTERDAY
  MAXIMUM         98    310 PM 104    1931  93      5       90
  MINIMUM         70    606 AM  55    2005  64      6       59
  AVERAGE         84                        78      6       75

PRECIPITATION (IN)
  YESTERDAY        T             0.42 1907   0.02  -0.02     0.00
  MONTH TO DATE    0.60                      0.48   0.12     1.25
  SINCE JUN 1      0.73                      0.94  -0.21     2.44
  SINCE JAN 1      5.70                      4.77   0.93     7.54

SNOWFALL (IN)
  YESTERDAY        0.0           0.0  2015   0.0    0.0      0.0
  MONTH TO DATE    0.0                       0.0    0.0       T
  SINCE JUN 1      0.0                       0.0    0.0       T
  SINCE JUL 1      0.0                       0.0    0.0       T
  SNOW DEPTH       0

DEGREE DAYS
 HEATING
  YESTERDAY        0                         0      0        0
  MONTH TO DATE    0                         0      0        0
  SINCE JUN 1      1                        22    -21       12
  SINCE JUL 1      0                         0      0        0

 COOLING
  YESTERDAY       19                        13      6       10
  MONTH TO DATE  356                       347      9      226
  SINCE JUN 1    706                       578    128      516
  SINCE JAN 1    719                       629     90      524
..................................................................


WIND (MPH)
  HIGHEST WIND SPEED    30   HIGHEST WIND DIRECTION    NE (40)
  HIGHEST GUST SPEED    37   HIGHEST GUST DIRECTION    NE (40)
  AVERAGE WIND SPEED     8.3


SKY COVER
  POSSIBLE SUNSHINE  MM
  AVERAGE SKY COVER 0.1


WEATHER CONDITIONS
 THE FOLLOWING WEATHER WAS RECORDED YESTERDAY.
  THUNDERSTORM
  LIGHT RAIN


RELATIVE HUMIDITY (PERCENT)
 HIGHEST    40           600 AM
 LOWEST     13           300 PM
 AVERAGE    27

..........................................................


THE GRAND JUNCTION CO CLIMATE NORMALS FOR TODAY
                         NORMAL    RECORD    YEAR
 MAXIMUM TEMPERATURE (F)   93       102      1969
                                             1960
 MINIMUM TEMPERATURE (F)   64        56      2002
                                             2001
                                             1993


SUNRISE AND SUNSET
JULY 27 2016..........SUNRISE   611 AM MDT   SUNSET   830 PM MDT
JULY 28 2016..........SUNRISE   612 AM MDT   SUNSET   829 PM MDT


-  INDICATES NEGATIVE NUMBERS.
R  INDICATES RECORD WAS SET OR TIED.
MM INDICATES DATA IS MISSING.
T  INDICATES TRACE AMOUNT.




$$
