000
CDUS45 KGJT 180729
CLIGJT


CLIMATE REPORT
NATIONAL WEATHER SERVICE GRAND JUNCTION CO
1227 AM MST MON DEC 18 2017


...................................

...THE GRAND JUNCTION CO CLIMATE SUMMARY FOR DECEMBER 17 2017...

CLIMATE NORMAL PERIOD 1981 TO 2010
CLIMATE RECORD PERIOD 1893 TO 2017


WEATHER ITEM   OBSERVED TIME   RECORD YEAR NORMAL DEPARTURE LAST
                VALUE   (LST)  VALUE       VALUE  FROM      YEAR
                                                  NORMAL
..................................................................
TEMPERATURE (F)
 YESTERDAY
  MAXIMUM         44    402 PM  54    1980  38      6       34
                                      1970
                                      1939
  MINIMUM         12    620 AM  -6    1919  18     -6       20
  AVERAGE         28                        28      0       27

PRECIPITATION (IN)
  YESTERDAY        0.00          0.26 1924   0.02  -0.02      T
  MONTH TO DATE    0.02                      0.33  -0.31     0.36
  SINCE DEC 1      0.02                      0.33  -0.31     0.36
  SINCE JAN 1      5.06                      9.16  -4.10     8.46

SNOWFALL (IN)
  YESTERDAY        0.0           2.0  1924   0.2   -0.2       T
  MONTH TO DATE    0.0                       2.3   -2.3      0.4
  SINCE DEC 1      0.0                       2.3   -2.3      0.4
  SINCE JUL 1      T                         4.8   -4.8      0.9
  SNOW DEPTH       0

DEGREE DAYS
 HEATING
  YESTERDAY       37                        37      0       38
  MONTH TO DATE  545                       600    -55      581
  SINCE DEC 1    545                       600    -55      581
  SINCE JUL 1   1659                      1828   -169     1451

 COOLING
  YESTERDAY        0                         0      0        0
  MONTH TO DATE    0                         0      0        0
  SINCE DEC 1      0                         0      0        0
  SINCE JAN 1   1479                      1125    354     1245
..................................................................


WIND (MPH)
  HIGHEST WIND SPEED     9   HIGHEST WIND DIRECTION     N (340)
  HIGHEST GUST SPEED    11   HIGHEST GUST DIRECTION    NW (330)
  AVERAGE WIND SPEED     4.6


SKY COVER
  POSSIBLE SUNSHINE  MM
  AVERAGE SKY COVER 0.0


WEATHER CONDITIONS
 THE FOLLOWING WEATHER WAS RECORDED YESTERDAY.
  NO SIGNIFICANT WEATHER WAS OBSERVED.


RELATIVE HUMIDITY (PERCENT)
 HIGHEST    64           500 AM
 LOWEST     27           200 PM
 AVERAGE    46

..........................................................


THE GRAND JUNCTION CO CLIMATE NORMALS FOR TODAY
                         NORMAL    RECORD    YEAR
 MAXIMUM TEMPERATURE (F)   38        53      1980
 MINIMUM TEMPERATURE (F)   18        -4      1895


SUNRISE AND SUNSET
DECEMBER 18 2017......SUNRISE   728 AM MST   SUNSET   454 PM MST
DECEMBER 19 2017......SUNRISE   729 AM MST   SUNSET   454 PM MST


-  INDICATES NEGATIVE NUMBERS.
R  INDICATES RECORD WAS SET OR TIED.
MM INDICATES DATA IS MISSING.
T  INDICATES TRACE AMOUNT.




$$
