000
CDUS45 KGJT 260808
CLIGJT


CLIMATE REPORT
NATIONAL WEATHER SERVICE GRAND JUNCTION CO
130 AM MDT THU MAR 26 2015


...................................

...THE GRAND JUNCTION CO CLIMATE SUMMARY FOR MARCH 25 2015...

CLIMATE NORMAL PERIOD 1981 TO 2010
CLIMATE RECORD PERIOD 1893 TO 2015


WEATHER ITEM   OBSERVED TIME   RECORD YEAR NORMAL DEPARTURE LAST
                VALUE   (LST)  VALUE       VALUE  FROM      YEAR
                                                  NORMAL
..................................................................
TEMPERATURE (F)
 YESTERDAY
  MAXIMUM         55    419 PM  79    2012  59     -4       65
  MINIMUM         34   1159 PM  18    1965  33      1       32
  AVERAGE         45                        46     -1       49

PRECIPITATION (IN)
  YESTERDAY        0.00          0.42 1906   0.03  -0.03     0.00
  MONTH TO DATE    0.27                      0.71  -0.44     0.08
  SINCE MAR 1      0.27                      0.71  -0.44     0.08
  SINCE JAN 1      1.13                      1.83  -0.70     1.46

SNOWFALL (IN)
  YESTERDAY        0.0           1.8  1980   0.1   -0.1      0.0
  MONTH TO DATE    1.9                       2.1   -0.2       T
  SINCE MAR 1      1.9                       2.1   -0.2       T
  SINCE JUL 1     10.5                      17.6   -7.1     25.7
  SNOW DEPTH       0

DEGREE DAYS
 HEATING
  YESTERDAY       20                        19      1       16
  MONTH TO DATE  459                       544    -85      542
  SINCE MAR 1    459                       544    -85      542
  SINCE JUL 1   4444                      4923   -479     5480

 COOLING
  YESTERDAY        0                         0      0        0
  MONTH TO DATE    0                         0      0        0
  SINCE MAR 1      0                         0      0        0
  SINCE JAN 1      0                         0      0        0
..................................................................


WIND (MPH)
  HIGHEST WIND SPEED    25   HIGHEST WIND DIRECTION    NE (40)
  HIGHEST GUST SPEED    31   HIGHEST GUST DIRECTION    NE (50)
  AVERAGE WIND SPEED    10.2


SKY COVER
  POSSIBLE SUNSHINE  MM
  AVERAGE SKY COVER 0.4


WEATHER CONDITIONS
 THE FOLLOWING WEATHER WAS RECORDED YESTERDAY.
  NO SIGNIFICANT WEATHER WAS OBSERVED.


RELATIVE HUMIDITY (PERCENT)
 HIGHEST    49           300 AM
 LOWEST     19           400 PM
 AVERAGE    34

..........................................................


THE GRAND JUNCTION CO CLIMATE NORMALS FOR TODAY
                         NORMAL    RECORD    YEAR
 MAXIMUM TEMPERATURE (F)   59        81      1971
 MINIMUM TEMPERATURE (F)   33        16      1917


SUNRISE AND SUNSET
MARCH 26 2015.........SUNRISE   708 AM MDT   SUNSET   732 PM MDT
MARCH 27 2015.........SUNRISE   707 AM MDT   SUNSET   733 PM MDT


-  INDICATES NEGATIVE NUMBERS.
R  INDICATES RECORD WAS SET OR TIED.
MM INDICATES DATA IS MISSING.
T  INDICATES TRACE AMOUNT.




$$
