129
CDUS45 KGJT 052333
CLIGJT


CLIMATE REPORT
NATIONAL WEATHER SERVICE GRAND JUNCTION CO
428 PM MST FRI FEB 5 2016


...................................

...THE GRAND JUNCTION CO CLIMATE SUMMARY FOR FEBRUARY 5 2016...
VALID TODAY AS OF 0400 PM LOCAL TIME.

CLIMATE NORMAL PERIOD 1981 TO 2010
CLIMATE RECORD PERIOD 1893 TO 2016


WEATHER ITEM   OBSERVED TIME   RECORD YEAR NORMAL DEPARTURE LAST
                VALUE   (LST)  VALUE       VALUE  FROM      YEAR
                                                  NORMAL
..................................................................
TEMPERATURE (F)
 TODAY
  MAXIMUM         25    158 PM  60    1934  42    -17       59
  MINIMUM          5    118 AM -13    1989  21    -16       33
  AVERAGE         15                        31    -16       46

PRECIPITATION (IN)
  TODAY            0.00          0.15 1958   0.01  -0.01     0.00
  MONTH TO DATE    0.42                      0.08   0.34     0.00
  SINCE DEC 1      2.03                      1.25   0.78     1.79
  SINCE JAN 1      1.34                      0.66   0.68     0.73

SNOWFALL (IN)
  TODAY            0.0           1.4  1975   0.2   -0.2      0.0
  MONTH TO DATE    4.7                       0.7    4.0      0.0
  SINCE DEC 1     24.0                      10.5   13.5      6.9
  SINCE JUL 1     27.4                      13.0   14.4      6.9
  SNOW DEPTH       4

DEGREE DAYS
 HEATING
  TODAY           50                        34     16       19
  MONTH TO DATE  246                       173     73      116
  SINCE DEC 1   2734                      2471    263     2162
  SINCE JUL 1   3783                      3699     84     3386

 COOLING
  TODAY            0                         0      0        0
  MONTH TO DATE    0                         0      0        0
  SINCE DEC 1      0                         0      0        0
  SINCE JAN 1      0                         0      0        0
..................................................................


WIND (MPH)
  HIGHEST WIND SPEED     7   HIGHEST WIND DIRECTION     E (90)
  HIGHEST GUST SPEED     8   HIGHEST GUST DIRECTION     E (70)
  AVERAGE WIND SPEED     2.7


SKY COVER
  POSSIBLE SUNSHINE  MM
  AVERAGE SKY COVER 0.5


WEATHER CONDITIONS
 THE FOLLOWING WEATHER WAS RECORDED TODAY.
  FOG


RELATIVE HUMIDITY (PERCENT)
 HIGHEST   100           200 AM
 LOWEST     68           200 PM
 AVERAGE    84

..........................................................


THE GRAND JUNCTION CO CLIMATE NORMALS FOR TOMORROW
                         NORMAL    RECORD    YEAR
 MAXIMUM TEMPERATURE (F)   42        61      1963
                                             1934
 MINIMUM TEMPERATURE (F)   21       -18      1989


SUNRISE AND SUNSET
FEBRUARY  5 2016......SUNRISE   717 AM MST   SUNSET   539 PM MST
FEBRUARY  6 2016......SUNRISE   716 AM MST   SUNSET   540 PM MST


-  INDICATES NEGATIVE NUMBERS.
R  INDICATES RECORD WAS SET OR TIED.
MM INDICATES DATA IS MISSING.
T  INDICATES TRACE AMOUNT.




$$
