000
CDUS43 KGLD 290738
CLIGLD

CLIMATE REPORT
NATIONAL WEATHER SERVICE GOODLAND
137 AM MDT SUN MAR 29 2015

...................................

...THE GOODLAND KS CLIMATE SUMMARY FOR MARCH 28 2015...

CLIMATE NORMAL PERIOD 1981 TO 2010
CLIMATE RECORD PERIOD 1895 TO 2015

WEATHER ITEM   OBSERVED TIME   RECORD YEAR NORMAL DEPARTURE LAST
                VALUE   (LST)  VALUE       VALUE  FROM      YEAR
                                                  NORMAL
..................................................................
TEMPERATURE (F)
 YESTERDAY
  MAXIMUM         81    401 PM  89    1963  58     23       59
  MINIMUM         39    422 AM   3    1931  29     10       24
  AVERAGE         60                        44     16       42

PRECIPITATION (IN)
  YESTERDAY        0.00          1.69 2007   0.04  -0.04     0.07
  MONTH TO DATE    0.11                      0.93  -0.82     0.42
  SINCE MAR 1      0.11                      0.93  -0.82     0.42
  SINCE JAN 1      1.19                      1.80  -0.61     1.36

SNOWFALL (IN)
  YESTERDAY        0.0                       0.2   -0.2       T
  MONTH TO DATE    0.6                       6.0   -5.4      3.5
  SINCE MAR 1      0.6                       6.0   -5.4      3.5
  SINCE JUL 1     22.7                      30.0   -7.3     28.7
  SNOW DEPTH       0

DEGREE DAYS
 HEATING
  YESTERDAY        5                        21    -16       23
  MONTH TO DATE  538                       696   -158      717
  SINCE MAR 1    538                       696   -158      717
  SINCE JUL 1   4753                      5113   -360     5261

 COOLING
  YESTERDAY        0                         0      0        0
  MONTH TO DATE    0                         0      0        0
  SINCE MAR 1      0                         0      0        0
  SINCE JAN 1      0                         0      0        0
..................................................................

WIND (MPH)
  HIGHEST WIND SPEED    23   HIGHEST WIND DIRECTION     S (200)
  HIGHEST GUST SPEED    29   HIGHEST GUST DIRECTION     S (190)
  AVERAGE WIND SPEED     9.8


SKY COVER
  AVERAGE SKY COVER 0.0


WEATHER CONDITIONS
 THE FOLLOWING WEATHER WAS RECORDED YESTERDAY.
  NO SIGNIFICANT WEATHER WAS OBSERVED.


RELATIVE HUMIDITY (PERCENT)
 HIGHEST    79
 LOWEST     10
 AVERAGE    45

..........................................................


THE GOODLAND KS CLIMATE NORMALS FOR TODAY
                         NORMAL    RECORD    YEAR
 MAXIMUM TEMPERATURE (F)   59        88      1943
 MINIMUM TEMPERATURE (F)   30         2      1987


SUNRISE AND SUNSET
MARCH 29 2015.........SUNRISE   636 AM MDT   SUNSET   708 PM MDT
MARCH 30 2015.........SUNRISE   635 AM MDT   SUNSET   709 PM MDT


-  INDICATES NEGATIVE NUMBERS.
R  INDICATES RECORD WAS SET OR TIED.
MM INDICATES DATA IS MISSING.
T  INDICATES TRACE AMOUNT.

&&

THE AVERAGE SOIL TEMPERATURE AT THE FOUR INCH DEPTH... 47
THE CURRENT DEPTH OF FROST... 0 INCHES

$$
