000
CDUS43 KGLD 260741
CLIGLD

CLIMATE REPORT
NATIONAL WEATHER SERVICE GOODLAND
138 AM MDT MON JUN 26 2017

...................................

...THE GOODLAND KS CLIMATE SUMMARY FOR JUNE 25 2017...

CLIMATE NORMAL PERIOD 1981 TO 2010
CLIMATE RECORD PERIOD 1895 TO 2017

WEATHER ITEM   OBSERVED TIME   RECORD YEAR NORMAL DEPARTURE LAST
                VALUE   (LST)  VALUE       VALUE  FROM      YEAR
                                                  NORMAL
..................................................................
TEMPERATURE (F)
 YESTERDAY
  MAXIMUM         63   1239 PM 107    2012  88    -25       91
  MINIMUM         52    838 AM  42    1958  58     -6       65
  AVERAGE         58                        73    -15       78

PRECIPITATION (IN)
  YESTERDAY        0.69R         0.46 1997   0.11   0.58     0.00
  MONTH TO DATE    3.59                      2.74   0.85     0.54
  SINCE JUN 1      3.59                      2.74   0.85     0.54
  SINCE JAN 1     15.98                      9.22   6.76     7.90

SNOWFALL (IN)
  YESTERDAY        0.0                       0.0    0.0      0.0
  MONTH TO DATE    T                         0.0    0.0      0.0
  SINCE JUN 1      T                         0.0    0.0      0.0
  SINCE JUL 1     14.2                      35.5  -21.3     30.1
  SNOW DEPTH       0

DEGREE DAYS
 HEATING
  YESTERDAY        7                         0      7        0
  MONTH TO DATE   13                        36    -23        2
  SINCE JUN 1     13                        36    -23        2
  SINCE JUL 1   5131                      5902   -771     5131

 COOLING
  YESTERDAY        0                         8     -8       13
  MONTH TO DATE  182                       135     47      238
  SINCE JUN 1    182                       135     47      238
  SINCE JAN 1    220                       176     44      262
..................................................................

WIND (MPH)
  HIGHEST WIND SPEED    29   HIGHEST WIND DIRECTION    NE (40)
  HIGHEST GUST SPEED    36   HIGHEST GUST DIRECTION     N (20)
  AVERAGE WIND SPEED    11.3


SKY COVER
  AVERAGE SKY COVER 0.8


WEATHER CONDITIONS
 THE FOLLOWING WEATHER WAS RECORDED YESTERDAY.
  THUNDERSTORM
  HEAVY RAIN
  RAIN
  LIGHT RAIN
  FOG


RELATIVE HUMIDITY (PERCENT)
 HIGHEST   100
 LOWEST     84
 AVERAGE    92

..........................................................


THE GOODLAND KS CLIMATE NORMALS FOR TODAY
                         NORMAL    RECORD    YEAR
 MAXIMUM TEMPERATURE (F)   88       110      2012
 MINIMUM TEMPERATURE (F)   59        42      1968


SUNRISE AND SUNSET
JUNE 26 2017..........SUNRISE   522 AM MDT   SUNSET   818 PM MDT
JUNE 27 2017..........SUNRISE   522 AM MDT   SUNSET   818 PM MDT


-  INDICATES NEGATIVE NUMBERS.
R  INDICATES RECORD WAS SET OR TIED.
MM INDICATES DATA IS MISSING.
T  INDICATES TRACE AMOUNT.

&&

THE AVERAGE SOIL TEMPERATURE AT THE FOUR INCH DEPTH... 67

$$
