070
CDUS43 KGLD 250739
CLIGLD

CLIMATE REPORT
NATIONAL WEATHER SERVICE GOODLAND
136 AM MDT THU AUG 25 2016

...................................

...THE GOODLAND KS CLIMATE SUMMARY FOR AUGUST 24 2016...

CLIMATE NORMAL PERIOD 1981 TO 2010
CLIMATE RECORD PERIOD 1895 TO 2016

WEATHER ITEM   OBSERVED TIME   RECORD YEAR NORMAL DEPARTURE LAST
                VALUE   (LST)  VALUE       VALUE  FROM      YEAR
                                                  NORMAL
..................................................................
TEMPERATURE (F)
 YESTERDAY
  MAXIMUM         73   1040 AM 105    1936  87    -14       85
  MINIMUM         55   1159 PM  43    1928  59     -4       53
  AVERAGE         64                        73     -9       69

PRECIPITATION (IN)
  YESTERDAY        0.04          1.32 1947   0.07  -0.03     0.00
  MONTH TO DATE    1.34                      2.23  -0.89     0.33
  SINCE JUN 1      5.71                      8.95  -3.24     4.92
  SINCE JAN 1     13.07                     15.43  -2.36    16.71

SNOWFALL (IN)
  YESTERDAY        0.0                       0.0    0.0      0.0
  MONTH TO DATE    0.0                       0.0    0.0      0.0
  SINCE JUN 1      0.0                       0.0    0.0      0.0
  SINCE JUL 1      0.0                       0.0    0.0      0.0
  SNOW DEPTH       0

DEGREE DAYS
 HEATING
  YESTERDAY        1                         0      1        0
  MONTH TO DATE    3                         0      3        5
  SINCE JUN 1      5                        41    -36       11
  SINCE JUL 1      3                         4     -1        6

 COOLING
  YESTERDAY        0                         8     -8        4
  MONTH TO DATE  216                       227    -11      240
  SINCE JUN 1    907                       740    167      825
  SINCE JAN 1    931                       781    150      831
..................................................................

WIND (MPH)
  HIGHEST WIND SPEED    22   HIGHEST WIND DIRECTION    NE (50)
  HIGHEST GUST SPEED    29   HIGHEST GUST DIRECTION    NE (50)
  AVERAGE WIND SPEED    10.5


SKY COVER
  AVERAGE SKY COVER 0.5


WEATHER CONDITIONS
 THE FOLLOWING WEATHER WAS RECORDED YESTERDAY.
  LIGHT RAIN


RELATIVE HUMIDITY (PERCENT)
 HIGHEST    86
 LOWEST     29
 AVERAGE    58

..........................................................


THE GOODLAND KS CLIMATE NORMALS FOR TODAY
                         NORMAL    RECORD    YEAR
 MAXIMUM TEMPERATURE (F)   86       103      1955
 MINIMUM TEMPERATURE (F)   59        40      1964


SUNRISE AND SUNSET
AUGUST 25 2016........SUNRISE   609 AM MDT   SUNSET   727 PM MDT
AUGUST 26 2016........SUNRISE   610 AM MDT   SUNSET   726 PM MDT


-  INDICATES NEGATIVE NUMBERS.
R  INDICATES RECORD WAS SET OR TIED.
MM INDICATES DATA IS MISSING.
T  INDICATES TRACE AMOUNT.

&&

THE AVERAGE SOIL TEMPERATURE AT THE FOUR INCH DEPTH... 72

$$
