677
CDUS44 KJAN 252107
CLIGLH


CLIMATE REPORT
NATIONAL WEATHER SERVICE JACKSON MS
406 PM CDT SUN JUN 25 2017


...................................

...THE GREENVILLE CLIMATE SUMMARY FOR JUNE 25 2017...
VALID TODAY AS OF 0400 PM LOCAL TIME.

CLIMATE NORMAL PERIOD 1981 TO 2010
CLIMATE RECORD PERIOD 1903 TO 2017


WEATHER ITEM   OBSERVED TIME   RECORD YEAR NORMAL DEPARTURE LAST
                VALUE   (LST)  VALUE       VALUE  FROM      YEAR
                                                  NORMAL
..................................................................
TEMPERATURE (F)
 TODAY
  MAXIMUM         83    259 PM 100    1930  91     -8       96
                                      1914
  MINIMUM         68    501 AM  55    1974  71     -3       75
  AVERAGE         76                        81     -5       86

PRECIPITATION (IN)
  TODAY            T             1.46 2004   0.16  -0.16     0.00
  MONTH TO DATE    4.39                      3.20   1.19     1.25
  SINCE JUN 1      4.39                      3.20   1.19     1.25
  SINCE JAN 1     20.77                     27.46  -6.69    29.78

SNOWFALL (IN)
  TODAY            0.0

DEGREE DAYS
 HEATING
  TODAY            0                         0      0        0
  MONTH TO DATE    0                         0      0        0
  SINCE JUN 1      0                         0      0        0
  SINCE JUL 1   1830                      2774   -944     1925

 COOLING
  TODAY           11                        16     -5       21
  MONTH TO DATE  304                       339    -35      409
  SINCE JUN 1    304                       339    -35      409
  SINCE JAN 1    701                       661     40      751
..................................................................


WIND (MPH)
  HIGHEST WIND SPEED    15   HIGHEST WIND DIRECTION    NE (40)
  HIGHEST GUST SPEED    17   HIGHEST GUST DIRECTION    NE (40)
  AVERAGE WIND SPEED     7.0


SKY COVER
  POSSIBLE SUNSHINE  MM
  AVERAGE SKY COVER 0.1


WEATHER CONDITIONS
 THE FOLLOWING WEATHER WAS RECORDED TODAY.
  LIGHT RAIN


RELATIVE HUMIDITY (PERCENT)
 HIGHEST    84          1200 AM
 LOWEST     39           100 PM
 AVERAGE    62

..........................................................


THE GREENVILLE CLIMATE NORMALS FOR TOMORROW
                         NORMAL    RECORD    YEAR
 MAXIMUM TEMPERATURE (F)   91       101      1954
                                             1914
 MINIMUM TEMPERATURE (F)   71        57      1974


SUNRISE AND SUNSET
JUNE 25 2017..........SUNRISE   556 AM CDT   SUNSET   818 PM CDT
JUNE 26 2017..........SUNRISE   556 AM CDT   SUNSET   818 PM CDT


-  INDICATES NEGATIVE NUMBERS.
R  INDICATES RECORD WAS SET OR TIED.
MM INDICATES DATA IS MISSING.
T  INDICATES TRACE AMOUNT.




$$
