000
CDUS44 KJAN 010652
CLIGLH


CLIMATE REPORT
NATIONAL WEATHER SERVICE JACKSON MS
150 AM CDT SAT OCT 1 2016


...................................

...THE GREENVILLE CLIMATE SUMMARY FOR SEPTEMBER 30 2016...

CLIMATE NORMAL PERIOD 1981 TO 2010
CLIMATE RECORD PERIOD 1920 TO 2016


WEATHER ITEM   OBSERVED TIME   RECORD YEAR NORMAL DEPARTURE LAST
                VALUE   (LST)  VALUE       VALUE  FROM      YEAR
                                                  NORMAL
..................................................................
TEMPERATURE (F)
 YESTERDAY
  MAXIMUM         81    312 PM  96    1986  82     -1       83
  MINIMUM         54    525 AM  41    1967  57     -3       66
  AVERAGE         68                        70     -2       75

PRECIPITATION (IN)
  YESTERDAY        0.00          3.48 2012   0.12  -0.12      T
  MONTH TO DATE    0.68                      3.08  -2.40     0.50
  SINCE SEP 1      0.68                      3.08  -2.40     0.50
  SINCE JAN 1     42.57                     37.64   4.93    27.83

SNOWFALL (IN)
  YESTERDAY        0.0

DEGREE DAYS
 HEATING
  YESTERDAY        0                         1     -1        0
  MONTH TO DATE    0                         5     -5        0
  SINCE SEP 1      0                         6     -6        0
  SINCE JUL 1      0                         6     -6        0

 COOLING
  YESTERDAY        3                         6     -3       10
  MONTH TO DATE  454                       301    153      389
  SINCE SEP 1    454                       301    153      389
  SINCE JAN 1   2466                      2080    386     2353
..................................................................


WIND (MPH)
  HIGHEST WIND SPEED    16   HIGHEST WIND DIRECTION     N (360)
  HIGHEST GUST SPEED    22   HIGHEST GUST DIRECTION     W (290)
  AVERAGE WIND SPEED     4.9


SKY COVER
  POSSIBLE SUNSHINE  MM
  AVERAGE SKY COVER 0.1


WEATHER CONDITIONS
 THE FOLLOWING WEATHER WAS RECORDED YESTERDAY.
  FOG
  HAZE


RELATIVE HUMIDITY (PERCENT)
 HIGHEST    86           400 AM
 LOWEST     39           100 PM
 AVERAGE    63

..........................................................


THE GREENVILLE CLIMATE NORMALS FOR TODAY
                         NORMAL    RECORD    YEAR
 MAXIMUM TEMPERATURE (F)   82        96      1998
                                             1986
                                             1926
 MINIMUM TEMPERATURE (F)   57        36      1924


SUNRISE AND SUNSET
OCTOBER  1 2016.......SUNRISE   659 AM CDT   SUNSET   648 PM CDT
OCTOBER  2 2016.......SUNRISE   659 AM CDT   SUNSET   646 PM CDT


-  INDICATES NEGATIVE NUMBERS.
R  INDICATES RECORD WAS SET OR TIED.
MM INDICATES DATA IS MISSING.
T  INDICATES TRACE AMOUNT.




$$
