000
CDUS44 KJAN 300700
CLIGLH


CLIMATE REPORT
NATIONAL WEATHER SERVICE JACKSON MS
157 AM CDT MON MAY 30 2016


...................................

...THE GREENVILLE CLIMATE SUMMARY FOR MAY 29 2016...

CLIMATE NORMAL PERIOD 1981 TO 2010
CLIMATE RECORD PERIOD 1920 TO 2016


WEATHER ITEM   OBSERVED TIME   RECORD YEAR NORMAL DEPARTURE LAST
                VALUE   (LST)  VALUE       VALUE  FROM      YEAR
                                                  NORMAL
..................................................................
TEMPERATURE (F)
 YESTERDAY
  MAXIMUM         90    420 PM  97    1977  85      5       87
                                      1953
  MINIMUM         64    426 AM  52    1971  65     -1       70
  AVERAGE         77                        75      2       79

PRECIPITATION (IN)
  YESTERDAY        T             1.96 1999   0.12  -0.12     0.09
  MONTH TO DATE    1.21                      4.70  -3.49     3.91
  SINCE MAR 1     21.50                     14.06   7.44    12.80
  SINCE JAN 1     28.01                     24.05   3.96    19.25

SNOWFALL (IN)
  YESTERDAY        0.0

DEGREE DAYS
 HEATING
  YESTERDAY        0                         0      0        0
  MONTH TO DATE    7                        10     -3        8
  SINCE MAR 1    245                       462   -217      382
  SINCE JUL 1   1925                      2771   -846     2869

 COOLING
  YESTERDAY       12                        10      2       14
  MONTH TO DATE  187                       215    -28      264
  SINCE MAR 1    309                       296     13      362
  SINCE JAN 1    313                       301     12      362
..................................................................


WIND (MPH)
  HIGHEST WIND SPEED    28   HIGHEST WIND DIRECTION    NW (320)
  HIGHEST GUST SPEED    35   HIGHEST GUST DIRECTION    NW (320)
  AVERAGE WIND SPEED     4.4


SKY COVER
  POSSIBLE SUNSHINE  MM
  AVERAGE SKY COVER 0.3


WEATHER CONDITIONS
 THE FOLLOWING WEATHER WAS RECORDED YESTERDAY.
  LIGHT RAIN
  FOG
  FOG W/VISIBILITY <= 1/4 MILE
  HAZE


RELATIVE HUMIDITY (PERCENT)
 HIGHEST    97           600 AM
 LOWEST     50           400 PM
 AVERAGE    74

..........................................................


THE GREENVILLE CLIMATE NORMALS FOR TODAY
                         NORMAL    RECORD    YEAR
 MAXIMUM TEMPERATURE (F)   86        99      1977
 MINIMUM TEMPERATURE (F)   66        47      1984


SUNRISE AND SUNSET
MAY 30 2016...........SUNRISE   555 AM CDT   SUNSET   808 PM CDT
MAY 31 2016...........SUNRISE   555 AM CDT   SUNSET   809 PM CDT


-  INDICATES NEGATIVE NUMBERS.
R  INDICATES RECORD WAS SET OR TIED.
MM INDICATES DATA IS MISSING.
T  INDICATES TRACE AMOUNT.




$$
