000
CDUS44 KJAN 300724
CLIGLH


CLIMATE REPORT
NATIONAL WEATHER SERVICE JACKSON MS
223 AM CDT SAT JUL 30 2016


...................................

...THE GREENVILLE CLIMATE SUMMARY FOR JULY 29 2016...

CLIMATE NORMAL PERIOD 1981 TO 2010
CLIMATE RECORD PERIOD 1920 TO 2016


WEATHER ITEM   OBSERVED TIME   RECORD YEAR NORMAL DEPARTURE LAST
                VALUE   (LST)  VALUE       VALUE  FROM      YEAR
                                                  NORMAL
..................................................................
TEMPERATURE (F)
 YESTERDAY
  MAXIMUM         92    416 PM 110    1930  92      0       98
  MINIMUM         75   1159 PM  63    2014  72      3       80
                                      1994
  AVERAGE         84                        82      2       89

PRECIPITATION (IN)
  YESTERDAY        T             2.12 2009   0.10  -0.10     0.00
  MONTH TO DATE    4.81                      3.63   1.18     4.08
  SINCE JUN 1      6.06                      7.67  -1.61     5.60
  SINCE JAN 1     34.59                     31.93   2.66    25.57

SNOWFALL (IN)
  YESTERDAY        0.0

DEGREE DAYS
 HEATING
  YESTERDAY        0                         0      0        0
  MONTH TO DATE    0                         0      0        0
  SINCE JUN 1      0                         0      0        0
  SINCE JUL 1      0                         0      0        0

 COOLING
  YESTERDAY       19                        17      2       24
  MONTH TO DATE  560                       491     69      565
  SINCE JUN 1   1060                       911    149     1041
  SINCE JAN 1   1402                      1233    169     1422
..................................................................


WIND (MPH)
  HIGHEST WIND SPEED    15   HIGHEST WIND DIRECTION     N (20)
  HIGHEST GUST SPEED    20   HIGHEST GUST DIRECTION    SW (230)
  AVERAGE WIND SPEED     7.2


SKY COVER
  POSSIBLE SUNSHINE  MM
  AVERAGE SKY COVER 0.5


WEATHER CONDITIONS
 THE FOLLOWING WEATHER WAS RECORDED YESTERDAY.
  THUNDERSTORM
  LIGHT RAIN


RELATIVE HUMIDITY (PERCENT)
 HIGHEST    87          1200 AM
 LOWEST     56           300 PM
 AVERAGE    72

..........................................................


THE GREENVILLE CLIMATE NORMALS FOR TODAY
                         NORMAL    RECORD    YEAR
 MAXIMUM TEMPERATURE (F)   92       108      1986
 MINIMUM TEMPERATURE (F)   72        61      2014


SUNRISE AND SUNSET
JULY 30 2016..........SUNRISE   615 AM CDT   SUNSET   805 PM CDT
JULY 31 2016..........SUNRISE   616 AM CDT   SUNSET   804 PM CDT


-  INDICATES NEGATIVE NUMBERS.
R  INDICATES RECORD WAS SET OR TIED.
MM INDICATES DATA IS MISSING.
T  INDICATES TRACE AMOUNT.




$$
