000
CDUS44 KJAN 142208
CLIGLH


CLIMATE REPORT
NATIONAL WEATHER SERVICE JACKSON MS
507 PM CDT SUN SEP 14 2014


...................................

...THE GREENVILLE CLIMATE SUMMARY FOR SEPTEMBER 14 2014...
VALID AS OF 0500 PM LOCAL TIME.

CLIMATE NORMAL PERIOD 1981 TO 2010
CLIMATE RECORD PERIOD 1920 TO 2014


WEATHER ITEM   OBSERVED TIME   RECORD YEAR NORMAL DEPARTURE LAST
                VALUE   (LST)  VALUE       VALUE  FROM      YEAR
                                                  NORMAL
..................................................................
TEMPERATURE (F)
 TODAY
  MAXIMUM         85    305 PM 103    1980  87     -2
  MINIMUM         61    625 AM  50    1975  64     -3
                                      1964
                                      1940

PRECIPITATION (IN)
  TODAY            0.00          1.14 1963   0.11  -0.11     0.00
  MONTH TO DATE    0.77                      1.46  -0.69     2.56
  SINCE SEP 1      0.77                      1.46  -0.69     2.56
  SINCE JAN 1     40.49                     36.02   4.47    31.54

..................................................................










-  INDICATES NEGATIVE NUMBERS.
R  INDICATES RECORD WAS SET OR TIED.
MM INDICATES DATA IS MISSING.
T  INDICATES TRACE AMOUNT.




$$
