000
CDUS44 KJAN 271108
CLIGLH


CLIMATE REPORT
NATIONAL WEATHER SERVICE JACKSON MS
603 AM CDT THU APR 27 2017


...................................

...THE GREENVILLE CLIMATE SUMMARY FOR APRIL 26 2017...

CLIMATE NORMAL PERIOD 1981 TO 2010
CLIMATE RECORD PERIOD 1920 TO 2017


WEATHER ITEM   OBSERVED TIME   RECORD YEAR NORMAL DEPARTURE LAST
                VALUE   (LST)  VALUE       VALUE  FROM      YEAR
                                                  NORMAL
..................................................................
TEMPERATURE (F)
 YESTERDAY
  MAXIMUM         82    322 PM  90    1925  77      5       85
  MINIMUM         61   1159 PM  42    1926  56      5       65
  AVERAGE         72                        67      5       75

PRECIPITATION (IN)
  YESTERDAY        1.09          3.17 1920   0.13   0.96     0.00
  MONTH TO DATE    3.88                      4.24  -0.36     1.61
  SINCE MAR 1      5.74                      8.79  -3.05    18.93
  SINCE JAN 1     13.77                     18.78  -5.01    25.44

SNOWFALL (IN)
  YESTERDAY        0.0

DEGREE DAYS
 HEATING
  YESTERDAY        0                         2     -2        0
  MONTH TO DATE   36                       111    -75       52
  SINCE MAR 1    273                       447   -174      238
  SINCE JUL 1   1806                      2756   -950     1918

 COOLING
  YESTERDAY        7                         3      4       10
  MONTH TO DATE   98                        48     50       55
  SINCE MAR 1    143                        65     78       90
  SINCE JAN 1    172                        70    102       94
..................................................................


WIND (MPH)
  HIGHEST WIND SPEED    28   HIGHEST WIND DIRECTION    SE (150)
  HIGHEST GUST SPEED    37   HIGHEST GUST DIRECTION    SE (150)
  AVERAGE WIND SPEED    13.7


SKY COVER
  POSSIBLE SUNSHINE  MM
  AVERAGE SKY COVER 0.9


WEATHER CONDITIONS
 THE FOLLOWING WEATHER WAS RECORDED YESTERDAY.
  THUNDERSTORM
  HEAVY RAIN
  RAIN
  LIGHT RAIN
  FOG


RELATIVE HUMIDITY (PERCENT)
 HIGHEST    87           500 AM
 LOWEST     58           300 PM
 AVERAGE    73

..........................................................


THE GREENVILLE CLIMATE NORMALS FOR TODAY
                         NORMAL    RECORD    YEAR
 MAXIMUM TEMPERATURE (F)   78        96      1987
 MINIMUM TEMPERATURE (F)   56        43      1992
                                             1953


SUNRISE AND SUNSET
APRIL 27 2017.........SUNRISE   619 AM CDT   SUNSET   744 PM CDT
APRIL 28 2017.........SUNRISE   618 AM CDT   SUNSET   745 PM CDT


-  INDICATES NEGATIVE NUMBERS.
R  INDICATES RECORD WAS SET OR TIED.
MM INDICATES DATA IS MISSING.
T  INDICATES TRACE AMOUNT.




$$
