000
CDUS44 KJAN 280821
CLIGLH


CLIMATE REPORT
NATIONAL WEATHER SERVICE JACKSON MS
319 AM CDT SAT MAR 28 2015


...................................

...THE GREENVILLE CLIMATE SUMMARY FOR MARCH 27 2015...

CLIMATE NORMAL PERIOD 1981 TO 2010
CLIMATE RECORD PERIOD 1920 TO 2015


WEATHER ITEM   OBSERVED TIME   RECORD YEAR NORMAL DEPARTURE LAST
                VALUE   (LST)  VALUE       VALUE  FROM      YEAR
                                                  NORMAL
..................................................................
TEMPERATURE (F)
 YESTERDAY
  MAXIMUM         59    149 PM  90    1950  69    -10       75
  MINIMUM         37    523 AM  21    1955  47    -10       50
  AVERAGE         48                        58    -10       63

PRECIPITATION (IN)
  YESTERDAY        0.00          2.49 1944   0.17  -0.17     0.69
  MONTH TO DATE    3.97                      3.80   0.17     2.65
  SINCE MAR 1      3.97                      3.80   0.17     2.65
  SINCE JAN 1     10.42                     13.79  -3.37     6.95

SNOWFALL (IN)
  YESTERDAY        0.0

DEGREE DAYS
 HEATING
  YESTERDAY       17                         8      9        2
  MONTH TO DATE  296                       305     -9      412
  SINCE MAR 1    296                       305     -9      412
  SINCE JUL 1   2783                      2614    169     3019

 COOLING
  YESTERDAY        0                         1     -1        0
  MONTH TO DATE    2                        13    -11        0
  SINCE MAR 1      2                        13    -11        0
  SINCE JAN 1      2                        18    -16        0
..................................................................


WIND (MPH)
  HIGHEST WIND SPEED    23   HIGHEST WIND DIRECTION     N (360)
  HIGHEST GUST SPEED    28   HIGHEST GUST DIRECTION     N (360)
  AVERAGE WIND SPEED     6.4


SKY COVER
  POSSIBLE SUNSHINE  MM
  AVERAGE SKY COVER 0.2


WEATHER CONDITIONS
 THE FOLLOWING WEATHER WAS RECORDED YESTERDAY.
  FOG


RELATIVE HUMIDITY (PERCENT)
 HIGHEST    89          1200 AM
 LOWEST     43           200 PM
 AVERAGE    66

..........................................................


THE GREENVILLE CLIMATE NORMALS FOR TODAY
                         NORMAL    RECORD    YEAR
 MAXIMUM TEMPERATURE (F)   69        84      2007
                                             1928
                                             1922
 MINIMUM TEMPERATURE (F)   47        26      1955


SUNRISE AND SUNSET
MARCH 28 2015.........SUNRISE   657 AM CDT   SUNSET   721 PM CDT
MARCH 29 2015.........SUNRISE   656 AM CDT   SUNSET   722 PM CDT


-  INDICATES NEGATIVE NUMBERS.
R  INDICATES RECORD WAS SET OR TIED.
MM INDICATES DATA IS MISSING.
T  INDICATES TRACE AMOUNT.




$$
