000
CDUS44 KHGX 020719
CLIGLS


CLIMATE REPORT
NATIONAL WEATHER SERVICE HOUSTON/GALVESTON TX
219 AM CDT THU JUL 2 2015


...................................

...THE GALVESTON CLIMATE SUMMARY FOR JULY 1 2015...

CLIMATE NORMAL PERIOD 1981 TO 2010
CLIMATE RECORD PERIOD 1875 TO 2015


WEATHER ITEM   OBSERVED TIME   RECORD YEAR NORMAL DEPARTURE LAST
                VALUE   (LST)  VALUE       VALUE  FROM      YEAR
                                                  NORMAL
..................................................................
TEMPERATURE (F)
 YESTERDAY
  MAXIMUM         90    225 PM  95    2009  89      1       88
                                      1949
                                      1894
  MINIMUM         76   1135 PM  68    1923  79     -3       81
  AVERAGE         83                        84     -1       85

PRECIPITATION (IN)
  YESTERDAY        0.13          6.96 1903   0.16  -0.03     0.00
  MONTH TO DATE    0.13                      0.16  -0.03     0.00
  SINCE JUN 1      2.88                      5.85  -2.97     1.53
  SINCE JAN 1     25.06                     23.15   1.91    10.22

SNOWFALL (IN)
  YESTERDAY        0.0          MM      MM  MM     MM        0.0
  MONTH TO DATE    0.0                      MM     MM        0.0
  SINCE JUN 1      0.0                      MM     MM        0.0
  SINCE JUL 1      0.0                      MM     MM        0.0
  SNOW DEPTH       0

DEGREE DAYS
 HEATING
  YESTERDAY        0                         0      0        0
  MONTH TO DATE    0                         0      0        0
  SINCE JUN 1      0                         0      0        0
  SINCE JUL 1      0                         0      0        0

 COOLING
  YESTERDAY       18                        19     -1       20
  MONTH TO DATE   18                        19     -1       20
  SINCE JUN 1    569                       554     15      578
  SINCE JAN 1   1271                      1189     82     1086
..................................................................


WIND (MPH)
  RESULTANT WIND SPEED   7   RESULTANT WIND DIRECTION   S (170)
  HIGHEST WIND SPEED    31   HIGHEST WIND DIRECTION    SW (230)
  HIGHEST GUST SPEED    43   HIGHEST GUST DIRECTION    SW (240)
  AVERAGE WIND SPEED     7.9


SKY COVER
  AVERAGE SKY COVER 0.2


WEATHER CONDITIONS
 THE FOLLOWING WEATHER WAS RECORDED YESTERDAY.
  HEAVY RAIN
  RAIN
  LIGHT RAIN
  FOG
  HAZE


RELATIVE HUMIDITY (PERCENT)
 HIGHEST    94
 LOWEST     75
 AVERAGE    85

..........................................................


THE GALVESTON CLIMATE NORMALS FOR TODAY
                         NORMAL    RECORD    YEAR
 MAXIMUM TEMPERATURE (F)   89        97      1894
 MINIMUM TEMPERATURE (F)   79        70      1942
                                             1918
                                             1908


SUNRISE AND SUNSET
JULY  2 2015..........SUNRISE   624 AM CDT   SUNSET   823 PM CDT
JULY  3 2015..........SUNRISE   624 AM CDT   SUNSET   823 PM CDT


-  INDICATES NEGATIVE NUMBERS.
R  INDICATES RECORD WAS SET OR TIED.
MM INDICATES DATA IS MISSING.
T  INDICATES TRACE AMOUNT.




$$
