000
CDUS44 KHGX 272134
CLIGLS


CLIMATE REPORT
NATIONAL WEATHER SERVICE HOUSTON/GALVESTON TX
432 PM CDT SAT AUG 27 2016


...................................

...THE GALVESTON CLIMATE SUMMARY FOR AUGUST 27 2016...
VALID TODAY AS OF 400 PM LOCAL TIME.

CLIMATE NORMAL PERIOD 1981 TO 2010
CLIMATE RECORD PERIOD 1875 TO 2016


WEATHER ITEM   OBSERVED TIME   RECORD YEAR NORMAL DEPARTURE LAST
                VALUE   (LST)  VALUE       VALUE  FROM      YEAR
                                                  NORMAL
..................................................................
TEMPERATURE (F)
 TODAY
  MAXIMUM         87    250 PM 100    2011  90     -3       89
  MINIMUM         79   1210 AM  67    1913  79      0       76
  AVERAGE         83                        85     -2       83

PRECIPITATION (IN)
  TODAY            0.01          8.17 1945   0.22  -0.21     0.00
  MONTH TO DATE    6.09                      3.54   2.55     6.37
  SINCE JUN 1     17.42                     13.03   4.39     9.35
  SINCE JAN 1     37.95                     30.33   7.62    31.53

SNOWFALL (IN)
  TODAY            0.0          MM      MM  MM     MM        0.0
  MONTH TO DATE    0.0                      MM     MM        0.0
  SINCE JUN 1      0.0                      MM     MM        0.0
  SINCE JUL 1      0.0                      MM     MM        0.0
  SNOW DEPTH       0

DEGREE DAYS
 HEATING
  TODAY            0                         0      0        0
  MONTH TO DATE    0                         0      0        0
  SINCE JUN 1      0                         0      0        0
  SINCE JUL 1      0                         0      0        0

 COOLING
  TODAY           18                        20     -2       18
  MONTH TO DATE  547                       540      7      587
  SINCE JUN 1   1732                      1679     53     1815
  SINCE JAN 1   2399                      2314     85     2517
..................................................................


WIND (MPH)
  RESULTANT WIND SPEED   8   RESULTANT WIND DIRECTION  NE (30)
  HIGHEST WIND SPEED    14   HIGHEST WIND DIRECTION     N (20)
  HIGHEST GUST SPEED    19   HIGHEST GUST DIRECTION     N (10)
  AVERAGE WIND SPEED     8.2


SKY COVER
  AVERAGE SKY COVER 0.3


WEATHER CONDITIONS
 THE FOLLOWING WEATHER WAS RECORDED TODAY.
  THUNDERSTORM
  LIGHT RAIN


RELATIVE HUMIDITY (PERCENT)
 HIGHEST    94           400 AM
 LOWEST     74          1200 PM
 AVERAGE    84

..........................................................


THE GALVESTON CLIMATE NORMALS FOR TOMORROW
                         NORMAL    RECORD    YEAR
 MAXIMUM TEMPERATURE (F)   90        97      2011
 MINIMUM TEMPERATURE (F)   79        71      1961
                                             1948
                                             1887


SUNRISE AND SUNSET
AUGUST 27 2016........SUNRISE   655 AM CDT   SUNSET   746 PM CDT
AUGUST 28 2016........SUNRISE   655 AM CDT   SUNSET   745 PM CDT


-  INDICATES NEGATIVE NUMBERS.
R  INDICATES RECORD WAS SET OR TIED.
MM INDICATES DATA IS MISSING.
T  INDICATES TRACE AMOUNT.




$$
