000
CDUS44 KHGX 280808
CLIGLS


CLIMATE REPORT
NATIONAL WEATHER SERVICE HOUSTON/GALVESTON TX
307 AM CDT FRI AUG 28 2015


...................................

...THE GALVESTON CLIMATE SUMMARY FOR AUGUST 27 2015...

CLIMATE NORMAL PERIOD 1981 TO 2010
CLIMATE RECORD PERIOD 1875 TO 2015


WEATHER ITEM   OBSERVED TIME   RECORD YEAR NORMAL DEPARTURE LAST
                VALUE   (LST)  VALUE       VALUE  FROM      YEAR
                                                  NORMAL
..................................................................
TEMPERATURE (F)
 YESTERDAY
  MAXIMUM         89    510 PM 100    2011  90     -1       87
  MINIMUM         76    548 AM  67    1913  79     -3       79
  AVERAGE         83                        85     -2       83

PRECIPITATION (IN)
  YESTERDAY        0.00          8.17 1945   0.22  -0.22     0.11
  MONTH TO DATE    6.37                      3.54   2.83     1.28
  SINCE JUN 1      9.35                     13.03  -3.68     3.89
  SINCE JAN 1     31.53                     30.33   1.20    12.58

SNOWFALL (IN)
  YESTERDAY        0.0          MM      MM  MM     MM        0.0
  MONTH TO DATE    0.0                      MM     MM        0.0
  SINCE JUN 1      0.0                      MM     MM        0.0
  SINCE JUL 1      0.0                      MM     MM        0.0
  SNOW DEPTH       0

DEGREE DAYS
 HEATING
  YESTERDAY        0                         0      0        0
  MONTH TO DATE    0                         0      0        0
  SINCE JUN 1      0                         0      0        0
  SINCE JUL 1      0                         0      0        0

 COOLING
  YESTERDAY       18                        20     -2       18
  MONTH TO DATE  587                       540     47      575
  SINCE JUN 1   1815                      1679    136     1753
  SINCE JAN 1   2517                      2314    203     2261
..................................................................


WIND (MPH)
  RESULTANT WIND SPEED   2   RESULTANT WIND DIRECTION  NE (40)
  HIGHEST WIND SPEED    18   HIGHEST WIND DIRECTION     N (360)
  HIGHEST GUST SPEED    22   HIGHEST GUST DIRECTION     N (360)
  AVERAGE WIND SPEED     6.4


SKY COVER
  AVERAGE SKY COVER 0.0


WEATHER CONDITIONS
 THE FOLLOWING WEATHER WAS RECORDED YESTERDAY.
  NO SIGNIFICANT WEATHER WAS OBSERVED.


RELATIVE HUMIDITY (PERCENT)
 HIGHEST    76
 LOWEST     41
 AVERAGE    59

..........................................................


THE GALVESTON CLIMATE NORMALS FOR TODAY
                         NORMAL    RECORD    YEAR
 MAXIMUM TEMPERATURE (F)   90        97      2011
 MINIMUM TEMPERATURE (F)   79        71      1961
                                             1948
                                             1887


SUNRISE AND SUNSET
AUGUST 28 2015........SUNRISE   655 AM CDT   SUNSET   746 PM CDT
AUGUST 29 2015........SUNRISE   655 AM CDT   SUNSET   745 PM CDT


-  INDICATES NEGATIVE NUMBERS.
R  INDICATES RECORD WAS SET OR TIED.
MM INDICATES DATA IS MISSING.
T  INDICATES TRACE AMOUNT.




$$
