000
CDUS42 KJAX 260532
CLIGNV


CLIMATE REPORT
NATIONAL WEATHER SERVICE JACKSONVILLE FL
1232 AM EST FRI DEC 26 2014


...................................

...THE GAINESVILLE CLIMATE SUMMARY FOR DECEMBER 25 2014...

CLIMATE NORMAL PERIOD 1981 TO 2010
CLIMATE RECORD PERIOD 1890 TO 2014


WEATHER ITEM   OBSERVED TIME   RECORD YEAR NORMAL DEPARTURE LAST
                VALUE   (LST)  VALUE       VALUE  FROM      YEAR
                                                  NORMAL
..................................................................
TEMPERATURE (F)
 YESTERDAY
  MAXIMUM         63    312 PM  82    1981  66     -3       69
                                      1964
                                      1942
  MINIMUM         41   1151 PM  15    1983  43     -2       36
  AVERAGE         52                        55     -3       53

PRECIPITATION (IN)
  YESTERDAY        0.00          2.32 1913   0.08  -0.08     0.00
  MONTH TO DATE    3.38                      1.92   1.46     2.45
  SINCE DEC 1      3.38                      1.92   1.46     2.45
  SINCE JAN 1     51.74                     46.85   4.89    45.74

SNOWFALL (IN)
  YESTERDAY        0.0           0.0    MM   0.0    0.0      0.0
  MONTH TO DATE    0.0                       0.0    0.0      0.0
  SINCE DEC 1      0.0                       0.0    0.0      0.0
  SINCE JUL 1      0.0                       0.0    0.0      0.0
  SNOW DEPTH       0

DEGREE DAYS
 HEATING
  YESTERDAY       13                        11      2       12
  MONTH TO DATE  189                       229    -40      136
  SINCE DEC 1    189                       229    -40      136
  SINCE JUL 1    454                       390     64      229

 COOLING
  YESTERDAY        0                         0      0        0
  MONTH TO DATE   31                        24      7       55
  SINCE DEC 1     31                        24      7       55
  SINCE JAN 1   2594                      2640    -46     2880
..................................................................


WIND (MPH)
  HIGHEST WIND SPEED    16   HIGHEST WIND DIRECTION     W (260)
  HIGHEST GUST SPEED    22   HIGHEST GUST DIRECTION     W (250)
  AVERAGE WIND SPEED     5.8


SKY COVER
  POSSIBLE SUNSHINE  MM
  AVERAGE SKY COVER 0.5


WEATHER CONDITIONS
 THE FOLLOWING WEATHER WAS RECORDED YESTERDAY.
  NO SIGNIFICANT WEATHER WAS OBSERVED.


RELATIVE HUMIDITY (PERCENT)
 HIGHEST   100          1000 PM
 LOWEST     52           400 PM
 AVERAGE    76

..........................................................


THE GAINESVILLE CLIMATE NORMALS FOR TODAY
                         NORMAL    RECORD    YEAR
 MAXIMUM TEMPERATURE (F)   66        82      2008
                                             1932
 MINIMUM TEMPERATURE (F)   43        16      1983


SUNRISE AND SUNSET
DECEMBER 26 2014......SUNRISE   722 AM EST   SUNSET   537 PM EST
DECEMBER 27 2014......SUNRISE   723 AM EST   SUNSET   538 PM EST


-  INDICATES NEGATIVE NUMBERS.
R  INDICATES RECORD WAS SET OR TIED.
MM INDICATES DATA IS MISSING.
T  INDICATES TRACE AMOUNT.




$$
