000
CDUS42 KJAX 100531
CLIGNV


CLIMATE REPORT
NATIONAL WEATHER SERVICE JACKSONVILLE FL
1230 AM EST WED FEB 10 2016


...................................

...THE GAINESVILLE CLIMATE SUMMARY FOR FEBRUARY 9 2016...

CLIMATE NORMAL PERIOD 1981 TO 2010
CLIMATE RECORD PERIOD 1890 TO 2016


WEATHER ITEM   OBSERVED TIME   RECORD YEAR NORMAL DEPARTURE LAST
                VALUE   (LST)  VALUE       VALUE  FROM      YEAR
                                                  NORMAL
..................................................................
TEMPERATURE (F)
 YESTERDAY
  MAXIMUM         57    400 PM  86    1939  69    -12       71
  MINIMUM         39   1152 PM  19    1995  44     -5       42
  AVERAGE         48                        56     -8       57

PRECIPITATION (IN)
  YESTERDAY        0.00          1.94 1986   0.12  -0.12     0.02
  MONTH TO DATE    3.60                      0.99   2.61     0.63
  SINCE DEC 1      8.30                      6.78   1.52     7.25
  SINCE JAN 1      6.33                      4.30   2.03     3.87

SNOWFALL (IN)
  YESTERDAY        0.0           0.0    MM   0.0    0.0      0.0
  MONTH TO DATE    0.0                       0.0    0.0      0.0
  SINCE DEC 1      0.0                       0.0    0.0      0.0
  SINCE JUL 1      0.0                       0.0    0.0      0.0
  SNOW DEPTH       0

DEGREE DAYS
 HEATING
  YESTERDAY       17                         9      8        8
  MONTH TO DATE   90                        86      4      108
  SINCE DEC 1    548                       727   -179      658
  SINCE JUL 1    587                       888   -301      923

 COOLING
  YESTERDAY        0                         1     -1        0
  MONTH TO DATE   14                         5      9        0
  SINCE DEC 1    162                        39    123       50
  SINCE JAN 1     16                        17     -1       14
..................................................................


WIND (MPH)
  HIGHEST WIND SPEED    32   HIGHEST WIND DIRECTION     W (260)
  HIGHEST GUST SPEED    41   HIGHEST GUST DIRECTION     W (270)
  AVERAGE WIND SPEED    15.6


SKY COVER
  POSSIBLE SUNSHINE  MM
  AVERAGE SKY COVER 0.3


WEATHER CONDITIONS
 THE FOLLOWING WEATHER WAS RECORDED YESTERDAY.
  NO SIGNIFICANT WEATHER WAS OBSERVED.


RELATIVE HUMIDITY (PERCENT)
 HIGHEST    56           700 PM
 LOWEST     28          1100 AM
 AVERAGE    42

..........................................................


THE GAINESVILLE CLIMATE NORMALS FOR TODAY
                         NORMAL    RECORD    YEAR
 MAXIMUM TEMPERATURE (F)   69        86      1957
 MINIMUM TEMPERATURE (F)   45        24      1947


SUNRISE AND SUNSET
FEBRUARY 10 2016......SUNRISE   713 AM EST   SUNSET   614 PM EST
FEBRUARY 11 2016......SUNRISE   712 AM EST   SUNSET   615 PM EST


-  INDICATES NEGATIVE NUMBERS.
R  INDICATES RECORD WAS SET OR TIED.
MM INDICATES DATA IS MISSING.
T  INDICATES TRACE AMOUNT.




$$
