000
CDUS42 KJAX 192125
CLIGNV


CLIMATE REPORT
NATIONAL WEATHER SERVICE JACKSONVILLE
525 PM EDT SAT APR 19 2014


...................................

...THE GAINESVILLE CLIMATE SUMMARY FOR APRIL 19 2014...
VALID TODAY AS OF 0500 PM LOCAL TIME.

CLIMATE NORMAL PERIOD 1981 TO 2010
CLIMATE RECORD PERIOD 1890 TO 2014


WEATHER ITEM   OBSERVED TIME   RECORD YEAR NORMAL DEPARTURE LAST
                VALUE   (LST)  VALUE       VALUE  FROM      YEAR
                                                  NORMAL
..................................................................
TEMPERATURE (F)
 TODAY
  MAXIMUM         73   1104 AM  94    2011  81     -8       89
  MINIMUM         63    215 PM  34    2001  55      8       64
  AVERAGE         68                        68      0       77

PRECIPITATION (IN)
  TODAY            T             4.70 1900   0.09  -0.09     0.06
  MONTH TO DATE    1.37                      1.81  -0.44     2.53
  SINCE MAR 1      6.87                      6.14   0.73     3.51
  SINCE JAN 1     16.44                     12.65   3.79     5.48

SNOWFALL (IN)
  TODAY            0.0           0.0    MM   0.0    0.0      0.0
  MONTH TO DATE    0.0                       0.0    0.0      0.0
  SINCE MAR 1      0.0                       0.0    0.0      0.0
  SINCE JUL 1      0.0                       0.0    0.0      0.0
  SNOW DEPTH       0

DEGREE DAYS
 HEATING
  TODAY            0                         1     -1        0
  MONTH TO DATE   15                        34    -19        9
  SINCE MAR 1    178                       171      7      289
  SINCE JUL 1   1088                      1205   -117     1021

 COOLING
  TODAY            3                         4     -1       12
  MONTH TO DATE   65                        63      2      117
  SINCE MAR 1     90                       117    -27      135
  SINCE JAN 1    127                       149    -22      235
..................................................................


WIND (MPH)
  HIGHEST WIND SPEED    16   HIGHEST WIND DIRECTION     W (260)
  HIGHEST GUST SPEED    21   HIGHEST GUST DIRECTION    SW (230)
  AVERAGE WIND SPEED     6.4


SKY COVER
  POSSIBLE SUNSHINE  MM
  AVERAGE SKY COVER 0.9


WEATHER CONDITIONS
 THE FOLLOWING WEATHER WAS RECORDED TODAY.
  LIGHT RAIN
  FOG


RELATIVE HUMIDITY (PERCENT)
 HIGHEST   100          1200 AM
 LOWEST     73          1100 AM
 AVERAGE    87

..........................................................


THE GAINESVILLE CLIMATE NORMALS FOR TOMORROW
                         NORMAL    RECORD    YEAR
 MAXIMUM TEMPERATURE (F)   81        94      1892
 MINIMUM TEMPERATURE (F)   56        41      1936


SUNRISE AND SUNSET
APRIL 19 2014.........SUNRISE   658 AM EDT   SUNSET   758 PM EDT
APRIL 20 2014.........SUNRISE   657 AM EDT   SUNSET   759 PM EDT


-  INDICATES NEGATIVE NUMBERS.
R  INDICATES RECORD WAS SET OR TIED.
MM INDICATES DATA IS MISSING.
T  INDICATES TRACE AMOUNT.




$$
