000
CDUS42 KJAX 240528
CLIGNV


CLIMATE REPORT
NATIONAL WEATHER SERVICE JACKSONVILLE FL
127 AM EDT MON APR 24 2017


...................................

...THE GAINESVILLE CLIMATE SUMMARY FOR APRIL 23 2017...

CLIMATE NORMAL PERIOD 1981 TO 2010
CLIMATE RECORD PERIOD 1890 TO 2017


WEATHER ITEM   OBSERVED TIME   RECORD YEAR NORMAL DEPARTURE LAST
                VALUE   (LST)  VALUE       VALUE  FROM      YEAR
                                                  NORMAL
..................................................................
TEMPERATURE (F)
 YESTERDAY
  MAXIMUM         89    258 PM  92    1970  82      7       82
                                      1964
  MINIMUM         62    552 AM  41    1993  56      6       61
  AVERAGE         76                        69      7       72

PRECIPITATION (IN)
  YESTERDAY        0.00          2.95 1983   0.08  -0.08     0.00
  MONTH TO DATE    2.74                      2.14   0.60     1.66
  SINCE MAR 1      3.41                      6.47  -3.06     4.01
  SINCE JAN 1      5.25                     12.98  -7.73    10.86

SNOWFALL (IN)
  YESTERDAY        0.0           0.0    MM   0.0    0.0      0.0
  MONTH TO DATE    0.0                       0.0    0.0      0.0
  SINCE MAR 1      0.0                       0.0    0.0      0.0
  SINCE JUL 1      0.0                       0.0    0.0      0.0
  SNOW DEPTH       0

DEGREE DAYS
 HEATING
  YESTERDAY        0                         1     -1        0
  MONTH TO DATE   18                        38    -20        9
  SINCE MAR 1    143                       175    -32       83
  SINCE JUL 1    646                      1209   -563      848

 COOLING
  YESTERDAY       11                         5      6        7
  MONTH TO DATE  116                        82     34       70
  SINCE MAR 1    189                       136     53      199
  SINCE JAN 1    273                       168    105      224
..................................................................


WIND (MPH)
  HIGHEST WIND SPEED    14   HIGHEST WIND DIRECTION     S (200)
  HIGHEST GUST SPEED    16   HIGHEST GUST DIRECTION     W (250)
  AVERAGE WIND SPEED     4.7


SKY COVER
  POSSIBLE SUNSHINE  MM
  AVERAGE SKY COVER 0.6


WEATHER CONDITIONS
 THE FOLLOWING WEATHER WAS RECORDED YESTERDAY.
  NO SIGNIFICANT WEATHER WAS OBSERVED.


RELATIVE HUMIDITY (PERCENT)
 HIGHEST    93           600 AM
 LOWEST     41           300 PM
 AVERAGE    67

..........................................................


THE GAINESVILLE CLIMATE NORMALS FOR TODAY
                         NORMAL    RECORD    YEAR
 MAXIMUM TEMPERATURE (F)   82        94      1999
 MINIMUM TEMPERATURE (F)   57        39      1993


SUNRISE AND SUNSET
APRIL 24 2017.........SUNRISE   653 AM EDT   SUNSET   802 PM EDT
APRIL 25 2017.........SUNRISE   652 AM EDT   SUNSET   802 PM EDT


-  INDICATES NEGATIVE NUMBERS.
R  INDICATES RECORD WAS SET OR TIED.
MM INDICATES DATA IS MISSING.
T  INDICATES TRACE AMOUNT.




$$
