000
CDUS42 KJAX 060545
CLIGNV


CLIMATE REPORT
NATIONAL WEATHER SERVICE JACKSONVILLE FL
144 AM EDT FRI MAY 6 2016


...................................

...THE GAINESVILLE CLIMATE SUMMARY FOR MAY 5 2016...

CLIMATE NORMAL PERIOD 1981 TO 2010
CLIMATE RECORD PERIOD 1890 TO 2016


WEATHER ITEM   OBSERVED TIME   RECORD YEAR NORMAL DEPARTURE LAST
                VALUE   (LST)  VALUE       VALUE  FROM      YEAR
                                                  NORMAL
..................................................................
TEMPERATURE (F)
 YESTERDAY
  MAXIMUM         78        MM  97    1902  85     -7       81
  MINIMUM         50        MM  44    1971  59     -9       59
  AVERAGE         64                        72     -8       70

PRECIPITATION (IN)
  YESTERDAY        0.00          1.31 2005   0.06  -0.06     0.15
  MONTH TO DATE    1.24                      0.30   0.94     0.15
  SINCE MAR 1      5.25                      7.30  -2.05     4.54
  SINCE JAN 1     12.10                     13.81  -1.71     9.80

SNOWFALL (IN)
  YESTERDAY        0.0           0.0    MM   0.0    0.0      0.0
  MONTH TO DATE    0.0                       0.0    0.0      0.0
  SINCE MAR 1      0.0                       0.0    0.0      0.0
  SINCE JUL 1      0.0                       0.0    0.0      0.0
  SNOW DEPTH       0

DEGREE DAYS
 HEATING
  YESTERDAY        1                         0      1        0
  MONTH TO DATE    1                         0      1        2
  SINCE MAR 1     84                       180    -96       62
  SINCE JUL 1    849                      1214   -365     1213

 COOLING
  YESTERDAY        0                         7     -7        5
  MONTH TO DATE   49                        35     14        7
  SINCE MAR 1    317                       210    107      392
  SINCE JAN 1    342                       242    100      407
..................................................................


WIND (MPH)
  HIGHEST WIND SPEED    24   HIGHEST WIND DIRECTION     W (270)
  HIGHEST GUST SPEED    37   HIGHEST GUST DIRECTION     W (280)
  AVERAGE WIND SPEED    11.0


SKY COVER
  POSSIBLE SUNSHINE  MM
  AVERAGE SKY COVER 0.0


WEATHER CONDITIONS
 THE FOLLOWING WEATHER WAS RECORDED YESTERDAY.
  NO SIGNIFICANT WEATHER WAS OBSERVED.


RELATIVE HUMIDITY (PERCENT)
 HIGHEST    77           400 AM
 LOWEST     29           100 PM
 AVERAGE    53

..........................................................


THE GAINESVILLE CLIMATE NORMALS FOR TODAY
                         NORMAL    RECORD    YEAR
 MAXIMUM TEMPERATURE (F)   85        96      1955
                                             1927
 MINIMUM TEMPERATURE (F)   60        48      1970
                                             1945


SUNRISE AND SUNSET
MAY  6 2016...........SUNRISE   642 AM EDT   SUNSET   809 PM EDT
MAY  7 2016...........SUNRISE   641 AM EDT   SUNSET   810 PM EDT


-  INDICATES NEGATIVE NUMBERS.
R  INDICATES RECORD WAS SET OR TIED.
MM INDICATES DATA IS MISSING.
T  INDICATES TRACE AMOUNT.




$$
