000
CDUS45 KMSO 310742
CLIGPI


CLIMATE REPORT
NATIONAL WEATHER SERVICE MISSOULA, MT
141 AM MDT MON AUG 31 2015


...................................

...THE KALISPELL MT CLIMATE SUMMARY FOR AUGUST 30 2015...

CLIMATE NORMAL PERIOD 1981 TO 2010
CLIMATE RECORD PERIOD 1894 TO 2015


WEATHER ITEM   OBSERVED TIME   RECORD YEAR NORMAL DEPARTURE LAST
                VALUE   (LST)  VALUE       VALUE  FROM      YEAR
                                                  NORMAL
..................................................................
TEMPERATURE (F)
 YESTERDAY
  MAXIMUM         72   1252 PM  94    1929  77     -5       76
  MINIMUM         49   1155 PM  31    1959  44      5       48
  AVERAGE         61                        60      1       62

PRECIPITATION (IN)
  YESTERDAY        0.06          0.61 1907   0.04   0.02     0.00
  MONTH TO DATE    0.13                      0.95  -0.82     1.38
  SINCE OCT 1     12.93                     15.57  -2.64    18.71
  SINCE JAN 1      6.85                     11.57  -4.72    14.26

SNOWFALL (IN)
  YESTERDAY        0.0
  MONTH TO DATE    0.0
  SINCE JAN 1     32.9
  SINCE JUL 1      0.0
  SNOW DEPTH       0

DEGREE DAYS
 HEATING
  YESTERDAY        4                         5     -1        3
  MONTH TO DATE   65                        90    -25       55
  SINCE JUN 1    206                       383   -177      322
  SINCE JUL 1    125                       167    -42       69

 COOLING
  YESTERDAY        0                         1     -1        0
  MONTH TO DATE   81                        61     20       85
  SINCE JUN 1    246                       141    105      215
  SINCE JAN 1    246                       144    102      215
..................................................................


WIND (MPH)
  HIGHEST WIND SPEED    28   HIGHEST WIND DIRECTION    SW (240)
  HIGHEST GUST SPEED    40   HIGHEST GUST DIRECTION     W (260)
  AVERAGE WIND SPEED     9.4


SKY COVER
  POSSIBLE SUNSHINE  MM
  AVERAGE SKY COVER 0.7


WEATHER CONDITIONS
 THE FOLLOWING WEATHER WAS RECORDED YESTERDAY.
  THUNDERSTORM
  LIGHT RAIN


RELATIVE HUMIDITY (PERCENT)
 HIGHEST    80           700 AM
 LOWEST     35           100 PM
 AVERAGE    58

..........................................................


THE KALISPELL MT CLIMATE NORMALS FOR TODAY
                         NORMAL    RECORD    YEAR
 MAXIMUM TEMPERATURE (F)   77        91      1998
 MINIMUM TEMPERATURE (F)   43        31      1999


SUNRISE AND SUNSET
AUGUST 31 2015........SUNRISE   653 AM MDT   SUNSET   821 PM MDT
SEPTEMBER  1 2015.....SUNRISE   654 AM MDT   SUNSET   819 PM MDT


-  INDICATES NEGATIVE NUMBERS.
R  INDICATES RECORD WAS SET OR TIED.
MM INDICATES DATA IS MISSING.
T  INDICATES TRACE AMOUNT.




$$
