000
CDUS45 KMSO 172231
CLIGPI


CLIMATE REPORT
NATIONAL WEATHER SERVICE MISSOULA, MT
431 PM MDT THU APR 17 2014


...................................

...THE KALISPELL MT CLIMATE SUMMARY FOR APRIL 17 2014...
VALID TODAY AS OF 0400 PM LOCAL TIME.

CLIMATE NORMAL PERIOD 1981 TO 2010
CLIMATE RECORD PERIOD 1894 TO 2014


WEATHER ITEM   OBSERVED TIME   RECORD YEAR NORMAL DEPARTURE LAST
                VALUE   (LST)  VALUE       VALUE  FROM      YEAR
                                                  NORMAL
..................................................................
TEMPERATURE (F)
 TODAY
  MAXIMUM         50    225 PM  79    1980  57     -7       48
  MINIMUM         41    747 AM  16    2013  31     10       16
                                      1968
  AVERAGE         46                        44      2       32

PRECIPITATION (IN)
  TODAY            0.06          0.42 1987   0.04   0.02     0.00
  MONTH TO DATE    0.25                      0.68  -0.43     0.70
  SINCE OCT 1      9.58                      8.07   1.51     8.03
  SINCE JAN 1      5.13                      4.07   1.06     2.65

SNOWFALL (IN)
  TODAY            0.0
  MONTH TO DATE    T
  SINCE JAN 1     38.2
  SINCE JUL 1     71.7
  SNOW DEPTH       0

DEGREE DAYS
 HEATING
  TODAY           19                        21     -2       33
  MONTH TO DATE  383                       388     -5      428
  SINCE MAR 1   1338                      1307     31     1321
  SINCE JUL 1   7272                      7159    113     6608

 COOLING
  TODAY            0                         0      0        0
  MONTH TO DATE    0                         0      0        0
  SINCE MAR 1      0                         0      0        0
  SINCE JAN 1      0                         0      0        0
..................................................................


WIND (MPH)
  HIGHEST WIND SPEED    16   HIGHEST WIND DIRECTION     S (160)
  HIGHEST GUST SPEED    21   HIGHEST GUST DIRECTION    SE (150)
  AVERAGE WIND SPEED     8.9


SKY COVER
  POSSIBLE SUNSHINE  MM
  AVERAGE SKY COVER 1.0


WEATHER CONDITIONS
 THE FOLLOWING WEATHER WAS RECORDED TODAY.
  LIGHT RAIN


RELATIVE HUMIDITY (PERCENT)
 HIGHEST    86           700 AM
 LOWEST     70          1200 AM
 AVERAGE    78

..........................................................


THE KALISPELL MT CLIMATE NORMALS FOR TOMORROW
                         NORMAL    RECORD    YEAR
 MAXIMUM TEMPERATURE (F)   57        85      1936
 MINIMUM TEMPERATURE (F)   31        11      1951


SUNRISE AND SUNSET
APRIL 17 2014.........SUNRISE   643 AM MDT   SUNSET   831 PM MDT
APRIL 18 2014.........SUNRISE   641 AM MDT   SUNSET   832 PM MDT


-  INDICATES NEGATIVE NUMBERS.
R  INDICATES RECORD WAS SET OR TIED.
MM INDICATES DATA IS MISSING.
T  INDICATES TRACE AMOUNT.




$$
