000
CDUS45 KMSO 100847
CLIGPI


CLIMATE REPORT
NATIONAL WEATHER SERVICE MISSOULA, MT
142 AM MST SAT DEC 10 2016


...................................

...THE KALISPELL MT CLIMATE SUMMARY FOR DECEMBER 9 2016...

CLIMATE NORMAL PERIOD 1981 TO 2010
CLIMATE RECORD PERIOD 1894 TO 2016


WEATHER ITEM   OBSERVED TIME   RECORD YEAR NORMAL DEPARTURE LAST
                VALUE   (LST)  VALUE       VALUE  FROM      YEAR
                                                  NORMAL
..................................................................
TEMPERATURE (F)
 YESTERDAY
  MAXIMUM         11   1159 PM  57    1979  30    -19       51
  MINIMUM          4    902 AM -24    1919  17    -13       33
  AVERAGE          8                        24    -16       42

PRECIPITATION (IN)
  YESTERDAY        0.07          0.58 1929   0.05   0.02     0.01
  MONTH TO DATE    0.46                      0.44   0.02     0.71
  SINCE OCT 1      5.94                      2.88   3.06     2.32
  SINCE JAN 1     19.03                     15.87   3.16     9.92

SNOWFALL (IN)
  YESTERDAY        2.5
  MONTH TO DATE    9.2
  SINCE JAN 1     25.5
  SINCE JUL 1     10.9
  SNOW DEPTH       3

DEGREE DAYS
 HEATING
  YESTERDAY       57                        41     16       23
  MONTH TO DATE  400                       362     38      289
  SINCE DEC 1    400                       362     38      289
  SINCE JUL 1   2359                      2566   -207     2308

 COOLING
  YESTERDAY        0                         0      0        0
  MONTH TO DATE    0                         0      0        0
  SINCE DEC 1      0                         0      0        0
  SINCE JAN 1    157                       147     10      248
..................................................................


WIND (MPH)
  HIGHEST WIND SPEED    21   HIGHEST WIND DIRECTION     N (20)
  HIGHEST GUST SPEED    26   HIGHEST GUST DIRECTION     N (10)
  AVERAGE WIND SPEED    10.3


SKY COVER
  POSSIBLE SUNSHINE  MM
  AVERAGE SKY COVER 0.8


WEATHER CONDITIONS
 THE FOLLOWING WEATHER WAS RECORDED YESTERDAY.
  LIGHT SNOW
  FOG
  HAZE


RELATIVE HUMIDITY (PERCENT)
 HIGHEST    83          1000 PM
 LOWEST     62           200 AM
 AVERAGE    73

..........................................................


THE KALISPELL MT CLIMATE NORMALS FOR TODAY
                         NORMAL    RECORD    YEAR
 MAXIMUM TEMPERATURE (F)   30        49      1939
 MINIMUM TEMPERATURE (F)   17       -14      1961


SUNRISE AND SUNSET
DECEMBER 10 2016......SUNRISE   818 AM MST   SUNSET   443 PM MST
DECEMBER 11 2016......SUNRISE   819 AM MST   SUNSET   443 PM MST


-  INDICATES NEGATIVE NUMBERS.
R  INDICATES RECORD WAS SET OR TIED.
MM INDICATES DATA IS MISSING.
T  INDICATES TRACE AMOUNT.




$$
