000
CDUS43 KGRR 240516
CLIGRR


CLIMATE REPORT
NATIONAL WEATHER SERVICE GRAND RAPIDS, MI
116 AM EDT FRI MAR 24 2017


...................................

...THE GRAND RAPIDS MI CLIMATE SUMMARY FOR MARCH 23 2017...

CLIMATE NORMAL PERIOD 1981 TO 2010
CLIMATE RECORD PERIOD 1892 TO 2017


WEATHER ITEM   OBSERVED TIME   RECORD YEAR NORMAL DEPARTURE LAST
                VALUE   (LST)  VALUE       VALUE  FROM      YEAR
                                                  NORMAL
..................................................................
TEMPERATURE (F)
 YESTERDAY
  MAXIMUM         48    511 PM  74    1907  48      0       48
  MINIMUM         23    625 AM   4    1983  29     -6       33
  AVERAGE         36                        38     -2       41

PRECIPITATION (IN)
  YESTERDAY        0.24          1.38 1897   0.08   0.16     0.20
  MONTH TO DATE    1.34                      1.69  -0.35     2.40
  SINCE MAR 1      1.34                      1.69  -0.35     2.40
  SINCE JAN 1      6.90                      5.57   1.33     7.33

SNOWFALL (IN)
  YESTERDAY        0.0           8.4  1956   0.2   -0.2      0.0
  MONTH TO DATE    4.7                       7.1   -2.4     10.1
  SINCE MAR 1      4.7                       7.1   -2.4     10.1
  SINCE JUL 1     59.7                      71.9  -12.2     51.7
  SNOW DEPTH       0

DEGREE DAYS
 HEATING
  YESTERDAY       29                        27      2       24
  MONTH TO DATE  752                       711     41      579
  SINCE MAR 1    752                       711     41      579
  SINCE JUL 1   4806                      5488   -682     4656

 COOLING
  YESTERDAY        0                         0      0        0
  MONTH TO DATE    0                         0      0        0
  SINCE MAR 1      0                         0      0        0
  SINCE JAN 1      0                         0      0        0
..................................................................


WIND (MPH)
  RESULTANT WIND SPEED  10   RESULTANT WIND DIRECTION  SE (140)
  HIGHEST WIND SPEED    22   HIGHEST WIND DIRECTION     S (160)
  HIGHEST GUST SPEED    26   HIGHEST GUST DIRECTION     S (160)
  AVERAGE WIND SPEED    10.7


SKY COVER
  POSSIBLE SUNSHINE  58 PERCENT
  AVERAGE SKY COVER 0.7


WEATHER CONDITIONS
 THE FOLLOWING WEATHER WAS RECORDED YESTERDAY.
  THUNDERSTORM
  HEAVY RAIN
  RAIN
  LIGHT RAIN


RELATIVE HUMIDITY (PERCENT)
 HIGHEST    68           500 AM
 LOWEST     19           500 PM
 AVERAGE    44

..........................................................


THE GRAND RAPIDS MI CLIMATE NORMALS FOR TODAY
                         NORMAL    RECORD    YEAR
 MAXIMUM TEMPERATURE (F)   48        78      1939
                                             1910
 MINIMUM TEMPERATURE (F)   29        -3      1974


SUNRISE AND SUNSET
MARCH 24 2017.........SUNRISE   738 AM EDT   SUNSET   759 PM EDT
MARCH 25 2017.........SUNRISE   736 AM EDT   SUNSET   801 PM EDT


-  INDICATES NEGATIVE NUMBERS.
R  INDICATES RECORD WAS SET OR TIED.
MM INDICATES DATA IS MISSING.
T  INDICATES TRACE AMOUNT.




$$
