000
CDUS42 KGSP 060630
CLIGSP

CLIMATE REPORT
NATIONAL WEATHER SERVICE GREENVILLE-SPARTANBURG SC
228 AM EDT FRI MAY 6 2016

...THE GREENVILLE-SPARTANBURG SC CLIMATE SUMMARY FOR MAY 5 2016...

CLIMATE NORMAL PERIOD 1981 TO 2010
CLIMATE RECORD PERIOD 1884 TO 2016


WEATHER ITEM   OBSERVED TIME   RECORD YEAR NORMAL DEPARTURE LAST
                VALUE   (LST)  VALUE       VALUE  FROM      YEAR
                                                  NORMAL
..................................................................
TEMPERATURE (F)
 YESTERDAY
  MAXIMUM         63    422 PM  91    2014  77    -14       82
                                      1934
  MINIMUM         51   1115 PM  35    1885  54     -3       57
  AVERAGE         57                        66     -9       70

PRECIPITATION (IN)
  YESTERDAY        T             3.19 2013   0.12  -0.12     0.00
  MONTH TO DATE    1.79                      0.61   1.18     0.00
  SINCE MAR 1      5.80                      8.49  -2.69     8.27
  SINCE JAN 1     14.06                     16.28  -2.22    15.59

SNOWFALL (IN)
  YESTERDAY        0.0           0.0    MM   0.0    0.0      0.0
  MONTH TO DATE    0.0                       0.0    0.0      0.0
  SINCE MAR 1      T                         0.9   -0.9      0.0
  SINCE JUL 1      2.6                       4.7   -2.1      3.7
  SNOW DEPTH       0

DEGREE DAYS
 HEATING
  YESTERDAY        8                         2      6        0
  MONTH TO DATE   10                        13     -3        8
  SINCE MAR 1    377                       570   -193      403
  SINCE JUL 1   2474                      3019   -545     3017

 COOLING
  YESTERDAY        0                         3     -3        5
  MONTH TO DATE   22                        13      9        8
  SINCE MAR 1    107                        61     46       64
  SINCE JAN 1    107                        61     46       64
..................................................................


WIND (MPH)
  HIGHEST WIND SPEED    18   HIGHEST WIND DIRECTION    NW (310)
  HIGHEST GUST SPEED    28   HIGHEST GUST DIRECTION    NW (300)
  AVERAGE WIND SPEED     9.2


SKY COVER
  POSSIBLE SUNSHINE  MM
  AVERAGE SKY COVER 0.5


WEATHER CONDITIONS
 THE FOLLOWING WEATHER WAS RECORDED YESTERDAY.
  NO SIGNIFICANT WEATHER WAS OBSERVED.


RELATIVE HUMIDITY (PERCENT)
 HIGHEST    68          1100 PM
 LOWEST     36          1200 PM
 AVERAGE    52

..........................................................


THE GREENVILLE-SPARTANBURG SC CLIMATE NORMALS FOR TODAY
                         NORMAL    RECORD    YEAR
 MAXIMUM TEMPERATURE (F)   78        92      1977
                                             1952
 MINIMUM TEMPERATURE (F)   54        36      1974


SUNRISE AND SUNSET
MAY  6 2016...........SUNRISE   633 AM EDT   SUNSET   819 PM EDT
MAY  7 2016...........SUNRISE   632 AM EDT   SUNSET   819 PM EDT


-  INDICATES NEGATIVE NUMBERS.
R  INDICATES RECORD WAS SET OR TIED.
MM INDICATES DATA IS MISSING.
T  INDICATES TRACE AMOUNT.

$$
