000
CDUS42 KGSP 270636
CLIGSP

CLIMATE REPORT
NATIONAL WEATHER SERVICE GREENVILLE-SPARTANBURG SC
233 AM EDT FRI MAR 27 2015

...................................

...THE GREENVILLE-SPARTANBURG SC CLIMATE SUMMARY FOR MARCH 26 2015...

CLIMATE NORMAL PERIOD 1981 TO 2010
CLIMATE RECORD PERIOD 1884 TO 2015


WEATHER ITEM   OBSERVED TIME   RECORD YEAR NORMAL DEPARTURE LAST
                VALUE   (LST)  VALUE       VALUE  FROM      YEAR
                                                  NORMAL
..................................................................
TEMPERATURE (F)
 YESTERDAY
  MAXIMUM         73    328 PM  84    1929  68      5       53
  MINIMUM         56    715 AM  20    1955  43     13       27
  AVERAGE         65                        55     10       40

PRECIPITATION (IN)
  YESTERDAY        0.00          5.35 1901   0.15  -0.15     0.00
  MONTH TO DATE    1.77                      3.80  -2.03     3.87
  SINCE MAR 1      1.77                      3.80  -2.03     3.87
  SINCE JAN 1      9.09                     11.59  -2.50    10.11

SNOWFALL (IN)
  YESTERDAY        0.0           T    1947   0.0    0.0      0.0
  MONTH TO DATE    0.0                       0.8   -0.8       T
  SINCE MAR 1      0.0                       0.8   -0.8       T
  SINCE JUL 1      3.7                       4.6   -0.9      7.2
  SNOW DEPTH       0

DEGREE DAYS
 HEATING
  YESTERDAY        0                        10    -10       25
  MONTH TO DATE  229                       338   -109      425
  SINCE MAR 1    229                       338   -109      425
  SINCE JUL 1   2843                      2787     56     2984

 COOLING
  YESTERDAY        0                         0      0        0
  MONTH TO DATE    6                         0      6        0
  SINCE MAR 1      6                         0      6        0
  SINCE JAN 1      6                         0      6        0
..................................................................


WIND (MPH)
  HIGHEST WIND SPEED    22   HIGHEST WIND DIRECTION    SW (210)
  HIGHEST GUST SPEED    27   HIGHEST GUST DIRECTION    SW (210)
  AVERAGE WIND SPEED     9.1


SKY COVER
  POSSIBLE SUNSHINE  MM
  AVERAGE SKY COVER 0.6


WEATHER CONDITIONS
 THE FOLLOWING WEATHER WAS RECORDED YESTERDAY.
  FOG


RELATIVE HUMIDITY (PERCENT)
 HIGHEST   100           800 AM
 LOWEST     49           300 PM
 AVERAGE    75

..........................................................


THE GREENVILLE-SPARTANBURG SC CLIMATE NORMALS FOR TODAY
                         NORMAL    RECORD    YEAR
 MAXIMUM TEMPERATURE (F)   68        81      2007
 MINIMUM TEMPERATURE (F)   44        16      1955


SUNRISE AND SUNSET
MARCH 27 2015.........SUNRISE   723 AM EDT   SUNSET   746 PM EDT
MARCH 28 2015.........SUNRISE   722 AM EDT   SUNSET   747 PM EDT


-  INDICATES NEGATIVE NUMBERS.
R  INDICATES RECORD WAS SET OR TIED.
MM INDICATES DATA IS MISSING.
T  INDICATES TRACE AMOUNT.

$$
