000
CDUS42 KGSP 260636
CLIGSP

CLIMATE REPORT
NATIONAL WEATHER SERVICE GREENVILLE-SPARTANBURG SC
134 AM EST MON JAN 26 2015


...................................

...THE GREENVILLE-SPARTANBURG SC CLIMATE SUMMARY FOR JANUARY 25 2015...

CLIMATE NORMAL PERIOD 1981 TO 2010
CLIMATE RECORD PERIOD 1884 TO 2015


WEATHER ITEM   OBSERVED TIME   RECORD YEAR NORMAL DEPARTURE LAST
                VALUE   (LST)  VALUE       VALUE  FROM      YEAR
                                                  NORMAL
..................................................................
TEMPERATURE (F)
 YESTERDAY
  MAXIMUM         58    222 PM  74    1909  53      5       41
  MINIMUM         27    712 AM   9    1905  32     -5       17
  AVERAGE         43                        43      0       29

PRECIPITATION (IN)
  YESTERDAY        0.00          2.30 1978   0.12  -0.12     0.00
  MONTH TO DATE    3.86                      3.09   0.77     3.09
  SINCE DEC 1      7.49                      7.20   0.29     9.76
  SINCE JAN 1      3.86                      3.09   0.77     3.09

SNOWFALL (IN)
  YESTERDAY        0.0           2.3  1923   0.1   -0.1      0.0
  MONTH TO DATE    0.0                       1.9   -1.9      0.0
  SINCE DEC 1      0.0                       2.3   -2.3      0.0
  SINCE JUL 1      T                         2.4   -2.4      0.1
  SNOW DEPTH       0

DEGREE DAYS
 HEATING
  YESTERDAY       22                        22      0       36
  MONTH TO DATE  575                       573      2      709
  SINCE DEC 1   1098                      1223   -125     1268
  SINCE JUL 1   1735                      1776    -41     1872

 COOLING
  YESTERDAY        0                         0      0        0
  MONTH TO DATE    0                         0      0        0
  SINCE DEC 1      0                         1     -1        6
  SINCE JAN 1      0                         0      0        0
..................................................................


WIND (MPH)
  HIGHEST WIND SPEED    18   HIGHEST WIND DIRECTION     S (200)
  HIGHEST GUST SPEED    23   HIGHEST GUST DIRECTION    SW (240)
  AVERAGE WIND SPEED     5.5


SKY COVER
  POSSIBLE SUNSHINE  MM
  AVERAGE SKY COVER 0.1


WEATHER CONDITIONS
 THE FOLLOWING WEATHER WAS RECORDED YESTERDAY.
  NO SIGNIFICANT WEATHER WAS OBSERVED.


RELATIVE HUMIDITY (PERCENT)
 HIGHEST    92           700 AM
 LOWEST     30           200 PM
 AVERAGE    61

..........................................................


THE GREENVILLE-SPARTANBURG SC CLIMATE NORMALS FOR TODAY
                         NORMAL    RECORD    YEAR
 MAXIMUM TEMPERATURE (F)   53        79      1909
 MINIMUM TEMPERATURE (F)   32         8      1940
                                             1905


SUNRISE AND SUNSET
JANUARY 26 2015.......SUNRISE   732 AM EST   SUNSET   552 PM EST
JANUARY 27 2015.......SUNRISE   731 AM EST   SUNSET   553 PM EST


-  INDICATES NEGATIVE NUMBERS.
R  INDICATES RECORD WAS SET OR TIED.
MM INDICATES DATA IS MISSING.
T  INDICATES TRACE AMOUNT.

$$
07
