000
CDUS42 KGSP 270636
CLIGSP

CLIMATE REPORT
NATIONAL WEATHER SERVICE GREENVILLE-SPARTANBURG SC
234 AM EDT THU APR 27 2017


...................................

...THE GREENVILLE-SPARTANBURG SC CLIMATE SUMMARY FOR APRIL 26 2017...

CLIMATE NORMAL PERIOD 1981 TO 2010
CLIMATE RECORD PERIOD 1884 TO 2017


WEATHER ITEM   OBSERVED TIME   RECORD YEAR NORMAL DEPARTURE LAST
                VALUE   (LST)  VALUE       VALUE  FROM      YEAR
                                                  NORMAL
..................................................................
TEMPERATURE (F)
 YESTERDAY
  MAXIMUM         82    331 PM  89    1960  75      7       84
                                      1915
  MINIMUM         57    331 AM  34    1972  51      6       60
                                      1910
  AVERAGE         70                        63      7       72

PRECIPITATION (IN)
  YESTERDAY        0.00          1.45 1979   0.11  -0.11     0.00
  MONTH TO DATE    7.05                      2.92   4.13     1.41
  SINCE MAR 1     14.40                      7.44   6.96     3.10
  SINCE JAN 1     20.12                     15.23   4.89    11.36

SNOWFALL (IN)
  YESTERDAY        0.0           0.0    MM   0.0    0.0      0.0
  MONTH TO DATE    0.0                       0.0    0.0      0.0
  SINCE MAR 1      0.5                       0.9   -0.4       T
  SINCE JUL 1      3.6                       4.7   -1.1      2.6
  SNOW DEPTH       0

DEGREE DAYS
 HEATING
  YESTERDAY        0                         4     -4        0
  MONTH TO DATE   75                       160    -85      141
  SINCE MAR 1    429                       544   -115      367
  SINCE JUL 1   2155                      2993   -838     2464

 COOLING
  YESTERDAY        5                         2      3        7
  MONTH TO DATE   60                        33     27       25
  SINCE MAR 1     76                        41     35       51
  SINCE JAN 1     82                        41     41       51
..................................................................


WIND (MPH)
  HIGHEST WIND SPEED    15   HIGHEST WIND DIRECTION     S (200)
  HIGHEST GUST SPEED    21   HIGHEST GUST DIRECTION    SW (230)
  AVERAGE WIND SPEED     5.4


SKY COVER
  POSSIBLE SUNSHINE  MM
  AVERAGE SKY COVER 0.3


WEATHER CONDITIONS
 THE FOLLOWING WEATHER WAS RECORDED YESTERDAY.
  FOG
  FOG W/VISIBILITY <= 1/4 MILE


RELATIVE HUMIDITY (PERCENT)
 HIGHEST   100           300 AM
 LOWEST     42           400 PM
 AVERAGE    71

..........................................................


THE GREENVILLE-SPARTANBURG SC CLIMATE NORMALS FOR TODAY
                         NORMAL    RECORD    YEAR
 MAXIMUM TEMPERATURE (F)   76        93      1986
 MINIMUM TEMPERATURE (F)   51        34      1993


SUNRISE AND SUNSET
APRIL 27 2017.........SUNRISE   642 AM EDT   SUNSET   811 PM EDT
APRIL 28 2017.........SUNRISE   641 AM EDT   SUNSET   812 PM EDT


-  INDICATES NEGATIVE NUMBERS.
R  INDICATES RECORD WAS SET OR TIED.
MM INDICATES DATA IS MISSING.
T  INDICATES TRACE AMOUNT.




$$
