000
CDUS42 KGSP 230652
CLIGSP

CLIMATE REPORT
NATIONAL WEATHER SERVICE GREENVILLE-SPARTANBURG SC
152 AM EST MON JAN 23 2017


...................................

...THE GREENVILLE-SPARTANBURG SC CLIMATE SUMMARY FOR JANUARY 22 2017...

CLIMATE NORMAL PERIOD 1981 TO 2010
CLIMATE RECORD PERIOD 1884 TO 2017


WEATHER ITEM   OBSERVED TIME   RECORD YEAR NORMAL DEPARTURE LAST
                VALUE   (LST)  VALUE       VALUE  FROM      YEAR
                                                  NORMAL
..................................................................
TEMPERATURE (F)
 YESTERDAY
  MAXIMUM         60    426 PM  72    1938  53      7       38
                                      1921
  MINIMUM         54    806 AM   3    1893  32     22       26
  AVERAGE         57                        42     15       32

PRECIPITATION (IN)
  YESTERDAY        0.54          1.51 1954   0.13   0.41     1.46
  MONTH TO DATE    4.42                      2.73   1.69     3.50
  SINCE DEC 1      7.11                      6.84   0.27    13.58
  SINCE JAN 1      4.42                      2.73   1.69     3.50

SNOWFALL (IN)
  YESTERDAY        0.0          10.2  1987   0.1   -0.1      2.0
  MONTH TO DATE    3.1                       1.7    1.4      2.0
  SINCE DEC 1      3.1                       2.1    1.0      2.0
  SINCE JUL 1      3.1                       2.2    0.9      2.0
  SNOW DEPTH       0

DEGREE DAYS
 HEATING
  YESTERDAY        8                        23    -15       33
  MONTH TO DATE  346                       506   -160      559
  SINCE DEC 1    942                      1156   -214      868
  SINCE JUL 1   1268                      1709   -441     1313

 COOLING
  YESTERDAY        0                         0      0        0
  MONTH TO DATE    0                         0      0        0
  SINCE DEC 1      0                         1     -1       11
  SINCE JAN 1      0                         0      0        0
..................................................................


WIND (MPH)
  HIGHEST WIND SPEED    20   HIGHEST WIND DIRECTION     E (100)
  HIGHEST GUST SPEED    26   HIGHEST GUST DIRECTION     E (110)
  AVERAGE WIND SPEED     7.3


SKY COVER
  POSSIBLE SUNSHINE  MM
  AVERAGE SKY COVER 1.0


WEATHER CONDITIONS
 THE FOLLOWING WEATHER WAS RECORDED YESTERDAY.
  HEAVY RAIN
  RAIN
  LIGHT RAIN
  FOG


RELATIVE HUMIDITY (PERCENT)
 HIGHEST   100           200 AM
 LOWEST     84           200 PM
 AVERAGE    92

..........................................................


THE GREENVILLE-SPARTANBURG SC CLIMATE NORMALS FOR TODAY
                         NORMAL    RECORD    YEAR
 MAXIMUM TEMPERATURE (F)   53        73      1974
                                             1927
 MINIMUM TEMPERATURE (F)   32         5      1893


SUNRISE AND SUNSET
JANUARY 23 2017.......SUNRISE   733 AM EST   SUNSET   549 PM EST
JANUARY 24 2017.......SUNRISE   732 AM EST   SUNSET   550 PM EST


-  INDICATES NEGATIVE NUMBERS.
R  INDICATES RECORD WAS SET OR TIED.
MM INDICATES DATA IS MISSING.
T  INDICATES TRACE AMOUNT.

$$

OUTLAW
