000
CDUS42 KGSP 150632
CLIGSP

CLIMATE REPORT
NATIONAL WEATHER SERVICE GREENVILLE-SPARTANBURG SC
130 AM EST FRI DEC 15 2017


...................................

...THE GREENVILLE-SPARTANBURG SC CLIMATE SUMMARY FOR DECEMBER 14 2017...

CLIMATE NORMAL PERIOD 1981 TO 2010
CLIMATE RECORD PERIOD 1884 TO 2017


WEATHER ITEM   OBSERVED TIME   RECORD YEAR NORMAL DEPARTURE LAST
                VALUE   (LST)  VALUE       VALUE  FROM      YEAR
                                                  NORMAL
..................................................................
TEMPERATURE (F)
 YESTERDAY
  MAXIMUM         60    205 PM  74    1948  54      6       54
  MINIMUM         32    803 AM  11    2010  34     -2       36
                                      1917
  AVERAGE         46                        44      2       45

PRECIPITATION (IN)
  YESTERDAY        0.00          1.51 1981   0.14  -0.14     0.00
  MONTH TO DATE    1.34                      1.97  -0.63     1.44
  SINCE DEC 1      1.34                      1.97  -0.63     1.44
  SINCE JAN 1     51.54                     45.05   6.49    33.18

SNOWFALL (IN)
  YESTERDAY        0.0           2.0  1958   0.0    0.0      0.0
  MONTH TO DATE    1.6                       0.1    1.5      0.0
  SINCE DEC 1      1.6                       0.1    1.5      0.0
  SINCE JUL 1      1.6                       0.2    1.4      0.0
  SNOW DEPTH       0

DEGREE DAYS
 HEATING
  YESTERDAY       19                        21     -2       20
  MONTH TO DATE  261                       273    -12      289
  SINCE DEC 1    261                       273    -12      289
  SINCE JUL 1    755                       826    -71      615

 COOLING
  YESTERDAY        0                         0      0        0
  MONTH TO DATE    0                         0      0        0
  SINCE DEC 1      0                         0      0        0
  SINCE JAN 1   1802                      1715     87     2188
..................................................................


WIND (MPH)
  HIGHEST WIND SPEED    16   HIGHEST WIND DIRECTION    SW (230)
  HIGHEST GUST SPEED    21   HIGHEST GUST DIRECTION    SW (240)
  AVERAGE WIND SPEED     6.1


SKY COVER
  POSSIBLE SUNSHINE  MM
  AVERAGE SKY COVER 0.0


WEATHER CONDITIONS
 THE FOLLOWING WEATHER WAS RECORDED YESTERDAY.
  NO SIGNIFICANT WEATHER WAS OBSERVED.


RELATIVE HUMIDITY (PERCENT)
 HIGHEST    64           700 AM
 LOWEST     28           200 PM
 AVERAGE    46

..........................................................


THE GREENVILLE-SPARTANBURG SC CLIMATE NORMALS FOR TODAY
                         NORMAL    RECORD    YEAR
 MAXIMUM TEMPERATURE (F)   54        74      2015
 MINIMUM TEMPERATURE (F)   34         9      1898


SUNRISE AND SUNSET
DECEMBER 15 2017......SUNRISE   729 AM EST   SUNSET   519 PM EST
DECEMBER 16 2017......SUNRISE   730 AM EST   SUNSET   519 PM EST


-  INDICATES NEGATIVE NUMBERS.
R  INDICATES RECORD WAS SET OR TIED.
MM INDICATES DATA IS MISSING.
T  INDICATES TRACE AMOUNT.




$$
