000
CDUS42 KGSP 270629
CLIGSP

CLIMATE REPORT
NATIONAL WEATHER SERVICE GREENVILLE-SPARTANBURG SC
229 AM EDT MON MAR 27 2017


...................................

...THE GREENVILLE-SPARTANBURG SC CLIMATE SUMMARY FOR MARCH 26 2017...

CLIMATE NORMAL PERIOD 1981 TO 2010
CLIMATE RECORD PERIOD 1884 TO 2017


WEATHER ITEM   OBSERVED TIME   RECORD YEAR NORMAL DEPARTURE LAST
                VALUE   (LST)  VALUE       VALUE  FROM      YEAR
                                                  NORMAL
..................................................................
TEMPERATURE (F)
 YESTERDAY
  MAXIMUM         71    218 PM  84    1929  68      3       63
  MINIMUM         53    459 AM  20    1955  43     10       49
  AVERAGE         62                        55      7       56

PRECIPITATION (IN)
  YESTERDAY        0.24          5.35 1901   0.15   0.09      T
  MONTH TO DATE    6.15                      3.80   2.35     1.29
  SINCE MAR 1      6.15                      3.80   2.35     1.29
  SINCE JAN 1     11.87                     11.59   0.28     9.55

SNOWFALL (IN)
  YESTERDAY        0.0           T    1947   0.0    0.0      0.0
  MONTH TO DATE    0.5                       0.8   -0.3       T
  SINCE MAR 1      0.5                       0.8   -0.3       T
  SINCE JUL 1      3.6                       4.6   -1.0      2.6
  SNOW DEPTH       0

DEGREE DAYS
 HEATING
  YESTERDAY        3                        10     -7        9
  MONTH TO DATE  351                       338     13      199
  SINCE MAR 1    351                       338     13      199
  SINCE JUL 1   2077                      2787   -710     2296

 COOLING
  YESTERDAY        0                         0      0        0
  MONTH TO DATE    5                         0      5       25
  SINCE MAR 1      5                         0      5       25
  SINCE JAN 1     11                         0     11       25
..................................................................


WIND (MPH)
  HIGHEST WIND SPEED    16   HIGHEST WIND DIRECTION     S (170)
  HIGHEST GUST SPEED    19   HIGHEST GUST DIRECTION     S (160)
  AVERAGE WIND SPEED     5.7


SKY COVER
  POSSIBLE SUNSHINE  MM
  AVERAGE SKY COVER 0.6


WEATHER CONDITIONS
 THE FOLLOWING WEATHER WAS RECORDED YESTERDAY.
  THUNDERSTORM
  HEAVY RAIN
  LIGHT RAIN
  FOG


RELATIVE HUMIDITY (PERCENT)
 HIGHEST    93           700 AM
 LOWEST     66           200 PM
 AVERAGE    80

..........................................................


THE GREENVILLE-SPARTANBURG SC CLIMATE NORMALS FOR TODAY
                         NORMAL    RECORD    YEAR
 MAXIMUM TEMPERATURE (F)   68        81      2007
 MINIMUM TEMPERATURE (F)   44        15      1894


SUNRISE AND SUNSET
MARCH 27 2017.........SUNRISE   722 AM EDT   SUNSET   746 PM EDT
MARCH 28 2017.........SUNRISE   721 AM EDT   SUNSET   747 PM EDT


-  INDICATES NEGATIVE NUMBERS.
R  INDICATES RECORD WAS SET OR TIED.
MM INDICATES DATA IS MISSING.
T  INDICATES TRACE AMOUNT.




$$
