000
CDUS42 KGSP 230655
CLIGSP

CLIMATE REPORT
NATIONAL WEATHER SERVICE GREENVILLE-SPARTANBURG SC
255 AM EDT THU OCT 23 2014

...................................

...THE GREENVILLE-SPARTANBURG SC CLIMATE SUMMARY FOR OCTOBER 22 2014...

CLIMATE NORMAL PERIOD 1981 TO 2010
CLIMATE RECORD PERIOD 1884 TO 2014


WEATHER ITEM   OBSERVED TIME   RECORD YEAR NORMAL DEPARTURE LAST
                VALUE   (LST)  VALUE       VALUE  FROM      YEAR
                                                  NORMAL
..................................................................
TEMPERATURE (F)
 YESTERDAY
  MAXIMUM         67    217 PM  85    1941  71     -4       69
  MINIMUM         43   1154 PM  26    1987  48     -5       54
  AVERAGE         55                        60     -5       62

PRECIPITATION (IN)
  YESTERDAY        0.00          3.05 1919   0.11  -0.11      T
  MONTH TO DATE    3.57                      2.50   1.07     1.87
  SINCE SEP 1      7.25                      5.93   1.32     4.37
  SINCE JAN 1     42.21                     38.44   3.77    58.72

SNOWFALL (IN)
  YESTERDAY        0.0           0.0    MM   0.0    0.0      0.0
  MONTH TO DATE    0.0                       0.0    0.0      0.0
  SINCE SEP 1      0.0                       0.0    0.0      0.0
  SINCE JUL 1      0.0                       0.0    0.0      0.0
  SNOW DEPTH      MM

DEGREE DAYS
 HEATING
  YESTERDAY       10                         6      4        3
  MONTH TO DATE   73                        86    -13       35
  SINCE SEP 1     79                       103    -24       36
  SINCE JUL 1     79                       103    -24       36

 COOLING
  YESTERDAY        0                         1     -1        0
  MONTH TO DATE   53                        41     12       53
  SINCE SEP 1    294                       268     26      277
  SINCE JAN 1   1691                      1703    -12     1526
..................................................................


WIND (MPH)
  HIGHEST WIND SPEED    18   HIGHEST WIND DIRECTION     N (20)
  HIGHEST GUST SPEED    28   HIGHEST GUST DIRECTION     N (340)
  AVERAGE WIND SPEED     5.5


SKY COVER
  POSSIBLE SUNSHINE  MM
  AVERAGE SKY COVER 0.0


WEATHER CONDITIONS
 THE FOLLOWING WEATHER WAS RECORDED YESTERDAY.
  NO SIGNIFICANT WEATHER WAS OBSERVED.


RELATIVE HUMIDITY (PERCENT)
 HIGHEST    83           400 AM
 LOWEST     34           200 PM
 AVERAGE    59

..........................................................


THE GREENVILLE-SPARTANBURG SC CLIMATE NORMALS FOR TODAY
                         NORMAL    RECORD    YEAR
 MAXIMUM TEMPERATURE (F)   71        87      1941
 MINIMUM TEMPERATURE (F)   48        26      1891


SUNRISE AND SUNSET
OCTOBER 23 2014.......SUNRISE   742 AM EDT   SUNSET   644 PM EDT
OCTOBER 24 2014.......SUNRISE   742 AM EDT   SUNSET   643 PM EDT


-  INDICATES NEGATIVE NUMBERS.
R  INDICATES RECORD WAS SET OR TIED.
MM INDICATES DATA IS MISSING.
T  INDICATES TRACE AMOUNT.




$$
