000
CDUS42 KGSP 172038
CLIGSP

CLIMATE REPORT
NATIONAL WEATHER SERVICE GREENVILLE-SPARTANBURG SC
438 PM EDT THU APR 17 2014


...................................

...THE GREENVILLE-SPARTANBURG SC CLIMATE SUMMARY FOR APRIL 17 2014...
VALID TODAY AS OF 0435 PM LOCAL TIME.

CLIMATE NORMAL PERIOD 1981 TO 2010
CLIMATE RECORD PERIOD 1884 TO 2014


WEATHER ITEM   OBSERVED TIME   RECORD YEAR NORMAL DEPARTURE LAST
                VALUE   (LST)  VALUE       VALUE  FROM      YEAR
                                                  NORMAL
..................................................................
TEMPERATURE (F)
 TODAY
  MAXIMUM         63    321 PM  92    2006  73    -10       83
  MINIMUM         36    612 AM  25    1905  49    -13       59
  AVERAGE         50                        61    -11       71

PRECIPITATION (IN)
  TODAY            0.00          1.58 1945   0.10  -0.10     0.19
  MONTH TO DATE    3.60                      1.90   1.70     2.15
  SINCE MAR 1      7.69                      6.42   1.27     5.67
  SINCE JAN 1     13.93                     14.21  -0.28    14.82

SNOWFALL (IN)
  TODAY            0.0           T    2001   0.0    0.0      0.0
  MONTH TO DATE    0.0                       0.0    0.0      0.0
  SINCE MAR 1      T                         0.9   -0.9       T
  SINCE JUL 1      7.2                       4.7    2.5      2.0
  SNOW DEPTH       0

DEGREE DAYS
 HEATING
  TODAY           15                         5     10        0
  MONTH TO DATE   98                       119    -21       80
  SINCE MAR 1    575                       503     72      634
  SINCE JUL 1   3134                      2952    182     2820

 COOLING
  TODAY            0                         1     -1        6
  MONTH TO DATE   20                        17      3       30
  SINCE MAR 1     20                        25     -5       32
  SINCE JAN 1     20                        25     -5       32
..................................................................


WIND (MPH)
  HIGHEST WIND SPEED    16   HIGHEST WIND DIRECTION     E (70)
  HIGHEST GUST SPEED    22   HIGHEST GUST DIRECTION    NE (40)
  AVERAGE WIND SPEED     7.6


SKY COVER
  POSSIBLE SUNSHINE  MM
  AVERAGE SKY COVER 0.0


WEATHER CONDITIONS
 THE FOLLOWING WEATHER WAS RECORDED TODAY.
  NO SIGNIFICANT WEATHER WAS OBSERVED.


RELATIVE HUMIDITY (PERCENT)
 HIGHEST    82           600 AM
 LOWEST     27           300 PM
 AVERAGE    55

..........................................................


THE GREENVILLE-SPARTANBURG SC CLIMATE NORMALS FOR TOMORROW
                         NORMAL    RECORD    YEAR
 MAXIMUM TEMPERATURE (F)   73        89      2002
                                             1967
 MINIMUM TEMPERATURE (F)   49        28      1905


SUNRISE AND SUNSET
APRIL 17 2014.........SUNRISE   655 AM EDT   SUNSET   803 PM EDT
APRIL 18 2014.........SUNRISE   653 AM EDT   SUNSET   804 PM EDT


-  INDICATES NEGATIVE NUMBERS.
R  INDICATES RECORD WAS SET OR TIED.
MM INDICATES DATA IS MISSING.
T  INDICATES TRACE AMOUNT.

$$

OUTLAW
