000
CDUS42 KGSP 200641
CLIGSP

CLIMATE REPORT
NATIONAL WEATHER SERVICE GREENVILLE-SPARTANBURG SC
139 AM EST MON FEB 20 2017


...................................

...THE GREENVILLE-SPARTANBURG SC CLIMATE SUMMARY FOR FEBRUARY 19 2017...

CLIMATE NORMAL PERIOD 1981 TO 2010
CLIMATE RECORD PERIOD 1884 TO 2017


WEATHER ITEM   OBSERVED TIME   RECORD YEAR NORMAL DEPARTURE LAST
                VALUE   (LST)  VALUE       VALUE  FROM      YEAR
                                                  NORMAL
..................................................................
TEMPERATURE (F)
 YESTERDAY
  MAXIMUM         70    423 PM  75    2014  57     13       60
                                      1916
                                      1911
  MINIMUM         43    620 AM   9    1958  36      7       34
                                      1900
  AVERAGE         57                        46     11       47

PRECIPITATION (IN)
  YESTERDAY        0.00          1.85 1949   0.14  -0.14     0.00
  MONTH TO DATE    1.03                      2.62  -1.59     2.23
  SINCE DEC 1      8.24                     10.55  -2.31    15.85
  SINCE JAN 1      5.55                      6.44  -0.89     5.77

SNOWFALL (IN)
  YESTERDAY        0.0           0.5  1963   0.1   -0.1      0.0
  MONTH TO DATE    0.0                       0.7   -0.7      0.4
  SINCE DEC 1      3.1                       3.4   -0.3      2.6
  SINCE JUL 1      3.1                       3.5   -0.4      2.6
  SNOW DEPTH       0

DEGREE DAYS
 HEATING
  YESTERDAY        8                        18    -10       18
  MONTH TO DATE  238                       383   -145      443
  SINCE DEC 1   1330                      1740   -410     1511
  SINCE JUL 1   1656                      2293   -637     1956

 COOLING
  YESTERDAY        0                         0      0        0
  MONTH TO DATE    6                         0      6        0
  SINCE DEC 1      6                         1      5       11
  SINCE JAN 1      6                         0      6        0
..................................................................


WIND (MPH)
  HIGHEST WIND SPEED    17   HIGHEST WIND DIRECTION     N (340)
  HIGHEST GUST SPEED    27   HIGHEST GUST DIRECTION     N (350)
  AVERAGE WIND SPEED     6.3


SKY COVER
  POSSIBLE SUNSHINE  MM
  AVERAGE SKY COVER 0.0


WEATHER CONDITIONS
 THE FOLLOWING WEATHER WAS RECORDED YESTERDAY.
  FOG


RELATIVE HUMIDITY (PERCENT)
 HIGHEST    93           300 AM
 LOWEST     37           400 PM
 AVERAGE    65

..........................................................


THE GREENVILLE-SPARTANBURG SC CLIMATE NORMALS FOR TODAY
                         NORMAL    RECORD    YEAR
 MAXIMUM TEMPERATURE (F)   58        75      2014
                                             1986
 MINIMUM TEMPERATURE (F)   36         9      2015


SUNRISE AND SUNSET
FEBRUARY 20 2017......SUNRISE   709 AM EST   SUNSET   617 PM EST
FEBRUARY 21 2017......SUNRISE   708 AM EST   SUNSET   618 PM EST


-  INDICATES NEGATIVE NUMBERS.
R  INDICATES RECORD WAS SET OR TIED.
MM INDICATES DATA IS MISSING.
T  INDICATES TRACE AMOUNT.




$$

LEV
