000
CDUS42 KGSP 290638 CCA
CLIGSP

CLIMATE REPORT...CORRECTED
NATIONAL WEATHER SERVICE GREENVILLE-SPARTANBURG SC
137 AM EST MON DEC 29 2014

CORRECTED SNOWFALL TO 0.0

...................................

...THE GREENVILLE-SPARTANBURG SC CLIMATE SUMMARY FOR DECEMBER 28 2014...

CLIMATE NORMAL PERIOD 1981 TO 2010
CLIMATE RECORD PERIOD 1884 TO 2014


WEATHER ITEM   OBSERVED TIME   RECORD YEAR NORMAL DEPARTURE LAST
                VALUE   (LST)  VALUE       VALUE  FROM      YEAR
                                                  NORMAL
..................................................................
TEMPERATURE (F)
 YESTERDAY
  MAXIMUM         58    506 PM  75    1971  52      6       49
  MINIMUM         49    502 AM   9    1925  32     17       27
  AVERAGE         54                        42     12       38

PRECIPITATION (IN)
  YESTERDAY        0.05          1.82 1926   0.12  -0.07     0.33
  MONTH TO DATE    3.26                      3.75  -0.49     5.62
  SINCE DEC 1      3.26                      3.75  -0.49     5.62
  SINCE JAN 1     49.83                     46.83   3.00    68.51

SNOWFALL (IN)
  YESTERDAY        0.0           1.5  1935   0.0    0.0      0.0
  MONTH TO DATE    0.0                       0.3   -0.3      0.0
  SINCE DEC 1      0.0                       0.3   -0.3      0.0
  SINCE JUL 1      T                         0.4   -0.4      0.1
  SNOW DEPTH       0

DEGREE DAYS
 HEATING
  YESTERDAY       11                        23    -12       27
  MONTH TO DATE  471                       584   -113      501
  SINCE DEC 1    471                       584   -113      501
  SINCE JUL 1   1108                      1137    -29     1105

 COOLING
  YESTERDAY        0                         0      0        0
  MONTH TO DATE    0                         0      0        6
  SINCE DEC 1      0                         0      0        6
  SINCE JAN 1   1693                      1715    -22     1533
..................................................................


WIND (MPH)
  HIGHEST WIND SPEED    13   HIGHEST WIND DIRECTION    SW (230)
  HIGHEST GUST SPEED    17   HIGHEST GUST DIRECTION    SW (230)
  AVERAGE WIND SPEED     7.0


SKY COVER
  POSSIBLE SUNSHINE  MM
  AVERAGE SKY COVER 0.9


WEATHER CONDITIONS
 THE FOLLOWING WEATHER WAS RECORDED YESTERDAY.
  LIGHT RAIN
  FOG


RELATIVE HUMIDITY (PERCENT)
 HIGHEST   100           800 AM
 LOWEST     71          1200 AM
 AVERAGE    86

..........................................................


THE GREENVILLE-SPARTANBURG SC CLIMATE NORMALS FOR TODAY
                         NORMAL    RECORD    YEAR
 MAXIMUM TEMPERATURE (F)   52        72      1984
 MINIMUM TEMPERATURE (F)   32        11      1917


SUNRISE AND SUNSET
DECEMBER 29 2014......SUNRISE   736 AM EST   SUNSET   526 PM EST
DECEMBER 30 2014......SUNRISE   736 AM EST   SUNSET   527 PM EST


-  INDICATES NEGATIVE NUMBERS.
R  INDICATES RECORD WAS SET OR TIED.
MM INDICATES DATA IS MISSING.
T  INDICATES TRACE AMOUNT.

$$
