089
CDUS42 KGSP 110655
CLIGSP

CLIMATE REPORT
NATIONAL WEATHER SERVICE GREENVILLE-SPARTANBURG SC
153 AM EST THU FEB 11 2016


...................................

...THE GREENVILLE-SPARTANBURG SC CLIMATE SUMMARY FOR FEBRUARY 10 2016...

CLIMATE NORMAL PERIOD 1981 TO 2010
CLIMATE RECORD PERIOD 1884 TO 2016


WEATHER ITEM   OBSERVED TIME   RECORD YEAR NORMAL DEPARTURE LAST
                VALUE   (LST)  VALUE       VALUE  FROM      YEAR
                                                  NORMAL
..................................................................
TEMPERATURE (F)
 YESTERDAY
  MAXIMUM         38    428 PM  78    1938  56    -18       59
  MINIMUM         20    734 AM  12    1971  34    -14       37
                                      1899
  AVERAGE         29                        45    -16       48

PRECIPITATION (IN)
  YESTERDAY        0.00          2.45 1921   0.13  -0.13      T
  MONTH TO DATE    1.62                      1.32   0.30     1.34
  SINCE DEC 1     15.24                      9.25   5.99     8.83
  SINCE JAN 1      5.16                      5.14   0.02     5.20

SNOWFALL (IN)
  YESTERDAY        0.0           1.0  1908   0.1   -0.1      0.0
                                      1994
                                      1992
  MONTH TO DATE    T                         0.4   -0.4      0.0
  SINCE DEC 1      2.2                       3.1   -0.9      0.0
  SINCE JUL 1      2.2                       3.2   -1.0       T
  SNOW DEPTH       0

DEGREE DAYS
 HEATING
  YESTERDAY       36                        20     16       17
  MONTH TO DATE  199                       209    -10      206
  SINCE DEC 1   1267                      1566   -299     1447
  SINCE JUL 1   1712                      2119   -407     2084

 COOLING
  YESTERDAY        0                         0      0        0
  MONTH TO DATE    0                         0      0        0
  SINCE DEC 1     11                         1     10        0
  SINCE JAN 1      0                         0      0        0
..................................................................


WIND (MPH)
  HIGHEST WIND SPEED    21   HIGHEST WIND DIRECTION     W (270)
  HIGHEST GUST SPEED    29   HIGHEST GUST DIRECTION    SW (220)
  AVERAGE WIND SPEED     8.3


SKY COVER
  POSSIBLE SUNSHINE  MM
  AVERAGE SKY COVER 0.0


WEATHER CONDITIONS
 THE FOLLOWING WEATHER WAS RECORDED YESTERDAY.
  NO SIGNIFICANT WEATHER WAS OBSERVED.


RELATIVE HUMIDITY (PERCENT)
 HIGHEST    74           300 AM
 LOWEST     24           400 PM
 AVERAGE    49

..........................................................


THE GREENVILLE-SPARTANBURG SC CLIMATE NORMALS FOR TODAY
                         NORMAL    RECORD    YEAR
 MAXIMUM TEMPERATURE (F)   56        75      1965
 MINIMUM TEMPERATURE (F)   34        11      1899


SUNRISE AND SUNSET
FEBRUARY 11 2016......SUNRISE   719 AM EST   SUNSET   607 PM EST
FEBRUARY 12 2016......SUNRISE   718 AM EST   SUNSET   608 PM EST


-  INDICATES NEGATIVE NUMBERS.
R  INDICATES RECORD WAS SET OR TIED.
MM INDICATES DATA IS MISSING.
T  INDICATES TRACE AMOUNT.




$$
