000
CDUS45 KTFX 291013
CLIGTF


CLIMATE REPORT
NATIONAL WEATHER SERVICE GREAT FALLS MT
412 AM MDT TUE JUL 29 2014


...................................

...THE GREAT FALLS MT CLIMATE SUMMARY FOR JULY 28 2014...

CLIMATE NORMAL PERIOD 1981 TO 2010
CLIMATE RECORD PERIOD 1886 TO 2014


WEATHER ITEM   OBSERVED TIME   RECORD YEAR NORMAL DEPARTURE LAST
                VALUE   (LST)  VALUE       VALUE  FROM      YEAR
                                                  NORMAL
..................................................................
TEMPERATURE (F)
 YESTERDAY
  MAXIMUM         91    520 PM 100    2007  86      5       81
                                      2006
                                      1975
  MINIMUM         56    416 AM  40    1894  53      3       50
  AVERAGE         74                        69      5       66

PRECIPITATION (IN)
  YESTERDAY        T             0.51 1909   0.04  -0.04     0.08
  MONTH TO DATE    0.78                      1.39  -0.61     0.30
  SINCE OCT 1     14.12                     11.65   2.47    11.08
  SINCE JAN 1     12.07                      9.65   2.42     7.74

SNOWFALL (IN)
  YESTERDAY        0.0           0.0  2002   0.0    0.0      0.0
  MONTH TO DATE    0.0                       0.0    0.0      0.0
  SINCE JUN 1      0.0                       0.3   -0.3      0.0
  SINCE JUL 1      0.0                       0.0    0.0      0.0
  SNOW DEPTH       0

DEGREE DAYS
 HEATING
  YESTERDAY        0                         1     -1        0
  MONTH TO DATE    5                        47    -42        9
  SINCE JUN 1    228                       238    -10      181
  SINCE JUL 1      5                        47    -42        9

 COOLING
  YESTERDAY        9                         5      4        1
  MONTH TO DATE  144                       110     34      173
  SINCE JUN 1    144                       142      2      200
  SINCE JAN 1    144                       149     -5      203
..................................................................


WIND (MPH)
  HIGHEST WIND SPEED    16   HIGHEST WIND DIRECTION     N (20)
  HIGHEST GUST SPEED    20   HIGHEST GUST DIRECTION     N (20)
  AVERAGE WIND SPEED     5.3


SKY COVER
  AVERAGE SKY COVER 0.1


WEATHER CONDITIONS
 THE FOLLOWING WEATHER WAS RECORDED YESTERDAY.
  NO SIGNIFICANT WEATHER WAS OBSERVED.


RELATIVE HUMIDITY (PERCENT)
 HIGHEST    59           400 AM
 LOWEST     14           500 PM
 AVERAGE    37

..........................................................


THE GREAT FALLS MT CLIMATE NORMALS FOR TODAY
                         NORMAL    RECORD    YEAR
 MAXIMUM TEMPERATURE (F)   86       102      1934
 MINIMUM TEMPERATURE (F)   53        45      1971
                                             1924
                                             1896


SUNRISE AND SUNSET
JULY 29 2014..........SUNRISE   600 AM MDT   SUNSET   903 PM MDT
JULY 30 2014..........SUNRISE   601 AM MDT   SUNSET   902 PM MDT


-  INDICATES NEGATIVE NUMBERS.
R  INDICATES RECORD WAS SET OR TIED.
MM INDICATES DATA IS MISSING.
T  INDICATES TRACE AMOUNT.




$$
