000
CDUS45 KTFX 270739
CLIGTF


CLIMATE REPORT
NATIONAL WEATHER SERVICE GREAT FALLS MT
1238 AM MST MON FEB 27 2017


...................................

...THE GREAT FALLS MT CLIMATE SUMMARY FOR FEBRUARY 26 2017...

CLIMATE NORMAL PERIOD 1981 TO 2010
CLIMATE RECORD PERIOD 1886 TO 2017


WEATHER ITEM   OBSERVED TIME   RECORD YEAR NORMAL DEPARTURE LAST
                VALUE   (LST)  VALUE       VALUE  FROM      YEAR
                                                  NORMAL
..................................................................
TEMPERATURE (F)
 YESTERDAY
  MAXIMUM         28    142 AM  67    1950  41    -13       65
  MINIMUM         15   1159 PM -25    1917  18     -3       31
  AVERAGE         22                        29     -7       48

PRECIPITATION (IN)
  YESTERDAY        0.14          0.44 1958   0.02   0.12     0.00
  MONTH TO DATE    0.52                      0.43   0.09     0.03
  SINCE OCT 1      4.30                      2.94   1.36     5.75
  SINCE JAN 1      1.37                      0.94   0.43     0.65

SNOWFALL (IN)
  YESTERDAY        1.7           4.5  1958   0.3    1.4      0.0
  MONTH TO DATE    5.5                       7.6   -2.1      0.1
  SINCE DEC 1     33.8                      25.7    8.1     22.0
  SINCE JUL 1     36.5                      39.4   -2.9     37.9
  SNOW DEPTH       T

DEGREE DAYS
 HEATING
  YESTERDAY       43                        36      7       17
  MONTH TO DATE 1001                       984     17      692
  SINCE DEC 1   4016                      3466    550     3035
  SINCE JUL 1   5601                      5435    166     4856

 COOLING
  YESTERDAY        0                         0      0        0
  MONTH TO DATE    0                         0      0        0
  SINCE DEC 1      0                         0      0        0
  SINCE JAN 1      0                         0      0        0
..................................................................


WIND (MPH)
  HIGHEST WIND SPEED    24   HIGHEST WIND DIRECTION     W (280)
  HIGHEST GUST SPEED    30   HIGHEST GUST DIRECTION     W (270)
  AVERAGE WIND SPEED    10.9


SKY COVER
  AVERAGE SKY COVER 1.0


WEATHER CONDITIONS
 THE FOLLOWING WEATHER WAS RECORDED YESTERDAY.
  LIGHT SNOW
  FOG
  HAZE


RELATIVE HUMIDITY (PERCENT)
 HIGHEST    92           900 AM
 LOWEST     42          1200 AM
 AVERAGE    67

..........................................................


THE GREAT FALLS MT CLIMATE NORMALS FOR TODAY
                         NORMAL    RECORD    YEAR
 MAXIMUM TEMPERATURE (F)   41        70      1992
                                             1932
 MINIMUM TEMPERATURE (F)   18       -22      1917


SUNRISE AND SUNSET
FEBRUARY 27 2017......SUNRISE   709 AM MST   SUNSET   608 PM MST
FEBRUARY 28 2017......SUNRISE   707 AM MST   SUNSET   609 PM MST


-  INDICATES NEGATIVE NUMBERS.
R  INDICATES RECORD WAS SET OR TIED.
MM INDICATES DATA IS MISSING.
T  INDICATES TRACE AMOUNT.




$$
