000
CDUS45 KTFX 061033
CLIGTF


CLIMATE REPORT
NATIONAL WEATHER SERVICE GREAT FALLS MT
431 AM MDT MON JUL 6 2015


...................................

...THE GREAT FALLS MT CLIMATE SUMMARY FOR JULY 5 2015...

CLIMATE NORMAL PERIOD 1981 TO 2010
CLIMATE RECORD PERIOD 1886 TO 2015


WEATHER ITEM   OBSERVED TIME   RECORD YEAR NORMAL DEPARTURE LAST
                VALUE   (LST)  VALUE       VALUE  FROM      YEAR
                                                  NORMAL
..................................................................
TEMPERATURE (F)
 YESTERDAY
  MAXIMUM         59    140 AM 101    1985  81    -22       87
                                      1981
                                      1919
  MINIMUM         49   1159 PM  40    2000  50     -1       57
  AVERAGE         54                        65    -11       72

PRECIPITATION (IN)
  YESTERDAY        0.39          0.93 1978   0.06   0.33     0.00
  MONTH TO DATE    0.39                      0.30   0.09     0.00
  SINCE OCT 1      9.58                     10.56  -0.98    13.34
  SINCE JAN 1      6.63                      8.56  -1.93    11.29

SNOWFALL (IN)
  YESTERDAY        0.0           0.0  2002   0.0    0.0      0.0
  MONTH TO DATE    0.0                       0.0    0.0      0.0
  SINCE JUN 1      0.0                       0.3   -0.3      0.0
  SINCE JUL 1      0.0                       0.0    0.0      0.0
  SNOW DEPTH       0

DEGREE DAYS
 HEATING
  YESTERDAY       11                         3      8        0
  MONTH TO DATE   11                        15     -4        3
  SINCE JUN 1     93                       206   -113      226
  SINCE JUL 1     11                        15     -4        3

 COOLING
  YESTERDAY        0                         3     -3        7
  MONTH TO DATE   34                        12     22       29
  SINCE JUN 1    128                        44     84       29
  SINCE JAN 1    128                        51     77       29
..................................................................


WIND (MPH)
  HIGHEST WIND SPEED    24   HIGHEST WIND DIRECTION     N (10)
  HIGHEST GUST SPEED    30   HIGHEST GUST DIRECTION     N (10)
  AVERAGE WIND SPEED     8.9


SKY COVER
  AVERAGE SKY COVER 1.0


WEATHER CONDITIONS
 THE FOLLOWING WEATHER WAS RECORDED YESTERDAY.
  RAIN
  LIGHT RAIN
  FOG
  HAZE


RELATIVE HUMIDITY (PERCENT)
 HIGHEST   100           600 AM
 LOWEST     75          1200 AM
 AVERAGE    88

..........................................................


THE GREAT FALLS MT CLIMATE NORMALS FOR TODAY
                         NORMAL    RECORD    YEAR
 MAXIMUM TEMPERATURE (F)   81       104      2007
 MINIMUM TEMPERATURE (F)   50        39      2003
                                             1999


SUNRISE AND SUNSET
JULY  6 2015..........SUNRISE   536 AM MDT   SUNSET   924 PM MDT
JULY  7 2015..........SUNRISE   536 AM MDT   SUNSET   924 PM MDT


-  INDICATES NEGATIVE NUMBERS.
R  INDICATES RECORD WAS SET OR TIED.
MM INDICATES DATA IS MISSING.
T  INDICATES TRACE AMOUNT.




$$
