000
CDUS45 KTFX 010902
CLIGTF


CLIMATE REPORT
NATIONAL WEATHER SERVICE GREAT FALLS MT
159 AM MST SUN FEB 1 2015


...................................

...THE GREAT FALLS MT CLIMATE SUMMARY FOR JANUARY 31 2015...

CLIMATE NORMAL PERIOD 1981 TO 2010
CLIMATE RECORD PERIOD 1886 TO 2015


WEATHER ITEM   OBSERVED TIME   RECORD YEAR NORMAL DEPARTURE LAST
                VALUE   (LST)  VALUE       VALUE  FROM      YEAR
                                                  NORMAL
..................................................................
TEMPERATURE (F)
 YESTERDAY
  MAXIMUM         35    220 AM  67    1992  36     -1       22
                                      1892
  MINIMUM         -2   1110 PM -38    1893  16    -18       -7
  AVERAGE         17                        26     -9        8

PRECIPITATION (IN)
  YESTERDAY        0.11          0.21 1911   0.02   0.09     0.06
  MONTH TO DATE    1.01                      0.51   0.50     1.30
  SINCE OCT 1      3.96                      2.51   1.45     3.35
  SINCE JAN 1      1.01                      0.51   0.50     1.30

SNOWFALL (IN)
  YESTERDAY        2.9           3.0  1911   0.3    2.6      0.9
  MONTH TO DATE   16.9                       8.6    8.3     19.1
  SINCE DEC 1     33.1                      18.1   15.0     32.3
  SINCE JUL 1     50.5                      31.8   18.7     42.0
  SNOW DEPTH       T

DEGREE DAYS
 HEATING
  YESTERDAY       48                        39      9       57
  MONTH TO DATE 1175                      1233    -58     1097
  SINCE DEC 1   2303                      2482   -179     2451
  SINCE JUL 1   4192                      4451   -259     4251

 COOLING
  YESTERDAY        0                         0      0        0
  MONTH TO DATE    0                         0      0        0
  SINCE DEC 1      0                         0      0        0
  SINCE JAN 1      0                         0      0        0
..................................................................


WIND (MPH)
  HIGHEST WIND SPEED    30   HIGHEST WIND DIRECTION     N (340)
  HIGHEST GUST SPEED    36   HIGHEST GUST DIRECTION     N (350)
  AVERAGE WIND SPEED    10.6


SKY COVER
  AVERAGE SKY COVER 0.8


WEATHER CONDITIONS
 THE FOLLOWING WEATHER WAS RECORDED YESTERDAY.
  HEAVY SNOW
  SNOW
  LIGHT SNOW
  FOG
  FOG W/VISIBILITY <= 1/4 MILE


RELATIVE HUMIDITY (PERCENT)
 HIGHEST    96          1100 PM
 LOWEST     56          1200 AM
 AVERAGE    76

..........................................................


THE GREAT FALLS MT CLIMATE NORMALS FOR TODAY
                         NORMAL    RECORD    YEAR
 MAXIMUM TEMPERATURE (F)   36        64      1934
 MINIMUM TEMPERATURE (F)   16       -42      1893


SUNRISE AND SUNSET
FEBRUARY  1 2015......SUNRISE   752 AM MST   SUNSET   527 PM MST
FEBRUARY  2 2015......SUNRISE   751 AM MST   SUNSET   528 PM MST


-  INDICATES NEGATIVE NUMBERS.
R  INDICATES RECORD WAS SET OR TIED.
MM INDICATES DATA IS MISSING.
T  INDICATES TRACE AMOUNT.




$$
