210
CDUS45 KTFX 280914
CLIGTF


CLIMATE REPORT
NATIONAL WEATHER SERVICE GREAT FALLS MT
311 AM MDT FRI APR 28 2017


...................................

...THE GREAT FALLS MT CLIMATE SUMMARY FOR APRIL 27 2017...

CLIMATE NORMAL PERIOD 1981 TO 2010
CLIMATE RECORD PERIOD 1886 TO 2017


WEATHER ITEM   OBSERVED TIME   RECORD YEAR NORMAL DEPARTURE LAST
                VALUE   (LST)  VALUE       VALUE  FROM      YEAR
                                                  NORMAL
..................................................................
TEMPERATURE (F)
 YESTERDAY
  MAXIMUM         45    213 PM  85    1987  59    -14       39
  MINIMUM         35    348 AM  17    1984  33      2       33
  AVERAGE         40                        46     -6       36

PRECIPITATION (IN)
  YESTERDAY        0.11          0.70 1989   0.05   0.06     0.20
  MONTH TO DATE    3.49                      1.26   2.23     2.73
  SINCE OCT 1      8.25                      5.15   3.10     8.98
  SINCE JAN 1      5.32                      3.15   2.17     3.88

SNOWFALL (IN)
  YESTERDAY        T            10.3  1989   0.3   -0.3       T
  MONTH TO DATE    5.0                       8.0   -3.0      7.1
  SINCE MAR 1     10.6                      19.9   -9.3      8.9
  SINCE JUL 1     48.4                      59.9  -11.5     46.8
  SNOW DEPTH       0

DEGREE DAYS
 HEATING
  YESTERDAY       25                        19      6       29
  MONTH TO DATE  567                       604    -37      481
  SINCE MAR 1   1406                      1557   -151     1263
  SINCE JUL 1   7104                      7062     42     6201

 COOLING
  YESTERDAY        0                         0      0        0
  MONTH TO DATE    0                         0      0        0
  SINCE MAR 1      0                         0      0        0
  SINCE JAN 1      0                         0      0        0
..................................................................


WIND (MPH)
  HIGHEST WIND SPEED    23   HIGHEST WIND DIRECTION    NW (320)
  HIGHEST GUST SPEED    29   HIGHEST GUST DIRECTION    NW (320)
  AVERAGE WIND SPEED     8.4


SKY COVER
  AVERAGE SKY COVER 0.9


WEATHER CONDITIONS
 THE FOLLOWING WEATHER WAS RECORDED YESTERDAY.
  LIGHT RAIN
  FOG


RELATIVE HUMIDITY (PERCENT)
 HIGHEST    92          1200 AM
 LOWEST     73           800 AM
 AVERAGE    83

..........................................................


THE GREAT FALLS MT CLIMATE NORMALS FOR TODAY
                         NORMAL    RECORD    YEAR
 MAXIMUM TEMPERATURE (F)   60        87      1987
 MINIMUM TEMPERATURE (F)   33        13      1907


SUNRISE AND SUNSET
APRIL 28 2017.........SUNRISE   613 AM MDT   SUNSET   834 PM MDT
APRIL 29 2017.........SUNRISE   611 AM MDT   SUNSET   835 PM MDT


-  INDICATES NEGATIVE NUMBERS.
R  INDICATES RECORD WAS SET OR TIED.
MM INDICATES DATA IS MISSING.
T  INDICATES TRACE AMOUNT.




$$
