000
CDUS45 KTFX 131047
CLIGTF


CLIMATE REPORT
NATIONAL WEATHER SERVICE GREAT FALLS MT
447 AM MDT SUN JUL 13 2014


...................................

...THE GREAT FALLS MT CLIMATE SUMMARY FOR JULY 12 2014...

CLIMATE NORMAL PERIOD 1981 TO 2010
CLIMATE RECORD PERIOD 1886 TO 2014


WEATHER ITEM   OBSERVED TIME   RECORD YEAR NORMAL DEPARTURE LAST
                VALUE   (LST)  VALUE       VALUE  FROM      YEAR
                                                  NORMAL
..................................................................
TEMPERATURE (F)
 YESTERDAY
  MAXIMUM         88    408 PM 102    2002  83      5       88
  MINIMUM         50    442 AM  40    2008  51     -1       56
                                      2004
  AVERAGE         69                        67      2       72

PRECIPITATION (IN)
  YESTERDAY        0.00          0.79 1966   0.05  -0.05     0.01
  MONTH TO DATE    0.01                      0.69  -0.68     0.08
  SINCE OCT 1     13.35                     10.95   2.40    10.86
  SINCE JAN 1     11.30                      8.95   2.35     7.52

SNOWFALL (IN)
  YESTERDAY        0.0           T    2001   0.0    0.0      0.0
  MONTH TO DATE    0.0                       0.0    0.0      0.0
  SINCE JUN 1      0.0                       0.3   -0.3      0.0
  SINCE JUL 1      0.0                       0.0    0.0      0.0
  SNOW DEPTH       0

DEGREE DAYS
 HEATING
  YESTERDAY        0                         2     -2        0
  MONTH TO DATE    3                        29    -26        6
  SINCE JUN 1    226                       220      6      178
  SINCE JUL 1      3                        29    -26        6

 COOLING
  YESTERDAY        4                         4      0        7
  MONTH TO DATE   66                        36     30       79
  SINCE JUN 1     66                        68     -2      106
  SINCE JAN 1     66                        75     -9      109
..................................................................


WIND (MPH)
  HIGHEST WIND SPEED    10   HIGHEST WIND DIRECTION    SE (120)
  HIGHEST GUST SPEED    16   HIGHEST GUST DIRECTION    SW (220)
  AVERAGE WIND SPEED     4.8


SKY COVER
  AVERAGE SKY COVER 0.0


WEATHER CONDITIONS
 THE FOLLOWING WEATHER WAS RECORDED YESTERDAY.
  NO SIGNIFICANT WEATHER WAS OBSERVED.


RELATIVE HUMIDITY (PERCENT)
 HIGHEST    96           400 AM
 LOWEST     18           200 PM
 AVERAGE    57

..........................................................


THE GREAT FALLS MT CLIMATE NORMALS FOR TODAY
                         NORMAL    RECORD    YEAR
 MAXIMUM TEMPERATURE (F)   83       102      1953
 MINIMUM TEMPERATURE (F)   51        42      1994
                                             1894


SUNRISE AND SUNSET
JULY 13 2014..........SUNRISE   542 AM MDT   SUNSET   920 PM MDT
JULY 14 2014..........SUNRISE   543 AM MDT   SUNSET   919 PM MDT


-  INDICATES NEGATIVE NUMBERS.
R  INDICATES RECORD WAS SET OR TIED.
MM INDICATES DATA IS MISSING.
T  INDICATES TRACE AMOUNT.




$$
