000
CDGM40 PGUM 021845
CLIGUM


CLIMATE REPORT
NATIONAL WEATHER SERVICE TIYAN, GUAM
445 AM CHST TUE MAR 3 2015


...................................

...THE GUAM INTERNATIONAL AIRPORT GU CLIMATE SUMMARY FOR MARCH 2 2015...

CLIMATE NORMAL PERIOD 1981 TO 2010
CLIMATE RECORD PERIOD 1945 TO 2015


WEATHER ITEM   OBSERVED TIME   RECORD YEAR NORMAL DEPARTURE LAST
                VALUE   (LST)  VALUE       VALUE  FROM      YEAR
                                                  NORMAL
..................................................................
TEMPERATURE (F)
 YESTERDAY
  MAXIMUM         87   1100 AM  90    1988  85      2       87
  MINIMUM         76    631 AM  68    1998  75      1       76
  AVERAGE         82                        80      2       82

PRECIPITATION (IN)
  YESTERDAY        0.10          1.54 1971   0.12  -0.02      T
  MONTH TO DATE    0.10                      0.25  -0.15     0.12
  SINCE MAR 1      0.10                      0.25  -0.15     0.12
  SINCE JAN 1      8.84                      9.74  -0.90    22.15

SNOWFALL (IN)
  YESTERDAY        0.0
  MONTH TO DATE    0.0
  SINCE MAR 1      0.0
  SINCE JUL 1      0.0
  SNOW DEPTH       0

DEGREE DAYS
 HEATING
  YESTERDAY        0                         0      0        0
  MONTH TO DATE    0                         0      0        0
  SINCE MAR 1      0                         0      0        0
  SINCE JUL 1      0                         0      0        0

 COOLING
  YESTERDAY       17                        15      2       17
  MONTH TO DATE   35                        30      5       34
  SINCE MAR 1     35                        30      5       34
  SINCE JAN 1    988                       920     68      981
..................................................................


WIND (MPH)
  RESULTANT WIND SPEED  14   RESULTANT WIND DIRECTION   E (80)
  HIGHEST WIND SPEED    22   HIGHEST WIND DIRECTION     E (80)
  HIGHEST GUST SPEED    29   HIGHEST GUST DIRECTION     E (80)
  AVERAGE WIND SPEED    13.2


SKY COVER
  POSSIBLE SUNSHINE  MM
  AVERAGE SKY COVER 0.3


WEATHER CONDITIONS
 THE FOLLOWING WEATHER WAS RECORDED YESTERDAY.
  RAIN
  LIGHT RAIN
  FOG


RELATIVE HUMIDITY (PERCENT)
 HIGHEST    85           700 AM
 LOWEST     59          1100 AM
 AVERAGE    72

..........................................................


THE GUAM INTERNATIONAL AIRPORT GU CLIMATE NORMALS FOR TODAY
                         NORMAL    RECORD    YEAR
 MAXIMUM TEMPERATURE (F)   85        90      1986
                                             1984
 MINIMUM TEMPERATURE (F)   75        68      1969


SUNRISE AND SUNSET
MARCH  3 2015.........SUNRISE   636 AM CHST  SUNSET   630 PM CHST
MARCH  4 2015.........SUNRISE   636 AM CHST  SUNSET   630 PM CHST


-  INDICATES NEGATIVE NUMBERS.
R  INDICATES RECORD WAS SET OR TIED.
MM INDICATES DATA IS MISSING.
T  INDICATES TRACE AMOUNT.




$$
