000
CDUS44 KAMA 162226
CLIGUY


CLIMATE REPORT
NATIONAL WEATHER SERVICE AMARILLO TX
426 PM CST SAT DEC 16 2017


...................................

...THE GUYMON CLIMATE SUMMARY FOR DECEMBER 16 2017...
VALID TODAY AS OF 0400 PM LOCAL TIME.

CLIMATE NORMAL PERIOD 1981 TO 2010
CLIMATE RECORD PERIOD 1998 TO 2017


WEATHER ITEM   OBSERVED TIME   RECORD YEAR NORMAL DEPARTURE LAST
                VALUE   (LST)  VALUE       VALUE  FROM      YEAR
                                                  NORMAL
..................................................................
TEMPERATURE (F)
 TODAY
  MAXIMUM         62    259 PM  76    2016  48     14       76
  MINIMUM         26    812 AM  11    2008  21      5       27
                                      2007
  AVERAGE         44                        34     10       52

PRECIPITATION (IN)
  TODAY            0.00         MM      MM   0.02  -0.02     0.00
  MONTH TO DATE    0.03                      0.38  -0.35     0.14
  SINCE DEC 1      0.03                      0.38  -0.35     0.14
  SINCE JAN 1     21.72                     19.04   2.68    15.26

SNOWFALL (IN)
  TODAY            0.0          MM      MM  MM     MM        0.0
  MONTH TO DATE    T                        MM     MM        0.0
  SINCE DEC 1      T                        MM     MM        0.0
  SINCE JUL 1      T                        MM     MM        0.0
  SNOW DEPTH       0

DEGREE DAYS
 HEATING
  TODAY           21                        31    -10       13
  MONTH TO DATE  360                       460   -100      496
  SINCE DEC 1    360                       460   -100      496
  SINCE JUL 1   1088                      1351   -263     1034

 COOLING
  TODAY            0                         0      0        0
  MONTH TO DATE    0                         0      0        0
  SINCE DEC 1      0                         0      0        0
  SINCE JAN 1   1592                      1482    110     1807
..................................................................


WIND (MPH)
  RESULTANT WIND SPEED  14   RESULTANT WIND DIRECTION   S (200)
  HIGHEST WIND SPEED    29   HIGHEST WIND DIRECTION     S (190)
  HIGHEST GUST SPEED    36   HIGHEST GUST DIRECTION     S (200)
  AVERAGE WIND SPEED    14.1


SKY COVER
  AVERAGE SKY COVER 0.0


WEATHER CONDITIONS
 THE FOLLOWING WEATHER WAS RECORDED TODAY.
  NO SIGNIFICANT WEATHER WAS OBSERVED.


RELATIVE HUMIDITY (PERCENT)
 HIGHEST    75           600 AM
 LOWEST     14           300 PM
 AVERAGE    45

..........................................................


THE GUYMON CLIMATE NORMALS FOR TOMORROW
                         NORMAL    RECORD    YEAR
 MAXIMUM TEMPERATURE (F)   47        67      2001
 MINIMUM TEMPERATURE (F)   21        -6      2016


SUNRISE AND SUNSET
DECEMBER 16 2017......SUNRISE   752 AM CST   SUNSET   532 PM CST
DECEMBER 17 2017......SUNRISE   753 AM CST   SUNSET   532 PM CST


-  INDICATES NEGATIVE NUMBERS.
R  INDICATES RECORD WAS SET OR TIED.
MM INDICATES DATA IS MISSING.
T  INDICATES TRACE AMOUNT.




$$
