000
CDUS44 KAMA 270731
CLIGUY


CLIMATE REPORT
NATIONAL WEATHER SERVICE AMARILLO TX
129 AM CST FRI FEB 27 2015


...................................

...THE GUYMON CLIMATE SUMMARY FOR FEBRUARY 26 2015...

CLIMATE NORMAL PERIOD 1981 TO 2010
CLIMATE RECORD PERIOD 1998 TO 2015


WEATHER ITEM   OBSERVED TIME   RECORD YEAR NORMAL DEPARTURE LAST
                VALUE   (LST)  VALUE       VALUE  FROM      YEAR
                                                  NORMAL
..................................................................
TEMPERATURE (F)
 YESTERDAY
  MAXIMUM         32   1210 AM  MM      MM  56    -24       48
  MINIMUM         20    914 AM  MM      MM  26     -6        8
  AVERAGE         26                        41    -15       28

PRECIPITATION (IN)
  YESTERDAY        T            MM      MM   0.02  -0.02     0.00
  MONTH TO DATE    0.41                      0.43  -0.02     0.16
  SINCE DEC 1      2.45                      1.47   0.98     0.65
  SINCE JAN 1      1.62                      0.83   0.79     0.34

SNOWFALL (IN)
  YESTERDAY        T            MM      MM  MM     MM        0.0
  MONTH TO DATE    4.4                      MM     MM        2.5
  SINCE DEC 1     13.2                      MM     MM        9.0
  SINCE JUL 1     16.2                      MM     MM       12.7
  SNOW DEPTH       0

DEGREE DAYS
 HEATING
  YESTERDAY       39                        24     15       37
  MONTH TO DATE  641                       691    -50      814
  SINCE DEC 1   2318                      2528   -210     2644
  SINCE JUL 1   3125                      3419   -294     3530

 COOLING
  YESTERDAY        0                         0      0        0
  MONTH TO DATE    0                         0      0        0
  SINCE DEC 1      0                         0      0        0
  SINCE JAN 1      0                         0      0        0
..................................................................


WIND (MPH)
  RESULTANT WIND SPEED  13   RESULTANT WIND DIRECTION  NE (40)
  HIGHEST WIND SPEED    25   HIGHEST WIND DIRECTION     N (20)
  HIGHEST GUST SPEED    32   HIGHEST GUST DIRECTION    NE (30)
  AVERAGE WIND SPEED    12.7


SKY COVER
  AVERAGE SKY COVER 0.9


WEATHER CONDITIONS
 THE FOLLOWING WEATHER WAS RECORDED YESTERDAY.
  LIGHT SNOW


RELATIVE HUMIDITY (PERCENT)
 HIGHEST    81           300 AM
 LOWEST     54           600 PM
 AVERAGE    68

..........................................................


THE GUYMON CLIMATE NORMALS FOR TODAY
                         NORMAL    RECORD    YEAR
 MAXIMUM TEMPERATURE (F)   56        MM        MM
 MINIMUM TEMPERATURE (F)   26        MM        MM


SUNRISE AND SUNSET
FEBRUARY 27 2015......SUNRISE   720 AM CST   SUNSET   638 PM CST
FEBRUARY 28 2015......SUNRISE   718 AM CST   SUNSET   639 PM CST


-  INDICATES NEGATIVE NUMBERS.
R  INDICATES RECORD WAS SET OR TIED.
MM INDICATES DATA IS MISSING.
T  INDICATES TRACE AMOUNT.




$$
