000
CDUS44 KAMA 250636
CLIGUY


CLIMATE REPORT
NATIONAL WEATHER SERVICE AMARILLO TX
136 AM CDT THU AUG 25 2016


...................................

...THE GUYMON CLIMATE SUMMARY FOR AUGUST 24 2016...

CLIMATE NORMAL PERIOD 1981 TO 2010
CLIMATE RECORD PERIOD 1998 TO 2016


WEATHER ITEM   OBSERVED TIME   RECORD YEAR NORMAL DEPARTURE LAST
                VALUE   (LST)  VALUE       VALUE  FROM      YEAR
                                                  NORMAL
..................................................................
TEMPERATURE (F)
 YESTERDAY
  MAXIMUM         89    303 PM  MM      MM  91     -2       85
  MINIMUM         64   1154 PM  MM      MM  64      0       58
  AVERAGE         77                        77      0       72

PRECIPITATION (IN)
  YESTERDAY        0.68         MM      MM   0.10   0.58     0.00
  MONTH TO DATE    1.97                      2.26  -0.29     4.79
  SINCE JUN 1      6.38                      7.86  -1.48    11.58
  SINCE JAN 1     13.34                     14.11  -0.77    22.53

SNOWFALL (IN)
  YESTERDAY        0.0          MM      MM  MM     MM        0.0
  MONTH TO DATE    0.0                      MM     MM        0.0
  SINCE JUN 1      0.0                      MM     MM        0.0
  SINCE JUL 1      0.0                      MM     MM        0.0
  SNOW DEPTH       0

DEGREE DAYS
 HEATING
  YESTERDAY        0                         0      0        0
  MONTH TO DATE    0                         0      0        0
  SINCE JUN 1      0                         8     -8        0
  SINCE JUL 1      0                         0      0        0

 COOLING
  YESTERDAY       12                        12      0        7
  MONTH TO DATE  335                       324     11      292
  SINCE JUN 1   1299                      1058    241     1147
  SINCE JAN 1   1389                      1166    223     1211
..................................................................


WIND (MPH)
  RESULTANT WIND SPEED   5   RESULTANT WIND DIRECTION  SW (220)
  HIGHEST WIND SPEED    28   HIGHEST WIND DIRECTION     S (200)
  HIGHEST GUST SPEED    35   HIGHEST GUST DIRECTION    SW (210)
  AVERAGE WIND SPEED    11.1


SKY COVER
  AVERAGE SKY COVER 0.4


WEATHER CONDITIONS
 THE FOLLOWING WEATHER WAS RECORDED YESTERDAY.
  THUNDERSTORM
  HEAVY RAIN
  RAIN
  LIGHT RAIN
  FOG
  HAZE


RELATIVE HUMIDITY (PERCENT)
 HIGHEST    90           800 AM
 LOWEST     29           300 PM
 AVERAGE    60

..........................................................


THE GUYMON CLIMATE NORMALS FOR TODAY
                         NORMAL    RECORD    YEAR
 MAXIMUM TEMPERATURE (F)   91        MM        MM
 MINIMUM TEMPERATURE (F)   64        MM        MM


SUNRISE AND SUNSET
AUGUST 25 2016........SUNRISE   712 AM CDT   SUNSET   823 PM CDT
AUGUST 26 2016........SUNRISE   713 AM CDT   SUNSET   822 PM CDT


-  INDICATES NEGATIVE NUMBERS.
R  INDICATES RECORD WAS SET OR TIED.
MM INDICATES DATA IS MISSING.
T  INDICATES TRACE AMOUNT.




$$
