719
CDUS44 KAMA 180627
CLIGUY


CLIMATE REPORT
NATIONAL WEATHER SERVICE AMARILLO TX
127 AM CDT WED OCT 18 2017


...................................

...THE GUYMON CLIMATE SUMMARY FOR OCTOBER 17 2017...

CLIMATE NORMAL PERIOD 1981 TO 2010
CLIMATE RECORD PERIOD 1998 TO 2017


WEATHER ITEM   OBSERVED TIME   RECORD YEAR NORMAL DEPARTURE LAST
                VALUE   (LST)  VALUE       VALUE  FROM      YEAR
                                                  NORMAL
..................................................................
TEMPERATURE (F)
 YESTERDAY
  MAXIMUM         80    445 PM  98    2016  71      9       98
  MINIMUM         35    708 AM  33    2002  42     -7       63
  AVERAGE         58                        57      1       81

PRECIPITATION (IN)
  YESTERDAY        0.00          T    2011   0.06  -0.06     0.00
                                      2007
                                      2006
  MONTH TO DATE    1.34                      0.99   0.35     0.65
  SINCE SEP 1      6.13                      2.78   3.35     0.66
  SINCE JAN 1     21.69                     17.55   4.14    15.10

SNOWFALL (IN)
  YESTERDAY        0.0          MM      MM  MM     MM        0.0
  MONTH TO DATE    0.0                      MM     MM        0.0
  SINCE SEP 1      0.0                      MM     MM        0.0
  SINCE JUL 1      0.0                      MM     MM        0.0
  SNOW DEPTH       0

DEGREE DAYS
 HEATING
  YESTERDAY        7                         9     -2        0
  MONTH TO DATE   79                       110    -31       50
  SINCE SEP 1    111                       152    -41       61
  SINCE JUL 1    111                       153    -42       61

 COOLING
  YESTERDAY        0                         0      0       16
  MONTH TO DATE   40                        25     15       66
  SINCE SEP 1    264                       230     34      331
  SINCE JAN 1   1585                      1479    106     1768
..................................................................


WIND (MPH)
  RESULTANT WIND SPEED   5   RESULTANT WIND DIRECTION   S (200)
  HIGHEST WIND SPEED    15   HIGHEST WIND DIRECTION     S (190)
  HIGHEST GUST SPEED    19   HIGHEST GUST DIRECTION     S (200)
  AVERAGE WIND SPEED     6.1


SKY COVER
  AVERAGE SKY COVER 0.0


WEATHER CONDITIONS
 THE FOLLOWING WEATHER WAS RECORDED YESTERDAY.
  HAZE


RELATIVE HUMIDITY (PERCENT)
 HIGHEST   100           700 AM
 LOWEST     25           400 PM
 AVERAGE    63

..........................................................


THE GUYMON CLIMATE NORMALS FOR TODAY
                         NORMAL    RECORD    YEAR
 MAXIMUM TEMPERATURE (F)   71        98      2016
 MINIMUM TEMPERATURE (F)   42        29      1999


SUNRISE AND SUNSET
OCTOBER 18 2017.......SUNRISE   756 AM CDT   SUNSET   705 PM CDT
OCTOBER 19 2017.......SUNRISE   757 AM CDT   SUNSET   704 PM CDT


-  INDICATES NEGATIVE NUMBERS.
R  INDICATES RECORD WAS SET OR TIED.
MM INDICATES DATA IS MISSING.
T  INDICATES TRACE AMOUNT.




$$
