000
CDUS44 KAMA 182134
CLIGUY


CLIMATE REPORT
NATIONAL WEATHER SERVICE AMARILLO TX
433 PM CDT FRI APR 18 2014


...................................

...THE GUYMON CLIMATE SUMMARY FOR APRIL 18 2014...
VALID TODAY AS OF 0400 PM LOCAL TIME.

CLIMATE NORMAL PERIOD 1981 TO 2010
CLIMATE RECORD PERIOD 1998 TO 2014


WEATHER ITEM   OBSERVED TIME   NORMAL DEPARTURE LAST
                VALUE   (LST)  VALUE  FROM      YEAR
                                      NORMAL
......................................................
TEMPERATURE (F)
 TODAY
  MAXIMUM         74    330 PM  71      3       46
  MINIMUM         35    528 AM  41     -6       26
  AVERAGE         55            56     -1       36

PRECIPITATION (IN)
  TODAY            0.00          0.06  -0.06      T
  MONTH TO DATE    0.53          0.87  -0.34     0.18
  SINCE MAR 1      0.74          2.30  -1.56     0.32
  SINCE JAN 1      1.08          3.17  -2.09     1.88

SNOWFALL (IN)
  TODAY            0.0                            T
  MONTH TO DATE    2.0                            T
  SINCE MAR 1      3.5                           2.5
  SINCE JUL 1     16.2                          22.0
  SNOW DEPTH       0

DEGREE DAYS
 HEATING
  TODAY           10            10      0       29
  MONTH TO DATE  227           215     12      288
  SINCE MAR 1    832           796     36      846
  SINCE JUL 1   4398          4263    135     4079

 COOLING
  TODAY            0             0      0        0
  MONTH TO DATE    4             0      4        6
  SINCE MAR 1      5             2      3        6
  SINCE JAN 1      5             2      3        6
......................................................


WIND (MPH)
  RESULTANT WIND SPEED  14   RESULTANT WIND DIRECTION   S (190)
  HIGHEST WIND SPEED    28   HIGHEST WIND DIRECTION     S (180)
  HIGHEST GUST SPEED    36   HIGHEST GUST DIRECTION     S (200)
  AVERAGE WIND SPEED    14.7


SKY COVER
  AVERAGE SKY COVER 0.0


WEATHER CONDITIONS
 THE FOLLOWING WEATHER WAS RECORDED TODAY.
  FOG


RELATIVE HUMIDITY (PERCENT)
 HIGHEST    92           300 AM
 LOWEST     33           300 PM
 AVERAGE    63

..........................................................


THE GUYMON CLIMATE NORMALS FOR TOMORROW
                         NORMAL
 MAXIMUM TEMPERATURE (F)   71
 MINIMUM TEMPERATURE (F)   41


SUNRISE AND SUNSET
APRIL 18 2014.........SUNRISE   708 AM CDT   SUNSET   823 PM CDT
APRIL 19 2014.........SUNRISE   707 AM CDT   SUNSET   824 PM CDT


-  INDICATES NEGATIVE NUMBERS.
R  INDICATES RECORD WAS SET OR TIED.
MM INDICATES DATA IS MISSING.
T  INDICATES TRACE AMOUNT.




$$
