000
CDUS42 KFFC 290822
CLIGVL


CLIMATE REPORT
NATIONAL WEATHER SERVICE PEACHTREE CITY GA
421 AM EDT WED MAR 29 2017


...................................

...THE GAINESVILLE   CLIMATE SUMMARY FOR MARCH 28 2017...

CLIMATE NORMAL PERIOD 1981 TO 2010
CLIMATE RECORD PERIOD 9999 TO 9999


WEATHER ITEM   OBSERVED TIME   RECORD YEAR NORMAL DEPARTURE LAST
                VALUE   (LST)  VALUE       VALUE  FROM      YEAR
                                                  NORMAL
..................................................................
TEMPERATURE (F)
 YESTERDAY
  MAXIMUM         77    425 PM  MM      MM  66     11       70
  MINIMUM         56    642 AM  MM      MM  46     10       53
  AVERAGE         67                        56     11       62

PRECIPITATION (IN)
  YESTERDAY        0.12         MM      MM   0.15  -0.03      T
  MONTH TO DATE    3.16                      4.97  -1.81     1.60
  SINCE MAR 1      3.16                      4.97  -1.81     1.60
  SINCE JAN 1     10.91                     14.87  -3.96    11.55

SNOWFALL (IN)
  YESTERDAY        0.0          MM      MM  MM     MM       MM
  MONTH TO DATE    0.0                      MM     MM        0.0
  SINCE MAR 1      0.0                      MM     MM        0.0
  SINCE JUL 1      0.0                      MM     MM         T
  SNOW DEPTH       0

DEGREE DAYS
 HEATING
  YESTERDAY        0                        10    -10        3
  MONTH TO DATE  322                       361    -39      218
  SINCE MAR 1    322                       361    -39      218
  SINCE JUL 1   2052                      2825   -773     2270

 COOLING
  YESTERDAY        2                         0      2        0
  MONTH TO DATE   13                         0     13       21
  SINCE MAR 1     13                         0     13       21
  SINCE JAN 1     13                         0     13       21
..................................................................


WIND (MPH)
  RESULTANT WIND SPEED   7   RESULTANT WIND DIRECTION   W (290)
  HIGHEST WIND SPEED    18   HIGHEST WIND DIRECTION     W (250)
  HIGHEST GUST SPEED    23   HIGHEST GUST DIRECTION    NW (330)
  AVERAGE WIND SPEED     7.4


SKY COVER
  AVERAGE SKY COVER 0.5


WEATHER CONDITIONS
 THE FOLLOWING WEATHER WAS RECORDED YESTERDAY.
  THUNDERSTORM
  HEAVY RAIN
  RAIN
  LIGHT RAIN
  FOG
  FOG W/VISIBILITY <= 1/4 MILE


RELATIVE HUMIDITY (PERCENT)
 HIGHEST   100           200 AM
 LOWEST     46           400 PM
 AVERAGE    73

..........................................................


THE GAINESVILLE   CLIMATE NORMALS FOR TODAY
                         NORMAL    RECORD    YEAR
 MAXIMUM TEMPERATURE (F)   66        MM        MM
 MINIMUM TEMPERATURE (F)   46        MM        MM


SUNRISE AND SUNSET
MARCH 29 2017.........SUNRISE   726 AM EDT   SUNSET   754 PM EDT
MARCH 30 2017.........SUNRISE   725 AM EDT   SUNSET   755 PM EDT


-  INDICATES NEGATIVE NUMBERS.
R  INDICATES RECORD WAS SET OR TIED.
MM INDICATES DATA IS MISSING.
T  INDICATES TRACE AMOUNT.




$$
