000
CDUS44 KJAN 271120
CLIGWO


CLIMATE REPORT
NATIONAL WEATHER SERVICE JACKSON MS
518 AM CST FRI FEB 27 2015


...................................

...THE GREENWOOD CLIMATE SUMMARY FOR FEBRUARY 26 2015...

CLIMATE NORMAL PERIOD 1981 TO 2010
CLIMATE RECORD PERIOD 1948 TO 2015


WEATHER ITEM   OBSERVED TIME   RECORD YEAR NORMAL DEPARTURE LAST
                VALUE   (LST)  VALUE       VALUE  FROM      YEAR
                                                  NORMAL
..................................................................
TEMPERATURE (F)
 YESTERDAY
  MAXIMUM         MM        MM  81    1962  62     MM       42
  MINIMUM         MM        MM  22    1974  40     MM       23
  AVERAGE         MM                        51     MM       33

PRECIPITATION (IN)
  YESTERDAY       MM             2.01 1977   0.16  MM        0.32
  MONTH TO DATE    4.95                      4.12   0.83     4.70
  SINCE DEC 1     14.91                     14.29   0.62    10.96
  SINCE JAN 1      9.39                      8.64   0.75     6.27

SNOWFALL (IN)
  YESTERDAY       MM

DEGREE DAYS
 HEATING
  YESTERDAY       MM                        15     MM       32
  MONTH TO DATE  631                       464    167      527
  SINCE DEC 1   1844                      1735    109     2032
  SINCE JUL 1   2432                      2203    229     2599

 COOLING
  YESTERDAY       MM                         0     MM        0
  MONTH TO DATE    0                         0      0        0
  SINCE DEC 1      1                         7     -6       11
  SINCE JAN 1      0                         2     -2        0
..................................................................


WIND (MPH)
  HIGHEST WIND SPEED    MM   HIGHEST WIND DIRECTION    MM
  HIGHEST GUST SPEED    MM   HIGHEST GUST DIRECTION    MM
  AVERAGE WIND SPEED    MM


SKY COVER
  POSSIBLE SUNSHINE  MM
  AVERAGE SKY COVER  MM


WEATHER CONDITIONS
 THE FOLLOWING WEATHER WAS RECORDED YESTERDAY.
  NO SIGNIFICANT WEATHER WAS OBSERVED.


RELATIVE HUMIDITY (PERCENT)
 HIGHEST    MM
 LOWEST     MM
 AVERAGE    MM

..........................................................


THE GREENWOOD CLIMATE NORMALS FOR TODAY
                         NORMAL    RECORD    YEAR
 MAXIMUM TEMPERATURE (F)   62        83      2011
 MINIMUM TEMPERATURE (F)   40        18      2014


SUNRISE AND SUNSET
FEBRUARY 27 2015......SUNRISE   631 AM CST   SUNSET   555 PM CST
FEBRUARY 28 2015......SUNRISE   630 AM CST   SUNSET   556 PM CST


-  INDICATES NEGATIVE NUMBERS.
R  INDICATES RECORD WAS SET OR TIED.
MM INDICATES DATA IS MISSING.
T  INDICATES TRACE AMOUNT.




$$
