000
CDUS44 KJAN 252115
CLIGWO


CLIMATE REPORT
NATIONAL WEATHER SERVICE JACKSON MS
411 PM CDT SAT OCT 25 2014


...................................

...THE GREENWOOD CLIMATE SUMMARY FOR OCTOBER 25 2014...
VALID TODAY AS OF 0400 PM LOCAL TIME.

CLIMATE NORMAL PERIOD 1981 TO 2010
CLIMATE RECORD PERIOD 1948 TO 2014


WEATHER ITEM   OBSERVED TIME   RECORD YEAR NORMAL DEPARTURE LAST
                VALUE   (LST)  VALUE       VALUE  FROM      YEAR
                                                  NORMAL
..................................................................
TEMPERATURE (F)
 TODAY
  MAXIMUM         81    259 PM  87    2010  74      7       59
  MINIMUM         48    635 AM  31    1999  49     -1       36
  AVERAGE         65                        61      4       48

PRECIPITATION (IN)
  TODAY            0.00          1.97 1976   0.12  -0.12     0.00
  MONTH TO DATE    5.80                      3.15   2.65     1.00
  SINCE SEP 1      6.18                      6.81  -0.63     9.09
  SINCE JAN 1     46.94                     40.88   6.06    47.34

SNOWFALL (IN)
  TODAY            0.0

DEGREE DAYS
 HEATING
  TODAY            0                         6     -6       17
  MONTH TO DATE   66                        81    -15       94
  SINCE SEP 1     66                        93    -27       94
  SINCE JUL 1     66                        93    -27       94

 COOLING
  TODAY            0                         2     -2        0
  MONTH TO DATE  103                        85     18      101
  SINCE SEP 1    467                       390     77      459
  SINCE JAN 1   2023                      2132   -109     2081
..................................................................


WIND (MPH)
  HIGHEST WIND SPEED     9   HIGHEST WIND DIRECTION    SW (230)
  HIGHEST GUST SPEED    13   HIGHEST GUST DIRECTION    NW (300)
  AVERAGE WIND SPEED     2.5


SKY COVER
  POSSIBLE SUNSHINE  MM
  AVERAGE SKY COVER 0.0


WEATHER CONDITIONS
 THE FOLLOWING WEATHER WAS RECORDED TODAY.
  NO SIGNIFICANT WEATHER WAS OBSERVED.


RELATIVE HUMIDITY (PERCENT)
 HIGHEST    93          1200 AM
 LOWEST     51           200 PM
 AVERAGE    72

..........................................................


THE GREENWOOD CLIMATE NORMALS FOR TOMORROW
                         NORMAL    RECORD    YEAR
 MAXIMUM TEMPERATURE (F)   74        87      2010
                                             1992
 MINIMUM TEMPERATURE (F)   49        29      2005


SUNRISE AND SUNSET
OCTOBER 25 2014.......SUNRISE   713 AM CDT   SUNSET   615 PM CDT
OCTOBER 26 2014.......SUNRISE   714 AM CDT   SUNSET   614 PM CDT


-  INDICATES NEGATIVE NUMBERS.
R  INDICATES RECORD WAS SET OR TIED.
MM INDICATES DATA IS MISSING.
T  INDICATES TRACE AMOUNT.




$$
