000
CDUS44 KJAN 210656
CLIGWO


CLIMATE REPORT
NATIONAL WEATHER SERVICE JACKSON MS
1247 AM CST SAT JAN 21 2017


...................................

...THE GREENWOOD CLIMATE SUMMARY FOR JANUARY 20 2017...

CLIMATE NORMAL PERIOD 1981 TO 2010
CLIMATE RECORD PERIOD 1948 TO 2017


WEATHER ITEM   OBSERVED TIME   RECORD YEAR NORMAL DEPARTURE LAST
                VALUE   (LST)  VALUE       VALUE  FROM      YEAR
                                                  NORMAL
..................................................................
TEMPERATURE (F)
 YESTERDAY
  MAXIMUM         73    400 PM  75    2012  53     20       50
                                      1954
  MINIMUM         53    428 AM   0    1985  33     20       40
  AVERAGE         63                        43     20       45

PRECIPITATION (IN)
  YESTERDAY        T             2.23 1983   0.15  -0.15     0.08
  MONTH TO DATE    3.01                      2.88   0.13     0.45
  SINCE DEC 1      7.70                      8.53  -0.83     5.55
  SINCE JAN 1      3.01                      2.88   0.13     0.45

SNOWFALL (IN)
  YESTERDAY        0.0

DEGREE DAYS
 HEATING
  YESTERDAY        2                        22    -20       20
  MONTH TO DATE  239                       440   -201      474
  SINCE DEC 1    772                      1038   -266      780
  SINCE JUL 1   1064                      1506   -442     1008

 COOLING
  YESTERDAY        0                         0      0        0
  MONTH TO DATE   10                         0     10        0
  SINCE DEC 1     23                         5     18       65
  SINCE JAN 1     10                         0     10        0
..................................................................


WIND (MPH)
  HIGHEST WIND SPEED    22   HIGHEST WIND DIRECTION    SW (210)
  HIGHEST GUST SPEED    27   HIGHEST GUST DIRECTION    SW (210)
  AVERAGE WIND SPEED     9.1


SKY COVER
  POSSIBLE SUNSHINE  MM
  AVERAGE SKY COVER 0.4


WEATHER CONDITIONS
 THE FOLLOWING WEATHER WAS RECORDED YESTERDAY.
  LIGHT RAIN
  FOG


RELATIVE HUMIDITY (PERCENT)
 HIGHEST    93          1200 AM
 LOWEST     46           300 PM
 AVERAGE    70

..........................................................


THE GREENWOOD CLIMATE NORMALS FOR TODAY
                         NORMAL    RECORD    YEAR
 MAXIMUM TEMPERATURE (F)   54        73      1959
 MINIMUM TEMPERATURE (F)   33         0      1985


SUNRISE AND SUNSET
JANUARY 21 2017.......SUNRISE   702 AM CST   SUNSET   521 PM CST
JANUARY 22 2017.......SUNRISE   702 AM CST   SUNSET   522 PM CST


-  INDICATES NEGATIVE NUMBERS.
R  INDICATES RECORD WAS SET OR TIED.
MM INDICATES DATA IS MISSING.
T  INDICATES TRACE AMOUNT.




$$
