000
CDUS44 KJAN 280643
CLIGWO


CLIMATE REPORT
NATIONAL WEATHER SERVICE JACKSON MS
139 AM CDT SUN MAY 28 2017


...................................

...THE GREENWOOD CLIMATE SUMMARY FOR MAY 27 2017...

CLIMATE NORMAL PERIOD 1981 TO 2010
CLIMATE RECORD PERIOD 1948 TO 2017


WEATHER ITEM   OBSERVED TIME   RECORD YEAR NORMAL DEPARTURE LAST
                VALUE   (LST)  VALUE       VALUE  FROM      YEAR
                                                  NORMAL
..................................................................
TEMPERATURE (F)
 YESTERDAY
  MAXIMUM         89    345 PM  98    1953  86      3       84
  MINIMUM         70    432 AM  46    1961  64      6       68
  AVERAGE         80                        75      5       76

PRECIPITATION (IN)
  YESTERDAY        0.00          2.05 1976   0.14  -0.14     0.01
  MONTH TO DATE    2.91                      4.37  -1.46     1.35
  SINCE MAR 1     12.84                     13.81  -0.97    18.20
  SINCE JAN 1     21.12                     22.75  -1.63    25.65

SNOWFALL (IN)
  YESTERDAY        0.0

DEGREE DAYS
 HEATING
  YESTERDAY        0                         0      0        0
  MONTH TO DATE   22                        15      7       16
  SINCE MAR 1    297                       455   -158      268
  SINCE JUL 1   1780                      2686   -906     1929

 COOLING
  YESTERDAY       15                        10      5       11
  MONTH TO DATE  171                       186    -15      143
  SINCE MAR 1    371                       283     88      266
  SINCE JAN 1    405                       288    117      274
..................................................................


WIND (MPH)
  HIGHEST WIND SPEED    20   HIGHEST WIND DIRECTION     S (200)
  HIGHEST GUST SPEED    26   HIGHEST GUST DIRECTION     S (200)
  AVERAGE WIND SPEED    11.0


SKY COVER
  POSSIBLE SUNSHINE  MM
  AVERAGE SKY COVER 0.6


WEATHER CONDITIONS
 THE FOLLOWING WEATHER WAS RECORDED YESTERDAY.
  NO SIGNIFICANT WEATHER WAS OBSERVED.


RELATIVE HUMIDITY (PERCENT)
 HIGHEST    93           500 AM
 LOWEST     63           500 PM
 AVERAGE    78

..........................................................


THE GREENWOOD CLIMATE NORMALS FOR TODAY
                         NORMAL    RECORD    YEAR
 MAXIMUM TEMPERATURE (F)   86        96      1962
 MINIMUM TEMPERATURE (F)   64        44      1961


SUNRISE AND SUNSET
MAY 28 2017...........SUNRISE   553 AM CDT   SUNSET   803 PM CDT
MAY 29 2017...........SUNRISE   552 AM CDT   SUNSET   804 PM CDT


-  INDICATES NEGATIVE NUMBERS.
R  INDICATES RECORD WAS SET OR TIED.
MM INDICATES DATA IS MISSING.
T  INDICATES TRACE AMOUNT.




$$
