000
CDUS44 KJAN 140633
CLIGWO


CLIMATE REPORT
NATIONAL WEATHER SERVICE JACKSON MS
1231 AM CST SUN FEB 14 2016


...................................

...THE GREENWOOD CLIMATE SUMMARY FOR FEBRUARY 13 2016...

CLIMATE NORMAL PERIOD 1981 TO 2010
CLIMATE RECORD PERIOD 1948 TO 2016


WEATHER ITEM   OBSERVED TIME   RECORD YEAR NORMAL DEPARTURE LAST
                VALUE   (LST)  VALUE       VALUE  FROM      YEAR
                                                  NORMAL
..................................................................
TEMPERATURE (F)
 YESTERDAY
  MAXIMUM         49    411 PM  81    1949  58     -9       46
  MINIMUM         31    700 AM  14    1960  36     -5       26
  AVERAGE         40                        47     -7       36

PRECIPITATION (IN)
  YESTERDAY        0.00          1.93 1950   0.16  -0.16     0.00
  MONTH TO DATE    0.43                      2.04  -1.61     0.22
  SINCE DEC 1      8.71                     12.21  -3.50    10.18
  SINCE JAN 1      3.61                      6.56  -2.95     4.66

SNOWFALL (IN)
  YESTERDAY        0.0

DEGREE DAYS
 HEATING
  YESTERDAY       25                        18      7       29
  MONTH TO DATE  257                       253      4      288
  SINCE DEC 1   1252                      1524   -272     1501
  SINCE JUL 1   1480                      1992   -512     2089

 COOLING
  YESTERDAY        0                         0      0        0
  MONTH TO DATE    4                         0      4        0
  SINCE DEC 1     70                         7     63        1
  SINCE JAN 1      5                         2      3        0
..................................................................


WIND (MPH)
  HIGHEST WIND SPEED    17   HIGHEST WIND DIRECTION    NE (30)
  HIGHEST GUST SPEED    23   HIGHEST GUST DIRECTION     N (350)
  AVERAGE WIND SPEED     9.0


SKY COVER
  POSSIBLE SUNSHINE  MM
  AVERAGE SKY COVER 0.0


WEATHER CONDITIONS
 THE FOLLOWING WEATHER WAS RECORDED YESTERDAY.
  NO SIGNIFICANT WEATHER WAS OBSERVED.


RELATIVE HUMIDITY (PERCENT)
 HIGHEST    89          1200 AM
 LOWEST     18           300 PM
 AVERAGE    54

..........................................................


THE GREENWOOD CLIMATE NORMALS FOR TODAY
                         NORMAL    RECORD    YEAR
 MAXIMUM TEMPERATURE (F)   58        80      1990
 MINIMUM TEMPERATURE (F)   37         8      1960


SUNRISE AND SUNSET
FEBRUARY 14 2016......SUNRISE   646 AM CST   SUNSET   544 PM CST
FEBRUARY 15 2016......SUNRISE   645 AM CST   SUNSET   545 PM CST


-  INDICATES NEGATIVE NUMBERS.
R  INDICATES RECORD WAS SET OR TIED.
MM INDICATES DATA IS MISSING.
T  INDICATES TRACE AMOUNT.




$$
