000
CDUS44 KJAN 130629
CLIGWO


CLIMATE REPORT
NATIONAL WEATHER SERVICE JACKSON MS
1227 AM CST WED DEC 13 2017


...................................

...THE GREENWOOD CLIMATE SUMMARY FOR DECEMBER 12 2017...

CLIMATE NORMAL PERIOD 1981 TO 2010
CLIMATE RECORD PERIOD 1948 TO 2017


WEATHER ITEM   OBSERVED TIME   RECORD YEAR NORMAL DEPARTURE LAST
                VALUE   (LST)  VALUE       VALUE  FROM      YEAR
                                                  NORMAL
..................................................................
TEMPERATURE (F)
 YESTERDAY
  MAXIMUM         53    200 PM  83    2015  57     -4       62
  MINIMUM         28   1140 PM  11    1962  36     -8       50
  AVERAGE         41                        46     -5       56

PRECIPITATION (IN)
  YESTERDAY        0.00          1.63 1956   0.19  -0.19     0.33
  MONTH TO DATE    1.22                      2.38  -1.16     2.75
  SINCE DEC 1      1.22                      2.38  -1.16     2.75
  SINCE JAN 1     42.04                     48.50  -6.46    45.56

SNOWFALL (IN)
  YESTERDAY        0.0

DEGREE DAYS
 HEATING
  YESTERDAY       24                        19      5        9
  MONTH TO DATE  208                       210     -2      239
  SINCE DEC 1    208                       210     -2      239
  SINCE JUL 1    622                       678    -56      531

 COOLING
  YESTERDAY        0                         0      0        0
  MONTH TO DATE    0                         0      0        0
  SINCE DEC 1      0                         0      0        0
  SINCE JAN 1   2341                      2159    182     2559
..................................................................


WIND (MPH)
  HIGHEST WIND SPEED    17   HIGHEST WIND DIRECTION     N (340)
  HIGHEST GUST SPEED    26   HIGHEST GUST DIRECTION     N (350)
  AVERAGE WIND SPEED     5.0


SKY COVER
  POSSIBLE SUNSHINE  MM
  AVERAGE SKY COVER 0.0


WEATHER CONDITIONS
 THE FOLLOWING WEATHER WAS RECORDED YESTERDAY.
  NO SIGNIFICANT WEATHER WAS OBSERVED.


RELATIVE HUMIDITY (PERCENT)
 HIGHEST    85           300 AM
 LOWEST     44           200 PM
 AVERAGE    65

..........................................................


THE GREENWOOD CLIMATE NORMALS FOR TODAY
                         NORMAL    RECORD    YEAR
 MAXIMUM TEMPERATURE (F)   57        81      2015
 MINIMUM TEMPERATURE (F)   36         8      1962


SUNRISE AND SUNSET
DECEMBER 13 2017......SUNRISE   656 AM CST   SUNSET   453 PM CST
DECEMBER 14 2017......SUNRISE   657 AM CST   SUNSET   454 PM CST


-  INDICATES NEGATIVE NUMBERS.
R  INDICATES RECORD WAS SET OR TIED.
MM INDICATES DATA IS MISSING.
T  INDICATES TRACE AMOUNT.




$$
