000
CDUS44 KJAN 230921
CLIGWO


CLIMATE REPORT
NATIONAL WEATHER SERVICE JACKSON MS
419 AM CDT WED APR 23 2014


...................................

...THE GREENWOOD CLIMATE SUMMARY FOR APRIL 22 2014...

CLIMATE NORMAL PERIOD 1981 TO 2010
CLIMATE RECORD PERIOD 1948 TO 2014


WEATHER ITEM   OBSERVED TIME   RECORD YEAR NORMAL DEPARTURE LAST
                VALUE   (LST)  VALUE       VALUE  FROM      YEAR
                                                  NORMAL
..................................................................
TEMPERATURE (F)
 YESTERDAY
  MAXIMUM         78    403 PM  89    1963  77      1       76
                                      1955
  MINIMUM         56   1154 PM  37    1993  54      2       45
  AVERAGE         67                        65      2       61

PRECIPITATION (IN)
  YESTERDAY        0.30          3.04 1983   0.17   0.13     0.00
  MONTH TO DATE    6.89                      3.79   3.10     5.20
  SINCE MAR 1     10.97                      8.10   2.87    11.02
  SINCE JAN 1     17.25                     17.04   0.21    23.48

SNOWFALL (IN)
  YESTERDAY        0.0

DEGREE DAYS
 HEATING
  YESTERDAY        0                         3     -3        4
  MONTH TO DATE  135                       106     29      125
  SINCE MAR 1    573                       422    151      613
  SINCE JUL 1   3227                      2653    574     2693

 COOLING
  YESTERDAY        2                         3     -1        0
  MONTH TO DATE   36                        48    -12       58
  SINCE MAR 1     40                        69    -29       58
  SINCE JAN 1     40                        74    -34       70
..................................................................


WIND (MPH)
  HIGHEST WIND SPEED    13   HIGHEST WIND DIRECTION     N (350)
  HIGHEST GUST SPEED    18   HIGHEST GUST DIRECTION     N (340)
  AVERAGE WIND SPEED     4.4


SKY COVER
  POSSIBLE SUNSHINE  MM
  AVERAGE SKY COVER 0.5


WEATHER CONDITIONS
 THE FOLLOWING WEATHER WAS RECORDED YESTERDAY.
  RAIN
  LIGHT RAIN
  FOG


RELATIVE HUMIDITY (PERCENT)
 HIGHEST   100           700 AM
 LOWEST     54           400 PM
 AVERAGE    77

..........................................................


THE GREENWOOD CLIMATE NORMALS FOR TODAY
                         NORMAL    RECORD    YEAR
 MAXIMUM TEMPERATURE (F)   77        89      1965
 MINIMUM TEMPERATURE (F)   54        38      1986


SUNRISE AND SUNSET
APRIL 23 2014.........SUNRISE   621 AM CDT   SUNSET   737 PM CDT
APRIL 24 2014.........SUNRISE   619 AM CDT   SUNSET   738 PM CDT


-  INDICATES NEGATIVE NUMBERS.
R  INDICATES RECORD WAS SET OR TIED.
MM INDICATES DATA IS MISSING.
T  INDICATES TRACE AMOUNT.




$$
