000
CDUS44 KJAN 260742
CLIGWO


CLIMATE REPORT
NATIONAL WEATHER SERVICE JACKSON MS
239 AM CDT TUE MAY 26 2015


...................................

...THE GREENWOOD CLIMATE SUMMARY FOR MAY 25 2015...

CLIMATE NORMAL PERIOD 1981 TO 2010
CLIMATE RECORD PERIOD 1948 TO 2015


WEATHER ITEM   OBSERVED TIME   RECORD YEAR NORMAL DEPARTURE LAST
                VALUE   (LST)  VALUE       VALUE  FROM      YEAR
                                                  NORMAL
..................................................................
TEMPERATURE (F)
 YESTERDAY
  MAXIMUM         MM        MM  97    1996  85     MM       89
  MINIMUM         MM        MM  50    1979  63     MM       65
  AVERAGE         MM                        74     MM       77

PRECIPITATION (IN)
  YESTERDAY       MM             2.90 1981   0.15  MM        0.00
  MONTH TO DATE    3.82                      4.08  -0.26     0.89
  SINCE MAR 1     15.36                     13.52   1.84    14.59
  SINCE JAN 1     24.75                     22.46   2.29    20.87

SNOWFALL (IN)
  YESTERDAY        0.0

DEGREE DAYS
 HEATING
  YESTERDAY       MM                         0     MM        0
  MONTH TO DATE   14                        15     -1       34
  SINCE MAR 1    348                       455   -107      617
  SINCE JUL 1   2869                      2686    183     3271

 COOLING
  YESTERDAY       MM                         9     MM       12
  MONTH TO DATE  183                       166     17      167
  SINCE MAR 1    294                       263     31      230
  SINCE JAN 1    294                       268     26      230
..................................................................


WIND (MPH)
  HIGHEST WIND SPEED    MM   HIGHEST WIND DIRECTION    MM
  HIGHEST GUST SPEED    MM   HIGHEST GUST DIRECTION    MM
  AVERAGE WIND SPEED    MM


SKY COVER
  POSSIBLE SUNSHINE  MM
  AVERAGE SKY COVER  MM


WEATHER CONDITIONS
 THE FOLLOWING WEATHER WAS RECORDED YESTERDAY.
  NO SIGNIFICANT WEATHER WAS OBSERVED.


RELATIVE HUMIDITY (PERCENT)
 HIGHEST    MM
 LOWEST     MM
 AVERAGE    MM

..........................................................


THE GREENWOOD CLIMATE NORMALS FOR TODAY
                         NORMAL    RECORD    YEAR
 MAXIMUM TEMPERATURE (F)   85        96      1953
 MINIMUM TEMPERATURE (F)   64        48      1988


SUNRISE AND SUNSET
MAY 26 2015...........SUNRISE   554 AM CDT   SUNSET   801 PM CDT
MAY 27 2015...........SUNRISE   553 AM CDT   SUNSET   802 PM CDT


-  INDICATES NEGATIVE NUMBERS.
R  INDICATES RECORD WAS SET OR TIED.
MM INDICATES DATA IS MISSING.
T  INDICATES TRACE AMOUNT.




$$
