000
CDUS41 KGYX 181147
CLIGYX


CLIMATE REPORT
NATIONAL WEATHER SERVICE GRAY ME
646 AM EST THU JAN 18 2018


...................................

...THE GRAY ME CLIMATE SUMMARY FOR JANUARY 17 2018...

CLIMATE NORMAL PERIOD 1981 TO 2010
CLIMATE RECORD PERIOD 1995 TO 2018


WEATHER ITEM   OBSERVED TIME   RECORD YEAR NORMAL DEPARTURE LAST
                VALUE   (LST)  VALUE       VALUE  FROM      YEAR
                                                  NORMAL
..................................................................
TEMPERATURE (F)
 YESTERDAY
  MAXIMUM         MM        MM  MM      MM  29     MM       38
  MINIMUM         MM        MM  MM      MM  12     MM       24
  AVERAGE         MM                        20     MM       31

PRECIPITATION (IN)
  YESTERDAY       MM            MM      MM   0.12  MM         T
  MONTH TO DATE    2.38                      1.96   0.42     1.22
  SINCE DEC 1      5.85                      6.02  -0.17     6.04
  SINCE JAN 1      2.38                      1.96   0.42     1.22

SNOWFALL (IN)
  YESTERDAY       MM            MM      MM   0.7   MM         T
  MONTH TO DATE   13.3                      12.0    1.3      1.9
  SINCE DEC 1     36.9                      30.3    6.6     37.4
  SINCE JUL 1     38.1                      33.4    4.7     38.7
  SNOW DEPTH      MM

DEGREE DAYS
 HEATING
  YESTERDAY       MM                        45     MM       34
  MONTH TO DATE  731                       743    -12      676
  SINCE DEC 1   2085                      1912    173     1897
  SINCE JUL 1   3278                      3409   -131     3176

 COOLING
  YESTERDAY       MM                         0     MM        0
  MONTH TO DATE    0                         0      0        0
  SINCE DEC 1      0                         0      0        0
  SINCE JAN 1      0                         0      0        0
..................................................................







THE GRAY ME CLIMATE NORMALS FOR TODAY
                         NORMAL
 MAXIMUM TEMPERATURE (F)   29
 MINIMUM TEMPERATURE (F)   12


SUNRISE AND SUNSET
JANUARY 18 2018.......SUNRISE   710 AM EST   SUNSET   433 PM EST
JANUARY 19 2018.......SUNRISE   710 AM EST   SUNSET   434 PM EST


-  INDICATES NEGATIVE NUMBERS.
R  INDICATES RECORD WAS SET OR TIED.
MM INDICATES DATA IS MISSING.
T  INDICATES TRACE AMOUNT.




$$
