000
CDUS41 KGYX 250803
CLIGYX


CLIMATE REPORT
NATIONAL WEATHER SERVICE GRAY ME
402 AM EDT TUE APR 25 2017


...................................

...THE GRAY ME CLIMATE SUMMARY FOR APRIL 24 2017...

CLIMATE NORMAL PERIOD 1981 TO 2010
CLIMATE RECORD PERIOD 1995 TO 2017


WEATHER ITEM   OBSERVED TIME   RECORD YEAR NORMAL DEPARTURE LAST
                VALUE   (LST)  VALUE       VALUE  FROM      YEAR
                                                  NORMAL
..................................................................
TEMPERATURE (F)
 YESTERDAY
  MAXIMUM         65        MM  MM      MM  57      8       56
  MINIMUM         38        MM  MM      MM  38      0       33
  AVERAGE         52                        48      4       45

PRECIPITATION (IN)
  YESTERDAY        0.00         MM      MM   0.15  -0.15     0.00
  MONTH TO DATE    3.42                      3.51  -0.09     2.21
  SINCE MAR 1      6.24                      7.68  -1.44     6.75
  SINCE JAN 1     12.92                     14.52  -1.60    15.01

SNOWFALL (IN)
  YESTERDAY       MM            MM      MM   0.1   MM        0.0
  MONTH TO DATE   11.0                       4.6    6.4      1.0
  SINCE MAR 1     34.1                      24.5    9.6     10.3
  SINCE JUL 1    123.9                      83.6   40.3     47.6
  SNOW DEPTH       0

DEGREE DAYS
 HEATING
  YESTERDAY       13                        17     -4       20
  MONTH TO DATE  470                       527    -57      534
  SINCE MAR 1   1633                      1520    113     1426
  SINCE JUL 1   6327                      6678   -351     5946

 COOLING
  YESTERDAY        0                         0      0        0
  MONTH TO DATE    2                         0      2        0
  SINCE MAR 1      2                         0      2        0
  SINCE JAN 1      2                         0      2        0
..................................................................







THE GRAY ME CLIMATE NORMALS FOR TODAY
                         NORMAL
 MAXIMUM TEMPERATURE (F)   58
 MINIMUM TEMPERATURE (F)   39


SUNRISE AND SUNSET
APRIL 25 2017.........SUNRISE   541 AM EDT   SUNSET   737 PM EDT
APRIL 26 2017.........SUNRISE   540 AM EDT   SUNSET   738 PM EDT


-  INDICATES NEGATIVE NUMBERS.
R  INDICATES RECORD WAS SET OR TIED.
MM INDICATES DATA IS MISSING.
T  INDICATES TRACE AMOUNT.




$$
