000
CDUS41 KGYX 210903
CLIGYX


CLIMATE REPORT
NATIONAL WEATHER SERVICE GRAY ME
403 AM EST TUE FEB 21 2017


...................................

...THE GRAY ME CLIMATE SUMMARY FOR FEBRUARY 20 2017...

CLIMATE NORMAL PERIOD 1981 TO 2010
CLIMATE RECORD PERIOD 1995 TO 2017


WEATHER ITEM   OBSERVED TIME   RECORD YEAR NORMAL DEPARTURE LAST
                VALUE   (LST)  VALUE       VALUE  FROM      YEAR
                                                  NORMAL
..................................................................
TEMPERATURE (F)
 YESTERDAY
  MAXIMUM         40        MM  MM      MM  35      5       51
  MINIMUM         26        MM  MM      MM  17      9       28
  AVERAGE         33                        26      7       40

PRECIPITATION (IN)
  YESTERDAY        0.00         MM      MM   0.12  -0.12     0.20
  MONTH TO DATE    3.28                      2.27   1.01     3.17
  SINCE DEC 1     11.08                      9.86   1.22    11.46
  SINCE JAN 1      6.26                      5.80   0.46     6.90

SNOWFALL (IN)
  YESTERDAY        0.0          MM      MM   0.6   -0.6      1.0
  MONTH TO DATE   44.6                      11.3   33.3     15.3
  SINCE DEC 1     88.5                      50.8   37.7     36.4
  SINCE JUL 1     89.8                      53.9   35.9     36.6
  SNOW DEPTH      23

DEGREE DAYS
 HEATING
  YESTERDAY       32                        39     -7       25
  MONTH TO DATE  830                       828      2      799
  SINCE DEC 1   3207                      3361   -154     2926
  SINCE JUL 1   4486                      4858   -372     4225

 COOLING
  YESTERDAY        0                         0      0        0
  MONTH TO DATE    0                         0      0        0
  SINCE DEC 1      0                         0      0        0
  SINCE JAN 1      0                         0      0        0
..................................................................







THE GRAY ME CLIMATE NORMALS FOR TODAY
                         NORMAL
 MAXIMUM TEMPERATURE (F)   35
 MINIMUM TEMPERATURE (F)   18


SUNRISE AND SUNSET
FEBRUARY 21 2017......SUNRISE   630 AM EST   SUNSET   519 PM EST
FEBRUARY 22 2017......SUNRISE   629 AM EST   SUNSET   521 PM EST


-  INDICATES NEGATIVE NUMBERS.
R  INDICATES RECORD WAS SET OR TIED.
MM INDICATES DATA IS MISSING.
T  INDICATES TRACE AMOUNT.




$$
