194
CDUS41 KGYX 270821
CLIGYX


CLIMATE REPORT
NATIONAL WEATHER SERVICE GRAY ME
421 AM EDT FRI MAY 27 2016


...................................

...THE GRAY ME CLIMATE SUMMARY FOR MAY 26 2016...

CLIMATE NORMAL PERIOD 1981 TO 2010
CLIMATE RECORD PERIOD 1995 TO 2016


WEATHER ITEM   OBSERVED TIME   RECORD YEAR NORMAL DEPARTURE LAST
                VALUE   (LST)  VALUE       VALUE  FROM      YEAR
                                                  NORMAL
..................................................................
TEMPERATURE (F)
 YESTERDAY
  MAXIMUM         82        MM  91    2010  68     14       88
  MINIMUM         53        MM  MM      MM  47      6       57
  AVERAGE         68                        58     10       73

PRECIPITATION (IN)
  YESTERDAY        0.00         MM      MM   0.13  -0.13     0.09
  MONTH TO DATE    1.93                      3.23  -1.30     0.84
  SINCE MAR 1      9.28                     11.78  -2.50     5.85
  SINCE JAN 1     17.54                     18.62  -1.08    11.82

SNOWFALL (IN)
  YESTERDAY        0.0          MM      MM   0.0    0.0      0.0
  MONTH TO DATE    0.0                       0.2   -0.2      0.0
  SINCE MAR 1     14.5                      24.9  -10.4      8.2
  SINCE JUL 1     51.8                      84.0  -32.2    107.3
  SNOW DEPTH       0

DEGREE DAYS
 HEATING
  YESTERDAY        0                         8     -8        0
  MONTH TO DATE  277                       288    -11      209
  SINCE MAR 1   1840                      1905    -65     1987
  SINCE JUL 1   6360                      7063   -703     7463

 COOLING
  YESTERDAY        3                         1      2        8
  MONTH TO DATE    8                         2      6       21
  SINCE MAR 1      8                         3      5       21
  SINCE JAN 1      8                         3      5       21
..................................................................







THE GRAY ME CLIMATE NORMALS FOR TODAY
                         NORMAL
 MAXIMUM TEMPERATURE (F)   68
 MINIMUM TEMPERATURE (F)   48


SUNRISE AND SUNSET
MAY 27 2016...........SUNRISE   504 AM EDT   SUNSET   813 PM EDT
MAY 28 2016...........SUNRISE   504 AM EDT   SUNSET   814 PM EDT


-  INDICATES NEGATIVE NUMBERS.
R  INDICATES RECORD WAS SET OR TIED.
MM INDICATES DATA IS MISSING.
T  INDICATES TRACE AMOUNT.




$$
