000
CDUS41 KGYX 280801
CLIGYX


CLIMATE REPORT
NATIONAL WEATHER SERVICE GRAY ME
401 AM EDT THU AUG 28 2014


...................................

...THE GRAY ME CLIMATE SUMMARY FOR AUGUST 27 2014...

CLIMATE NORMAL PERIOD 1981 TO 2010
CLIMATE RECORD PERIOD 1995 TO 2014


WEATHER ITEM   OBSERVED NORMAL DEPARTURE LAST
                VALUE   VALUE  FROM      YEAR
                               NORMAL
...............................................
TEMPERATURE (F)
 YESTERDAY
  MAXIMUM         86     77      9       84
  MINIMUM         62     57      5       65
  AVERAGE         74     67      7       75

PRECIPITATION (IN)
  YESTERDAY        0.07   0.12  -0.05     0.00
  MONTH TO DATE    6.80   3.11   3.69     3.06
  SINCE JUN 1     16.78  11.71   5.07    12.84
  SINCE JAN 1     35.13  31.00   4.13    27.13

SNOWFALL (IN)
  YESTERDAY        0.0    0.0    0.0      0.0
  MONTH TO DATE    0.0    0.0    0.0      0.0
  SINCE JUN 1      0.0    0.0    0.0      0.0
  SINCE JUL 1      0.0    0.0    0.0      0.0
  SNOW DEPTH       0

DEGREE DAYS
 HEATING
  YESTERDAY        0      1     -1        0
  MONTH TO DATE   11     15     -4        1
  SINCE JUN 1     85    123    -38       81
  SINCE JUL 1     11     29    -18       10

 COOLING
  YESTERDAY        9      3      6       10
  MONTH TO DATE   77    122    -45       97
  SINCE JUN 1    304    337    -33      410
  SINCE JAN 1    305    348    -43      427
...............................................





WEATHER CONDITIONS
 THE FOLLOWING WEATHER WAS RECORDED YESTERDAY.
  NO SIGNIFICANT WEATHER WAS OBSERVED.


..........................................................


THE GRAY ME CLIMATE NORMALS FOR TODAY
                         NORMAL
 MAXIMUM TEMPERATURE (F)   77
 MINIMUM TEMPERATURE (F)   57


SUNRISE AND SUNSET
AUGUST 28 2014........SUNRISE   600 AM EDT   SUNSET   724 PM EDT
AUGUST 29 2014........SUNRISE   601 AM EDT   SUNSET   722 PM EDT


-  INDICATES NEGATIVE NUMBERS.
R  INDICATES RECORD WAS SET OR TIED.
MM INDICATES DATA IS MISSING.
T  INDICATES TRACE AMOUNT.




$$
