000
CDUS41 KGYX 170903
CLIGYX


CLIMATE REPORT
NATIONAL WEATHER SERVICE GRAY ME
403 AM EST FRI NOV 17 2017


...................................

...THE GRAY ME CLIMATE SUMMARY FOR NOVEMBER 16 2017...

CLIMATE NORMAL PERIOD 1981 TO 2010
CLIMATE RECORD PERIOD 1995 TO 2017


WEATHER ITEM   OBSERVED TIME   RECORD YEAR NORMAL DEPARTURE LAST
                VALUE   (LST)  VALUE       VALUE  FROM      YEAR
                                                  NORMAL
..................................................................
TEMPERATURE (F)
 YESTERDAY
  MAXIMUM         38        MM  MM      MM  46     -8       56
  MINIMUM         27        MM  MM      MM  31     -4       45
  AVERAGE         33                        38     -5       51

PRECIPITATION (IN)
  YESTERDAY        0.60         MM      MM   0.18   0.42     0.61
  MONTH TO DATE    1.33                      2.90  -1.57     2.37
  SINCE SEP 1      9.56                     12.23  -2.67    11.25
  SINCE JAN 1     37.49                     43.71  -6.22    40.42

SNOWFALL (IN)
  YESTERDAY        0.0          MM      MM   0.1   -0.1      0.0
  MONTH TO DATE    1.2                       0.9    0.3       T
  SINCE SEP 1      1.2                       1.0    0.2       T
  SINCE JUL 1      1.2                       1.0    0.2       T
  SNOW DEPTH       T

DEGREE DAYS
 HEATING
  YESTERDAY       32                        27      5       14
  MONTH TO DATE  412                       382     30      345
  SINCE SEP 1    732                      1046   -314      868
  SINCE JUL 1    763                      1082   -319      887

 COOLING
  YESTERDAY        0                         0      0        0
  MONTH TO DATE    0                         0      0        0
  SINCE SEP 1     93                        30     63       80
  SINCE JAN 1    531                       389    142      607
..................................................................







THE GRAY ME CLIMATE NORMALS FOR TODAY
                         NORMAL
 MAXIMUM TEMPERATURE (F)   45
 MINIMUM TEMPERATURE (F)   31


SUNRISE AND SUNSET
NOVEMBER 17 2017......SUNRISE   639 AM EST   SUNSET   413 PM EST
NOVEMBER 18 2017......SUNRISE   640 AM EST   SUNSET   412 PM EST


-  INDICATES NEGATIVE NUMBERS.
R  INDICATES RECORD WAS SET OR TIED.
MM INDICATES DATA IS MISSING.
T  INDICATES TRACE AMOUNT.




$$
