000
CDUS41 KGYX 170802
CLIGYX


CLIMATE REPORT
NATIONAL WEATHER SERVICE GRAY ME
402 AM EDT WED SEP 17 2014


...................................

...THE GRAY ME CLIMATE SUMMARY FOR SEPTEMBER 16 2014...

CLIMATE NORMAL PERIOD 1981 TO 2010
CLIMATE RECORD PERIOD 1995 TO 2014


WEATHER ITEM   OBSERVED NORMAL DEPARTURE LAST
                VALUE   VALUE  FROM      YEAR
                               NORMAL
...............................................
TEMPERATURE (F)
 YESTERDAY
  MAXIMUM         60     70    -10       65
  MINIMUM         50     51     -1       41
  AVERAGE         55     60     -5       53

PRECIPITATION (IN)
  YESTERDAY        0.11   0.14  -0.03     0.02
  MONTH TO DATE    0.80   2.10  -1.30     7.07
  SINCE SEP 1      0.80   2.10  -1.30     7.07
  SINCE JAN 1     36.21  33.58   2.63    34.36

SNOWFALL (IN)
  YESTERDAY       MM      0.0   MM        0.0
  MONTH TO DATE    0.0    0.0    0.0      0.0
  SINCE SEP 1      0.0    0.0    0.0      0.0
  SINCE JUL 1      0.0    0.0    0.0      0.0
  SNOW DEPTH      MM

DEGREE DAYS
 HEATING
  YESTERDAY       10      5      5       12
  MONTH TO DATE   47     54     -7       70
  SINCE SEP 1     47     54     -7       70
  SINCE JUL 1     61     90    -29       82

 COOLING
  YESTERDAY        0      1     -1        0
  MONTH TO DATE   45     25     20       36
  SINCE SEP 1     45     25     20       36
  SINCE JAN 1    357    384    -27      484
...............................................





WEATHER CONDITIONS
 THE FOLLOWING WEATHER WAS RECORDED YESTERDAY.
  LIGHT RAIN
  FOG


..........................................................


THE GRAY ME CLIMATE NORMALS FOR TODAY
                         NORMAL
 MAXIMUM TEMPERATURE (F)   70
 MINIMUM TEMPERATURE (F)   50


SUNRISE AND SUNSET
SEPTEMBER 17 2014.....SUNRISE   622 AM EDT   SUNSET   648 PM EDT
SEPTEMBER 18 2014.....SUNRISE   624 AM EDT   SUNSET   646 PM EDT


-  INDICATES NEGATIVE NUMBERS.
R  INDICATES RECORD WAS SET OR TIED.
MM INDICATES DATA IS MISSING.
T  INDICATES TRACE AMOUNT.




$$
