000
CDUS41 KGYX 010817
CLIGYX


CLIMATE REPORT
NATIONAL WEATHER SERVICE GRAY ME
417 AM EDT TUE SEP 1 2015


...................................

...THE GRAY ME CLIMATE SUMMARY FOR AUGUST 31 2015...

CLIMATE NORMAL PERIOD 1981 TO 2010
CLIMATE RECORD PERIOD 1995 TO 2015


WEATHER ITEM   OBSERVED TIME   RECORD YEAR NORMAL DEPARTURE LAST
                VALUE   (LST)  VALUE       VALUE  FROM      YEAR
                                                  NORMAL
..................................................................
TEMPERATURE (F)
 YESTERDAY
  MAXIMUM         84        MM  MM      MM  76      8       82
  MINIMUM         62        MM  46    2002  56      6       60
  AVERAGE         73                        66      7       71

PRECIPITATION (IN)
  YESTERDAY        0.00         MM      MM   0.12  -0.12     0.28
  MONTH TO DATE    3.92                      3.59   0.33     7.08
  SINCE JUN 1     12.32                     12.19   0.13    17.06
  SINCE JAN 1     25.37                     31.48  -6.11    35.41

SNOWFALL (IN)
  YESTERDAY        0.0          MM      MM   0.0    0.0      0.0
  MONTH TO DATE    0.0                       0.0    0.0      0.0
  SINCE JUN 1      0.0                       0.0    0.0      0.0
  SINCE JUL 1      0.0                       0.0    0.0      0.0
  SNOW DEPTH       0

DEGREE DAYS
 HEATING
  YESTERDAY        0                         2     -2        0
  MONTH TO DATE    3                        20    -17       14
  SINCE JUN 1    173                       130     43       88
  SINCE JUL 1     16                        36    -20       14

 COOLING
  YESTERDAY        8                         3      5        6
  MONTH TO DATE  168                       133     35       84
  SINCE JUN 1    334                       348    -14      311
  SINCE JAN 1    374                       359     15      312
..................................................................







THE GRAY ME CLIMATE NORMALS FOR TODAY
                         NORMAL
 MAXIMUM TEMPERATURE (F)   76
 MINIMUM TEMPERATURE (F)   56


SUNRISE AND SUNSET
SEPTEMBER  1 2015.....SUNRISE   604 AM EDT   SUNSET   717 PM EDT
SEPTEMBER  2 2015.....SUNRISE   605 AM EDT   SUNSET   715 PM EDT


-  INDICATES NEGATIVE NUMBERS.
R  INDICATES RECORD WAS SET OR TIED.
MM INDICATES DATA IS MISSING.
T  INDICATES TRACE AMOUNT.




$$
