000
CDUS44 KJAN 050743
CLIHBG


CLIMATE REPORT
NATIONAL WEATHER SERVICE JACKSON MS
238 AM CDT WED AUG 5 2015


...................................

...THE HATTIESBURG CLIMATE SUMMARY FOR AUGUST 4 2015...

CLIMATE NORMAL PERIOD 1981 TO 2010
CLIMATE RECORD PERIOD 1948 TO 2015


WEATHER ITEM   OBSERVED TIME   RECORD YEAR NORMAL DEPARTURE LAST
                VALUE   (LST)  VALUE       VALUE  FROM      YEAR
                                                  NORMAL
..................................................................
TEMPERATURE (F)
 YESTERDAY
  MAXIMUM         99    303 PM 101    1951  93      6       93
  MINIMUM         73    548 AM  62    1973  71      2       72
  AVERAGE         86                        82      4       83

PRECIPITATION (IN)
  YESTERDAY        0.00          1.85 1993   0.15  -0.15     0.02
  MONTH TO DATE    0.00                      0.62  -0.62     0.17
  SINCE JUN 1     10.93                     11.51  -0.58     7.37
  SINCE JAN 1     34.75                     38.05  -3.30    35.85

SNOWFALL (IN)
  YESTERDAY        0.0

DEGREE DAYS
 HEATING
  YESTERDAY        0                         0      0        0
  MONTH TO DATE    0                         0      0        0
  SINCE JUN 1      0                         0      0        0
  SINCE JUL 1      0                         0      0        0

 COOLING
  YESTERDAY       21                        17      4       18
  MONTH TO DATE   75                        68      7       63
  SINCE JUN 1   1173                      1013    160     1009
  SINCE JAN 1   1750                      1428    322     1385
..................................................................


WIND (MPH)
  HIGHEST WIND SPEED    15   HIGHEST WIND DIRECTION     S (170)
  HIGHEST GUST SPEED    MM   HIGHEST GUST DIRECTION    MM
  AVERAGE WIND SPEED     3.7


SKY COVER
  POSSIBLE SUNSHINE  MM
  AVERAGE SKY COVER 0.1


WEATHER CONDITIONS
 THE FOLLOWING WEATHER WAS RECORDED YESTERDAY.
  FOG
  HAZE


RELATIVE HUMIDITY (PERCENT)
 HIGHEST    94           100 AM
 LOWEST     33           300 PM
 AVERAGE    64

..........................................................


THE HATTIESBURG CLIMATE NORMALS FOR TODAY
                         NORMAL    RECORD    YEAR
 MAXIMUM TEMPERATURE (F)   93        99      1951
 MINIMUM TEMPERATURE (F)   71        64      1969


SUNRISE AND SUNSET
AUGUST  5 2015........SUNRISE   616 AM CDT   SUNSET   750 PM CDT
AUGUST  6 2015........SUNRISE   617 AM CDT   SUNSET   749 PM CDT


-  INDICATES NEGATIVE NUMBERS.
R  INDICATES RECORD WAS SET OR TIED.
MM INDICATES DATA IS MISSING.
T  INDICATES TRACE AMOUNT.




$$
