000
CDUS44 KJAN 060645
CLIHBG


CLIMATE REPORT
NATIONAL WEATHER SERVICE JACKSON MS
134 AM CDT MON JUL 6 2015


...................................

...THE HATTIESBURG CLIMATE SUMMARY FOR JULY 5 2015...

CLIMATE NORMAL PERIOD 1981 TO 2010
CLIMATE RECORD PERIOD 1948 TO 2015


WEATHER ITEM   OBSERVED TIME   RECORD YEAR NORMAL DEPARTURE LAST
                VALUE   (LST)  VALUE       VALUE  FROM      YEAR
                                                  NORMAL
..................................................................
TEMPERATURE (F)
 YESTERDAY
  MAXIMUM         87   1103 AM 100    1970  92     -5       88
  MINIMUM         68   1159 PM  62    2014  71     -3       62
  AVERAGE         78                        81     -3       75

PRECIPITATION (IN)
  YESTERDAY        1.83R         1.76 1960   0.19   1.64     0.00
  MONTH TO DATE    2.96                      0.94   2.02      T
  SINCE JUN 1      7.69                      6.44   1.25     4.94
  SINCE JAN 1     31.51                     32.98  -1.47    33.42

SNOWFALL (IN)
  YESTERDAY        0.0

DEGREE DAYS
 HEATING
  YESTERDAY        0                         0      0        0
  MONTH TO DATE    0                         0      0        0
  SINCE JUN 1      0                         0      0        0
  SINCE JUL 1      0                         0      0        0

 COOLING
  YESTERDAY       13                        16     -3       10
  MONTH TO DATE   82                        80      2       80
  SINCE JUN 1    561                       503     58      547
  SINCE JAN 1   1138                       918    220      923
..................................................................


WIND (MPH)
  HIGHEST WIND SPEED    29   HIGHEST WIND DIRECTION     N (350)
  HIGHEST GUST SPEED    43   HIGHEST GUST DIRECTION     N (10)
  AVERAGE WIND SPEED     3.9


SKY COVER
  POSSIBLE SUNSHINE  MM
  AVERAGE SKY COVER 0.4


WEATHER CONDITIONS
 THE FOLLOWING WEATHER WAS RECORDED YESTERDAY.
  THUNDERSTORM
  HEAVY RAIN
  RAIN
  LIGHT RAIN
  FOG


RELATIVE HUMIDITY (PERCENT)
 HIGHEST    93           100 AM
 LOWEST     68          1100 AM
 AVERAGE    81

..........................................................


THE HATTIESBURG CLIMATE NORMALS FOR TODAY
                         NORMAL    RECORD    YEAR
 MAXIMUM TEMPERATURE (F)   92        99      1998
                                             1979
 MINIMUM TEMPERATURE (F)   71        63      1968


SUNRISE AND SUNSET
JULY  6 2015..........SUNRISE   558 AM CDT   SUNSET   805 PM CDT
JULY  7 2015..........SUNRISE   559 AM CDT   SUNSET   805 PM CDT


-  INDICATES NEGATIVE NUMBERS.
R  INDICATES RECORD WAS SET OR TIED.
MM INDICATES DATA IS MISSING.
T  INDICATES TRACE AMOUNT.




$$
