000
CDUS44 KJAN 212226
CLIHBG


CLIMATE REPORT
NATIONAL WEATHER SERVICE JACKSON MS
419 PM CST FRI NOV 21 2014


...................................

...THE HATTIESBURG CLIMATE SUMMARY FOR NOVEMBER 21 2014...
VALID TODAY AS OF 0400 PM LOCAL TIME.

CLIMATE NORMAL PERIOD 1981 TO 2010
CLIMATE RECORD PERIOD 1948 TO 2014


WEATHER ITEM   OBSERVED TIME   RECORD YEAR NORMAL DEPARTURE LAST
                VALUE   (LST)  VALUE       VALUE  FROM      YEAR
                                                  NORMAL
..................................................................
TEMPERATURE (F)
 TODAY
  MAXIMUM         71    308 PM  82    2011  68      3       68
                                      1973
  MINIMUM         38    623 AM  25    1951  44     -6       46
  AVERAGE         55                        56     -1       57

PRECIPITATION (IN)
  TODAY            0.00          1.70 1986   0.15  -0.15     0.00
  MONTH TO DATE    1.26                      2.83  -1.57     1.69
  SINCE SEP 1      8.41                     10.66  -2.25     8.02
  SINCE JAN 1     45.69                     52.82  -7.13    60.19

SNOWFALL (IN)
  TODAY            0.0

DEGREE DAYS
 HEATING
  TODAY           10                        10      0        8
  MONTH TO DATE  271                       152    119      156
  SINCE SEP 1    316                       227     89      201
  SINCE JUL 1    316                       227     89      201

 COOLING
  TODAY            0                         1     -1        0
  MONTH TO DATE    1                        25    -24       17
  SINCE SEP 1    584                       516     68      628
  SINCE JAN 1   2463                      2387     76     2407
..................................................................


WIND (MPH)
  HIGHEST WIND SPEED    17   HIGHEST WIND DIRECTION    SE (130)
  HIGHEST GUST SPEED    23   HIGHEST GUST DIRECTION    SE (140)
  AVERAGE WIND SPEED     3.9


SKY COVER
  POSSIBLE SUNSHINE  MM
  AVERAGE SKY COVER 0.0


WEATHER CONDITIONS
 THE FOLLOWING WEATHER WAS RECORDED TODAY.
  NO SIGNIFICANT WEATHER WAS OBSERVED.


RELATIVE HUMIDITY (PERCENT)
 HIGHEST   100           100 AM
 LOWEST     35           200 PM
 AVERAGE    68

..........................................................


THE HATTIESBURG CLIMATE NORMALS FOR TOMORROW
                         NORMAL    RECORD    YEAR
 MAXIMUM TEMPERATURE (F)   68        82      1965
 MINIMUM TEMPERATURE (F)   43        22      2008


SUNRISE AND SUNSET
NOVEMBER 21 2014......SUNRISE   630 AM CST   SUNSET   456 PM CST
NOVEMBER 22 2014......SUNRISE   630 AM CST   SUNSET   456 PM CST


-  INDICATES NEGATIVE NUMBERS.
R  INDICATES RECORD WAS SET OR TIED.
MM INDICATES DATA IS MISSING.
T  INDICATES TRACE AMOUNT.




$$
