000
CDUS44 KJAN 240714
CLIHBG


CLIMATE REPORT
NATIONAL WEATHER SERVICE JACKSON MS
209 AM CDT THU APR 24 2014


...................................

...THE HATTIESBURG CLIMATE SUMMARY FOR APRIL 23 2014...

CLIMATE NORMAL PERIOD 1981 TO 2010
CLIMATE RECORD PERIOD 1948 TO 2014


WEATHER ITEM   OBSERVED TIME   RECORD YEAR NORMAL DEPARTURE LAST
                VALUE   (LST)  VALUE       VALUE  FROM      YEAR
                                                  NORMAL
..................................................................
TEMPERATURE (F)
 YESTERDAY
  MAXIMUM         85    259 PM  90    2008  80      5       80
  MINIMUM         54    515 AM  41    1959  55     -1       59
  AVERAGE         70                        67      3       70

PRECIPITATION (IN)
  YESTERDAY        0.00          1.92 1994   0.14  -0.14     0.00
  MONTH TO DATE    4.53                      3.99   0.54     6.32
  SINCE MAR 1     10.90                      9.49   1.41     8.47
  SINCE JAN 1     20.80                     20.62   0.18    26.90

SNOWFALL (IN)
  YESTERDAY        0.0

DEGREE DAYS
 HEATING
  YESTERDAY        0                         1     -1        0
  MONTH TO DATE   70                        76     -6       80
  SINCE MAR 1    342                       293     49      429
  SINCE JUL 1   2265                      1971    294     1822

 COOLING
  YESTERDAY        5                         4      1        5
  MONTH TO DATE   39                        61    -22       69
  SINCE MAR 1     48                        94    -46       78
  SINCE JAN 1     65                       109    -44      106
..................................................................


WIND (MPH)
  HIGHEST WIND SPEED     9   HIGHEST WIND DIRECTION    NW (330)
  HIGHEST GUST SPEED    14   HIGHEST GUST DIRECTION     N (340)
  AVERAGE WIND SPEED     1.2


SKY COVER
  POSSIBLE SUNSHINE  MM
  AVERAGE SKY COVER 0.2


WEATHER CONDITIONS
 THE FOLLOWING WEATHER WAS RECORDED YESTERDAY.
  FOG


RELATIVE HUMIDITY (PERCENT)
 HIGHEST   100          1200 AM
 LOWEST     34           300 PM
 AVERAGE    67

..........................................................


THE HATTIESBURG CLIMATE NORMALS FOR TODAY
                         NORMAL    RECORD    YEAR
 MAXIMUM TEMPERATURE (F)   80        90      1958
                                             1955
 MINIMUM TEMPERATURE (F)   55        39      2012


SUNRISE AND SUNSET
APRIL 24 2014.........SUNRISE   619 AM CDT   SUNSET   732 PM CDT
APRIL 25 2014.........SUNRISE   618 AM CDT   SUNSET   732 PM CDT


-  INDICATES NEGATIVE NUMBERS.
R  INDICATES RECORD WAS SET OR TIED.
MM INDICATES DATA IS MISSING.
T  INDICATES TRACE AMOUNT.




$$
