000
CDUS44 KJAN 240643
CLIHBG


CLIMATE REPORT
NATIONAL WEATHER SERVICE JACKSON MS
140 AM CDT FRI OCT 24 2014


...................................

...THE HATTIESBURG CLIMATE SUMMARY FOR OCTOBER 23 2014...

CLIMATE NORMAL PERIOD 1981 TO 2010
CLIMATE RECORD PERIOD 1948 TO 2014


WEATHER ITEM   OBSERVED TIME   RECORD YEAR NORMAL DEPARTURE LAST
                VALUE   (LST)  VALUE       VALUE  FROM      YEAR
                                                  NORMAL
..................................................................
TEMPERATURE (F)
 YESTERDAY
  MAXIMUM         74    313 PM  92    1953  78     -4       74
  MINIMUM         41    621 AM  34    1996  52    -11       47
                                      1952
  AVERAGE         58                        65     -7       61

PRECIPITATION (IN)
  YESTERDAY        0.00          2.85 1972   0.12  -0.12     0.00
  MONTH TO DATE    1.50                      2.84  -1.34     0.71
  SINCE SEP 1      7.15                      6.92   0.23     5.75
  SINCE JAN 1     44.43                     49.08  -4.65    57.92

SNOWFALL (IN)
  YESTERDAY        0.0

DEGREE DAYS
 HEATING
  YESTERDAY        7                         4      3        4
  MONTH TO DATE   27                        40    -13       16
  SINCE SEP 1     27                        42    -15       16
  SINCE JUL 1     27                        42    -15       16

 COOLING
  YESTERDAY        0                         3     -3        0
  MONTH TO DATE  140                       113     27      160
  SINCE SEP 1    565                       469     96      590
  SINCE JAN 1   2444                      2340    104     2369
..................................................................


WIND (MPH)
  HIGHEST WIND SPEED    10   HIGHEST WIND DIRECTION     N (20)
  HIGHEST GUST SPEED    14   HIGHEST GUST DIRECTION     N (10)
  AVERAGE WIND SPEED     2.6


SKY COVER
  POSSIBLE SUNSHINE  MM
  AVERAGE SKY COVER 0.0


WEATHER CONDITIONS
 THE FOLLOWING WEATHER WAS RECORDED YESTERDAY.
  NO SIGNIFICANT WEATHER WAS OBSERVED.


RELATIVE HUMIDITY (PERCENT)
 HIGHEST   100           300 AM
 LOWEST     33           200 PM
 AVERAGE    67

..........................................................


THE HATTIESBURG CLIMATE NORMALS FOR TODAY
                         NORMAL    RECORD    YEAR
 MAXIMUM TEMPERATURE (F)   77        88      2001
 MINIMUM TEMPERATURE (F)   51        34      1996


SUNRISE AND SUNSET
OCTOBER 24 2014.......SUNRISE   706 AM CDT   SUNSET   616 PM CDT
OCTOBER 25 2014.......SUNRISE   707 AM CDT   SUNSET   615 PM CDT


-  INDICATES NEGATIVE NUMBERS.
R  INDICATES RECORD WAS SET OR TIED.
MM INDICATES DATA IS MISSING.
T  INDICATES TRACE AMOUNT.




$$
