761
CDUS44 KJAN 250702
CLIHBG


CLIMATE REPORT
NATIONAL WEATHER SERVICE JACKSON MS
200 AM CDT MON JUL 25 2016


...................................

...THE HATTIESBURG CLIMATE SUMMARY FOR JULY 24 2016...

CLIMATE NORMAL PERIOD 1981 TO 2010
CLIMATE RECORD PERIOD 1948 TO 2016


WEATHER ITEM   OBSERVED TIME   RECORD YEAR NORMAL DEPARTURE LAST
                VALUE   (LST)  VALUE       VALUE  FROM      YEAR
                                                  NORMAL
..................................................................
TEMPERATURE (F)
 YESTERDAY
  MAXIMUM         94    327 PM 101    1952  92      2       96
  MINIMUM         75   1159 PM  65    2009  72      3       77
                                      1951
  AVERAGE         85                        82      3       87

PRECIPITATION (IN)
  YESTERDAY        1.04          1.23 1969   0.14   0.90     0.20
  MONTH TO DATE    5.69                      4.34   1.35     5.04
  SINCE JUN 1     13.82                      9.84   3.98     9.77
  SINCE JAN 1     44.98                     36.38   8.60    33.59

SNOWFALL (IN)
  YESTERDAY        0.0

DEGREE DAYS
 HEATING
  YESTERDAY        0                         0      0        0
  MONTH TO DATE    0                         0      0        0
  SINCE JUN 1      0                         0      0        0
  SINCE JUL 1      0                         0      0        0

 COOLING
  YESTERDAY       20                        17      3       22
  MONTH TO DATE  448                       403     45      476
  SINCE JUN 1    955                       826    129      955
  SINCE JAN 1   1419                      1241    178     1532
..................................................................


WIND (MPH)
  HIGHEST WIND SPEED    23   HIGHEST WIND DIRECTION    SW (220)
  HIGHEST GUST SPEED    33   HIGHEST GUST DIRECTION    SW (230)
  AVERAGE WIND SPEED     2.3


SKY COVER
  POSSIBLE SUNSHINE  MM
  AVERAGE SKY COVER 0.1


WEATHER CONDITIONS
 THE FOLLOWING WEATHER WAS RECORDED YESTERDAY.
  THUNDERSTORM
  HEAVY RAIN
  RAIN
  LIGHT RAIN
  FOG


RELATIVE HUMIDITY (PERCENT)
 HIGHEST   100           400 AM
 LOWEST     52           200 PM
 AVERAGE    76

..........................................................


THE HATTIESBURG CLIMATE NORMALS FOR TODAY
                         NORMAL    RECORD    YEAR
 MAXIMUM TEMPERATURE (F)   92       100      1962
                                             1952
 MINIMUM TEMPERATURE (F)   72        66      2009
                                             1951


SUNRISE AND SUNSET
JULY 25 2016..........SUNRISE   610 AM CDT   SUNSET   757 PM CDT
JULY 26 2016..........SUNRISE   610 AM CDT   SUNSET   756 PM CDT


-  INDICATES NEGATIVE NUMBERS.
R  INDICATES RECORD WAS SET OR TIED.
MM INDICATES DATA IS MISSING.
T  INDICATES TRACE AMOUNT.




$$
