000
CDUS44 KJAN 192108
CLIHBG


CLIMATE REPORT
NATIONAL WEATHER SERVICE JACKSON MS
405 PM CDT THU OCT 19 2017


...................................

...THE HATTIESBURG CLIMATE SUMMARY FOR OCTOBER 19 2017...
VALID TODAY AS OF 0400 PM LOCAL TIME.

CLIMATE NORMAL PERIOD 1981 TO 2010
CLIMATE RECORD PERIOD 1948 TO 2017


WEATHER ITEM   OBSERVED TIME   RECORD YEAR NORMAL DEPARTURE LAST
                VALUE   (LST)  VALUE       VALUE  FROM      YEAR
                                                  NORMAL
..................................................................
TEMPERATURE (F)
 TODAY
  MAXIMUM         82    203 PM  90    2016  79      3       90
                                      1949
  MINIMUM         49    602 AM  31    1948  53     -4       66
  AVERAGE         66                        66      0       78

PRECIPITATION (IN)
  TODAY            0.00          1.98 1950   0.12  -0.12     0.00
  MONTH TO DATE    1.14                      2.35  -1.21      T
  SINCE SEP 1      3.31                      6.43  -3.12     4.09
  SINCE JAN 1     59.73                     48.59  11.14    55.10

SNOWFALL (IN)
  TODAY            0.0

DEGREE DAYS
 HEATING
  TODAY            0                         3     -3        0
  MONTH TO DATE    5                        27    -22        0
  SINCE SEP 1      5                        29    -24        0
  SINCE JUL 1      5                        29    -24        0

 COOLING
  TODAY            1                         4     -3       13
  MONTH TO DATE  182                       101     81      148
  SINCE SEP 1    536                       457     79      621
  SINCE JAN 1   2481                      2328    153     2735
..................................................................


WIND (MPH)
  HIGHEST WIND SPEED     9   HIGHEST WIND DIRECTION    NE (60)
  HIGHEST GUST SPEED    13   HIGHEST GUST DIRECTION    NE (60)
  AVERAGE WIND SPEED     2.1


SKY COVER
  POSSIBLE SUNSHINE  MM
  AVERAGE SKY COVER 0.1


WEATHER CONDITIONS
 THE FOLLOWING WEATHER WAS RECORDED TODAY.
  NO SIGNIFICANT WEATHER WAS OBSERVED.


RELATIVE HUMIDITY (PERCENT)
 HIGHEST   100          1200 AM
 LOWEST     51           200 PM
 AVERAGE    76

..........................................................


THE HATTIESBURG CLIMATE NORMALS FOR TOMORROW
                         NORMAL    RECORD    YEAR
 MAXIMUM TEMPERATURE (F)   79        90      1963
 MINIMUM TEMPERATURE (F)   53        32      1948


SUNRISE AND SUNSET
OCTOBER 19 2017.......SUNRISE   703 AM CDT   SUNSET   620 PM CDT
OCTOBER 20 2017.......SUNRISE   704 AM CDT   SUNSET   619 PM CDT


-  INDICATES NEGATIVE NUMBERS.
R  INDICATES RECORD WAS SET OR TIED.
MM INDICATES DATA IS MISSING.
T  INDICATES TRACE AMOUNT.




$$
