000
CDUS44 KJAN 170710
CLIHBG


CLIMATE REPORT
NATIONAL WEATHER SERVICE JACKSON MS
207 AM CDT WED SEP 17 2014


...................................

...THE HATTIESBURG CLIMATE SUMMARY FOR SEPTEMBER 16 2014...

CLIMATE NORMAL PERIOD 1981 TO 2010
CLIMATE RECORD PERIOD 1948 TO 2014


WEATHER ITEM   OBSERVED TIME   RECORD YEAR NORMAL DEPARTURE LAST
                VALUE   (LST)  VALUE       VALUE  FROM      YEAR
                                                  NORMAL
..................................................................
TEMPERATURE (F)
 YESTERDAY
  MAXIMUM         92    117 PM  98    1980  88      4       93
                                      1972
  MINIMUM         71   1159 PM  49    1961  66      5       69
  AVERAGE         82                        77      5       81

PRECIPITATION (IN)
  YESTERDAY        3.87R         1.70 1958   0.15   3.72     0.00
  MONTH TO DATE    5.22                      2.34   2.88     2.13
  SINCE SEP 1      5.22                      2.34   2.88     2.13
  SINCE JAN 1     42.50                     44.50  -2.00    54.30

SNOWFALL (IN)
  YESTERDAY        0.0

DEGREE DAYS
 HEATING
  YESTERDAY        0                         0      0        0
  MONTH TO DATE    0                         0      0        0
  SINCE SEP 1      0                         0      0        0
  SINCE JUL 1      0                         0      0        0

 COOLING
  YESTERDAY       17                        12      5       16
  MONTH TO DATE  274                       220     54      267
  SINCE SEP 1    274                       220     54      267
  SINCE JAN 1   2153                      2091     62     2046
..................................................................


WIND (MPH)
  HIGHEST WIND SPEED    20   HIGHEST WIND DIRECTION    SW (210)
  HIGHEST GUST SPEED    24   HIGHEST GUST DIRECTION    SW (210)
  AVERAGE WIND SPEED     4.2


SKY COVER
  POSSIBLE SUNSHINE  MM
  AVERAGE SKY COVER 0.3


WEATHER CONDITIONS
 THE FOLLOWING WEATHER WAS RECORDED YESTERDAY.
  THUNDERSTORM
  HEAVY RAIN
  RAIN
  LIGHT RAIN
  FOG


RELATIVE HUMIDITY (PERCENT)
 HIGHEST    94           700 AM
 LOWEST     52           100 PM
 AVERAGE    73

..........................................................


THE HATTIESBURG CLIMATE NORMALS FOR TODAY
                         NORMAL    RECORD    YEAR
 MAXIMUM TEMPERATURE (F)   88        97      1953
 MINIMUM TEMPERATURE (F)   66        50      1961


SUNRISE AND SUNSET
SEPTEMBER 17 2014.....SUNRISE   642 AM CDT   SUNSET   700 PM CDT
SEPTEMBER 18 2014.....SUNRISE   643 AM CDT   SUNSET   659 PM CDT


-  INDICATES NEGATIVE NUMBERS.
R  INDICATES RECORD WAS SET OR TIED.
MM INDICATES DATA IS MISSING.
T  INDICATES TRACE AMOUNT.




$$
