000
CDUS44 KJAN 222107
CLIHBG


CLIMATE REPORT
NATIONAL WEATHER SERVICE JACKSON MS
406 PM CDT MON MAY 22 2017


...................................

...THE HATTIESBURG CLIMATE SUMMARY FOR MAY 22 2017...
VALID TODAY AS OF 0400 PM LOCAL TIME.

CLIMATE NORMAL PERIOD 1981 TO 2010
CLIMATE RECORD PERIOD 1948 TO 2017


WEATHER ITEM   OBSERVED TIME   RECORD YEAR NORMAL DEPARTURE LAST
                VALUE   (LST)  VALUE       VALUE  FROM      YEAR
                                                  NORMAL
..................................................................
TEMPERATURE (F)
 TODAY
  MAXIMUM         72    220 PM  98    1956  87    -15       83
  MINIMUM         65    159 AM  44    2002  64      1       60
  AVERAGE         69                        75     -6       72

PRECIPITATION (IN)
  TODAY            0.02          3.43 1983   0.17  -0.15     0.00
  MONTH TO DATE    3.20                      3.50  -0.30     2.46
  SINCE MAR 1     15.22                     13.93   1.29    21.78
  SINCE JAN 1     26.82                     25.06   1.76    31.15

SNOWFALL (IN)
  TODAY            0.0

DEGREE DAYS
 HEATING
  TODAY            0                         0      0        0
  MONTH TO DATE   14                         5      9        4
  SINCE MAR 1    190                       305   -115      145
  SINCE JUL 1   1157                      1983   -826     1383

 COOLING
  TODAY            4                        10     -6        7
  MONTH TO DATE  145                       174    -29      147
  SINCE MAR 1    371                       299     72      327
  SINCE JAN 1    440                       314    126      352
..................................................................


WIND (MPH)
  HIGHEST WIND SPEED     9   HIGHEST WIND DIRECTION    NW (310)
  HIGHEST GUST SPEED    12   HIGHEST GUST DIRECTION    NW (320)
  AVERAGE WIND SPEED     3.8


SKY COVER
  POSSIBLE SUNSHINE  MM
  AVERAGE SKY COVER 0.6


WEATHER CONDITIONS
 THE FOLLOWING WEATHER WAS RECORDED TODAY.
  FOG


RELATIVE HUMIDITY (PERCENT)
 HIGHEST   100           100 AM
 LOWEST     84          1000 AM
 AVERAGE    92

..........................................................


THE HATTIESBURG CLIMATE NORMALS FOR TOMORROW
                         NORMAL    RECORD    YEAR
 MAXIMUM TEMPERATURE (F)   87        97      1956
 MINIMUM TEMPERATURE (F)   64        47      2002


SUNRISE AND SUNSET
MAY 22 2017...........SUNRISE   557 AM CDT   SUNSET   751 PM CDT
MAY 23 2017...........SUNRISE   557 AM CDT   SUNSET   751 PM CDT


-  INDICATES NEGATIVE NUMBERS.
R  INDICATES RECORD WAS SET OR TIED.
MM INDICATES DATA IS MISSING.
T  INDICATES TRACE AMOUNT.




$$
