000
CDUS44 KJAN 310808
CLIHBG


CLIMATE REPORT
NATIONAL WEATHER SERVICE JACKSON MS
204 AM CST SAT JAN 31 2015


...................................

...THE HATTIESBURG CLIMATE SUMMARY FOR JANUARY 30 2015...

CLIMATE NORMAL PERIOD 1981 TO 2010
CLIMATE RECORD PERIOD 1948 TO 2015


WEATHER ITEM   OBSERVED TIME   RECORD YEAR NORMAL DEPARTURE LAST
                VALUE   (LST)  VALUE       VALUE  FROM      YEAR
                                                  NORMAL
..................................................................
TEMPERATURE (F)
 YESTERDAY
  MAXIMUM         61    235 PM  80    1950  60      1       51
  MINIMUM         38   1101 PM   9    1966  37      1       12
  AVERAGE         50                        49      1       32

PRECIPITATION (IN)
  YESTERDAY        0.00          9.85 1999   0.22  -0.22     0.00
  MONTH TO DATE    5.35                      5.52  -0.17     2.67
  SINCE DEC 1     11.55                     10.43   1.12     6.59
  SINCE JAN 1      5.35                      5.52  -0.17     2.67

SNOWFALL (IN)
  YESTERDAY        0.0

DEGREE DAYS
 HEATING
  YESTERDAY       15                        17     -2       33
  MONTH TO DATE  522                       503     19      692
  SINCE DEC 1    855                       960   -105     1146
  SINCE JUL 1   1271                      1288    -17     1513

 COOLING
  YESTERDAY        0                         0      0        0
  MONTH TO DATE    6                         0      6        0
  SINCE DEC 1     13                        13      0       34
  SINCE JAN 1      6                         0      6        0
..................................................................


WIND (MPH)
  HIGHEST WIND SPEED    20   HIGHEST WIND DIRECTION    NE (30)
  HIGHEST GUST SPEED    27   HIGHEST GUST DIRECTION    NE (30)
  AVERAGE WIND SPEED     7.2


SKY COVER
  POSSIBLE SUNSHINE  MM
  AVERAGE SKY COVER 0.0


WEATHER CONDITIONS
 THE FOLLOWING WEATHER WAS RECORDED YESTERDAY.
  NO SIGNIFICANT WEATHER WAS OBSERVED.


RELATIVE HUMIDITY (PERCENT)
 HIGHEST    85           900 PM
 LOWEST     30           500 PM
 AVERAGE    58

..........................................................


THE HATTIESBURG CLIMATE NORMALS FOR TODAY
                         NORMAL    RECORD    YEAR
 MAXIMUM TEMPERATURE (F)   60        83      2002
 MINIMUM TEMPERATURE (F)   37        10      1966


SUNRISE AND SUNSET
JANUARY 31 2015.......SUNRISE   650 AM CST   SUNSET   531 PM CST
FEBRUARY  1 2015......SUNRISE   649 AM CST   SUNSET   532 PM CST


-  INDICATES NEGATIVE NUMBERS.
R  INDICATES RECORD WAS SET OR TIED.
MM INDICATES DATA IS MISSING.
T  INDICATES TRACE AMOUNT.




$$
