000
CDUS44 KJAN 280632
CLIHBG


CLIMATE REPORT
NATIONAL WEATHER SERVICE JACKSON MS
129 AM CDT TUE MAR 28 2017


...................................

...THE HATTIESBURG CLIMATE SUMMARY FOR MARCH 27 2017...

CLIMATE NORMAL PERIOD 1981 TO 2010
CLIMATE RECORD PERIOD 1948 TO 2017


WEATHER ITEM   OBSERVED TIME   RECORD YEAR NORMAL DEPARTURE LAST
                VALUE   (LST)  VALUE       VALUE  FROM      YEAR
                                                  NORMAL
..................................................................
TEMPERATURE (F)
 YESTERDAY
  MAXIMUM         84    148 PM  86    2012  74     10       69
  MINIMUM         65    639 AM  25    1955  49     16       61
  AVERAGE         75                        61     14       65

PRECIPITATION (IN)
  YESTERDAY        T             4.43 1974   0.17  -0.17     0.74
  MONTH TO DATE    2.43                      4.77  -2.34    11.08
  SINCE MAR 1      2.43                      4.77  -2.34    11.08
  SINCE JAN 1     14.03                     15.90  -1.87    20.45

SNOWFALL (IN)
  YESTERDAY        0.0

DEGREE DAYS
 HEATING
  YESTERDAY        0                         5     -5        0
  MONTH TO DATE  143                       197    -54      112
  SINCE MAR 1    143                       197    -54      112
  SINCE JUL 1   1110                      1875   -765     1350

 COOLING
  YESTERDAY       10                         1      9        0
  MONTH TO DATE   64                        27     37       53
  SINCE MAR 1     64                        27     37       53
  SINCE JAN 1    133                        42     91       78
..................................................................


WIND (MPH)
  HIGHEST WIND SPEED    22   HIGHEST WIND DIRECTION     S (170)
  HIGHEST GUST SPEED    30   HIGHEST GUST DIRECTION     S (170)
  AVERAGE WIND SPEED     9.5


SKY COVER
  POSSIBLE SUNSHINE  MM
  AVERAGE SKY COVER 0.5


WEATHER CONDITIONS
 THE FOLLOWING WEATHER WAS RECORDED YESTERDAY.
  FOG


RELATIVE HUMIDITY (PERCENT)
 HIGHEST   100           600 AM
 LOWEST     40           100 PM
 AVERAGE    70

..........................................................


THE HATTIESBURG CLIMATE NORMALS FOR TODAY
                         NORMAL    RECORD    YEAR
 MAXIMUM TEMPERATURE (F)   74        86      2007
 MINIMUM TEMPERATURE (F)   49        32      2013


SUNRISE AND SUNSET
MARCH 28 2017.........SUNRISE   650 AM CDT   SUNSET   714 PM CDT
MARCH 29 2017.........SUNRISE   649 AM CDT   SUNSET   715 PM CDT


-  INDICATES NEGATIVE NUMBERS.
R  INDICATES RECORD WAS SET OR TIED.
MM INDICATES DATA IS MISSING.
T  INDICATES TRACE AMOUNT.




$$
