000
CDUS44 KJAN 220649
CLIHBG


CLIMATE REPORT
NATIONAL WEATHER SERVICE JACKSON MS
146 AM CDT THU JUN 22 2017


...................................

...THE HATTIESBURG CLIMATE SUMMARY FOR JUNE 21 2017...

CLIMATE NORMAL PERIOD 1981 TO 2010
CLIMATE RECORD PERIOD 1948 TO 2017


WEATHER ITEM   OBSERVED TIME   RECORD YEAR NORMAL DEPARTURE LAST
                VALUE   (LST)  VALUE       VALUE  FROM      YEAR
                                                  NORMAL
..................................................................
TEMPERATURE (F)
 YESTERDAY
  MAXIMUM         83    135 PM 100    2009  91     -8       91
  MINIMUM         71    231 AM  59    1976  69      2       71
  AVERAGE         77                        80     -3       81

PRECIPITATION (IN)
  YESTERDAY        2.46R         1.41 1983   0.20   2.26     0.00
  MONTH TO DATE    8.56                      3.44   5.12     5.90
  SINCE JUN 1      8.56                      3.44   5.12     5.90
  SINCE JAN 1     38.99                     29.98   9.01    37.06

SNOWFALL (IN)
  YESTERDAY        0.0

DEGREE DAYS
 HEATING
  YESTERDAY        0                         0      0        0
  MONTH TO DATE    0                         0      0        0
  SINCE JUN 1      0                         0      0        0
  SINCE JUL 1   1157                      1985   -828     1383

 COOLING
  YESTERDAY       12                        15     -3       16
  MONTH TO DATE  260                       283    -23      340
  SINCE JUN 1    260                       283    -23      340
  SINCE JAN 1    781                       698     83      804
..................................................................


WIND (MPH)
  HIGHEST WIND SPEED    18   HIGHEST WIND DIRECTION    SE (130)
  HIGHEST GUST SPEED    24   HIGHEST GUST DIRECTION    SE (140)
  AVERAGE WIND SPEED    10.4


SKY COVER
  POSSIBLE SUNSHINE  MM
  AVERAGE SKY COVER 1.0


WEATHER CONDITIONS
 THE FOLLOWING WEATHER WAS RECORDED YESTERDAY.
  THUNDERSTORM
  HEAVY RAIN
  RAIN
  LIGHT RAIN
  FOG


RELATIVE HUMIDITY (PERCENT)
 HIGHEST   100           500 PM
 LOWEST     79           100 PM
 AVERAGE    90

..........................................................


THE HATTIESBURG CLIMATE NORMALS FOR TODAY
                         NORMAL    RECORD    YEAR
 MAXIMUM TEMPERATURE (F)   91       100      2009
 MINIMUM TEMPERATURE (F)   70        60      1976


SUNRISE AND SUNSET
JUNE 22 2017..........SUNRISE   554 AM CDT   SUNSET   805 PM CDT
JUNE 23 2017..........SUNRISE   554 AM CDT   SUNSET   805 PM CDT


-  INDICATES NEGATIVE NUMBERS.
R  INDICATES RECORD WAS SET OR TIED.
MM INDICATES DATA IS MISSING.
T  INDICATES TRACE AMOUNT.




$$
