000
CDUS41 KLWX 030532
CLIHGR


CLIMATE REPORT
NATIONAL WEATHER SERVICE BALTIMORE MD/WASHINGTON DC
1230 AM EST TUE MAR 3 2015


...................................

...THE HAGERSTOWN MD CLIMATE SUMMARY FOR MARCH 2 2015...

CLIMATE NORMAL PERIOD 1981 TO 2010
CLIMATE RECORD PERIOD 9999 TO 9999


WEATHER ITEM   OBSERVED TIME   RECORD YEAR NORMAL DEPARTURE LAST
                VALUE   (LST)  VALUE       VALUE  FROM      YEAR
                                                  NORMAL
..................................................................
TEMPERATURE (F)
 YESTERDAY
  MAXIMUM         38    324 PM  MM      MM  45     -7       40
  MINIMUM         24   1120 PM  MM      MM  28     -4       29
  AVERAGE         31                        37     -6       35

PRECIPITATION (IN)
  YESTERDAY        0.00         MM      MM   0.08  -0.08     0.21
  MONTH TO DATE    0.25                      0.16   0.09     0.21
  SINCE MAR 1      0.25                      0.16   0.09     0.21
  SINCE JAN 1      2.53                      5.39  -2.86     3.99

DEGREE DAYS
 HEATING
  YESTERDAY       34                        28      6       30
  MONTH TO DATE   73                        56     17       68
  SINCE MAR 1     73                        56     17       68
  SINCE JUL 1   4079                      3959    120     4083

 COOLING
  YESTERDAY        0                         0      0        0
  MONTH TO DATE    0                         0      0        0
  SINCE MAR 1      0                         0      0        0
  SINCE JAN 1      0                         0      0        0
..................................................................


WIND (MPH)
  HIGHEST WIND SPEED    32   HIGHEST WIND DIRECTION    NW (320)
  HIGHEST GUST SPEED    38   HIGHEST GUST DIRECTION    NW (310)
  AVERAGE WIND SPEED    10.5


SKY COVER
  POSSIBLE SUNSHINE  MM
  AVERAGE SKY COVER 0.4


WEATHER CONDITIONS
 THE FOLLOWING WEATHER WAS RECORDED YESTERDAY.
  FOG
  HAZE


RELATIVE HUMIDITY (PERCENT)
 HIGHEST    92          1200 AM
 LOWEST     44          1200 PM
 AVERAGE    68

..........................................................


THE HAGERSTOWN MD CLIMATE NORMALS FOR TODAY
                         NORMAL    RECORD    YEAR
 MAXIMUM TEMPERATURE (F)   46        MM        MM
 MINIMUM TEMPERATURE (F)   29        MM        MM


SUNRISE AND SUNSET
MARCH  3 2015.........SUNRISE   641 AM EST   SUNSET   605 PM EST
MARCH  4 2015.........SUNRISE   640 AM EST   SUNSET   606 PM EST


-  INDICATES NEGATIVE NUMBERS.
R  INDICATES RECORD WAS SET OR TIED.
MM INDICATES DATA IS MISSING.
T  INDICATES TRACE AMOUNT.




$$
