000
CDUS41 KLWX 272147
CLIHGR


CLIMATE REPORT
NATIONAL WEATHER SERVICE BALTIMORE MD/WASHINGTON DC
545 PM EDT WED MAY 27 2015


...................................

...THE HAGERSTOWN MD CLIMATE SUMMARY FOR MAY 27 2015...
VALID TODAY AS OF 0500 PM LOCAL TIME.

CLIMATE NORMAL PERIOD 1981 TO 2010
CLIMATE RECORD PERIOD 9999 TO 9999


WEATHER ITEM   OBSERVED TIME   RECORD YEAR NORMAL DEPARTURE LAST
                VALUE   (LST)  VALUE       VALUE  FROM      YEAR
                                                  NORMAL
..................................................................
TEMPERATURE (F)
 TODAY
  MAXIMUM         83   1015 AM  MM      MM  75      8       86
  MINIMUM         69   1245 PM  MM      MM  55     14       65
  AVERAGE         76                        65     11       76

PRECIPITATION (IN)
  TODAY            0.84         MM      MM   0.15   0.69     0.05
  MONTH TO DATE    1.55                      3.46  -1.91     4.41
  SINCE MAR 1      7.08                     10.40  -3.32     8.63
  SINCE JAN 1      9.36                     15.63  -6.27    12.41

DEGREE DAYS
 HEATING
  TODAY            0                         3     -3        0
  MONTH TO DATE   50                       144    -94       98
  SINCE MAR 1   1123                      1255   -132     1348
  SINCE JUL 1   5129                      5158    -29     5363

 COOLING
  TODAY           11                         3      8       11
  MONTH TO DATE  150                        45    105       64
  SINCE MAR 1    152                        60     92       74
  SINCE JAN 1    152                        60     92       74
..................................................................


WIND (MPH)
  HIGHEST WIND SPEED    24   HIGHEST WIND DIRECTION     W (290)
  HIGHEST GUST SPEED    29   HIGHEST GUST DIRECTION     W (290)
  AVERAGE WIND SPEED     6.9


SKY COVER
  POSSIBLE SUNSHINE  MM
  AVERAGE SKY COVER 0.3


WEATHER CONDITIONS
 THE FOLLOWING WEATHER WAS RECORDED TODAY.
  THUNDERSTORM
  HEAVY RAIN
  RAIN
  LIGHT RAIN
  FOG
  HAZE


RELATIVE HUMIDITY (PERCENT)
 HIGHEST    84           200 AM
 LOWEST     58          1000 AM
 AVERAGE    71

..........................................................


THE HAGERSTOWN MD CLIMATE NORMALS FOR TOMORROW
                         NORMAL    RECORD    YEAR
 MAXIMUM TEMPERATURE (F)   76        MM        MM
 MINIMUM TEMPERATURE (F)   56        MM        MM


SUNRISE AND SUNSET
MAY 27 2015...........SUNRISE   548 AM EDT   SUNSET   829 PM EDT
MAY 28 2015...........SUNRISE   547 AM EDT   SUNSET   830 PM EDT


-  INDICATES NEGATIVE NUMBERS.
R  INDICATES RECORD WAS SET OR TIED.
MM INDICATES DATA IS MISSING.
T  INDICATES TRACE AMOUNT.




$$
