000
CDUS41 KLWX 030522
CLIHGR


CLIMATE REPORT
NATIONAL WEATHER SERVICE BALTIMORE MD/WASHINGTON DC
122 AM EDT MON AUG 3 2015


...................................

...THE HAGERSTOWN MD CLIMATE SUMMARY FOR AUGUST 2 2015...

CLIMATE NORMAL PERIOD 1981 TO 2010
CLIMATE RECORD PERIOD 9999 TO 9999


WEATHER ITEM   OBSERVED TIME   RECORD YEAR NORMAL DEPARTURE LAST
                VALUE   (LST)  VALUE       VALUE  FROM      YEAR
                                                  NORMAL
..................................................................
TEMPERATURE (F)
 YESTERDAY
  MAXIMUM         89    250 PM  MM      MM  85      4       79
  MINIMUM         63    349 AM  MM      MM  65     -2       65
  AVERAGE         76                        75      1       72

PRECIPITATION (IN)
  YESTERDAY        0.00         MM      MM   0.10  -0.10     0.01
  MONTH TO DATE    0.00                      0.18  -0.18     0.01
  SINCE JUN 1      7.06                      7.47  -0.41    10.93
  SINCE JAN 1     17.25                     23.67  -6.42    23.41

DEGREE DAYS
 HEATING
  YESTERDAY        0                         0      0        0
  MONTH TO DATE    0                         0      0        0
  SINCE JUN 1     14                        18     -4        2
  SINCE JUL 1      0                         0      0        2

 COOLING
  YESTERDAY       11                        10      1        7
  MONTH TO DATE   26                        20      6       12
  SINCE JUN 1    650                       550    100      542
  SINCE JAN 1    851                       626    225      624
..................................................................


WIND (MPH)
  HIGHEST WIND SPEED    17   HIGHEST WIND DIRECTION     S (180)
  HIGHEST GUST SPEED    22   HIGHEST GUST DIRECTION     S (180)
  AVERAGE WIND SPEED     7.5


SKY COVER
  POSSIBLE SUNSHINE  MM
  AVERAGE SKY COVER 0.2


WEATHER CONDITIONS
 THE FOLLOWING WEATHER WAS RECORDED YESTERDAY.
  NO SIGNIFICANT WEATHER WAS OBSERVED.


RELATIVE HUMIDITY (PERCENT)
 HIGHEST    78           400 AM
 LOWEST     31           200 PM
 AVERAGE    55

..........................................................


THE HAGERSTOWN MD CLIMATE NORMALS FOR TODAY
                         NORMAL    RECORD    YEAR
 MAXIMUM TEMPERATURE (F)   85        MM        MM
 MINIMUM TEMPERATURE (F)   65        MM        MM


SUNRISE AND SUNSET
AUGUST  3 2015........SUNRISE   612 AM EDT   SUNSET   822 PM EDT
AUGUST  4 2015........SUNRISE   612 AM EDT   SUNSET   821 PM EDT


-  INDICATES NEGATIVE NUMBERS.
R  INDICATES RECORD WAS SET OR TIED.
MM INDICATES DATA IS MISSING.
T  INDICATES TRACE AMOUNT.




$$
