000
CDUS41 KLWX 260524
CLIHGR


CLIMATE REPORT
NATIONAL WEATHER SERVICE BALTIMORE MD/WASHINGTON DC
124 AM EDT THU MAY 26 2016


...................................

...THE HAGERSTOWN MD CLIMATE SUMMARY FOR MAY 25 2016...

CLIMATE NORMAL PERIOD 1981 TO 2010
CLIMATE RECORD PERIOD 9999 TO 9999


WEATHER ITEM   OBSERVED TIME   RECORD YEAR NORMAL DEPARTURE LAST
                VALUE   (LST)  VALUE       VALUE  FROM      YEAR
                                                  NORMAL
..................................................................
TEMPERATURE (F)
 YESTERDAY
  MAXIMUM         86    446 PM  MM      MM  75     11       86
  MINIMUM         57    519 AM  MM      MM  55      2       64
  AVERAGE         72                        65      7       75

PRECIPITATION (IN)
  YESTERDAY        0.00         MM      MM   0.16  -0.16     0.00
  MONTH TO DATE    3.65                      3.17   0.48     0.71
  SINCE MAR 1      7.19                     10.11  -2.92     6.24
  SINCE JAN 1     12.56                     15.34  -2.78     8.52

DEGREE DAYS
 HEATING
  YESTERDAY        0                         3     -3        0
  MONTH TO DATE  154                       138     16       50
  SINCE MAR 1    962                      1249   -287     1123
  SINCE JUL 1   4199                      5152   -953     5129

 COOLING
  YESTERDAY        7                         3      4       10
  MONTH TO DATE   18                        39    -21      128
  SINCE MAR 1     34                        54    -20      130
  SINCE JAN 1     34                        54    -20      130
..................................................................


WIND (MPH)
  HIGHEST WIND SPEED    13   HIGHEST WIND DIRECTION    SW (220)
  HIGHEST GUST SPEED    16   HIGHEST GUST DIRECTION    SW (220)
  AVERAGE WIND SPEED     4.9


SKY COVER
  POSSIBLE SUNSHINE  MM
  AVERAGE SKY COVER 0.0


WEATHER CONDITIONS
 THE FOLLOWING WEATHER WAS RECORDED YESTERDAY.
  NO SIGNIFICANT WEATHER WAS OBSERVED.


RELATIVE HUMIDITY (PERCENT)
 HIGHEST    75           600 AM
 LOWEST     23           500 PM
 AVERAGE    49

..........................................................


THE HAGERSTOWN MD CLIMATE NORMALS FOR TODAY
                         NORMAL    RECORD    YEAR
 MAXIMUM TEMPERATURE (F)   75        MM        MM
 MINIMUM TEMPERATURE (F)   55        MM        MM


SUNRISE AND SUNSET
MAY 26 2016...........SUNRISE   548 AM EDT   SUNSET   829 PM EDT
MAY 27 2016...........SUNRISE   547 AM EDT   SUNSET   829 PM EDT


-  INDICATES NEGATIVE NUMBERS.
R  INDICATES RECORD WAS SET OR TIED.
MM INDICATES DATA IS MISSING.
T  INDICATES TRACE AMOUNT.




$$
