000
CDUS41 KLWX 102127
CLIHGR


CLIMATE REPORT
NATIONAL WEATHER SERVICE BALTIMORE MD/WASHINGTON DC
526 PM EDT THU JUL 10 2014


...................................

...THE HAGERSTOWN MD CLIMATE SUMMARY FOR JULY 10 2014...
VALID TODAY AS OF 0500 PM LOCAL TIME.

CLIMATE NORMAL PERIOD 1981 TO 2010
CLIMATE RECORD PERIOD 9999 TO 9999


WEATHER ITEM   OBSERVED TIME   RECORD YEAR NORMAL DEPARTURE LAST
                VALUE   (LST)  VALUE       VALUE  FROM      YEAR
                                                  NORMAL
..................................................................
TEMPERATURE (F)
 TODAY
  MAXIMUM         86    215 PM  MM      MM  86      0       84
  MINIMUM         64    553 AM  MM      MM  66     -2       74
  AVERAGE         75                        76     -1       79

PRECIPITATION (IN)
  TODAY            0.07         MM      MM   0.11  -0.04     0.04
  MONTH TO DATE    1.82                      0.94   0.88     1.13
  SINCE JUN 1      6.68                      4.82   1.86     5.06
  SINCE JAN 1     19.16                     21.02  -1.86    14.92

DEGREE DAYS
 HEATING
  TODAY            0                         0      0        0
  MONTH TO DATE    0                         0      0        0
  SINCE JUN 1      0                        18    -18        3
  SINCE JUL 1      0                         0      0        0

 COOLING
  TODAY           10                        11     -1       14
  MONTH TO DATE  118                       103     15      144
  SINCE JUN 1    363                       312     51      384
  SINCE JAN 1    445                       388     57      501
..................................................................


WIND (MPH)
  HIGHEST WIND SPEED    38   HIGHEST WIND DIRECTION    NE (30)
  HIGHEST GUST SPEED    44   HIGHEST GUST DIRECTION    NE (30)
  AVERAGE WIND SPEED     4.3


SKY COVER
  POSSIBLE SUNSHINE  MM
  AVERAGE SKY COVER 0.0


WEATHER CONDITIONS
 THE FOLLOWING WEATHER WAS RECORDED TODAY.
  THUNDERSTORM
  RAIN
  LIGHT RAIN
  FOG


RELATIVE HUMIDITY (PERCENT)
 HIGHEST    93           300 AM
 LOWEST     40           200 PM
 AVERAGE    67

..........................................................


THE HAGERSTOWN MD CLIMATE NORMALS FOR TOMORROW
                         NORMAL    RECORD    YEAR
 MAXIMUM TEMPERATURE (F)   86        MM        MM
 MINIMUM TEMPERATURE (F)   66        MM        MM


SUNRISE AND SUNSET
JULY 10 2014..........SUNRISE   552 AM EDT   SUNSET   840 PM EDT
JULY 11 2014..........SUNRISE   553 AM EDT   SUNSET   840 PM EDT


-  INDICATES NEGATIVE NUMBERS.
R  INDICATES RECORD WAS SET OR TIED.
MM INDICATES DATA IS MISSING.
T  INDICATES TRACE AMOUNT.




$$
