000
CDUS41 KLWX 240528
CLIHGR


CLIMATE REPORT
NATIONAL WEATHER SERVICE BALTIMORE MD/WASHINGTON DC
1228 AM EST WED JAN 24 2018


...................................

...THE HAGERSTOWN MD CLIMATE SUMMARY FOR JANUARY 23 2018...

CLIMATE NORMAL PERIOD 1981 TO 2010
CLIMATE RECORD PERIOD 1998 TO 2018


WEATHER ITEM   OBSERVED TIME   RECORD YEAR NORMAL DEPARTURE LAST
                VALUE   (LST)  VALUE       VALUE  FROM      YEAR
                                                  NORMAL
..................................................................
TEMPERATURE (F)
 YESTERDAY
  MAXIMUM         57    103 PM  MM      MM  38     19       50
  MINIMUM         44   1154 PM  MM      MM  24     20       34
  AVERAGE         51                        31     20       42

PRECIPITATION (IN)
  YESTERDAY        0.98         MM      MM   0.09   0.89     0.78
  MONTH TO DATE    2.42                      2.00   0.42     2.72
  SINCE DEC 1      3.23                      4.89  -1.66     4.50
  SINCE JAN 1      2.42                      2.00   0.42     2.72

DEGREE DAYS
 HEATING
  YESTERDAY       14                        34    -20       23
  MONTH TO DATE  808                       787     21      650
  SINCE DEC 1   1734                      1746    -12     1514
  SINCE JUL 1   2515                      2751   -236     2222

 COOLING
  YESTERDAY        0                         0      0        0
  MONTH TO DATE    0                         0      0        0
  SINCE DEC 1      0                         0      0        0
  SINCE JAN 1      0                         0      0        0
..................................................................


WIND (MPH)
  HIGHEST WIND SPEED    38   HIGHEST WIND DIRECTION     W (270)
  HIGHEST GUST SPEED    48   HIGHEST GUST DIRECTION     W (280)
  AVERAGE WIND SPEED    13.4


SKY COVER
  POSSIBLE SUNSHINE  MM
  AVERAGE SKY COVER 0.8


WEATHER CONDITIONS
 THE FOLLOWING WEATHER WAS RECORDED YESTERDAY.
  THUNDERSTORM
  HEAVY RAIN
  RAIN
  LIGHT RAIN
  FOG


RELATIVE HUMIDITY (PERCENT)
 HIGHEST    96           600 AM
 LOWEST     38           400 PM
 AVERAGE    67

..........................................................


THE HAGERSTOWN MD CLIMATE NORMALS FOR TODAY
                         NORMAL    RECORD    YEAR
 MAXIMUM TEMPERATURE (F)   38        MM        MM
 MINIMUM TEMPERATURE (F)   24        MM        MM


SUNRISE AND SUNSET
JANUARY 24 2018.......SUNRISE   725 AM EST   SUNSET   521 PM EST
JANUARY 25 2018.......SUNRISE   724 AM EST   SUNSET   522 PM EST


-  INDICATES NEGATIVE NUMBERS.
R  INDICATES RECORD WAS SET OR TIED.
MM INDICATES DATA IS MISSING.
T  INDICATES TRACE AMOUNT.




$$
