000
CDUS41 KLWX 250523
CLIHGR


CLIMATE REPORT
NATIONAL WEATHER SERVICE BALTIMORE MD/WASHINGTON DC
122 AM EDT SUN SEP 25 2016


...................................

...THE HAGERSTOWN MD CLIMATE SUMMARY FOR SEPTEMBER 24 2016...

CLIMATE NORMAL PERIOD 1981 TO 2010
CLIMATE RECORD PERIOD 9999 TO 9999


WEATHER ITEM   OBSERVED TIME   RECORD YEAR NORMAL DEPARTURE LAST
                VALUE   (LST)  VALUE       VALUE  FROM      YEAR
                                                  NORMAL
..................................................................
TEMPERATURE (F)
 YESTERDAY
  MAXIMUM         78    349 PM  MM      MM  72      6       80
  MINIMUM         58   1159 PM  MM      MM  53      5       50
  AVERAGE         68                        62      6       65

PRECIPITATION (IN)
  YESTERDAY        0.00         MM      MM   0.14  -0.14     0.00
  MONTH TO DATE    1.06                      2.83  -1.77     1.78
  SINCE SEP 1      1.06                      2.83  -1.77     1.78
  SINCE JAN 1     22.16                     29.46  -7.30    20.42

DEGREE DAYS
 HEATING
  YESTERDAY        0                         4     -4        0
  MONTH TO DATE    0                        38    -38        6
  SINCE SEP 1      0                        38    -38        6
  SINCE JUL 1      0                        43    -43        6

 COOLING
  YESTERDAY        3                         1      2        0
  MONTH TO DATE  252                        85    167      177
  SINCE SEP 1    252                        85    167      177
  SINCE JAN 1   1511                       953    558     1320
..................................................................


WIND (MPH)
  HIGHEST WIND SPEED    16   HIGHEST WIND DIRECTION     N (20)
  HIGHEST GUST SPEED    22   HIGHEST GUST DIRECTION     N (20)
  AVERAGE WIND SPEED     7.4


SKY COVER
  POSSIBLE SUNSHINE  MM
  AVERAGE SKY COVER 0.5


WEATHER CONDITIONS
 THE FOLLOWING WEATHER WAS RECORDED YESTERDAY.
  NO SIGNIFICANT WEATHER WAS OBSERVED.


RELATIVE HUMIDITY (PERCENT)
 HIGHEST    81           500 AM
 LOWEST     41           600 PM
 AVERAGE    61

..........................................................


THE HAGERSTOWN MD CLIMATE NORMALS FOR TODAY
                         NORMAL    RECORD    YEAR
 MAXIMUM TEMPERATURE (F)   72        MM        MM
 MINIMUM TEMPERATURE (F)   52        MM        MM


SUNRISE AND SUNSET
SEPTEMBER 25 2016.....SUNRISE   702 AM EDT   SUNSET   702 PM EDT
SEPTEMBER 26 2016.....SUNRISE   703 AM EDT   SUNSET   701 PM EDT


-  INDICATES NEGATIVE NUMBERS.
R  INDICATES RECORD WAS SET OR TIED.
MM INDICATES DATA IS MISSING.
T  INDICATES TRACE AMOUNT.




$$
