000
CDUS46 KPQR 211148
CLIHIO


CLIMATE REPORT
NATIONAL WEATHER SERVICE PORTLAND OREGON
448 AM PDT MON AUG 21 2017


...................................

...THE HILLSBORO OR CLIMATE SUMMARY FOR AUGUST 20 2017...

CLIMATE NORMAL PERIOD 1981 TO 2010
CLIMATE RECORD PERIOD 1929 TO 2017


WEATHER ITEM   OBSERVED TIME   RECORD YEAR NORMAL DEPARTURE LAST
                VALUE   (LST)  VALUE       VALUE  FROM      YEAR
                                                  NORMAL
..................................................................
TEMPERATURE (F)
 YESTERDAY
  MAXIMUM         84    336 PM 101    2016  81      3      101
                                      1951
  MINIMUM         48    527 AM  40    2010  50     -2       59
  AVERAGE         66                        66      0       80

PRECIPITATION (IN)
  YESTERDAY        0.00          1.13 1978   0.03  -0.03
  MONTH TO DATE    0.13                      0.37  -0.24
  SINCE OCT 1     47.37                     38.20   9.17
  SINCE JAN 1     27.69                     21.81   5.88

SNOWFALL (IN)
  YESTERDAY        0.0
  MONTH TO DATE    0.0
  SINCE JUN 1      0.0
  SINCE JUL 1      0.0
  SNOW DEPTH       0

DEGREE DAYS
 HEATING
  YESTERDAY        0                         2     -2
  MONTH TO DATE    4                        28    -24
  SINCE JUL 1     16                        84    -68

 COOLING
  YESTERDAY        1                         2     -1
  MONTH TO DATE  142                        58     84
  SINCE JAN 1    329                       159    170
..................................................................


WIND (MPH)
  HIGHEST WIND SPEED    17   HIGHEST WIND DIRECTION    NW (320)
  HIGHEST GUST SPEED    21   HIGHEST GUST DIRECTION    NW (320)
  AVERAGE WIND SPEED     5.6


SKY COVER
  POSSIBLE SUNSHINE  MM
  AVERAGE SKY COVER 0.0


WEATHER CONDITIONS
 THE FOLLOWING WEATHER WAS RECORDED YESTERDAY.
  NO SIGNIFICANT WEATHER WAS OBSERVED.


RELATIVE HUMIDITY (PERCENT)
 HIGHEST    86           500 AM
 LOWEST     34           400 PM
 AVERAGE    60

..........................................................


THE HILLSBORO OR CLIMATE NORMALS FOR TODAY
                         NORMAL    RECORD    YEAR
 MAXIMUM TEMPERATURE (F)   81        99      1951
 MINIMUM TEMPERATURE (F)   50        39      1947


SUNRISE AND SUNSET
AUGUST 21 2017........SUNRISE   620 AM PDT   SUNSET   809 PM PDT
AUGUST 22 2017........SUNRISE   621 AM PDT   SUNSET   807 PM PDT


-  INDICATES NEGATIVE NUMBERS.
R  INDICATES RECORD WAS SET OR TIED.
MM INDICATES DATA IS MISSING.
T  INDICATES TRACE AMOUNT.




$$
