000
CDUS46 KPQR 291147
CLIHIO


CLIMATE REPORT
NATIONAL WEATHER SERVICE PORTLAND OREGON
445 AM PDT SAT AUG 29 2015


...................................

...THE HILLSBORO OR CLIMATE SUMMARY FOR AUGUST 28 2015...

CLIMATE NORMAL PERIOD 1981 TO 2010
CLIMATE RECORD PERIOD 1929 TO 2015


WEATHER ITEM   OBSERVED TIME   RECORD YEAR NORMAL DEPARTURE LAST
                VALUE   (LST)  VALUE       VALUE  FROM      YEAR
                                                  NORMAL
..................................................................
TEMPERATURE (F)
 YESTERDAY
  MAXIMUM         78    432 PM 100    1967  80     -2       83
  MINIMUM         60    657 AM  38    1980  49     11       54
  AVERAGE         69                        64      5       69

PRECIPITATION (IN)
  YESTERDAY        0.02          0.34 1951   0.03  -0.01
  MONTH TO DATE    0.02                      0.56  -0.54
  SINCE OCT 1     29.82                     38.39  -8.57
  SINCE JAN 1     14.99                     22.00  -7.01

SNOWFALL (IN)
  YESTERDAY        0.0
  MONTH TO DATE    0.0
  SINCE JUN 1      0.0
  SINCE JUL 1      0.0
  SNOW DEPTH       0

DEGREE DAYS
 HEATING
  YESTERDAY        0                         2     -2
  MONTH TO DATE    1                        44    -43
  SINCE JUL 1     13                       100    -87

 COOLING
  YESTERDAY        4                         2      2
  MONTH TO DATE  134                        74     60
  SINCE JAN 1    475                       175    300
..................................................................


WIND (MPH)
  HIGHEST WIND SPEED    14   HIGHEST WIND DIRECTION    SW (230)
  HIGHEST GUST SPEED    17   HIGHEST GUST DIRECTION    SW (220)
  AVERAGE WIND SPEED     3.1


SKY COVER
  POSSIBLE SUNSHINE  MM
  AVERAGE SKY COVER 0.6


WEATHER CONDITIONS
 THE FOLLOWING WEATHER WAS RECORDED YESTERDAY.
  LIGHT RAIN


RELATIVE HUMIDITY (PERCENT)
 HIGHEST    90           600 AM
 LOWEST     35          1200 AM
 AVERAGE    63

..........................................................


THE HILLSBORO OR CLIMATE NORMALS FOR TODAY
                         NORMAL    RECORD    YEAR
 MAXIMUM TEMPERATURE (F)   80        98      1967
 MINIMUM TEMPERATURE (F)   49        37      1965


SUNRISE AND SUNSET
AUGUST 29 2015........SUNRISE   629 AM PDT   SUNSET   755 PM PDT
AUGUST 30 2015........SUNRISE   630 AM PDT   SUNSET   753 PM PDT


-  INDICATES NEGATIVE NUMBERS.
R  INDICATES RECORD WAS SET OR TIED.
MM INDICATES DATA IS MISSING.
T  INDICATES TRACE AMOUNT.




$$
