000
CDUS46 KPQR 011142
CLIHIO


CLIMATE REPORT
NATIONAL WEATHER SERVICE PORTLAND OREGON
441 AM PDT MON SEP 1 2014


...................................

...THE HILLSBORO OR CLIMATE SUMMARY FOR AUGUST 31 2014...

CLIMATE NORMAL PERIOD 1981 TO 2010
CLIMATE RECORD PERIOD 1929 TO 2014


WEATHER ITEM   OBSERVED TIME   RECORD YEAR NORMAL DEPARTURE LAST
                VALUE   (LST)  VALUE       VALUE  FROM      YEAR
                                                  NORMAL
..................................................................
TEMPERATURE (F)
 YESTERDAY
  MAXIMUM         77    335 PM 101    1987  79     -2       87
  MINIMUM         53   1159 PM  34    1930  49      4       51
  AVERAGE         65                        64      1       69

PRECIPITATION (IN)
  YESTERDAY        0.00          0.68 1939   0.03  -0.03
  MONTH TO DATE    0.14                      0.63  -0.49
  SINCE OCT 1     24.92                     38.46 -13.54
  SINCE JAN 1     20.24                     22.07  -1.83

SNOWFALL (IN)
  YESTERDAY        0.0
  MONTH TO DATE    0.0
  SINCE JUN 1      0.0
  SINCE JUL 1      0.0
  SNOW DEPTH       0

DEGREE DAYS
 HEATING
  YESTERDAY        0                         3     -3
  MONTH TO DATE    3                        51    -48
  SINCE JUL 1      9                       107    -98

 COOLING
  YESTERDAY        0                         2     -2
  MONTH TO DATE  172                        77     95
  SINCE JAN 1    350                       178    172
..................................................................


WIND (MPH)
  HIGHEST WIND SPEED    10   HIGHEST WIND DIRECTION     N (20)
  HIGHEST GUST SPEED    13   HIGHEST GUST DIRECTION     N (10)
  AVERAGE WIND SPEED     2.8


SKY COVER
  POSSIBLE SUNSHINE  MM
  AVERAGE SKY COVER 0.6


WEATHER CONDITIONS
 THE FOLLOWING WEATHER WAS RECORDED YESTERDAY.
  NO SIGNIFICANT WEATHER WAS OBSERVED.


RELATIVE HUMIDITY (PERCENT)
 HIGHEST    93           400 AM
 LOWEST     38           300 PM
 AVERAGE    66

..........................................................


THE HILLSBORO OR CLIMATE NORMALS FOR TODAY
                         NORMAL    RECORD    YEAR
 MAXIMUM TEMPERATURE (F)   79        97      1988
 MINIMUM TEMPERATURE (F)   49        37      1973


SUNRISE AND SUNSET
SEPTEMBER  1 2014.....SUNRISE   633 AM PDT   SUNSET   749 PM PDT
SEPTEMBER  2 2014.....SUNRISE   634 AM PDT   SUNSET   747 PM PDT


-  INDICATES NEGATIVE NUMBERS.
R  INDICATES RECORD WAS SET OR TIED.
MM INDICATES DATA IS MISSING.
T  INDICATES TRACE AMOUNT.




$$
