000
CDUS46 KHNX 310825
CLIHJO


CLIMATE REPORT
NATIONAL WEATHER SERVICE SAN JOAQUIN VALLEY, CA
125 AM PDT MON AUG 31 2015


...................................

...THE HANFORD CA CLIMATE SUMMARY FOR AUGUST 30 2015...

CLIMATE NORMAL PERIOD 1981 TO 2010
CLIMATE RECORD PERIOD 1998 TO 2015


WEATHER ITEM   OBSERVED TIME   RECORD YEAR NORMAL DEPARTURE
                VALUE   (LST)  VALUE       VALUE  FROM
                                                  NORMAL
...............................................................
TEMPERATURE (F)
 YESTERDAY
  MAXIMUM         90    423 PM 107    2008  94     -4
  MINIMUM         66    604 AM  51    2010  60      6
  AVERAGE         78                        77      1

PRECIPITATION (IN)
  YESTERDAY        0.00          0.05 2007   0.00   0.00
  MONTH TO DATE    0.00                      0.02  -0.02
  SINCE OCT 1      5.41                      9.93  -4.52
  SINCE JAN 1      2.29                      6.80  -4.51

SNOWFALL (IN)
  YESTERDAY        0.0
  MONTH TO DATE    0.0
  SINCE JUN 1      0.0
  SINCE JUL 1      0.0
  SNOW DEPTH       0

DEGREE DAYS
 HEATING
  YESTERDAY        0
  MONTH TO DATE    0
  SINCE JUN 1      0
  SINCE JUL 1      0

 COOLING
  YESTERDAY       13
  MONTH TO DATE  500
  SINCE JUN 1   1505
  SINCE JAN 1   1811
...............................................................


WIND (MPH)
  HIGHEST WIND SPEED    20   HIGHEST WIND DIRECTION    NW (320)
  HIGHEST GUST SPEED    26   HIGHEST GUST DIRECTION    SE (150)
  AVERAGE WIND SPEED    10.9




RELATIVE HUMIDITY (PERCENT)
 HIGHEST    59
 LOWEST     21
 AVERAGE    40

..........................................................


THE HANFORD CA CLIMATE NORMALS FOR TODAY
                         NORMAL    RECORD    YEAR
 MAXIMUM TEMPERATURE (F)   94       105      2007
 MINIMUM TEMPERATURE (F)   59        54      2010


SUNRISE AND SUNSET
AUGUST 31 2015........SUNRISE   629 AM PDT   SUNSET   728 PM PDT
SEPTEMBER  1 2015.....SUNRISE   630 AM PDT   SUNSET   727 PM PDT


-  INDICATES NEGATIVE NUMBERS.
R  INDICATES RECORD WAS SET OR TIED.
MM INDICATES DATA IS MISSING.
T  INDICATES TRACE AMOUNT.




$$
