000
CDUS46 KHNX 020821
CLIHJO


CLIMATE REPORT
NATIONAL WEATHER SERVICE SAN JOAQUIN VALLEY, CA
121 AM PDT TUE SEP 2 2014


...................................

...THE HANFORD CA CLIMATE SUMMARY FOR SEPTEMBER 1 2014...

CLIMATE NORMAL PERIOD 1981 TO 2010
CLIMATE RECORD PERIOD 1998 TO 2014


WEATHER ITEM   OBSERVED TIME   RECORD YEAR NORMAL DEPARTURE
                VALUE   (LST)  VALUE       VALUE  FROM
                                                  NORMAL
...............................................................
TEMPERATURE (F)
 YESTERDAY
  MAXIMUM         98    428 PM 104    2007  94      4
  MINIMUM         60    536 AM  53    2012  59      1
                                      2010
                                      1999
  AVERAGE         79                        76      3

PRECIPITATION (IN)
  YESTERDAY        0.00          0.04 2000   0.00   0.00
  MONTH TO DATE    0.00                      0.00   0.00
  SINCE JUL 1      T                         0.04  -0.04
  SINCE JAN 1      2.43                      6.80  -4.37

SNOWFALL (IN)
  YESTERDAY        0.0
  MONTH TO DATE    0.0
  SINCE SEP 1      0.0
  SINCE JUL 1      0.0
  SNOW DEPTH       0

DEGREE DAYS
 HEATING
  YESTERDAY        0
  MONTH TO DATE    0
  SINCE SEP 1      0
  SINCE JUL 1      0

 COOLING
  YESTERDAY       14
  MONTH TO DATE   14
  SINCE SEP 1     14
  SINCE JAN 1   1771
...............................................................


WIND (MPH)
  HIGHEST WIND SPEED    12   HIGHEST WIND DIRECTION    NW (300)
  HIGHEST GUST SPEED    14   HIGHEST GUST DIRECTION     N (340)
  AVERAGE WIND SPEED     4.1




RELATIVE HUMIDITY (PERCENT)
 HIGHEST    78
 LOWEST     16
 AVERAGE    47

..........................................................


THE HANFORD CA CLIMATE NORMALS FOR TODAY
                         NORMAL    RECORD    YEAR
 MAXIMUM TEMPERATURE (F)   94       105      2003
 MINIMUM TEMPERATURE (F)   59        51      2012
                                             2008


SUNRISE AND SUNSET
SEPTEMBER  2 2014.....SUNRISE   631 AM PDT   SUNSET   725 PM PDT
SEPTEMBER  3 2014.....SUNRISE   632 AM PDT   SUNSET   723 PM PDT


-  INDICATES NEGATIVE NUMBERS.
R  INDICATES RECORD WAS SET OR TIED.
MM INDICATES DATA IS MISSING.
T  INDICATES TRACE AMOUNT.




$$
