000
CDUS46 KHNX 280823
CLIHJO


CLIMATE REPORT
NATIONAL WEATHER SERVICE SAN JOAQUIN VALLEY, CA
122 AM PDT WED JUN 28 2017


...................................

...THE HANFORD CA CLIMATE SUMMARY FOR JUNE 27 2017...

CLIMATE NORMAL PERIOD 1981 TO 2010
CLIMATE RECORD PERIOD 1998 TO 2017


WEATHER ITEM   OBSERVED TIME   RECORD YEAR NORMAL DEPARTURE
                VALUE   (LST)  VALUE       VALUE  FROM
                                                  NORMAL
...............................................................
TEMPERATURE (F)
 YESTERDAY
  MAXIMUM         94        MM 105    2003  93      1
  MINIMUM         63        MM  58    2012  61      2
                                      2009
  AVERAGE         79                        77      2

PRECIPITATION (IN)
  YESTERDAY        0.00          0.00   MM   0.00   0.00
  MONTH TO DATE    0.01                      0.15  -0.14
  SINCE OCT 1     11.05                      9.89   1.16
  SINCE JAN 1      8.18                      6.76   1.42

SNOWFALL (IN)
  YESTERDAY        0.0
  MONTH TO DATE    0.0
  SINCE JUN 1      0.0
  SINCE JUL 1      0.0
  SNOW DEPTH       0

DEGREE DAYS
 HEATING
  YESTERDAY        0
  MONTH TO DATE    5
  SINCE JUN 1      5
  SINCE JUL 1   2109

 COOLING
  YESTERDAY       14
  MONTH TO DATE  396
  SINCE JUN 1    396
  SINCE JAN 1    604
...............................................................


WIND (MPH)
  HIGHEST WIND SPEED    13   HIGHEST WIND DIRECTION    NW (320)
  HIGHEST GUST SPEED    MM   HIGHEST GUST DIRECTION    MM
  AVERAGE WIND SPEED     8.1




RELATIVE HUMIDITY (PERCENT)
 HIGHEST    78
 LOWEST     26
 AVERAGE    52

..........................................................


THE HANFORD CA CLIMATE NORMALS FOR TODAY
                         NORMAL    RECORD    YEAR
 MAXIMUM TEMPERATURE (F)   93       107      2016
                                             2010
 MINIMUM TEMPERATURE (F)   61        57      2005


SUNRISE AND SUNSET
JUNE 28 2017..........SUNRISE   543 AM PDT   SUNSET   820 PM PDT
JUNE 29 2017..........SUNRISE   544 AM PDT   SUNSET   820 PM PDT


-  INDICATES NEGATIVE NUMBERS.
R  INDICATES RECORD WAS SET OR TIED.
MM INDICATES DATA IS MISSING.
T  INDICATES TRACE AMOUNT.




$$
