000
CDUS46 KHNX 240023
CLIHJO


CLIMATE REPORT
NATIONAL WEATHER SERVICE SAN JOAQUIN VALLEY, CA
422 PM PST THU FEB 23 2017


...................................

...THE HANFORD CA CLIMATE SUMMARY FOR FEBRUARY 23 2017...
VALID AS OF 0400 PM LOCAL TIME.

CLIMATE NORMAL PERIOD 1981 TO 2010
CLIMATE RECORD PERIOD 1998 TO 2017


WEATHER ITEM   OBSERVED TIME   RECORD YEAR NORMAL DEPARTURE LAST
                VALUE   (LST)  VALUE       VALUE  FROM      YEAR
                                                  NORMAL
..................................................................
TEMPERATURE (F)
 TODAY
  MAXIMUM         54    330 PM  76    2014  64    -10       69
  MINIMUM         36    556 AM  31    2006  40     -4       41
  AVERAGE         45                        52     -7       55

PRECIPITATION (IN)
  TODAY            0.00          0.43 2000   0.07  -0.07     0.00
  MONTH TO DATE    2.86                      1.40   1.46     0.01
  SINCE OCT 1      9.10                      6.57   2.53     5.48
  SINCE JAN 1      6.23                      3.44   2.79     2.88

SNOWFALL (IN)
  TODAY            0.0
  MONTH TO DATE    0.0
  SINCE DEC 1      0.0
  SINCE JUL 1      0.0
  SNOW DEPTH       0

DEGREE DAYS
 HEATING
  TODAY           20                                        10
  MONTH TO DATE  226                                       287
  SINCE DEC 1   1324                                      1399
  SINCE JUL 1   1630                                      1849

 COOLING
  TODAY            0                                         0
  MONTH TO DATE    0                                         0
  SINCE DEC 1      0                                         0
  SINCE JAN 1      0                                         0
..................................................................


WIND (MPH)
  HIGHEST WIND SPEED    15   HIGHEST WIND DIRECTION    NW (320)
  HIGHEST GUST SPEED    19   HIGHEST GUST DIRECTION    NW (310)
  AVERAGE WIND SPEED     7.6




RELATIVE HUMIDITY (PERCENT)
 HIGHEST    92
 LOWEST     46
 AVERAGE    69

..........................................................


THE HANFORD CA CLIMATE NORMALS FOR TOMORROW
                         NORMAL    RECORD    YEAR
 MAXIMUM TEMPERATURE (F)   64        79      2014
 MINIMUM TEMPERATURE (F)   41        29      2007


SUNRISE AND SUNSET
FEBRUARY 23 2017......SUNRISE   636 AM PST   SUNSET   548 PM PST
FEBRUARY 24 2017......SUNRISE   635 AM PST   SUNSET   549 PM PST


-  INDICATES NEGATIVE NUMBERS.
R  INDICATES RECORD WAS SET OR TIED.
MM INDICATES DATA IS MISSING.
T  INDICATES TRACE AMOUNT.




$$
