000
CDUS46 KHNX 170834
CLIHJO


CLIMATE REPORT
NATIONAL WEATHER SERVICE SAN JOAQUIN VALLEY, CA
134 AM PDT THU APR 17 2014


...................................

...THE HANFORD CA CLIMATE SUMMARY FOR APRIL 16 2014...

CLIMATE NORMAL PERIOD 1981 TO 2010
CLIMATE RECORD PERIOD 1998 TO 2014


WEATHER ITEM   OBSERVED TIME   RECORD YEAR NORMAL DEPARTURE
                VALUE   (LST)  VALUE       VALUE  FROM
                                                  NORMAL
...............................................................
TEMPERATURE (F)
 YESTERDAY
  MAXIMUM         87    348 PM  89    1999  75     12
  MINIMUM         49    547 AM  33    2013  46      3
                                      2009
  AVERAGE         68                        61      7

PRECIPITATION (IN)
  YESTERDAY        0.00          0.05 2000   0.03  -0.03
  MONTH TO DATE    T                         0.41  -0.41
  SINCE JUL 1      2.62                      9.15  -6.53
  SINCE JAN 1      2.23                      5.81  -3.58

SNOWFALL (IN)
  YESTERDAY        0.0
  MONTH TO DATE    0.0
  SINCE MAR 1      0.0
  SINCE JUL 1      0.0
  SNOW DEPTH       0

DEGREE DAYS
 HEATING
  YESTERDAY        0
  MONTH TO DATE   61
  SINCE MAR 1    236
  SINCE JUL 1   2013

 COOLING
  YESTERDAY        3
  MONTH TO DATE   46
  SINCE MAR 1     46
  SINCE JAN 1     46
...............................................................


WIND (MPH)
  HIGHEST WIND SPEED    16   HIGHEST WIND DIRECTION    NW (320)
  HIGHEST GUST SPEED    20   HIGHEST GUST DIRECTION    NW (320)
  AVERAGE WIND SPEED     8.4




RELATIVE HUMIDITY (PERCENT)
 HIGHEST    86
 LOWEST     23
 AVERAGE    55

..........................................................


THE HANFORD CA CLIMATE NORMALS FOR TODAY
                         NORMAL    RECORD    YEAR
 MAXIMUM TEMPERATURE (F)   75        89      1999
 MINIMUM TEMPERATURE (F)   47        40      2009


SUNRISE AND SUNSET
APRIL 17 2014.........SUNRISE   622 AM PDT   SUNSET   734 PM PDT
APRIL 18 2014.........SUNRISE   621 AM PDT   SUNSET   735 PM PDT


-  INDICATES NEGATIVE NUMBERS.
R  INDICATES RECORD WAS SET OR TIED.
MM INDICATES DATA IS MISSING.
T  INDICATES TRACE AMOUNT.




$$
