898
CDUS46 KHNX 080028
CLIHJO


CLIMATE REPORT
NATIONAL WEATHER SERVICE SAN JOAQUIN VALLEY, CA
427 PM PST SUN FEB 7 2016


...................................

...THE HANFORD CA CLIMATE SUMMARY FOR FEBRUARY 7 2016...
VALID TODAY AS OF 0400 PM LOCAL TIME.

CLIMATE NORMAL PERIOD 1981 TO 2010
CLIMATE RECORD PERIOD 1998 TO 2016


WEATHER ITEM   OBSERVED TIME   RECORD YEAR NORMAL DEPARTURE LAST
                VALUE   (LST)  VALUE       VALUE  FROM      YEAR
                                                  NORMAL
..................................................................
TEMPERATURE (F)
 TODAY
  MAXIMUM         66    359 PM  73    2000  59      7       67
  MINIMUM         38    407 AM  32    2013  38      0       55
  AVERAGE         52                        49      3       61

PRECIPITATION (IN)
  TODAY            0.00          0.46 2015   0.06  -0.06     0.46
  MONTH TO DATE    0.00                      0.35  -0.35     0.46
  SINCE OCT 1      5.47                      5.52  -0.05     3.62
  SINCE JAN 1      2.87                      2.39   0.48     0.50

SNOWFALL (IN)
  TODAY            0.0
  MONTH TO DATE    0.0
  SINCE DEC 1      0.0
  SINCE JUL 1      0.0
  SNOW DEPTH       0

DEGREE DAYS
 HEATING
  TODAY           13                                         4
  MONTH TO DATE  133                                        54
  SINCE DEC 1   1245                                      1023
  SINCE JUL 1   1695                                      1334

 COOLING
  TODAY            0                                         0
  MONTH TO DATE    0                                         0
  SINCE DEC 1      0                                         0
  SINCE JAN 1      0                                         0
..................................................................


WIND (MPH)
  HIGHEST WIND SPEED     6   HIGHEST WIND DIRECTION     E (70)
  HIGHEST GUST SPEED     8   HIGHEST GUST DIRECTION    SE (140)
  AVERAGE WIND SPEED     1.2




RELATIVE HUMIDITY (PERCENT)
 HIGHEST   100
 LOWEST     56
 AVERAGE    78

..........................................................


THE HANFORD CA CLIMATE NORMALS FOR TOMORROW
                         NORMAL    RECORD    YEAR
 MAXIMUM TEMPERATURE (F)   60        73      2015
 MINIMUM TEMPERATURE (F)   38        29      2003


SUNRISE AND SUNSET
FEBRUARY  7 2016......SUNRISE   655 AM PST   SUNSET   531 PM PST
FEBRUARY  8 2016......SUNRISE   654 AM PST   SUNSET   532 PM PST


-  INDICATES NEGATIVE NUMBERS.
R  INDICATES RECORD WAS SET OR TIED.
MM INDICATES DATA IS MISSING.
T  INDICATES TRACE AMOUNT.




$$
