000
CDUS46 KHNX 260821
CLIHJO


CLIMATE REPORT
NATIONAL WEATHER SERVICE SAN JOAQUIN VALLEY, CA
120 AM PDT TUE MAY 26 2015


...................................

...THE HANFORD CA CLIMATE SUMMARY FOR MAY 25 2015...

CLIMATE NORMAL PERIOD 1981 TO 2010
CLIMATE RECORD PERIOD 1998 TO 2015


WEATHER ITEM   OBSERVED TIME   RECORD YEAR NORMAL DEPARTURE
                VALUE   (LST)  VALUE       VALUE  FROM
                                                  NORMAL
...............................................................
TEMPERATURE (F)
 YESTERDAY
  MAXIMUM         89    428 PM  98    2001  86      3
  MINIMUM         59    531 AM  45    2010  55      4
  AVERAGE         74                        71      3

PRECIPITATION (IN)
  YESTERDAY        0.00          0.08 2008   0.01  -0.01
  MONTH TO DATE    0.07                      0.36  -0.29
  SINCE OCT 1      5.04                      9.68  -4.64
  SINCE JAN 1      1.92                      6.55  -4.63

SNOWFALL (IN)
  YESTERDAY        0.0
  MONTH TO DATE    0.0
  SINCE MAR 1      0.0
  SINCE JUL 1      0.0
  SNOW DEPTH       0

DEGREE DAYS
 HEATING
  YESTERDAY        0
  MONTH TO DATE   19
  SINCE MAR 1    169
  SINCE JUL 1   1711

 COOLING
  YESTERDAY        9
  MONTH TO DATE   82
  SINCE MAR 1    235
  SINCE JAN 1    235
...............................................................


WIND (MPH)
  HIGHEST WIND SPEED    17   HIGHEST WIND DIRECTION    NW (310)
  HIGHEST GUST SPEED    22   HIGHEST GUST DIRECTION    NW (300)
  AVERAGE WIND SPEED     7.4




RELATIVE HUMIDITY (PERCENT)
 HIGHEST    72
 LOWEST     24
 AVERAGE    48

..........................................................


THE HANFORD CA CLIMATE NORMALS FOR TODAY
                         NORMAL    RECORD    YEAR
 MAXIMUM TEMPERATURE (F)   87        97      2014
 MINIMUM TEMPERATURE (F)   55        44      2012


SUNRISE AND SUNSET
MAY 26 2015...........SUNRISE   545 AM PDT   SUNSET   807 PM PDT
MAY 27 2015...........SUNRISE   544 AM PDT   SUNSET   807 PM PDT


-  INDICATES NEGATIVE NUMBERS.
R  INDICATES RECORD WAS SET OR TIED.
MM INDICATES DATA IS MISSING.
T  INDICATES TRACE AMOUNT.




$$
