000
CDUS43 KGLD 240039 RRA
CLIHLC

CLIMATE REPORT
NATIONAL WEATHER SERVICE GOODLAND
536 PM MST SUN NOV 23 2014

...................................

...THE HILL CITY KS CLIMATE SUMMARY FOR NOVEMBER 23 2014...
VALID TODAY AS OF 0500 PM LOCAL TIME.

CLIMATE NORMAL PERIOD 1981 TO 2010
CLIMATE RECORD PERIOD 1896 TO 2014

WEATHER ITEM   OBSERVED TIME   RECORD YEAR NORMAL DEPARTURE LAST
                VALUE   (LST)  VALUE       VALUE  FROM      YEAR
                                                  NORMAL
..................................................................
TEMPERATURE (F)
 TODAY
  MAXIMUM         54   1220 AM  72    2005  50      4       32
  MINIMUM         42   1015 AM   2    1941  24     18       16
  AVERAGE         48                        37     11       24

PRECIPITATION (IN)
  TODAY            0.01                      0.03  -0.02     0.00
  MONTH TO DATE    0.02                      0.80  -0.78     0.69
  SINCE SEP 1      1.63                      4.20  -2.57     4.62
  SINCE JAN 1     21.45                     22.08  -0.63    17.56

..................................................................

THE HILL CITY KS CLIMATE NORMALS FOR TOMORROW
                         NORMAL    RECORD    YEAR
 MAXIMUM TEMPERATURE (F)   49        73      1923
 MINIMUM TEMPERATURE (F)   24        -1      1950

-  INDICATES NEGATIVE NUMBERS.
R  INDICATES RECORD WAS SET OR TIED.
MM INDICATES DATA IS MISSING.
T  INDICATES TRACE AMOUNT.

$$
