000
CDUS43 KGLD 300039
CLIHLC

WRKCLIHLC 000
TTAA00 KGLD 300037

CLIMATE REPORT
NATIONAL WEATHER SERVICE GOODLAND
636 PM MDT FRI MAY 29 2015
...................................

...THE HILL CITY KS CLIMATE SUMMARY FOR MAY 29 2015...
VALID TODAY AS OF 0600 PM LOCAL TIME.

CLIMATE NORMAL PERIOD 1981 TO 2010
CLIMATE RECORD PERIOD 1896 TO 2015

WEATHER ITEM   OBSERVED TIME   RECORD YEAR NORMAL DEPARTURE LAST
                VALUE   (LST)  VALUE       VALUE  FROM      YEAR
                                                  NORMAL
..................................................................
TEMPERATURE (F)
 TODAY
  MAXIMUM         79    456 PM 105    1913  80     -1       93
  MINIMUM         53    553 AM  34    1984  54     -1       58
                                      1947
  AVERAGE         66                        67     -1       76

PRECIPITATION (IN)
  TODAY            0.00                      0.13  -0.13     0.00
  MONTH TO DATE    3.43                      3.52  -0.09     0.91
  SINCE MAR 1      7.04                      7.27  -0.23     4.48
  SINCE JAN 1      7.46                      8.24  -0.78     4.94

..................................................................

THE HILL CITY KS CLIMATE NORMALS FOR TOMORROW
                         NORMAL    RECORD    YEAR
 MAXIMUM TEMPERATURE (F)   80       113      1934
 MINIMUM TEMPERATURE (F)   55        35      1992

-  INDICATES NEGATIVE NUMBERS.
R  INDICATES RECORD WAS SET OR TIED.
MM INDICATES DATA IS MISSING.
T  INDICATES TRACE AMOUNT.

$$
