000
CDUS43 KGLD 270853
CLIHLC

CLIMATE REPORT
NATIONAL WEATHER SERVICE GOODLAND
150 AM MST MON FEB 27 2017
...................................

...THE HILL CITY KS CLIMATE SUMMARY FOR FEBRUARY 26 2017...

CLIMATE NORMAL PERIOD 1981 TO 2010
CLIMATE RECORD PERIOD 1896 TO 2017

WEATHER ITEM   OBSERVED TIME   RECORD YEAR NORMAL DEPARTURE LAST
                VALUE   (LST)  VALUE       VALUE  FROM      YEAR
                                                  NORMAL
..................................................................
TEMPERATURE (F)
 YESTERDAY
  MAXIMUM         50    403 PM  80    1995  50      0       65
                                      1986
  MINIMUM         12    735 AM  -9    1960  22    -10       18
  AVERAGE         31                        36     -5       42

PRECIPITATION (IN)
  YESTERDAY        0.00                      0.02  -0.02     0.00
  MONTH TO DATE    0.01                      0.48  -0.47     0.61
  SINCE DEC 1      1.49                      1.62  -0.13     2.75
  SINCE JAN 1      1.07                      0.93   0.14     0.89

..................................................................

THE HILL CITY KS CLIMATE NORMALS FOR TODAY
                         NORMAL    RECORD    YEAR
 MAXIMUM TEMPERATURE (F)   50        79      2016
                                             2006
 MINIMUM TEMPERATURE (F)   23        -4      1960

-  INDICATES NEGATIVE NUMBERS.
R  INDICATES RECORD WAS SET OR TIED.
MM INDICATES DATA IS MISSING.
T  INDICATES TRACE AMOUNT.

$$
