000
CDUS41 KPBZ 192110
CLIHLG


CLIMATE REPORT
NATIONAL WEATHER SERVICE PITTSBURGH PA
510 PM EDT SAT AUG 19 2017


...................................

...THE WHEELING CLIMATE SUMMARY FOR AUGUST 19 2017...
VALID TODAY AS OF 0500 PM LOCAL TIME.

CLIMATE NORMAL PERIOD 1981 TO 2010
CLIMATE RECORD PERIOD 1878 TO 2017


WEATHER ITEM   OBSERVED TIME   RECORD YEAR NORMAL DEPARTURE LAST
                VALUE   (LST)  VALUE       VALUE  FROM      YEAR
                                                  NORMAL
..................................................................
TEMPERATURE (F)
 TODAY
  MAXIMUM         83    234 PM  95    1945  81      2       85
  MINIMUM         64    359 PM  44    1944  61      3       67
                                      1930
                                      1924
  AVERAGE         74                        71      3       76

PRECIPITATION (IN)
  TODAY            0.06          1.57 1941   0.12  -0.06     0.42
  MONTH TO DATE    3.39                      1.98   1.41     4.79
  SINCE JAN 1     33.77                     26.00   7.77    25.22

DEGREE DAYS
 HEATING
  TODAY            0                         0      0        0
  MONTH TO DATE    1                         0      1        0
  SINCE JUN 1     33                        41     -8       14
  SINCE JUL 1      1                         3     -2        2

 COOLING
  TODAY            9                         6      3       11
  MONTH TO DATE  107                       131    -24      248
  SINCE JUN 1    516                       494     22      805
  SINCE JAN 1    585                       540     45      868
..................................................................


WIND (MPH)
  HIGHEST WIND SPEED    38   HIGHEST WIND DIRECTION    NW (310)
  HIGHEST GUST SPEED    54   HIGHEST GUST DIRECTION    NW (300)
  AVERAGE WIND SPEED     7.0


SKY COVER
  POSSIBLE SUNSHINE  MM
  AVERAGE SKY COVER 0.2


WEATHER CONDITIONS
 THE FOLLOWING WEATHER WAS RECORDED TODAY.
  THUNDERSTORM


RELATIVE HUMIDITY (PERCENT)
 HIGHEST    93           200 AM
 LOWEST     51           300 PM
 AVERAGE    72

..........................................................


THE WHEELING CLIMATE NORMALS FOR TOMORROW
                         NORMAL    RECORD    YEAR
 MAXIMUM TEMPERATURE (F)   81        95      1947
                                             1945
                                             1937
 MINIMUM TEMPERATURE (F)   61        42      1932


SUNRISE AND SUNSET
AUGUST 19 2017........SUNRISE   638 AM EDT   SUNSET   814 PM EDT
AUGUST 20 2017........SUNRISE   639 AM EDT   SUNSET   812 PM EDT


-  INDICATES NEGATIVE NUMBERS.
R  INDICATES RECORD WAS SET OR TIED.
MM INDICATES DATA IS MISSING.
T  INDICATES TRACE AMOUNT.




$$
