000
CDUS41 KPBZ 192116
CLIHLG


CLIMATE REPORT
NATIONAL WEATHER SERVICE PITTSBURGH PA
514 PM EDT THU OCT 19  2017


...................................

...THE WHEELING CLIMATE SUMMARY FOR OCTOBER 19 2017...
VALID TODAY AS OF 0500 PM LOCAL TIME.

CLIMATE NORMAL PERIOD 1981 TO 2010
CLIMATE RECORD PERIOD 1878 TO 2017


WEATHER ITEM   OBSERVED TIME   RECORD YEAR NORMAL DEPARTURE LAST
                VALUE   (LST)  VALUE       VALUE  FROM      YEAR
                                                  NORMAL
..................................................................
TEMPERATURE (F)
 TODAY
  MAXIMUM         70    348 PM  80    1938  62      8       79
  MINIMUM         47    638 AM  25    1931  43      4       65
  AVERAGE         59                        52      7       72

PRECIPITATION (IN)
  TODAY            0.00          2.13 1916   0.08  -0.08     0.01
  MONTH TO DATE    1.81                      1.59   0.22     0.46
  SINCE JAN 1     37.47                     31.36   6.11    29.86

DEGREE DAYS
 HEATING
  TODAY            6                        13     -7        0
  MONTH TO DATE   52                       194   -142       95
  SINCE SEP 1    131                       284   -153      105
  SINCE JUL 1    138                       295   -157      107

 COOLING
  TODAY            0                         0      0        7
  MONTH TO DATE   37                        10     27       27
  SINCE SEP 1    129                        80     49      201
  SINCE JAN 1    757                       688     69     1197
..................................................................


WIND (MPH)
  HIGHEST WIND SPEED    17   HIGHEST WIND DIRECTION    SW (230)
  HIGHEST GUST SPEED    24   HIGHEST GUST DIRECTION    SW (210)
  AVERAGE WIND SPEED     9.5


SKY COVER
  POSSIBLE SUNSHINE  MM
  AVERAGE SKY COVER 0.0


WEATHER CONDITIONS
 THE FOLLOWING WEATHER WAS RECORDED TODAY.
  NO SIGNIFICANT WEATHER WAS OBSERVED.


RELATIVE HUMIDITY (PERCENT)
 HIGHEST    76           600 AM
 LOWEST     40           300 PM
 AVERAGE    58

..........................................................


THE WHEELING CLIMATE NORMALS FOR TOMORROW
                         NORMAL    RECORD    YEAR
 MAXIMUM TEMPERATURE (F)   61        81      1939
                                             1920
 MINIMUM TEMPERATURE (F)   43        20      1934


SUNRISE AND SUNSET
OCTOBER 19 2017.......SUNRISE   738 AM EDT   SUNSET   637 PM EDT
OCTOBER 20 2017.......SUNRISE   739 AM EDT   SUNSET   635 PM EDT


-  INDICATES NEGATIVE NUMBERS.
R  INDICATES RECORD WAS SET OR TIED.
MM INDICATES DATA IS MISSING.
T  INDICATES TRACE AMOUNT.




$$
