000
CDUS45 KTFX 240900
CLIHLN


CLIMATE REPORT
NATIONAL WEATHER SERVICE GREAT FALLS MT
259 AM MDT SAT JUN 24 2017


...................................

...THE HELENA MT CLIMATE SUMMARY FOR JUNE 23 2017...

CLIMATE NORMAL PERIOD 1981 TO 2010
CLIMATE RECORD PERIOD 1866 TO 2017


WEATHER ITEM   OBSERVED TIME   RECORD YEAR NORMAL DEPARTURE LAST
                VALUE   (LST)  VALUE       VALUE  FROM      YEAR
                                                  NORMAL
..................................................................
TEMPERATURE (F)
 YESTERDAY
  MAXIMUM         75    422 PM  98    1941  78     -3       93
  MINIMUM         41    440 AM  35    1997  50     -9       52
  AVERAGE         58                        64     -6       73

PRECIPITATION (IN)
  YESTERDAY        0.00          1.82 1907   0.06  -0.06     0.00
  MONTH TO DATE    1.22                      1.68  -0.46     1.30
  SINCE OCT 1      8.03                      7.35   0.68     6.12
  SINCE JAN 1      5.05                      5.78  -0.73     4.42

SNOWFALL (IN)
  YESTERDAY        0.0           T    1906   0.0    0.0      0.0
                                      2001
                                      1995
  MONTH TO DATE    0.0                       0.0    0.0      0.0
  SINCE JUN 1      0.0                       0.0    0.0      0.0
  SINCE JUL 1     51.5                      38.1   13.4     14.8
  SNOW DEPTH       0

DEGREE DAYS
 HEATING
  YESTERDAY        7                         3      4        0
  MONTH TO DATE   72                       117    -45       51
  SINCE JUN 1     72                       117    -45       51
  SINCE JUL 1   7422                      7522   -100     6547

 COOLING
  YESTERDAY        0                         2     -2        8
  MONTH TO DATE   36                        29      7       64
  SINCE JUN 1     36                        29      7       64
  SINCE JAN 1     45                        37      8       64
..................................................................


WIND (MPH)
  HIGHEST WIND SPEED    15   HIGHEST WIND DIRECTION    NE (30)
  HIGHEST GUST SPEED    24   HIGHEST GUST DIRECTION    NE (30)
  AVERAGE WIND SPEED     5.1


SKY COVER
  AVERAGE SKY COVER 0.0


WEATHER CONDITIONS
 THE FOLLOWING WEATHER WAS RECORDED YESTERDAY.
  NO SIGNIFICANT WEATHER WAS OBSERVED.


RELATIVE HUMIDITY (PERCENT)
 HIGHEST    76           400 AM
 LOWEST     22          1200 PM
 AVERAGE    49

..........................................................


THE HELENA MT CLIMATE NORMALS FOR TODAY
                         NORMAL    RECORD    YEAR
 MAXIMUM TEMPERATURE (F)   79        98      2012
 MINIMUM TEMPERATURE (F)   50        36      1905


SUNRISE AND SUNSET
JUNE 24 2017..........SUNRISE   536 AM MDT   SUNSET   925 PM MDT
JUNE 25 2017..........SUNRISE   536 AM MDT   SUNSET   925 PM MDT


-  INDICATES NEGATIVE NUMBERS.
R  INDICATES RECORD WAS SET OR TIED.
MM INDICATES DATA IS MISSING.
T  INDICATES TRACE AMOUNT.




$$
