000
CDUS45 KTFX 281009
CLIHLN


CLIMATE REPORT
NATIONAL WEATHER SERVICE GREAT FALLS MT
408 AM MDT THU AUG 28 2014


...................................

...THE HELENA MT CLIMATE SUMMARY FOR AUGUST 27 2014...

CLIMATE NORMAL PERIOD 1981 TO 2010
CLIMATE RECORD PERIOD 1866 TO 2014


WEATHER ITEM   OBSERVED TIME   RECORD YEAR NORMAL DEPARTURE LAST
                VALUE   (LST)  VALUE       VALUE  FROM      YEAR
                                                  NORMAL
..................................................................
TEMPERATURE (F)
 YESTERDAY
  MAXIMUM         85    458 PM  98    2001  81      4       89
  MINIMUM         48    550 AM  37    1993  50     -2       55
  AVERAGE         67                        65      2       72

PRECIPITATION (IN)
  YESTERDAY        0.00          0.64 1925   0.04  -0.04     0.00
  MONTH TO DATE    2.10                      1.04   1.06     1.65
  SINCE OCT 1      9.85                      9.96  -0.11    11.36
  SINCE JAN 1      8.85                      8.39   0.46     8.06

SNOWFALL (IN)
  YESTERDAY        0.0           0.0  1999   0.0    0.0      0.0
                                      1995
  MONTH TO DATE    0.0                       0.2   -0.2      0.0
  SINCE JUN 1      0.0                       0.2   -0.2      0.0
  SINCE JUL 1      0.0                       0.2   -0.2      0.0
  SNOW DEPTH       0

DEGREE DAYS
 HEATING
  YESTERDAY        0                         2     -2        0
  MONTH TO DATE   43                        28     15        3
  SINCE JUN 1    170                       191    -21      149
  SINCE JUL 1     43                        55    -12        3

 COOLING
  YESTERDAY        2                         3     -1        7
  MONTH TO DATE  169                       136     33      176
  SINCE JUN 1    436                       366     70      477
  SINCE JAN 1    440                       374     66      484
..................................................................


WIND (MPH)
  HIGHEST WIND SPEED    16   HIGHEST WIND DIRECTION     W (250)
  HIGHEST GUST SPEED    21   HIGHEST GUST DIRECTION     W (270)
  AVERAGE WIND SPEED     5.1


SKY COVER
  AVERAGE SKY COVER 0.0


WEATHER CONDITIONS
 THE FOLLOWING WEATHER WAS RECORDED YESTERDAY.
  NO SIGNIFICANT WEATHER WAS OBSERVED.


RELATIVE HUMIDITY (PERCENT)
 HIGHEST    86           600 AM
 LOWEST     23           300 PM
 AVERAGE    55

..........................................................


THE HELENA MT CLIMATE NORMALS FOR TODAY
                         NORMAL    RECORD    YEAR
 MAXIMUM TEMPERATURE (F)   81        97      2012
 MINIMUM TEMPERATURE (F)   49        36      1977


SUNRISE AND SUNSET
AUGUST 28 2014........SUNRISE   643 AM MDT   SUNSET   815 PM MDT
AUGUST 29 2014........SUNRISE   644 AM MDT   SUNSET   813 PM MDT


-  INDICATES NEGATIVE NUMBERS.
R  INDICATES RECORD WAS SET OR TIED.
MM INDICATES DATA IS MISSING.
T  INDICATES TRACE AMOUNT.




$$
