000
CDUS45 KTFX 152230
CLIHLN


CLIMATE REPORT
NATIONAL WEATHER SERVICE GREAT FALLS MT
430 PM MDT MON SEP 15 2014


...................................

...THE HELENA MT CLIMATE SUMMARY FOR SEPTEMBER 15 2014...
VALID TODAY AS OF 0400 PM LOCAL TIME.

CLIMATE NORMAL PERIOD 1981 TO 2010
CLIMATE RECORD PERIOD 1866 TO 2014


WEATHER ITEM   OBSERVED TIME   RECORD YEAR NORMAL DEPARTURE LAST
                VALUE   (LST)  VALUE       VALUE  FROM      YEAR
                                                  NORMAL
..................................................................
TEMPERATURE (F)
 TODAY
  MAXIMUM         78    259 PM  94    2000  73      5       84
  MINIMUM         36    640 AM  22    1970  43     -7       51
  AVERAGE         57                        58     -1       68

PRECIPITATION (IN)
  TODAY            0.00          0.80 1987   0.04  -0.04     0.00
  MONTH TO DATE    0.17                      0.60  -0.43     0.16
  SINCE OCT 1     10.03                     10.72  -0.69    11.58
  SINCE JAN 1      9.03                      9.15  -0.12     8.28

SNOWFALL (IN)
  TODAY            0.0           1.4  1965   0.0    0.0      0.0
  MONTH TO DATE    T                         0.5   -0.5      0.0
  SINCE SEP 1      T                         0.5   -0.5      0.0
  SINCE JUL 1      T                         0.8   -0.8      0.0
  SNOW DEPTH       0

DEGREE DAYS
 HEATING
  TODAY            8                         8      0        0
  MONTH TO DATE  144                        82     62        0
  SINCE SEP 1    144                        82     62        0
  SINCE JUL 1    191                       151     40        3

 COOLING
  TODAY            0                         1     -1        3
  MONTH TO DATE    1                        20    -19       75
  SINCE SEP 1      1                        20    -19       75
  SINCE JAN 1    449                       403     46      584
..................................................................


WIND (MPH)
  HIGHEST WIND SPEED     9   HIGHEST WIND DIRECTION     E (80)
  HIGHEST GUST SPEED    14   HIGHEST GUST DIRECTION     E (80)
  AVERAGE WIND SPEED     1.4


SKY COVER
  AVERAGE SKY COVER 0.0


WEATHER CONDITIONS
 THE FOLLOWING WEATHER WAS RECORDED TODAY.
  NO SIGNIFICANT WEATHER WAS OBSERVED.


RELATIVE HUMIDITY (PERCENT)
 HIGHEST    79           700 AM
 LOWEST     23           300 PM
 AVERAGE    51

..........................................................


THE HELENA MT CLIMATE NORMALS FOR TOMORROW
                         NORMAL    RECORD    YEAR
 MAXIMUM TEMPERATURE (F)   72        92      2009
 MINIMUM TEMPERATURE (F)   43        27      1965


SUNRISE AND SUNSET
SEPTEMBER 15 2014.....SUNRISE   706 AM MDT   SUNSET   739 PM MDT
SEPTEMBER 16 2014.....SUNRISE   707 AM MDT   SUNSET   737 PM MDT


-  INDICATES NEGATIVE NUMBERS.
R  INDICATES RECORD WAS SET OR TIED.
MM INDICATES DATA IS MISSING.
T  INDICATES TRACE AMOUNT.




$$
