000
CDHW40 PHFO 161245
CLIHNL


CLIMATE REPORT
NATIONAL WEATHER SERVICE HONOLULU HI
245 AM HST WED APR 16 2014


...................................

...THE HONOLULU HI CLIMATE SUMMARY FOR APRIL 15 2014...

CLIMATE NORMAL PERIOD 1981 TO 2010
CLIMATE RECORD PERIOD 1946 TO 2014


WEATHER ITEM   OBSERVED TIME   RECORD YEAR NORMAL DEPARTURE LAST
                VALUE   (LST)  VALUE       VALUE  FROM      YEAR
                                                  NORMAL
..................................................................
TEMPERATURE (F)
 YESTERDAY
  MAXIMUM         83    244 PM  87    2005  83      0       78
                                      1996
  MINIMUM         71    827 PM  63    1959  69      2       70
  AVERAGE         77                        76      1       74

PRECIPITATION (IN)
  YESTERDAY        T             1.51 1963   0.01  -0.01     0.01
  MONTH TO DATE    0.16                      0.41  -0.25     0.78
  SINCE MAR 1      2.77                      2.43   0.34     3.73
  SINCE JAN 1      6.45                      6.73  -0.28     6.80

SNOWFALL (IN)
  YESTERDAY        0.0
  MONTH TO DATE    0.0
  SINCE MAR 1      0.0
  SINCE JUL 1      0.0
  SNOW DEPTH       0

DEGREE DAYS
 HEATING
  YESTERDAY        0                         0      0        0
  MONTH TO DATE    0                         0      0        0
  SINCE MAR 1      0                         0      0        0
  SINCE JUL 1      0                         0      0        0

 COOLING
  YESTERDAY       12                        11      1        9
  MONTH TO DATE  173                       165      8      149
  SINCE MAR 1    482                       458     24      406
  SINCE JAN 1   1001                       940     61      904
..................................................................


WIND (MPH)
  HIGHEST WIND SPEED    22   HIGHEST WIND DIRECTION    NE (40)
  HIGHEST GUST SPEED    31   HIGHEST GUST DIRECTION    NE (50)
  AVERAGE WIND SPEED    12.0


SKY COVER
  POSSIBLE SUNSHINE  MM
  AVERAGE SKY COVER 0.6


WEATHER CONDITIONS
 THE FOLLOWING WEATHER WAS RECORDED YESTERDAY.
  LIGHT RAIN


RELATIVE HUMIDITY (PERCENT)
 HIGHEST    84           800 PM
 LOWEST     47           200 PM
 AVERAGE    66

..........................................................


THE HONOLULU HI CLIMATE NORMALS FOR TODAY
                         NORMAL    RECORD    YEAR
 MAXIMUM TEMPERATURE (F)   83        88      1988
 MINIMUM TEMPERATURE (F)   69        63      1959
                                             1949


SUNRISE AND SUNSET
APRIL 16 2014.........SUNRISE   612 AM HST   SUNSET   652 PM HST
APRIL 17 2014.........SUNRISE   611 AM HST   SUNSET   652 PM HST


-  INDICATES NEGATIVE NUMBERS.
R  INDICATES RECORD WAS SET OR TIED.
MM INDICATES DATA IS MISSING.
T  INDICATES TRACE AMOUNT.




$$
