000
CDHW40 PHFO 281245
CLIHNL


CLIMATE REPORT
NATIONAL WEATHER SERVICE HONOLULU HI
245 AM HST MON JUL 28 2014


...................................

...THE HONOLULU HI CLIMATE SUMMARY FOR JULY 27 2014...

CLIMATE NORMAL PERIOD 1981 TO 2010
CLIMATE RECORD PERIOD 1946 TO 2014


WEATHER ITEM   OBSERVED TIME   RECORD YEAR NORMAL DEPARTURE LAST
                VALUE   (LST)  VALUE       VALUE  FROM      YEAR
                                                  NORMAL
..................................................................
TEMPERATURE (F)
 YESTERDAY
  MAXIMUM         89    107 PM  91    1995  88      1       87
                                      1987
                                      1984
  MINIMUM         77    624 AM  70    1955  75      2       74
  AVERAGE         83                        82      1       81

PRECIPITATION (IN)
  YESTERDAY        T             0.74 1963   0.02  -0.02      T
  MONTH TO DATE    1.12                      0.43   0.69     0.14
  SINCE JUN 1      1.70                      0.69   1.01     0.31
  SINCE JAN 1     11.67                      8.26   3.41     8.77

SNOWFALL (IN)
  YESTERDAY        0.0
  MONTH TO DATE    0.0
  SINCE JUN 1      0.0
  SINCE JUL 1      0.0
  SNOW DEPTH       0

DEGREE DAYS
 HEATING
  YESTERDAY        0                         0      0        0
  MONTH TO DATE    0                         0      0        0
  SINCE JUN 1      0                         0      0        0
  SINCE JUL 1      0                         0      0        0

 COOLING
  YESTERDAY       18                        17      1       16
  MONTH TO DATE  466                       433     33      418
  SINCE JUN 1    929                       889     40      827
  SINCE JAN 1   2538                      2391    147     2287
..................................................................


WIND (MPH)
  HIGHEST WIND SPEED    18   HIGHEST WIND DIRECTION    NE (50)
  HIGHEST GUST SPEED    24   HIGHEST GUST DIRECTION    NE (40)
  AVERAGE WIND SPEED    10.1


SKY COVER
  POSSIBLE SUNSHINE  MM
  AVERAGE SKY COVER 0.5


WEATHER CONDITIONS
 THE FOLLOWING WEATHER WAS RECORDED YESTERDAY.
  NO SIGNIFICANT WEATHER WAS OBSERVED.


RELATIVE HUMIDITY (PERCENT)
 HIGHEST    88          1200 AM
 LOWEST     50          1200 PM
 AVERAGE    69

..........................................................


THE HONOLULU HI CLIMATE NORMALS FOR TODAY
                         NORMAL    RECORD    YEAR
 MAXIMUM TEMPERATURE (F)   88        92      1987
 MINIMUM TEMPERATURE (F)   75        69      2010


SUNRISE AND SUNSET
JULY 28 2014..........SUNRISE   604 AM HST   SUNSET   713 PM HST
JULY 29 2014..........SUNRISE   604 AM HST   SUNSET   712 PM HST


-  INDICATES NEGATIVE NUMBERS.
R  INDICATES RECORD WAS SET OR TIED.
MM INDICATES DATA IS MISSING.
T  INDICATES TRACE AMOUNT.




$$
