000
CDHW40 PHFO 231245
CLIHNL


CLIMATE REPORT
NATIONAL WEATHER SERVICE HONOLULU HI
245 AM HST TUE MAY 23 2017


...................................

...THE HONOLULU HI CLIMATE SUMMARY FOR MAY 22 2017...

CLIMATE NORMAL PERIOD 1981 TO 2010
CLIMATE RECORD PERIOD 1946 TO 2017


WEATHER ITEM   OBSERVED TIME   RECORD YEAR NORMAL DEPARTURE LAST
                VALUE   (LST)  VALUE       VALUE  FROM      YEAR
                                                  NORMAL
..................................................................
TEMPERATURE (F)
 YESTERDAY
  MAXIMUM         87    149 PM  91    1996  85      2       86
  MINIMUM         74    512 AM  64    1983  71      3       76
  AVERAGE         81                        78      3       81

PRECIPITATION (IN)
  YESTERDAY        0.00          0.46 1997   0.02  -0.02     0.00
  MONTH TO DATE    0.09                      0.48  -0.39     0.05
  SINCE MAR 1      5.89                      3.13   2.76     0.49
  SINCE JAN 1     13.22                      7.43   5.79     0.92

SNOWFALL (IN)
  YESTERDAY        0.0
  MONTH TO DATE    0.0
  SINCE MAR 1      0.0
  SINCE JUL 1      0.0
  SNOW DEPTH      MM

DEGREE DAYS
 HEATING
  YESTERDAY        0                         0      0        0
  MONTH TO DATE    0                         0      0        0
  SINCE MAR 1      0                         0      0        0
  SINCE JUL 1      0                         0      0        0

 COOLING
  YESTERDAY       16                        13      3       16
  MONTH TO DATE  310                       272     38      316
  SINCE MAR 1   1060                       897    163     1014
  SINCE JAN 1   1587                      1379    208     1596
..................................................................


WIND (MPH)
  HIGHEST WIND SPEED    24   HIGHEST WIND DIRECTION    NE (60)
  HIGHEST GUST SPEED    36   HIGHEST GUST DIRECTION    NE (60)
  AVERAGE WIND SPEED    13.9


SKY COVER
  POSSIBLE SUNSHINE  MM
  AVERAGE SKY COVER  MM


WEATHER CONDITIONS
 THE FOLLOWING WEATHER WAS RECORDED YESTERDAY.
  NO SIGNIFICANT WEATHER WAS OBSERVED.


RELATIVE HUMIDITY (PERCENT)
 HIGHEST    MM
 LOWEST     MM
 AVERAGE    MM

..........................................................


THE HONOLULU HI CLIMATE NORMALS FOR TODAY
                         NORMAL    RECORD    YEAR
 MAXIMUM TEMPERATURE (F)   85        91      1995
 MINIMUM TEMPERATURE (F)   72        65      1983
                                             1979


SUNRISE AND SUNSET
MAY 23 2017...........SUNRISE   551 AM HST   SUNSET   707 PM HST
MAY 24 2017...........SUNRISE   550 AM HST   SUNSET   707 PM HST


-  INDICATES NEGATIVE NUMBERS.
R  INDICATES RECORD WAS SET OR TIED.
MM INDICATES DATA IS MISSING.
T  INDICATES TRACE AMOUNT.




$$
