000
CDHW40 PHFO 310238
CLIHNL


CLIMATE REPORT
NATIONAL WEATHER SERVICE HONOLULU HI
436 PM HST FRI JAN 30 2015


...................................

...THE HONOLULU HI CLIMATE SUMMARY FOR JANUARY 30 2015...
VALID TODAY AS OF 0400 PM LOCAL TIME.

CLIMATE NORMAL PERIOD 1981 TO 2010
CLIMATE RECORD PERIOD 1946 TO 2015


WEATHER ITEM   OBSERVED TIME   RECORD YEAR NORMAL DEPARTURE LAST
                VALUE   (LST)  VALUE       VALUE  FROM      YEAR
                                                  NORMAL
..................................................................
TEMPERATURE (F)
 TODAY
  MAXIMUM         80   1133 AM  84    1995  80      0       80
                                      1970
                                      1959
  MINIMUM         65    625 AM  56    1993  66     -1       67
                                      1972
  AVERAGE         73                        73      0       74

PRECIPITATION (IN)
  TODAY            0.00          1.70 1937   0.06  -0.06     0.00
  MONTH TO DATE    0.93                      2.24  -1.31     2.35
  SINCE DEC 1      2.00                      5.48  -3.48     5.99
  SINCE JAN 1      0.93                      2.24  -1.31     2.35

SNOWFALL (IN)
  TODAY            0.0
  MONTH TO DATE    0.0
  SINCE DEC 1      0.0
  SINCE JUL 1      0.0
  SNOW DEPTH       0

DEGREE DAYS
 HEATING
  TODAY            0                         0      0        0
  MONTH TO DATE    0                         0      0        0
  SINCE DEC 1      0                         0      0        0
  SINCE JUL 1      0                         0      0        0

 COOLING
  TODAY            8                         8      0        9
  MONTH TO DATE  222                       242    -20      237
  SINCE DEC 1    506                       544    -38      572
  SINCE JAN 1    222                       242    -20      237
..................................................................


WIND (MPH)
  HIGHEST WIND SPEED    13   HIGHEST WIND DIRECTION    SW (220)
  HIGHEST GUST SPEED    15   HIGHEST GUST DIRECTION     S (200)
  AVERAGE WIND SPEED     4.9


SKY COVER
  POSSIBLE SUNSHINE  MM
  AVERAGE SKY COVER 0.4


WEATHER CONDITIONS
 THE FOLLOWING WEATHER WAS RECORDED TODAY.
  NO SIGNIFICANT WEATHER WAS OBSERVED.


RELATIVE HUMIDITY (PERCENT)
 HIGHEST   100          1200 AM
 LOWEST     54          1100 AM
 AVERAGE    77

..........................................................


THE HONOLULU HI CLIMATE NORMALS FOR TOMORROW
                         NORMAL    RECORD    YEAR
 MAXIMUM TEMPERATURE (F)   80        85      1970
 MINIMUM TEMPERATURE (F)   66        53      1998
                                             1972


SUNRISE AND SUNSET
JANUARY 30 2015.......SUNRISE   710 AM HST   SUNSET   621 PM HST
JANUARY 31 2015.......SUNRISE   709 AM HST   SUNSET   621 PM HST


-  INDICATES NEGATIVE NUMBERS.
R  INDICATES RECORD WAS SET OR TIED.
MM INDICATES DATA IS MISSING.
T  INDICATES TRACE AMOUNT.




$$
