000
CDHW40 PHFO 070250
CLIHNL


CLIMATE REPORT
NATIONAL WEATHER SERVICE HONOLULU HI
440 PM HST FRI MAR 6 2015


...................................

...THE HONOLULU HI CLIMATE SUMMARY FOR MARCH 6 2015...
VALID TODAY AS OF 0400 PM LOCAL TIME.

CLIMATE NORMAL PERIOD 1981 TO 2010
CLIMATE RECORD PERIOD 1946 TO 2015


WEATHER ITEM   OBSERVED TIME   RECORD YEAR NORMAL DEPARTURE LAST
                VALUE   (LST)  VALUE       VALUE  FROM      YEAR
                                                  NORMAL
..................................................................
TEMPERATURE (F)
 TODAY
  MAXIMUM         76    143 PM  87    1986  81     -5       80
  MINIMUM         63    658 AM  59    1987  67     -4       65
  AVERAGE         70                        74     -4       73

PRECIPITATION (IN)
  TODAY            0.00          2.55 1958   0.07  -0.07     0.28
  MONTH TO DATE    0.28                      0.40  -0.12     1.05
  SINCE MAR 1      0.28                      0.40  -0.12     1.05
  SINCE JAN 1      2.08                      4.70  -2.62     4.73

SNOWFALL (IN)
  TODAY            0.0
  MONTH TO DATE    0.0
  SINCE MAR 1      0.0
  SINCE JUL 1      0.0
  SNOW DEPTH       0

DEGREE DAYS
 HEATING
  TODAY            0                         0      0        0
  MONTH TO DATE    0                         0      0        0
  SINCE MAR 1      0                         0      0        0
  SINCE JUL 1      0                         0      0        0

 COOLING
  TODAY            5                         9     -4        8
  MONTH TO DATE   58                        53      5       44
  SINCE MAR 1     58                        53      5       44
  SINCE JAN 1    568                       535     33      563
..................................................................


WIND (MPH)
  HIGHEST WIND SPEED    22   HIGHEST WIND DIRECTION    NE (40)
  HIGHEST GUST SPEED    29   HIGHEST GUST DIRECTION    NE (30)
  AVERAGE WIND SPEED    12.6


SKY COVER
  POSSIBLE SUNSHINE  MM
  AVERAGE SKY COVER 0.5


WEATHER CONDITIONS
 THE FOLLOWING WEATHER WAS RECORDED TODAY.
  NO SIGNIFICANT WEATHER WAS OBSERVED.


RELATIVE HUMIDITY (PERCENT)
 HIGHEST    87           100 AM
 LOWEST     54           200 PM
 AVERAGE    71

..........................................................


THE HONOLULU HI CLIMATE NORMALS FOR TOMORROW
                         NORMAL    RECORD    YEAR
 MAXIMUM TEMPERATURE (F)   81        85      1986
                                             1978
                                             1970
 MINIMUM TEMPERATURE (F)   67        60      1984
                                             1954


SUNRISE AND SUNSET
MARCH  6 2015.........SUNRISE   648 AM HST   SUNSET   638 PM HST
MARCH  7 2015.........SUNRISE   647 AM HST   SUNSET   638 PM HST


-  INDICATES NEGATIVE NUMBERS.
R  INDICATES RECORD WAS SET OR TIED.
MM INDICATES DATA IS MISSING.
T  INDICATES TRACE AMOUNT.




$$
