000
CDUS43 KFSD 240638
CLIHON


CLIMATE REPORT
NATIONAL WEATHER SERVICE SIOUX FALLS SD
138 AM CDT TUE OCT 24 2017


...................................

...THE HURON SD CLIMATE SUMMARY FOR OCTOBER 23 2017...

CLIMATE NORMAL PERIOD 1981 TO 2010
CLIMATE RECORD PERIOD 1881 TO 2017


WEATHER ITEM   OBSERVED TIME   RECORD YEAR NORMAL DEPARTURE LAST
                VALUE   (LST)  VALUE       VALUE  FROM      YEAR
                                                  NORMAL
..................................................................
TEMPERATURE (F)
 YESTERDAY
  MAXIMUM         59    216 PM  83    1927  57      2       58
  MINIMUM         41   1142 PM   6    1917  33      8       32
  AVERAGE         50                        45      5       45

PRECIPITATION (IN)
  YESTERDAY        T             0.94 1995   0.05  -0.05     0.00
  MONTH TO DATE    1.74                      1.42   0.32     0.98
  SINCE SEP 1      7.71                      3.88   3.83     2.27
  SINCE JAN 1     20.02                     21.14  -1.12    16.82

SNOWFALL (IN)
  YESTERDAY        0.0           8.6  1995   0.0    0.0      0.0
  MONTH TO DATE    0.0                       0.5   -0.5      0.0
  SINCE SEP 1      0.0                       0.5   -0.5      0.0
  SINCE JUL 1      0.0                       0.5   -0.5      0.0
  SNOW DEPTH       0

DEGREE DAYS
 HEATING
  YESTERDAY       15                        20     -5       20
  MONTH TO DATE  295                       357    -62      290
  SINCE SEP 1    418                       524   -106      390
  SINCE JUL 1    427                       553   -126      407

 COOLING
  YESTERDAY        0                         0      0        0
  MONTH TO DATE    3                         0      3        4
  SINCE SEP 1    110                        69     41       80
  SINCE JAN 1    730                       738     -8      886
..................................................................


WIND (MPH)
  HIGHEST WIND SPEED    36   HIGHEST WIND DIRECTION    NW (330)
  HIGHEST GUST SPEED    46   HIGHEST GUST DIRECTION    NW (320)
  AVERAGE WIND SPEED    22.9


SKY COVER
  POSSIBLE SUNSHINE  MM
  AVERAGE SKY COVER 0.4


WEATHER CONDITIONS
 THE FOLLOWING WEATHER WAS RECORDED YESTERDAY.
  LIGHT RAIN


RELATIVE HUMIDITY (PERCENT)
 HIGHEST    71           800 AM
 LOWEST     39           100 PM
 AVERAGE    55

..........................................................


THE HURON SD CLIMATE NORMALS FOR TODAY
                         NORMAL    RECORD    YEAR
 MAXIMUM TEMPERATURE (F)   57        84      1989
 MINIMUM TEMPERATURE (F)   32         8      1887


SUNRISE AND SUNSET
OCTOBER 24 2017.......SUNRISE   800 AM CDT   SUNSET   634 PM CDT
OCTOBER 25 2017.......SUNRISE   801 AM CDT   SUNSET   632 PM CDT


-  INDICATES NEGATIVE NUMBERS.
R  INDICATES RECORD WAS SET OR TIED.
MM INDICATES DATA IS MISSING.
T  INDICATES TRACE AMOUNT.




$$
