000
CDUS44 KHGX 191312
CLIHOU

CLIMATE REPORT
NATIONAL WEATHER SERVICE HOUSTON/GALVESTON TX
810 AM CDT SAT AUG 19 2017


...MORNING CLIMATE DATA...

                            MORNING LOW    PRECIP SINCE MIDNIGHT
HOUSTON INTERCONTINENTAL         78                0.00
GALVESTON SCHOLES FIELD          82                0.00
BRYAN/COLLEGE STATION            77                0.00
HOUSTON HOBBY                    80                0.00
...................................

...THE HOUSTON INTERCONTINENTAL CLIMATE SUMMARY FOR AUGUST 18 2017...

CLIMATE NORMAL PERIOD 1981 TO 2010
CLIMATE RECORD PERIOD 1892 TO 2017


WEATHER ITEM   OBSERVED TIME   RECORD YEAR NORMAL DEPARTURE LAST
                VALUE   (LST)  VALUE       VALUE  FROM      YEAR
                                                  NORMAL
..................................................................
TEMPERATURE (F)
 YESTERDAY
  MAXIMUM         99    415 PM 108    1909  95      4       88
  MINIMUM         78    615 AM  62    1992  75      3       74
  AVERAGE         89                        85      4       81

PRECIPITATION (IN)
  YESTERDAY        0.00          6.69 1983   0.13  -0.13     0.19
  MONTH TO DATE    7.70                      1.96   5.74     7.89
  SINCE JUN 1     21.18                     11.68   9.50    22.10
  SINCE JAN 1     39.41                     30.07   9.34    51.05

DEGREE DAYS
 COOLING
  YESTERDAY       24                        20      4       16
  MONTH TO DATE  372                       360     12      380
  SINCE JUN 1   1529                      1481     48     1593
  SINCE JAN 1   2438                      2133    305     2174
..................................................................


WIND (MPH)
  HIGHEST WIND SPEED    17   HIGHEST WIND DIRECTION    SE (140)
  HIGHEST GUST SPEED    20   HIGHEST GUST DIRECTION    SE (140)




RELATIVE HUMIDITY (PERCENT)
 HIGHEST    91
 LOWEST     42
 AVERAGE    67

..........................................................


THE HOUSTON INTERCONTINENTAL CLIMATE NORMALS FOR TODAY
                         NORMAL    RECORD    YEAR
 MAXIMUM TEMPERATURE (F)   95       107      1909
 MINIMUM TEMPERATURE (F)   75        69      2000
                                             1992
                                             1976


SUNRISE AND SUNSET
AUGUST 19 2017........SUNRISE   651 AM CDT   SUNSET   758 PM CDT
AUGUST 20 2017........SUNRISE   652 AM CDT   SUNSET   757 PM CDT


-  INDICATES NEGATIVE NUMBERS.
R  INDICATES RECORD WAS SET OR TIED.
MM INDICATES DATA IS MISSING.
T  INDICATES TRACE AMOUNT.


&&

...................................

...THE HOUSTON/HOBBY AIRPORT CLIMATE SUMMARY FOR AUGUST 18 2017...

CLIMATE NORMAL PERIOD 1981 TO 2010
CLIMATE RECORD PERIOD 1930 TO 2017


WEATHER ITEM   OBSERVED TIME   RECORD YEAR NORMAL DEPARTURE LAST
                VALUE   (LST)  VALUE       VALUE  FROM      YEAR
                                                  NORMAL
..................................................................
TEMPERATURE (F)
 YESTERDAY
  MAXIMUM        100    234 PM 102    2011  93      7       86
  MINIMUM         80    605 AM  67    1963  76      4       77
  AVERAGE         90                        84      6       82

PRECIPITATION (IN)
  YESTERDAY        0.01          0.93 1989   0.17  -0.16     0.74
  MONTH TO DATE    1.86                      2.58  -0.72     5.23
  SINCE JUN 1     10.18                     14.34  -4.16    19.47
  SINCE JAN 1     30.11                     32.62  -2.51    44.32

DEGREE DAYS
 COOLING
  YESTERDAY       25                        19      6       17
  MONTH TO DATE  408                       342     66      386
  SINCE JUN 1   1623                      1435    188     1619
  SINCE JAN 1   2557                      2089    468     2390
..................................................................


WIND (MPH)
  HIGHEST WIND SPEED    15   HIGHEST WIND DIRECTION    SE (120)
  HIGHEST GUST SPEED    21   HIGHEST GUST DIRECTION    SE (130)




RELATIVE HUMIDITY (PERCENT)
 HIGHEST    85
 LOWEST     42
 AVERAGE    64

..........................................................


THE HOUSTON/HOBBY AIRPORT CLIMATE NORMALS FOR TODAY
                         NORMAL    RECORD    YEAR
 MAXIMUM TEMPERATURE (F)   93       103      2011
 MINIMUM TEMPERATURE (F)   76        69      1938


SUNRISE AND SUNSET
AUGUST 19 2017........SUNRISE   651 AM CDT   SUNSET   757 PM CDT
AUGUST 20 2017........SUNRISE   652 AM CDT   SUNSET   756 PM CDT


-  INDICATES NEGATIVE NUMBERS.
R  INDICATES RECORD WAS SET OR TIED.
MM INDICATES DATA IS MISSING.
T  INDICATES TRACE AMOUNT.

...MISCELLANEOUS CLIMATE DATA FOR YESTERDAY...

LOCATION                        HIGH    LOW     PRECIP
PEARLAND                         98      80      0.00
SUGAR LAND                       98      77      0.00
TOMBALL                          97      77      0.00
CONROE                           97      73      0.00
HUNTSVILLE                       99      78      0.00
ANGLETON/LAKE JACKSON            96      76      0.00
PALACIOS                         91      81      0.00
LEAGUE CITY (NWS)                95      79      0.00


THIS PRODUCT...ALONG WITH OTHER WEATHER...HYDROLOGIC...AND CLIMATE
PRODUCTS...IS AVAILABLE ON THE WEB AT HTTP://WWW.WEATHER.GOV/HGX

$$
