000
CDUS44 KHGX 031312
CLIHOU

CLIMATE REPORT
NATIONAL WEATHER SERVICE HOUSTON/GALVESTON TX
810 AM CDT MON AUG 3 2015


...MORNING CLIMATE DATA...

                            MORNING LOW    PRECIP SINCE MIDNIGHT
HOUSTON INTERCONTINENTAL         73                0.00
GALVESTON SCHOLES FIELD          82                0.00
BRYAN/COLLEGE STATION            74                0.00
HOUSTON HOBBY                    76                0.00
...................................

...THE HOUSTON INTERCONTINENTAL CLIMATE SUMMARY FOR AUGUST 2 2015...

CLIMATE NORMAL PERIOD 1981 TO 2010
CLIMATE RECORD PERIOD 1892 TO 2015


WEATHER ITEM   OBSERVED TIME   RECORD YEAR NORMAL DEPARTURE LAST
                VALUE   (LST)  VALUE       VALUE  FROM      YEAR
                                                  NORMAL
..................................................................
TEMPERATURE (F)
 YESTERDAY
  MAXIMUM         99    322 PM 104    1998  95      4       82
  MINIMUM         72    602 AM  68    1891  75     -3       71
  AVERAGE         86                        85      1       77

PRECIPITATION (IN)
  YESTERDAY        0.00          1.65 1974   0.10  -0.10     0.00
  MONTH TO DATE    0.00                      0.20  -0.20     0.01
  SINCE JUN 1     12.00                      9.92   2.08     7.59
  SINCE JAN 1     42.44                     28.31  14.13    26.66

DEGREE DAYS
 COOLING
  YESTERDAY       21                        20      1       12
  MONTH TO DATE   41                        40      1       27
  SINCE JUN 1   1224                      1161     63     1148
  SINCE JAN 1   1916                      1813    103     1689
..................................................................


WIND (MPH)
  HIGHEST WIND SPEED    14   HIGHEST WIND DIRECTION    SE (140)
  HIGHEST GUST SPEED    20   HIGHEST GUST DIRECTION     E (100)




RELATIVE HUMIDITY (PERCENT)
 HIGHEST    87
 LOWEST     27
 AVERAGE    57

..........................................................


THE HOUSTON INTERCONTINENTAL CLIMATE NORMALS FOR TODAY
                         NORMAL    RECORD    YEAR
 MAXIMUM TEMPERATURE (F)   95       103      1998
 MINIMUM TEMPERATURE (F)   75        66      1949
                                             1892
                                             1891


SUNRISE AND SUNSET
AUGUST  3 2015........SUNRISE   642 AM CDT   SUNSET   813 PM CDT
AUGUST  4 2015........SUNRISE   642 AM CDT   SUNSET   812 PM CDT


-  INDICATES NEGATIVE NUMBERS.
R  INDICATES RECORD WAS SET OR TIED.
MM INDICATES DATA IS MISSING.
T  INDICATES TRACE AMOUNT.



&&
...................................

...THE HOUSTON/HOBBY AIRPORT CLIMATE SUMMARY FOR AUGUST 2 2015...

CLIMATE NORMAL PERIOD 1981 TO 2010
CLIMATE RECORD PERIOD 1930 TO 2015


WEATHER ITEM   OBSERVED TIME   RECORD YEAR NORMAL DEPARTURE LAST
                VALUE   (LST)  VALUE       VALUE  FROM      YEAR
                                                  NORMAL
..................................................................
TEMPERATURE (F)
 YESTERDAY
  MAXIMUM         99    233 PM 101    1998  93      6       83
  MINIMUM         75    444 AM  67    1936  76     -1       72
  AVERAGE         87                        84      3       78

PRECIPITATION (IN)
  YESTERDAY        0.00          1.62 2007   0.14  -0.14     0.00
  MONTH TO DATE    0.00                      0.28  -0.28     0.85
  SINCE JUN 1      7.44                     12.04  -4.60     5.09
  SINCE JAN 1     42.30                     30.32  11.98    21.93

DEGREE DAYS
 COOLING
  YESTERDAY       22                        19      3       13
  MONTH TO DATE   44                        38      6       30
  SINCE JUN 1   1240                      1131    109     1154
  SINCE JAN 1   1979                      1785    194     1705
..................................................................


WIND (MPH)
  HIGHEST WIND SPEED    14   HIGHEST WIND DIRECTION     S (160)
  HIGHEST GUST SPEED    20   HIGHEST GUST DIRECTION     S (160)




RELATIVE HUMIDITY (PERCENT)
 HIGHEST    82
 LOWEST     26
 AVERAGE    54

..........................................................


THE HOUSTON/HOBBY AIRPORT CLIMATE NORMALS FOR TODAY
                         NORMAL    RECORD    YEAR
 MAXIMUM TEMPERATURE (F)   93       100      2011
                                             1998
                                             1958
 MINIMUM TEMPERATURE (F)   76        68      1949


SUNRISE AND SUNSET
AUGUST  3 2015........SUNRISE   642 AM CDT   SUNSET   812 PM CDT
AUGUST  4 2015........SUNRISE   642 AM CDT   SUNSET   812 PM CDT


-  INDICATES NEGATIVE NUMBERS.
R  INDICATES RECORD WAS SET OR TIED.
MM INDICATES DATA IS MISSING.
T  INDICATES TRACE AMOUNT.

...MISCELLANEOUS CLIMATE DATA FOR YESTERDAY...

LOCATION                        HIGH    LOW     PRECIP
PEARLAND                         99      74      0.00
SUGAR LAND                      100      70      0.00
TOMBALL                          97      69      0.00
CONROE                           98      65      0.00
HUNTSVILLE                       98      68      0.00
ANGLETON/LAKE JACKSON            98      72      0.00
PALACIOS                         97      73      0.00
LEAGUE CITY (NWS)                96      75      0.00


THIS PRODUCT...ALONG WITH OTHER WEATHER...HYDROLOGIC...AND CLIMATE
PRODUCTS...IS AVAILABLE ON THE WEB AT HTTP://WWW.SRH.NOAA.GOV/HGX
OR AT HTTP://WEATHER.GOV

$$
