000
CDUS44 KHGX 201341
CLIHOU

CLIMATE REPORT
NATIONAL WEATHER SERVICE HOUSTON/GALVESTON TX
835 AM CDT FRI OCT 20 2017

...MORNING CLIMATE DATA...

                            MORNING LOW    PRECIP SINCE MIDNIGHT
HOUSTON INTERCONTINENTAL         67                0.01
GALVESTON SCHOLES FIELD          75                0.51
BRYAN/COLLEGE STATION            67                0.01
HOUSTON HOBBY                    72                0.74

...................................

...THE HOUSTON INTERCONTINENTAL CLIMATE SUMMARY FOR OCTOBER 19 2017...

CLIMATE NORMAL PERIOD 1981 TO 2010
CLIMATE RECORD PERIOD 1892 TO 2017


WEATHER ITEM   OBSERVED TIME   RECORD YEAR NORMAL DEPARTURE LAST
                VALUE   (LST)  VALUE       VALUE  FROM      YEAR
                                                  NORMAL
..................................................................
TEMPERATURE (F)
 YESTERDAY
  MAXIMUM         85    258 PM  94    2004  81      4       89
  MINIMUM         60    255 AM  36    1989  60      0       72
  AVERAGE         73                        71      2       81

PRECIPITATION (IN)
  YESTERDAY        0.00          1.23 1998   0.21  -0.21      T
  MONTH TO DATE    2.13                      3.43  -1.30     0.14
  SINCE SEP 1      3.36                      7.55  -4.19     1.84
  SINCE JAN 1     74.18                     39.42  34.76    55.41

SNOWFALL (IN)
  YESTERDAY        0.0           0.0  2002
                                      2001
  MONTH TO DATE    0.0
  SINCE SEP 1      0.0
  SINCE JUL 1      0.0

DEGREE DAYS
 HEATING
  YESTERDAY        0                         1     -1        0
  MONTH TO DATE    0                         8     -8        0
  SINCE SEP 1      0                         9     -9        0
  SINCE JUL 1      0                         9     -9        0

 COOLING
  YESTERDAY        8                         7      1       16
  MONTH TO DATE  226                       162     64      243
  SINCE SEP 1    677                       605     72      779
  SINCE JAN 1   3329                      2987    342     3187
..................................................................


WIND (MPH)
  HIGHEST WIND SPEED    14   HIGHEST WIND DIRECTION    SE (130)
  HIGHEST GUST SPEED    18   HIGHEST GUST DIRECTION    SE (130)




RELATIVE HUMIDITY (PERCENT)
 HIGHEST   100
 LOWEST     48
 AVERAGE    74

..........................................................


THE HOUSTON INTERCONTINENTAL CLIMATE NORMALS FOR TODAY
                         NORMAL    RECORD    YEAR
 MAXIMUM TEMPERATURE (F)   81        93      2004
 MINIMUM TEMPERATURE (F)   60        32      1989


SUNRISE AND SUNSET
OCTOBER 20 2017.......SUNRISE   727 AM CDT   SUNSET   645 PM CDT
OCTOBER 21 2017.......SUNRISE   727 AM CDT   SUNSET   644 PM CDT


-  INDICATES NEGATIVE NUMBERS.
R  INDICATES RECORD WAS SET OR TIED.
MM INDICATES DATA IS MISSING.
T  INDICATES TRACE AMOUNT.


&&

...................................

...THE HOUSTON/HOBBY AIRPORT CLIMATE SUMMARY FOR OCTOBER 19 2017...

CLIMATE NORMAL PERIOD 1981 TO 2010
CLIMATE RECORD PERIOD 1930 TO 2017


WEATHER ITEM   OBSERVED TIME   RECORD YEAR NORMAL DEPARTURE LAST
                VALUE   (LST)  VALUE       VALUE  FROM      YEAR
                                                  NORMAL
..................................................................
TEMPERATURE (F)
 YESTERDAY
  MAXIMUM         85   1241 PM  90    2016  81      4       90
                                      2004
  MINIMUM         67    608 AM  40    1989  62      5       75
  AVERAGE         76                        71      5       83

PRECIPITATION (IN)
  YESTERDAY        T             1.28 1985   0.23  -0.23     0.02
  MONTH TO DATE    0.86                      3.56  -2.70     0.90
  SINCE SEP 1      4.61                      8.77  -4.16     3.21
  SINCE JAN 1     71.73                     43.87  27.86    50.52

SNOWFALL (IN)
  YESTERDAY        0.0          MM      MM
  MONTH TO DATE    0.0
  SINCE SEP 1      0.0
  SINCE JUL 1      0.0

DEGREE DAYS
 HEATING
  YESTERDAY        0                         1     -1        0
  MONTH TO DATE    0                         4     -4        0
  SINCE SEP 1      0                         4     -4        0
  SINCE JUL 1      0                         4     -4        0

 COOLING
  YESTERDAY       11                         7      4       18
  MONTH TO DATE  283                       173    110      274
  SINCE SEP 1    804                       625    179      832
  SINCE JAN 1   3603                      2966    637     3463
..................................................................


WIND (MPH)
  HIGHEST WIND SPEED    15   HIGHEST WIND DIRECTION    NE (60)
  HIGHEST GUST SPEED    19   HIGHEST GUST DIRECTION     E (80)




RELATIVE HUMIDITY (PERCENT)
 HIGHEST    84
 LOWEST     51
 AVERAGE    68

..........................................................


THE HOUSTON/HOBBY AIRPORT CLIMATE NORMALS FOR TODAY
                         NORMAL    RECORD    YEAR
 MAXIMUM TEMPERATURE (F)   80        92      2004
 MINIMUM TEMPERATURE (F)   62        37      1989


SUNRISE AND SUNSET
OCTOBER 20 2017.......SUNRISE   726 AM CDT   SUNSET   645 PM CDT
OCTOBER 21 2017.......SUNRISE   727 AM CDT   SUNSET   644 PM CDT


-  INDICATES NEGATIVE NUMBERS.
R  INDICATES RECORD WAS SET OR TIED.
MM INDICATES DATA IS MISSING.
T  INDICATES TRACE AMOUNT.

...MISCELLANEOUS CLIMATE DATA FOR YESTERDAY...

LOCATION                        HIGH    LOW     PRECIP
PEARLAND                         84      65      0.02
SUGAR LAND                       86      63      0.01
TOMBALL                          84      58      0.00
CONROE                           83      53      0.00
HUNTSVILLE                       84      57       T
ANGLETON/LAKE JACKSON            84      60      0.03
PALACIOS                         83      58      0.14
LEAGUE CITY (NWS)                82      63      0.01


THIS PRODUCT...ALONG WITH OTHER WEATHER...HYDROLOGIC...AND CLIMATE
PRODUCTS...IS AVAILABLE ON THE WEB AT HTTP://WWW.WEATHER.GOV/HGX


$$
