000
CDUS44 KHGX 241320
CLIHOU

CLIMATE REPORT
NATIONAL WEATHER SERVICE HOUSTON/GALVESTON TX
820 AM CDT SUN JUL 24 2016

...MORNING CLIMATE DATA...

                            MORNING LOW    PRECIP SINCE MIDNIGHT
HOUSTON INTERCONTINENTAL         78                0.00
GALVESTON SCHOLES FIELD          83                0.00
BRYAN/COLLEGE STATION            78                0.00
HOUSTON HOBBY                    79                0.00

...................................

...THE HOUSTON INTERCONTINENTAL CLIMATE SUMMARY FOR JULY 23 2016...

CLIMATE NORMAL PERIOD 1981 TO 2010
CLIMATE RECORD PERIOD 1892 TO 2016


WEATHER ITEM   OBSERVED TIME   RECORD YEAR NORMAL DEPARTURE LAST
                VALUE   (LST)  VALUE       VALUE  FROM      YEAR
                                                  NORMAL
..................................................................
TEMPERATURE (F)
 YESTERDAY
  MAXIMUM        100    224 PM 101    1980  94      6       98
  MINIMUM         77    516 AM  64    1970  75      2       77
  AVERAGE         89                        85      4       88

PRECIPITATION (IN)
  YESTERDAY        0.00          2.36 1935   0.11  -0.11     0.00
  MONTH TO DATE    0.75                      3.00  -2.25     0.44
  SINCE JUN 1     13.87                      8.93   4.94    11.83
  SINCE JAN 1     42.82                     27.32  15.50    42.27

DEGREE DAYS
 COOLING
  YESTERDAY       24                        20      4       23
  MONTH TO DATE  528                       442     86      473
  SINCE JUN 1   1048                       962     86      996
  SINCE JAN 1   1629                      1614     15     1688
..................................................................


WIND (MPH)
  HIGHEST WIND SPEED    16   HIGHEST WIND DIRECTION    SE (150)
  HIGHEST GUST SPEED    20   HIGHEST GUST DIRECTION    SE (140)




RELATIVE HUMIDITY (PERCENT)
 HIGHEST    91
 LOWEST     39
 AVERAGE    65

..........................................................


THE HOUSTON INTERCONTINENTAL CLIMATE NORMALS FOR TODAY
                         NORMAL    RECORD    YEAR
 MAXIMUM TEMPERATURE (F)   94       101      1954
 MINIMUM TEMPERATURE (F)   75        68      1972
                                             1894


SUNRISE AND SUNSET
JULY 24 2016..........SUNRISE   636 AM CDT   SUNSET   819 PM CDT
JULY 25 2016..........SUNRISE   637 AM CDT   SUNSET   819 PM CDT


-  INDICATES NEGATIVE NUMBERS.
R  INDICATES RECORD WAS SET OR TIED.
MM INDICATES DATA IS MISSING.
T  INDICATES TRACE AMOUNT.


&&

...................................

...THE HOUSTON/HOBBY AIRPORT CLIMATE SUMMARY FOR JULY 23 2016...

CLIMATE NORMAL PERIOD 1981 TO 2010
CLIMATE RECORD PERIOD 1930 TO 2016


WEATHER ITEM   OBSERVED TIME   RECORD YEAR NORMAL DEPARTURE LAST
                VALUE   (LST)  VALUE       VALUE  FROM      YEAR
                                                  NORMAL
..................................................................
TEMPERATURE (F)
 YESTERDAY
  MAXIMUM         98    225 PM  99    2000  93      5       98
                                      1954
  MINIMUM         79    542 AM  69    1947  76      3       76
  AVERAGE         89                        84      5       87

PRECIPITATION (IN)
  YESTERDAY        T             2.90 1933   0.13  -0.13     0.00
  MONTH TO DATE    0.19                      3.68  -3.49     2.57
  SINCE JUN 1      9.02                     10.78  -1.76     7.44
  SINCE JAN 1     33.87                     29.06   4.81    42.30

DEGREE DAYS
 COOLING
  YESTERDAY       24                        19      5       22
  MONTH TO DATE  519                       431     88      469
  SINCE JUN 1   1069                       941    128     1008
  SINCE JAN 1   1840                      1595    245     1747
..................................................................


WIND (MPH)
  HIGHEST WIND SPEED    14   HIGHEST WIND DIRECTION     E (110)
  HIGHEST GUST SPEED    29   HIGHEST GUST DIRECTION     E (90)




RELATIVE HUMIDITY (PERCENT)
 HIGHEST    91
 LOWEST     45
 AVERAGE    68

..........................................................


THE HOUSTON/HOBBY AIRPORT CLIMATE NORMALS FOR TODAY
                         NORMAL    RECORD    YEAR
 MAXIMUM TEMPERATURE (F)   93       101      1954
                                             1934
 MINIMUM TEMPERATURE (F)   76        69      1947
                                             1931


SUNRISE AND SUNSET
JULY 24 2016..........SUNRISE   636 AM CDT   SUNSET   819 PM CDT
JULY 25 2016..........SUNRISE   637 AM CDT   SUNSET   818 PM CDT


-  INDICATES NEGATIVE NUMBERS.
R  INDICATES RECORD WAS SET OR TIED.
MM INDICATES DATA IS MISSING.
T  INDICATES TRACE AMOUNT.

...MISCELLANEOUS CLIMATE DATA FOR YESTERDAY...

LOCATION                        HIGH    LOW     PRECIP
PEARLAND                         98      79      0.00
SUGAR LAND                       98      74      0.00
TOMBALL                          99      76      0.00
CONROE                           99      74      0.00
HUNTSVILLE                       99      76      0.00
ANGLETON/LAKE JACKSON            98      77      0.00
PALACIOS                         94      81      0.00
LEAGUE CITY (NWS)                93      79      0.00


THIS PRODUCT...ALONG WITH OTHER WEATHER...HYDROLOGIC...AND CLIMATE
PRODUCTS...IS AVAILABLE ON THE WEB AT HTTP://WWW.SRH.NOAA.GOV/HGX
OR AT HTTP://WEATHER.GOV



$$
