000
CDUS44 KHGX 231328
CLIHOU

CLIMATE REPORT
NATIONAL WEATHER SERVICE HOUSTON/GALVESTON TX
825 AM CDT SAT AUG 23 2014


...MORNING CLIMATE DATA...

                            MORNING LOW    PRECIP SINCE MIDNIGHT
HOUSTON INTERCONTINENTAL         75                0.00
GALVESTON SCHOLES FIELD          82                0.00
BRYAN/COLLEGE STATION            74                0.00
HOUSTON HOBBY                    76                0.00

...................................


...THE HOUSTON INTERCONTINENTAL CLIMATE SUMMARY FOR AUGUST 22 2014...

CLIMATE NORMAL PERIOD 1981 TO 2010
CLIMATE RECORD PERIOD 1892 TO 2014


WEATHER ITEM   OBSERVED TIME   RECORD YEAR NORMAL DEPARTURE LAST
                VALUE   (LST)  VALUE       VALUE  FROM      YEAR
                                                  NORMAL
..................................................................
TEMPERATURE (F)
 YESTERDAY
  MAXIMUM         98    236 PM 106    1980  94      4       95
  MINIMUM         75    608 AM  64    1976  75      0       76
  AVERAGE         87                        84      3       86

PRECIPITATION (IN)
  YESTERDAY        0.00          3.25 1925   0.13  -0.13     0.00
  MONTH TO DATE    0.39                      2.48  -2.09     2.61
  SINCE JUN 1      7.97                     12.20  -4.23    11.16
  SINCE JAN 1     27.04                     30.59  -3.55    20.48

DEGREE DAYS
 COOLING
  YESTERDAY       22                        20      2       21
  MONTH TO DATE  438                       440     -2      461
  SINCE JUN 1   1559                      1561     -2     1648
  SINCE JAN 1   2100                      2213   -113     2218
..................................................................


WIND (MPH)
  HIGHEST WIND SPEED    16   HIGHEST WIND DIRECTION    SE (140)
  HIGHEST GUST SPEED    22   HIGHEST GUST DIRECTION    SE (130)


RELATIVE HUMIDITY (PERCENT)
 HIGHEST    97
 LOWEST     42
 AVERAGE    70

..........................................................


THE HOUSTON INTERCONTINENTAL CLIMATE NORMALS FOR TODAY
                         NORMAL    RECORD    YEAR
 MAXIMUM TEMPERATURE (F)   94       107      1980
 MINIMUM TEMPERATURE (F)   75        64      1973
                                             1893


SUNRISE AND SUNSET
AUGUST 23 2014........SUNRISE   653 AM CDT   SUNSET   754 PM CDT
AUGUST 24 2014........SUNRISE   654 AM CDT   SUNSET   753 PM CDT


-  INDICATES NEGATIVE NUMBERS.
R  INDICATES RECORD WAS SET OR TIED.
MM INDICATES DATA IS MISSING.
T  INDICATES TRACE AMOUNT.




...................................

...THE HOUSTON/HOBBY AIRPORT CLIMATE SUMMARY FOR AUGUST 22 2014...

CLIMATE NORMAL PERIOD 1981 TO 2010
CLIMATE RECORD PERIOD 1930 TO 2014


WEATHER ITEM   OBSERVED TIME   RECORD YEAR NORMAL DEPARTURE LAST
                VALUE   (LST)  VALUE       VALUE  FROM      YEAR
                                                  NORMAL
..................................................................
TEMPERATURE (F)
 YESTERDAY
  MAXIMUM         97    231 PM 100    2011  93      4       94
                                      1980
  MINIMUM         77    630 AM  62    1940  76      1       78
  AVERAGE         87                        84      3       86

PRECIPITATION (IN)
  YESTERDAY        0.00          1.45 1998   0.18  -0.18     0.00
  MONTH TO DATE    1.51                      3.30  -1.79     1.30
  SINCE JUN 1      5.75                     15.06  -9.31     4.24
  SINCE JAN 1     22.59                     33.34 -10.75    22.70

DEGREE DAYS
 COOLING
  YESTERDAY       22                        19      3       21
  MONTH TO DATE  453                       418     35      455
  SINCE JUN 1   1577                      1511     66     1678
  SINCE JAN 1   2128                      2165    -37     2248
..................................................................


WIND (MPH)
  HIGHEST WIND SPEED    14   HIGHEST WIND DIRECTION     S (160)
  HIGHEST GUST SPEED    18   HIGHEST GUST DIRECTION    SE (150)


RELATIVE HUMIDITY (PERCENT)
 HIGHEST    94
 LOWEST     43
 AVERAGE    69

..........................................................


THE HOUSTON/HOBBY AIRPORT CLIMATE NORMALS FOR TODAY
                         NORMAL    RECORD    YEAR
 MAXIMUM TEMPERATURE (F)   92       101      2011
                                             1980
 MINIMUM TEMPERATURE (F)   76        64      1940


SUNRISE AND SUNSET
AUGUST 23 2014........SUNRISE   654 AM CDT   SUNSET   753 PM CDT
AUGUST 24 2014........SUNRISE   654 AM CDT   SUNSET   752 PM CDT


-  INDICATES NEGATIVE NUMBERS.
R  INDICATES RECORD WAS SET OR TIED.
MM INDICATES DATA IS MISSING.
T  INDICATES TRACE AMOUNT.

...........................................................

...MISCELLANEOUS CLIMATE DATA FOR YESTERDAY...

LOCATION                        HIGH    LOW     PRECIP

PEARLAND                         96      76      0.00
SUGAR LAND                       98      76      0.00
TOMBALL                          97      74      0.00
CONROE                           97      71      0.00
HUNTSVILLE                       97      77      0.00
ANGLETON/LAKE JACKSON            93      74      0.00
PALACIOS                         92      83      0.00
LEAGUE CITY (NWS)                96      76      0.00


THIS PRODUCT...ALONG WITH OTHER WEATHER...HYDROLOGIC...AND CLIMATE
PRODUCTS...IS AVAILABLE ON THE WEB AT HTTP://WWW.SRH.NOAA.GOV/HGX
OR AT HTTP://WEATHER.GOV

$$
