000
CDUS46 KSEW 100123
CLIHQM


CLIMATE REPORT
NATIONAL WEATHER SERVICE SEATTLE WA
523 PM PST FRI DEC 9 2016


...................................

...THE HOQUIAM WA AIRPORT CLIMATE SUMMARY FOR DECEMBER 9 2016...
VALID TODAY AS OF 0500 PM LOCAL TIME.

CLIMATE NORMAL PERIOD 1981 TO 2010
CLIMATE RECORD PERIOD 1953 TO 2016


WEATHER ITEM   OBSERVED TIME   RECORD YEAR NORMAL DEPARTURE LAST
                VALUE   (LST)  VALUE       VALUE  FROM      YEAR
                                                  NORMAL
..................................................................
TEMPERATURE (F)
 TODAY
  MAXIMUM         43   1248 PM  59    2014  47     -4       54
  MINIMUM         33   1245 AM  15    2009  37     -4       48
  AVERAGE         38                        42     -4       51

PRECIPITATION (IN)
  TODAY            0.35          3.77 1956   0.31   0.04     0.28
  MONTH TO DATE    2.36                      3.01  -0.65     7.76
  SINCE OCT 1     34.13                     20.71  13.42    24.99
  SINCE JAN 1     79.04                     60.60  18.44    56.39

DEGREE DAYS
 HEATING
  TODAY           27                        23      4       14
  MONTH TO DATE  224                       205     19      140
  SINCE DEC 1    224                       205     19      140

 COOLING
  TODAY            0                         0      0        0
  MONTH TO DATE    0                         0      0        0
  SINCE DEC 1      0                         0      0        0
  SINCE JAN 1     50                        23     27       35
..................................................................


WIND (MPH)
  RESULTANT WIND SPEED  10   RESULTANT WIND DIRECTION  NE (50)
  HIGHEST WIND SPEED    20   HIGHEST WIND DIRECTION    NE (50)
  HIGHEST GUST SPEED    25   HIGHEST GUST DIRECTION    NE (50)
  AVERAGE WIND SPEED    10.6


SKY COVER
  AVERAGE SKY COVER 1.0


WEATHER CONDITIONS
 THE FOLLOWING WEATHER WAS RECORDED TODAY.
  RAIN
  LIGHT RAIN
  FREEZING RAIN
  LT FREEZING RAIN
  FOG


RELATIVE HUMIDITY (PERCENT)
 HIGHEST   100           200 AM
 LOWEST     96          1200 AM
 AVERAGE    98

..........................................................


THE HOQUIAM WA AIRPORT CLIMATE NORMALS FOR TOMORROW
                         NORMAL    RECORD    YEAR
 MAXIMUM TEMPERATURE (F)   46        60      2014
 MINIMUM TEMPERATURE (F)   37        15      1972


SUNRISE AND SUNSET
DECEMBER  9 2016......SUNRISE   750 AM PST   SUNSET   427 PM PST
DECEMBER 10 2016......SUNRISE   751 AM PST   SUNSET   427 PM PST


-  INDICATES NEGATIVE NUMBERS.
R  INDICATES RECORD WAS SET OR TIED.
MM INDICATES DATA IS MISSING.
T  INDICATES TRACE AMOUNT.




$$
