274
CDUS46 KSEW 250831
CLIHQM


CLIMATE REPORT
NATIONAL WEATHER SERVICE SEATTLE WA
131 AM PDT TUE JUL 25 2017


...................................

...THE HOQUIAM WA AIRPORT CLIMATE SUMMARY FOR JULY 24 2017...

CLIMATE NORMAL PERIOD 1981 TO 2010
CLIMATE RECORD PERIOD 1953 TO 2017


WEATHER ITEM   OBSERVED TIME   RECORD YEAR NORMAL DEPARTURE LAST
                VALUE   (LST)  VALUE       VALUE  FROM      YEAR
                                                  NORMAL
..................................................................
TEMPERATURE (F)
 YESTERDAY
  MAXIMUM         69    154 PM  87    1965  67      2       73
  MINIMUM         52    330 AM  42    1960  54     -2       51
  AVERAGE         61                        60      1       62

PRECIPITATION (IN)
  YESTERDAY        0.00          0.23 1991   0.03  -0.03     0.00
  MONTH TO DATE    0.10                      0.94  -0.84     0.37
  SINCE OCT 1     84.15                     63.76  20.39    74.49
  SINCE JAN 1     42.61                     36.10   6.51    41.07

DEGREE DAYS
 HEATING
  YESTERDAY        4                         5     -1        3
  MONTH TO DATE  120                       128     -8       92
  SINCE JUN 1    324                       374    -50      305

 COOLING
  YESTERDAY        0                         0      0        0
  MONTH TO DATE    1                         0      1        0
  SINCE JUN 1     14                         2     12       13
  SINCE JAN 1     14                         3     11       18
..................................................................


WIND (MPH)
  RESULTANT WIND SPEED   6   RESULTANT WIND DIRECTION  SW (240)
  HIGHEST WIND SPEED    20   HIGHEST WIND DIRECTION    SW (240)
  HIGHEST GUST SPEED    22   HIGHEST GUST DIRECTION    SW (240)
  AVERAGE WIND SPEED     7.0


SKY COVER
  AVERAGE SKY COVER 0.2


WEATHER CONDITIONS
 THE FOLLOWING WEATHER WAS RECORDED YESTERDAY.
  FOG
  FOG W/VISIBILITY <= 1/4 MILE


RELATIVE HUMIDITY (PERCENT)
 HIGHEST   100           500 AM
 LOWEST     68          1200 PM
 AVERAGE    84

..........................................................


THE HOQUIAM WA AIRPORT CLIMATE NORMALS FOR TODAY
                         NORMAL    RECORD    YEAR
 MAXIMUM TEMPERATURE (F)   67        90      1978
 MINIMUM TEMPERATURE (F)   54        46      1971


SUNRISE AND SUNSET
JULY 25 2017..........SUNRISE   547 AM PDT   SUNSET   857 PM PDT
JULY 26 2017..........SUNRISE   548 AM PDT   SUNSET   855 PM PDT


-  INDICATES NEGATIVE NUMBERS.
R  INDICATES RECORD WAS SET OR TIED.
MM INDICATES DATA IS MISSING.
T  INDICATES TRACE AMOUNT.




$$
