000
CDUS46 KSEW 210118
CLIHQM


CLIMATE REPORT
NATIONAL WEATHER SERVICE SEATTLE WA
517 PM PST FRI JAN 20 2017


...................................

...THE HOQUIAM WA AIRPORT CLIMATE SUMMARY FOR JANUARY 20 2017...
VALID TODAY AS OF 0500 PM LOCAL TIME.

CLIMATE NORMAL PERIOD 1981 TO 2010
CLIMATE RECORD PERIOD 1953 TO 2017


WEATHER ITEM   OBSERVED TIME   RECORD YEAR NORMAL DEPARTURE LAST
                VALUE   (LST)  VALUE       VALUE  FROM      YEAR
                                                  NORMAL
..................................................................
TEMPERATURE (F)
 TODAY
  MAXIMUM         46        MM  63    1961  48     -2       49
  MINIMUM         41        MM  21    1962  38      3       38
  AVERAGE         44                        43      1       44

PRECIPITATION (IN)
  TODAY            0.04          1.85 1968   0.33  -0.29     0.92
  MONTH TO DATE    4.83                      7.01  -2.18     5.38
  SINCE OCT 1     46.37                     34.67  11.70    38.80
  SINCE JAN 1      4.83                      7.01  -2.18     5.38

DEGREE DAYS
 HEATING
  TODAY           21                        22     -1       21
  MONTH TO DATE  548                       451     97      449
  SINCE DEC 1   1356                      1178    178     1115

 COOLING
  TODAY            0                         0      0        0
  MONTH TO DATE    0                         0      0        0
  SINCE DEC 1      0                         0      0        0
  SINCE JAN 1      0                         0      0        0
..................................................................


WIND (MPH)
  RESULTANT WIND SPEED  11   RESULTANT WIND DIRECTION  NE (60)
  HIGHEST WIND SPEED    15   HIGHEST WIND DIRECTION     E (70)
  HIGHEST GUST SPEED    MM   HIGHEST GUST DIRECTION    MM
  AVERAGE WIND SPEED    11.7


SKY COVER
  AVERAGE SKY COVER 0.9


WEATHER CONDITIONS
 THE FOLLOWING WEATHER WAS RECORDED TODAY.
  LIGHT RAIN
  FOG


RELATIVE HUMIDITY (PERCENT)
 HIGHEST   100          1200 AM
 LOWEST     83           300 AM
 AVERAGE    92

..........................................................


THE HOQUIAM WA AIRPORT CLIMATE NORMALS FOR TOMORROW
                         NORMAL    RECORD    YEAR
 MAXIMUM TEMPERATURE (F)   48        59      2005
 MINIMUM TEMPERATURE (F)   38        17      1962


SUNRISE AND SUNSET
JANUARY 20 2017.......SUNRISE   753 AM PST   SUNSET   501 PM PST
JANUARY 21 2017.......SUNRISE   752 AM PST   SUNSET   503 PM PST


-  INDICATES NEGATIVE NUMBERS.
R  INDICATES RECORD WAS SET OR TIED.
MM INDICATES DATA IS MISSING.
T  INDICATES TRACE AMOUNT.




$$
