000
CDUS46 KSEW 090122
CLIHQM


CLIMATE REPORT
NATIONAL WEATHER SERVICE SEATTLE WA
521 PM PST MON FEB 8 2016


...................................

...THE HOQUIAM WA AIRPORT CLIMATE SUMMARY FOR FEBRUARY 8 2016...
VALID TODAY AS OF 0500 PM LOCAL TIME.

CLIMATE NORMAL PERIOD 1981 TO 2010
CLIMATE RECORD PERIOD 1953 TO 2016


WEATHER ITEM   OBSERVED TIME   RECORD YEAR NORMAL DEPARTURE LAST
                VALUE   (LST)  VALUE       VALUE  FROM      YEAR
                                                  NORMAL
..................................................................
TEMPERATURE (F)
 TODAY
  MAXIMUM         61    446 PM  65    1991  49     12       56
  MINIMUM         42    741 AM  25    1994  38      4       49
  AVERAGE         52                        43      9       53

PRECIPITATION (IN)
  TODAY            0.00          1.86 1996   0.28  -0.28     0.22
  MONTH TO DATE    1.46                      2.26  -0.80     3.93
  SINCE OCT 1     49.18                     40.25   8.93    46.35
  SINCE JAN 1     15.76                     12.59   3.17    14.93

DEGREE DAYS
 HEATING
  TODAY           13                        22     -9       12
  MONTH TO DATE  149                       176    -27      110
  SINCE DEC 1   1458                      1597   -139     1279

 COOLING
  TODAY            0                         0      0        0
  MONTH TO DATE    0                         0      0        0
  SINCE DEC 1      0                         0      0        0
  SINCE JAN 1      0                         0      0        0
..................................................................


WIND (MPH)
  RESULTANT WIND SPEED  13   RESULTANT WIND DIRECTION   E (70)
  HIGHEST WIND SPEED    21   HIGHEST WIND DIRECTION     E (80)
  HIGHEST GUST SPEED    24   HIGHEST GUST DIRECTION     E (80)
  AVERAGE WIND SPEED    13.3


SKY COVER
  AVERAGE SKY COVER 0.0


WEATHER CONDITIONS
 THE FOLLOWING WEATHER WAS RECORDED TODAY.
  NO SIGNIFICANT WEATHER WAS OBSERVED.


RELATIVE HUMIDITY (PERCENT)
 HIGHEST    89           500 AM
 LOWEST     60           200 PM
 AVERAGE    75

..........................................................


THE HOQUIAM WA AIRPORT CLIMATE NORMALS FOR TOMORROW
                         NORMAL    RECORD    YEAR
 MAXIMUM TEMPERATURE (F)   49        67      1963
 MINIMUM TEMPERATURE (F)   38        28      1982


SUNRISE AND SUNSET
FEBRUARY  8 2016......SUNRISE   731 AM PST   SUNSET   529 PM PST
FEBRUARY  9 2016......SUNRISE   730 AM PST   SUNSET   530 PM PST


-  INDICATES NEGATIVE NUMBERS.
R  INDICATES RECORD WAS SET OR TIED.
MM INDICATES DATA IS MISSING.
T  INDICATES TRACE AMOUNT.




$$
