000
CDUS46 KSEW 310119
CLIHQM


CLIMATE REPORT
NATIONAL WEATHER SERVICE SEATTLE WA
619 PM PDT SAT AUG 30 2014


...................................

...THE HOQUIAM WA AIRPORT CLIMATE SUMMARY FOR AUGUST 30 2014...
VALID TODAY AS OF 0600 PM LOCAL TIME.

CLIMATE NORMAL PERIOD 1981 TO 2010
CLIMATE RECORD PERIOD 1953 TO 2014


WEATHER ITEM   OBSERVED TIME   RECORD YEAR NORMAL DEPARTURE LAST
                VALUE   (LST)  VALUE       VALUE  FROM      YEAR
                                                  NORMAL
..................................................................
TEMPERATURE (F)
 TODAY
  MAXIMUM         68   1242 PM  83    1993  68      0       68
                                      1968
  MINIMUM         59    645 AM  43    1972  53      6       57
  AVERAGE         64                        61      3       63

PRECIPITATION (IN)
  TODAY            1.25          1.82 1991   0.06   1.19     0.00
  MONTH TO DATE    1.99                      1.24   0.75     1.78
  SINCE OCT 1     55.76                     65.20  -9.44    47.95
  SINCE JAN 1     43.65                     37.54   6.11    34.34

DEGREE DAYS
 HEATING
  TODAY            1                         4     -3        2
  MONTH TO DATE   75                       120    -45      101
  SINCE JUN 1    394                       530   -136      423

 COOLING
  TODAY            0                         0      0        0
  MONTH TO DATE    7                         0      7        1
  SINCE JUN 1     15                         8      7        9
  SINCE JAN 1     30                         9     21       12
..................................................................


WIND (MPH)
  RESULTANT WIND SPEED   3   RESULTANT WIND DIRECTION   W (250)
  HIGHEST WIND SPEED    20   HIGHEST WIND DIRECTION     W (250)
  HIGHEST GUST SPEED    24   HIGHEST GUST DIRECTION     W (250)
  AVERAGE WIND SPEED     8.6


SKY COVER
  AVERAGE SKY COVER 0.9


WEATHER CONDITIONS
 THE FOLLOWING WEATHER WAS RECORDED TODAY.
  HEAVY RAIN
  RAIN
  LIGHT RAIN
  FOG


RELATIVE HUMIDITY (PERCENT)
 HIGHEST   100           300 AM
 LOWEST     81           100 PM
 AVERAGE    91

..........................................................


THE HOQUIAM WA AIRPORT CLIMATE NORMALS FOR TOMORROW
                         NORMAL    RECORD    YEAR
 MAXIMUM TEMPERATURE (F)   68        94      1987
 MINIMUM TEMPERATURE (F)   53        43      1969


SUNRISE AND SUNSET
AUGUST 30 2014........SUNRISE   633 AM PDT   SUNSET   759 PM PDT
AUGUST 31 2014........SUNRISE   634 AM PDT   SUNSET   757 PM PDT


-  INDICATES NEGATIVE NUMBERS.
R  INDICATES RECORD WAS SET OR TIED.
MM INDICATES DATA IS MISSING.
T  INDICATES TRACE AMOUNT.




$$
