000
CDUS46 KSEW 310826
CLIHQM


CLIMATE REPORT
NATIONAL WEATHER SERVICE SEATTLE WA
126 AM PDT FRI OCT 31 2014


...................................

...THE HOQUIAM WA AIRPORT CLIMATE SUMMARY FOR OCTOBER 30 2014...

CLIMATE NORMAL PERIOD 1981 TO 2010
CLIMATE RECORD PERIOD 1953 TO 2014


WEATHER ITEM   OBSERVED TIME   RECORD YEAR NORMAL DEPARTURE LAST
                VALUE   (LST)  VALUE       VALUE  FROM      YEAR
                                                  NORMAL
..................................................................
TEMPERATURE (F)
 YESTERDAY
  MAXIMUM         60    240 PM  65    1958  55      5       55
  MINIMUM         52   1155 PM  29    2002  43      9       34
                                      1991
                                      1972
  AVERAGE         56                        49      7       45

PRECIPITATION (IN)
  YESTERDAY        0.84          2.57 2012   0.31   0.53     0.20
  MONTH TO DATE   10.39                      6.22   4.17     1.96
  SINCE OCT 1     10.39                      6.22   4.17     1.96
  SINCE JAN 1     57.48                     46.11  11.37    43.83

DEGREE DAYS
 HEATING
  YESTERDAY        9                        16     -7       20
  MONTH TO DATE  206                       378   -172      403
  SINCE SEP 1    299                       574   -275      548

 COOLING
  YESTERDAY        0                         0      0        0
  MONTH TO DATE    0                         0      0        0
  SINCE SEP 1     18                         7     11        7
  SINCE JAN 1     48                        23     25       20
..................................................................


WIND (MPH)
  RESULTANT WIND SPEED   4   RESULTANT WIND DIRECTION   E (70)
  HIGHEST WIND SPEED    20   HIGHEST WIND DIRECTION    SW (230)
  HIGHEST GUST SPEED    22   HIGHEST GUST DIRECTION    SW (230)
  AVERAGE WIND SPEED     7.5


SKY COVER
  AVERAGE SKY COVER 1.0


WEATHER CONDITIONS
 THE FOLLOWING WEATHER WAS RECORDED YESTERDAY.
  HEAVY RAIN
  RAIN
  LIGHT RAIN
  FOG


RELATIVE HUMIDITY (PERCENT)
 HIGHEST   100          1200 AM
 LOWEST     86           500 AM
 AVERAGE    93

..........................................................


THE HOQUIAM WA AIRPORT CLIMATE NORMALS FOR TODAY
                         NORMAL    RECORD    YEAR
 MAXIMUM TEMPERATURE (F)   55        67      1970
                                             1954
 MINIMUM TEMPERATURE (F)   43        28      2002


SUNRISE AND SUNSET
OCTOBER 31 2014.......SUNRISE   757 AM PDT   SUNSET   601 PM PDT
NOVEMBER  1 2014......SUNRISE   759 AM PDT   SUNSET   559 PM PDT


-  INDICATES NEGATIVE NUMBERS.
R  INDICATES RECORD WAS SET OR TIED.
MM INDICATES DATA IS MISSING.
T  INDICATES TRACE AMOUNT.




$$
