000
CDUS46 KSEW 270829
CLIHQM


CLIMATE REPORT
NATIONAL WEATHER SERVICE SEATTLE WA
129 AM PDT FRI MAY 27 2016


...................................

...THE HOQUIAM WA AIRPORT CLIMATE SUMMARY FOR MAY 26 2016...

CLIMATE NORMAL PERIOD 1981 TO 2010
CLIMATE RECORD PERIOD 1953 TO 2016


WEATHER ITEM   OBSERVED TIME   RECORD YEAR NORMAL DEPARTURE LAST
                VALUE   (LST)  VALUE       VALUE  FROM      YEAR
                                                  NORMAL
..................................................................
TEMPERATURE (F)
 YESTERDAY
  MAXIMUM         58   1150 AM  89    2005  61     -3       62
  MINIMUM         51    732 PM  38    1973  48      3       52
  AVERAGE         55                        54      1       57

PRECIPITATION (IN)
  YESTERDAY        0.00          0.79 2011   0.09  -0.09     0.00
  MONTH TO DATE    0.54                      2.80  -2.26     0.28
  SINCE OCT 1     72.41                     60.09  12.32    57.53
  SINCE JAN 1     38.99                     32.43   6.56    26.11

DEGREE DAYS
 HEATING
  YESTERDAY       10                        11     -1        8
  MONTH TO DATE  238                       320    -82      283
  SINCE MAR 1   1095                      1398   -303     1218

 COOLING
  YESTERDAY        0                         0      0        0
  MONTH TO DATE    1                         0      1        0
  SINCE MAR 1      5                         0      5        0
  SINCE JAN 1      5                         0      5        0
..................................................................


WIND (MPH)
  RESULTANT WIND SPEED  10   RESULTANT WIND DIRECTION   W (270)
  HIGHEST WIND SPEED    20   HIGHEST WIND DIRECTION     W (260)
  HIGHEST GUST SPEED    24   HIGHEST GUST DIRECTION     W (260)
  AVERAGE WIND SPEED    10.6


SKY COVER
  AVERAGE SKY COVER 1.0


WEATHER CONDITIONS
 THE FOLLOWING WEATHER WAS RECORDED YESTERDAY.
  FOG


RELATIVE HUMIDITY (PERCENT)
 HIGHEST    89           400 AM
 LOWEST     66           200 PM
 AVERAGE    78

..........................................................


THE HOQUIAM WA AIRPORT CLIMATE NORMALS FOR TODAY
                         NORMAL    RECORD    YEAR
 MAXIMUM TEMPERATURE (F)   61        86      1972
 MINIMUM TEMPERATURE (F)   48        38      1966
                                             1955


SUNRISE AND SUNSET
MAY 27 2016...........SUNRISE   528 AM PDT   SUNSET   859 PM PDT
MAY 28 2016...........SUNRISE   527 AM PDT   SUNSET   900 PM PDT


-  INDICATES NEGATIVE NUMBERS.
R  INDICATES RECORD WAS SET OR TIED.
MM INDICATES DATA IS MISSING.
T  INDICATES TRACE AMOUNT.




$$
