000
CDUS46 KSEW 020123
CLIHQM


CLIMATE REPORT
NATIONAL WEATHER SERVICE SEATTLE WA
623 PM PDT MON JUN 1 2015


...................................

...THE HOQUIAM WA AIRPORT CLIMATE SUMMARY FOR JUNE 1 2015...
VALID TODAY AS OF 0600 PM LOCAL TIME.

CLIMATE NORMAL PERIOD 1981 TO 2010
CLIMATE RECORD PERIOD 1953 TO 2015


WEATHER ITEM   OBSERVED TIME   RECORD YEAR NORMAL DEPARTURE LAST
                VALUE   (LST)  VALUE       VALUE  FROM      YEAR
                                                  NORMAL
..................................................................
TEMPERATURE (F)
 TODAY
  MAXIMUM         59    331 PM  95    1970  62     -3       63
  MINIMUM         53    151 AM  39    1976  49      4       54
                                      1966
  AVERAGE         56                        55      1       59

PRECIPITATION (IN)
  TODAY            0.19          1.68 1968   0.10   0.09     0.00
  MONTH TO DATE    0.19                      0.10   0.09     0.00
  SINCE OCT 1     57.72                     60.68  -2.96    51.80
  SINCE JAN 1     26.30                     33.02  -6.72    39.69

DEGREE DAYS
 HEATING
  TODAY            9                        10     -1        6
  MONTH TO DATE    9                        10     -1        6
  SINCE JUN 1      9                        10     -1        6

 COOLING
  TODAY            0                         0      0        0
  MONTH TO DATE    0                         0      0        0
  SINCE JUN 1      0                         0      0        0
  SINCE JAN 1      0                         1     -1       15
..................................................................


WIND (MPH)
  RESULTANT WIND SPEED   9   RESULTANT WIND DIRECTION   S (200)
  HIGHEST WIND SPEED    17   HIGHEST WIND DIRECTION    SW (220)
  HIGHEST GUST SPEED    20   HIGHEST GUST DIRECTION    SW (220)
  AVERAGE WIND SPEED     9.1


SKY COVER
  AVERAGE SKY COVER 1.0


WEATHER CONDITIONS
 THE FOLLOWING WEATHER WAS RECORDED TODAY.
  RAIN
  LIGHT RAIN
  FOG
  HAZE


RELATIVE HUMIDITY (PERCENT)
 HIGHEST    93          1200 AM
 LOWEST     86           400 AM
 AVERAGE    90

..........................................................


THE HOQUIAM WA AIRPORT CLIMATE NORMALS FOR TOMORROW
                         NORMAL    RECORD    YEAR
 MAXIMUM TEMPERATURE (F)   62        84      1978
 MINIMUM TEMPERATURE (F)   49        37      1999


SUNRISE AND SUNSET
JUNE  1 2015..........SUNRISE   525 AM PDT   SUNSET   903 PM PDT
JUNE  2 2015..........SUNRISE   524 AM PDT   SUNSET   904 PM PDT


-  INDICATES NEGATIVE NUMBERS.
R  INDICATES RECORD WAS SET OR TIED.
MM INDICATES DATA IS MISSING.
T  INDICATES TRACE AMOUNT.




$$
