000
CDUS46 KSEW 250847
CLIHQM


CLIMATE REPORT
NATIONAL WEATHER SERVICE SEATTLE WA
147 AM PDT MON SEP 25 2017


...................................

...THE HOQUIAM WA AIRPORT CLIMATE SUMMARY FOR SEPTEMBER 24 2017...

CLIMATE NORMAL PERIOD 1981 TO 2010
CLIMATE RECORD PERIOD 1953 TO 2017


WEATHER ITEM   OBSERVED TIME   RECORD YEAR NORMAL DEPARTURE LAST
                VALUE   (LST)  VALUE       VALUE  FROM      YEAR
                                                  NORMAL
..................................................................
TEMPERATURE (F)
 YESTERDAY
  MAXIMUM         68    223 PM  85    1974  65      3       67
  MINIMUM         47    335 AM  38    2005  49     -2       46
  AVERAGE         58                        57      1       57

PRECIPITATION (IN)
  YESTERDAY        0.01          0.69 1960   0.08  -0.07     0.00
  MONTH TO DATE    2.05                      1.69   0.36     3.24
  SINCE OCT 1     86.46                     66.96  19.50    78.33
  SINCE JAN 1     44.92                     39.30   5.62    44.91

DEGREE DAYS
 HEATING
  YESTERDAY        7                         8     -1        8
  MONTH TO DATE  123                       139    -16      161
  SINCE SEP 1    123                       139    -16      161

 COOLING
  YESTERDAY        0                         0      0        0
  MONTH TO DATE   22                         0     22        0
  SINCE SEP 1     22                         0     22        0
  SINCE JAN 1     67                        16     51       49
..................................................................


WIND (MPH)
  RESULTANT WIND SPEED   1   RESULTANT WIND DIRECTION   W (260)
  HIGHEST WIND SPEED    15   HIGHEST WIND DIRECTION    SW (240)
  HIGHEST GUST SPEED    19   HIGHEST GUST DIRECTION    SW (230)
  AVERAGE WIND SPEED     5.8


SKY COVER
  AVERAGE SKY COVER 0.4


WEATHER CONDITIONS
 THE FOLLOWING WEATHER WAS RECORDED YESTERDAY.
  LIGHT RAIN
  FOG


RELATIVE HUMIDITY (PERCENT)
 HIGHEST   100          1200 AM
 LOWEST     63          1200 PM
 AVERAGE    82

..........................................................


THE HOQUIAM WA AIRPORT CLIMATE NORMALS FOR TODAY
                         NORMAL    RECORD    YEAR
 MAXIMUM TEMPERATURE (F)   65        84      1991
 MINIMUM TEMPERATURE (F)   49        36      1972


SUNRISE AND SUNSET
SEPTEMBER 25 2017.....SUNRISE   707 AM PDT   SUNSET   707 PM PDT
SEPTEMBER 26 2017.....SUNRISE   708 AM PDT   SUNSET   705 PM PDT


-  INDICATES NEGATIVE NUMBERS.
R  INDICATES RECORD WAS SET OR TIED.
MM INDICATES DATA IS MISSING.
T  INDICATES TRACE AMOUNT.




$$
