316
CDUS46 KSEW 300117
CLIHQM


CLIMATE REPORT
NATIONAL WEATHER SERVICE SEATTLE WA
617 PM PDT THU SEP 29 2016


...................................

...THE HOQUIAM WA AIRPORT CLIMATE SUMMARY FOR SEPTEMBER 29 2016...
VALID TODAY AS OF 0600 PM LOCAL TIME.

CLIMATE NORMAL PERIOD 1981 TO 2010
CLIMATE RECORD PERIOD 1953 TO 2016


WEATHER ITEM   OBSERVED TIME   RECORD YEAR NORMAL DEPARTURE LAST
                VALUE   (LST)  VALUE       VALUE  FROM      YEAR
                                                  NORMAL
..................................................................
TEMPERATURE (F)
 TODAY
  MAXIMUM         64    132 PM  80    1957  64      0       74
  MINIMUM         42    602 AM  37    1961  48     -6       46
                                      1954
  AVERAGE         53                        56     -3       60

PRECIPITATION (IN)
  TODAY            0.00          1.60 2005   0.10  -0.10     0.00
  MONTH TO DATE    3.24                      2.17   1.07     2.76
  SINCE OCT 1     78.33                     67.44  10.89    62.82
  SINCE JAN 1     44.91                     39.78   5.13    31.40

DEGREE DAYS
 HEATING
  TODAY           12                         9      3        5
  MONTH TO DATE  190                       180     10      169
  SINCE SEP 1    190                       180     10      169

 COOLING
  TODAY            0                         0      0        0
  MONTH TO DATE    1                         0      1        4
  SINCE SEP 1      1                         0      1        4
  SINCE JAN 1     50                        16     34       35
..................................................................


WIND (MPH)
  RESULTANT WIND SPEED   4   RESULTANT WIND DIRECTION   W (250)
  HIGHEST WIND SPEED    20   HIGHEST WIND DIRECTION     W (260)
  HIGHEST GUST SPEED    24   HIGHEST GUST DIRECTION     W (280)
  AVERAGE WIND SPEED     5.6


SKY COVER
  AVERAGE SKY COVER 0.0


WEATHER CONDITIONS
 THE FOLLOWING WEATHER WAS RECORDED TODAY.
  FOG


RELATIVE HUMIDITY (PERCENT)
 HIGHEST    92           700 AM
 LOWEST     60           100 PM
 AVERAGE    76

..........................................................


THE HOQUIAM WA AIRPORT CLIMATE NORMALS FOR TOMORROW
                         NORMAL    RECORD    YEAR
 MAXIMUM TEMPERATURE (F)   64        85      1987
 MINIMUM TEMPERATURE (F)   48        33      1971


SUNRISE AND SUNSET
SEPTEMBER 29 2016.....SUNRISE   713 AM PDT   SUNSET   658 PM PDT
SEPTEMBER 30 2016.....SUNRISE   714 AM PDT   SUNSET   656 PM PDT


-  INDICATES NEGATIVE NUMBERS.
R  INDICATES RECORD WAS SET OR TIED.
MM INDICATES DATA IS MISSING.
T  INDICATES TRACE AMOUNT.




$$
