000
CDUS46 KSEW 210826
CLIHQM


CLIMATE REPORT
NATIONAL WEATHER SERVICE SEATTLE WA
125 AM PDT MON APR 21 2014


...................................

...THE HOQUIAM WA AIRPORT CLIMATE SUMMARY FOR APRIL 20 2014...

CLIMATE NORMAL PERIOD 1981 TO 2010
CLIMATE RECORD PERIOD 1953 TO 2014


WEATHER ITEM   OBSERVED TIME   RECORD YEAR NORMAL DEPARTURE LAST
                VALUE   (LST)  VALUE       VALUE  FROM      YEAR
                                                  NORMAL
..................................................................
TEMPERATURE (F)
 YESTERDAY
  MAXIMUM         57    224 PM  83    1956  56      1       54
  MINIMUM         42    517 AM  32    2011  42      0       45
                                      1961
  AVERAGE         50                        49      1       50

PRECIPITATION (IN)
  YESTERDAY        0.00          0.73 1972   0.17  -0.17     0.04
  MONTH TO DATE    3.27                      3.64  -0.37     6.80
  SINCE OCT 1     43.97                     55.83 -11.86    39.33
  SINCE JAN 1     31.86                     28.17   3.69    25.72

DEGREE DAYS
 HEATING
  YESTERDAY       15                        16     -1       15
  MONTH TO DATE  311                       337    -26      342
  SINCE MAR 1    848                       926    -78      927

 COOLING
  YESTERDAY        0                         0      0        0
  MONTH TO DATE    0                         0      0        0
  SINCE MAR 1      0                         0      0        0
  SINCE JAN 1      0                         0      0        0
..................................................................


WIND (MPH)
  RESULTANT WIND SPEED   4   RESULTANT WIND DIRECTION  SE (120)
  HIGHEST WIND SPEED    15   HIGHEST WIND DIRECTION     S (170)
  HIGHEST GUST SPEED    19   HIGHEST GUST DIRECTION    SW (220)
  AVERAGE WIND SPEED     7.5


SKY COVER
  AVERAGE SKY COVER 0.8


WEATHER CONDITIONS
 THE FOLLOWING WEATHER WAS RECORDED YESTERDAY.
  FOG


RELATIVE HUMIDITY (PERCENT)
 HIGHEST    96           500 AM
 LOWEST     61           100 PM
 AVERAGE    79

..........................................................


THE HOQUIAM WA AIRPORT CLIMATE NORMALS FOR TODAY
                         NORMAL    RECORD    YEAR
 MAXIMUM TEMPERATURE (F)   56        75      1982
 MINIMUM TEMPERATURE (F)   42        31      1975
                                             1968


SUNRISE AND SUNSET
APRIL 21 2014.........SUNRISE   617 AM PDT   SUNSET   813 PM PDT
APRIL 22 2014.........SUNRISE   615 AM PDT   SUNSET   814 PM PDT


-  INDICATES NEGATIVE NUMBERS.
R  INDICATES RECORD WAS SET OR TIED.
MM INDICATES DATA IS MISSING.
T  INDICATES TRACE AMOUNT.




$$
