000
CDUS46 KSEW 200838
CLIHQM


CLIMATE REPORT
NATIONAL WEATHER SERVICE SEATTLE WA
1238 AM PST MON FEB 20 2017


...................................

...THE HOQUIAM WA AIRPORT CLIMATE SUMMARY FOR FEBRUARY 19 2017...

CLIMATE NORMAL PERIOD 1981 TO 2010
CLIMATE RECORD PERIOD 1953 TO 2017


WEATHER ITEM   OBSERVED TIME   RECORD YEAR NORMAL DEPARTURE LAST
                VALUE   (LST)  VALUE       VALUE  FROM      YEAR
                                                  NORMAL
..................................................................
TEMPERATURE (F)
 YESTERDAY
  MAXIMUM         46    610 PM  61    1978  50     -4       50
  MINIMUM         41    651 AM  22    2006  38      3       41
  AVERAGE         44                        44      0       46

PRECIPITATION (IN)
  YESTERDAY        0.44          3.26 1991   0.24   0.20     0.56
  MONTH TO DATE    6.44                      5.04   1.40     6.42
  SINCE OCT 1     53.07                     43.03  10.04    54.14
  SINCE JAN 1     11.53                     15.37  -3.84    20.72

DEGREE DAYS
 HEATING
  YESTERDAY       21                        21      0       19
  MONTH TO DATE  419                       409     10      312
  SINCE DEC 1   2025                      1830    195     1621

 COOLING
  YESTERDAY        0                         0      0        0
  MONTH TO DATE    0                         0      0        0
  SINCE DEC 1      0                         0      0        0
  SINCE JAN 1      0                         0      0        0
..................................................................


WIND (MPH)
  RESULTANT WIND SPEED  11   RESULTANT WIND DIRECTION   E (100)
  HIGHEST WIND SPEED    22   HIGHEST WIND DIRECTION    SE (120)
  HIGHEST GUST SPEED    28   HIGHEST GUST DIRECTION    SE (150)
  AVERAGE WIND SPEED    12.6


SKY COVER
  AVERAGE SKY COVER 1.0


WEATHER CONDITIONS
 THE FOLLOWING WEATHER WAS RECORDED YESTERDAY.
  RAIN
  LIGHT RAIN
  FOG


RELATIVE HUMIDITY (PERCENT)
 HIGHEST   100           200 AM
 LOWEST     89           100 AM
 AVERAGE    95

..........................................................


THE HOQUIAM WA AIRPORT CLIMATE NORMALS FOR TODAY
                         NORMAL    RECORD    YEAR
 MAXIMUM TEMPERATURE (F)   50        58      2009
                                             2000
                                             1988
 MINIMUM TEMPERATURE (F)   38        26      2011


SUNRISE AND SUNSET
FEBRUARY 20 2017......SUNRISE   711 AM PST   SUNSET   548 PM PST
FEBRUARY 21 2017......SUNRISE   709 AM PST   SUNSET   550 PM PST


-  INDICATES NEGATIVE NUMBERS.
R  INDICATES RECORD WAS SET OR TIED.
MM INDICATES DATA IS MISSING.
T  INDICATES TRACE AMOUNT.




$$
