000
CDUS44 KBRO 010639
CLIHRL


CLIMATE REPORT
NATIONAL WEATHER SERVICE BROWNSVILLE TX
139 AM CDT SUN MAY 1 2016


...................................

...THE HARLINGEN CLIMATE SUMMARY FOR APRIL 30 2016...

CLIMATE NORMAL PERIOD 1981 TO 2010
CLIMATE RECORD PERIOD 1912 TO 2016


WEATHER ITEM   OBSERVED TIME   RECORD YEAR NORMAL DEPARTURE LAST
                VALUE   (LST)  VALUE       VALUE  FROM      YEAR
                                                  NORMAL
..................................................................
TEMPERATURE (F)
 YESTERDAY
  MAXIMUM         96    126 PM 103    1953  88      8       83
  MINIMUM         77   1025 PM  48    1925  68      9       54
  AVERAGE         87                        78      9       69

PRECIPITATION (IN)
  YESTERDAY        0.01          7.92 1976   0.06  -0.05     0.00
  MONTH TO DATE    0.49                      1.67  -1.18     3.73
  SINCE MAR 1      2.27                      2.96  -0.69     6.79
  SINCE JAN 1      4.18                      5.43  -1.25     9.71

SNOWFALL (IN)
  YESTERDAY        0.0
  MONTH TO DATE    0.0
  SINCE MAR 1      0.0
  SINCE JUL 1      0.0

DEGREE DAYS
 HEATING
  YESTERDAY        0                         0      0        0
  MONTH TO DATE    2                         7     -5        0
  SINCE MAR 1     13                        54    -41       74
  SINCE JUL 1    389                       622   -233      767

 COOLING
  YESTERDAY       22                        13      9        4
  MONTH TO DATE  387                       319     68      379
  SINCE MAR 1    672                       489    183      500
  SINCE JAN 1    812                       614    198      559
..................................................................


WIND (MPH)
  HIGHEST WIND SPEED    17   HIGHEST WIND DIRECTION    NE (60)
  HIGHEST GUST SPEED    22   HIGHEST GUST DIRECTION     E (80)
  AVERAGE WIND SPEED     8.5



WEATHER CONDITIONS
 THE FOLLOWING WEATHER WAS RECORDED YESTERDAY.
  LIGHT RAIN
  FOG
  HAZE


RELATIVE HUMIDITY (PERCENT)
 HIGHEST    91
 LOWEST     49
 AVERAGE    70

..........................................................


THE HARLINGEN CLIMATE NORMALS FOR TODAY
                         NORMAL    RECORD    YEAR
 MAXIMUM TEMPERATURE (F)   88       100      1933
 MINIMUM TEMPERATURE (F)   68        46      1925


SUNRISE AND SUNSET
MAY  1 2016...........SUNRISE   653 AM CDT   SUNSET   803 PM CDT
MAY  2 2016...........SUNRISE   652 AM CDT   SUNSET   803 PM CDT


-  INDICATES NEGATIVE NUMBERS.
R  INDICATES RECORD WAS SET OR TIED.
MM INDICATES DATA IS MISSING.
T  INDICATES TRACE AMOUNT.




$$
