314
CDUS44 KBRO 280625
CLIHRL


CLIMATE REPORT
NATIONAL WEATHER SERVICE BROWNSVILLE TX
125 AM CDT TUE MAR 28 2017


...................................

...THE HARLINGEN CLIMATE SUMMARY FOR MARCH 27 2017...

CLIMATE NORMAL PERIOD 1981 TO 2010
CLIMATE RECORD PERIOD 1912 TO 2017


WEATHER ITEM   OBSERVED TIME   RECORD YEAR NORMAL DEPARTURE LAST
                VALUE   (LST)  VALUE       VALUE  FROM      YEAR
                                                  NORMAL
..................................................................
TEMPERATURE (F)
 YESTERDAY
  MAXIMUM         89    203 PM 101    2009  83      6       85
  MINIMUM         67    653 AM  38    1913  60      7       64
  AVERAGE         78                        71      7       75

PRECIPITATION (IN)
  YESTERDAY        0.00          0.78 1923   0.05  -0.05     0.00
  MONTH TO DATE    2.22                      1.10   1.12     1.78
  SINCE MAR 1      2.22                      1.10   1.12     1.78
  SINCE JAN 1      3.53                      3.57  -0.04     3.69

SNOWFALL (IN)
  YESTERDAY        0.0
  MONTH TO DATE    0.0
  SINCE MAR 1      0.0
  SINCE JUL 1      0.0

DEGREE DAYS
 HEATING
  YESTERDAY        0                         1     -1        0
  MONTH TO DATE    4                        45    -41       11
  SINCE MAR 1      4                        45    -41       11
  SINCE JUL 1    234                       613   -379      387

 COOLING
  YESTERDAY       13                         7      6       10
  MONTH TO DATE  245                       141    104      229
  SINCE MAR 1    245                       141    104      229
  SINCE JAN 1    612                       266    346      369
..................................................................


WIND (MPH)
  HIGHEST WIND SPEED    22   HIGHEST WIND DIRECTION     S (160)
  HIGHEST GUST SPEED    28   HIGHEST GUST DIRECTION    SE (140)
  AVERAGE WIND SPEED    11.8



WEATHER CONDITIONS
 THE FOLLOWING WEATHER WAS RECORDED YESTERDAY.
  FOG


RELATIVE HUMIDITY (PERCENT)
 HIGHEST   100
 LOWEST     55
 AVERAGE    78

..........................................................


THE HARLINGEN CLIMATE NORMALS FOR TODAY
                         NORMAL    RECORD    YEAR
 MAXIMUM TEMPERATURE (F)   83       104      1984
 MINIMUM TEMPERATURE (F)   61        40      1913


SUNRISE AND SUNSET
MARCH 28 2017.........SUNRISE   726 AM CDT   SUNSET   746 PM CDT
MARCH 29 2017.........SUNRISE   725 AM CDT   SUNSET   746 PM CDT


-  INDICATES NEGATIVE NUMBERS.
R  INDICATES RECORD WAS SET OR TIED.
MM INDICATES DATA IS MISSING.
T  INDICATES TRACE AMOUNT.




$$
