000
CDUS44 KBRO 060725
CLIHRL


CLIMATE REPORT
NATIONAL WEATHER SERVICE BROWNSVILLE TX
125 AM CST FRI MAR 6 2015


...................................

...THE HARLINGEN CLIMATE SUMMARY FOR MARCH 5 2015...

CLIMATE NORMAL PERIOD 1981 TO 2010
CLIMATE RECORD PERIOD 1912 TO 2015


WEATHER ITEM   OBSERVED TIME   RECORD YEAR NORMAL DEPARTURE LAST
                VALUE   (LST)  VALUE       VALUE  FROM      YEAR
                                                  NORMAL
..................................................................
TEMPERATURE (F)
 YESTERDAY
  MAXIMUM         72   1241 AM  98    1983  78     -6       60
  MINIMUM         42   1130 AM  33    1965  56    -14       45
  AVERAGE         57                        67    -10       53

PRECIPITATION (IN)
  YESTERDAY        T             0.93 1950   0.04  -0.04     0.00
  MONTH TO DATE    0.06                      0.19  -0.13     0.19
  SINCE MAR 1      0.06                      0.19  -0.13     0.19
  SINCE JAN 1      2.98                      2.66   0.32     1.19

SNOWFALL (IN)
  YESTERDAY       MM
  MONTH TO DATE    0.0
  SINCE MAR 1      0.0
  SINCE JUL 1      0.0

DEGREE DAYS
 HEATING
  YESTERDAY        8                         2      6       12
  MONTH TO DATE   30                        14     16       53
  SINCE MAR 1     30                        14     16       53
  SINCE JUL 1    723                       582    141      864

 COOLING
  YESTERDAY        0                         4     -4        0
  MONTH TO DATE   15                        20     -5       17
  SINCE MAR 1     15                        20     -5       17
  SINCE JAN 1     74                       145    -71      128
..................................................................


WIND (MPH)
  HIGHEST WIND SPEED    36   HIGHEST WIND DIRECTION     N (350)
  HIGHEST GUST SPEED    43   HIGHEST GUST DIRECTION     N (350)
  AVERAGE WIND SPEED    20.9



WEATHER CONDITIONS
 THE FOLLOWING WEATHER WAS RECORDED YESTERDAY.
  LIGHT RAIN
  FOG


RELATIVE HUMIDITY (PERCENT)
 HIGHEST    96
 LOWEST     46
 AVERAGE    71

..........................................................


THE HARLINGEN CLIMATE NORMALS FOR TODAY
                         NORMAL    RECORD    YEAR
 MAXIMUM TEMPERATURE (F)   78        98      1930
 MINIMUM TEMPERATURE (F)   56        32      1966


SUNRISE AND SUNSET
MARCH  6 2015.........SUNRISE   649 AM CST   SUNSET   635 PM CST
MARCH  7 2015.........SUNRISE   648 AM CST   SUNSET   635 PM CST


-  INDICATES NEGATIVE NUMBERS.
R  INDICATES RECORD WAS SET OR TIED.
MM INDICATES DATA IS MISSING.
T  INDICATES TRACE AMOUNT.




$$
