000
CDUS44 KBRO 142126
CLIHRL


CLIMATE REPORT
NATIONAL WEATHER SERVICE BROWNSVILLE TX
425 PM CDT SUN SEP 14 2014


...................................

...THE HARLINGEN CLIMATE SUMMARY FOR SEPTEMBER 14 2014...
VALID TODAY AS OF 0400 PM LOCAL TIME.

CLIMATE NORMAL PERIOD 1981 TO 2010
CLIMATE RECORD PERIOD 1912 TO 2014


WEATHER ITEM   OBSERVED TIME   RECORD YEAR NORMAL DEPARTURE LAST
                VALUE   (LST)  VALUE       VALUE  FROM      YEAR
                                                  NORMAL
..................................................................
TEMPERATURE (F)
 TODAY
  MAXIMUM         87    117 PM 101    1950  92     -5       87
  MINIMUM         72    731 AM  62    1945  73     -1       74
  AVERAGE         80                        82     -2       81

PRECIPITATION (IN)
  TODAY            0.11          3.61 1961   0.20  -0.09     0.20
  MONTH TO DATE    5.13                      2.51   2.62     4.61
  SINCE SEP 1      5.13                      2.51   2.62     4.61
  SINCE JAN 1     11.78                     16.72  -4.94    16.45

SNOWFALL (IN)
  TODAY            0.0
  MONTH TO DATE    0.0
  SINCE SEP 1      0.0
  SINCE JUL 1      0.0
  SNOW DEPTH       0

DEGREE DAYS
 HEATING
  TODAY            0                         0      0        0
  MONTH TO DATE    0                         0      0        0
  SINCE SEP 1      0                         0      0        0
  SINCE JUL 1      0                         0      0        0

 COOLING
  TODAY           15                        17     -2       16
  MONTH TO DATE  262                       256      6      234
  SINCE SEP 1    262                       256      6      234
  SINCE JAN 1   3159                      3180    -21     3251
..................................................................


WIND (MPH)
  HIGHEST WIND SPEED    17   HIGHEST WIND DIRECTION    NE (30)
  HIGHEST GUST SPEED    23   HIGHEST GUST DIRECTION     N (10)
  AVERAGE WIND SPEED    11.0



WEATHER CONDITIONS
 THE FOLLOWING WEATHER WAS RECORDED TODAY.
  LIGHT RAIN
  FOG


RELATIVE HUMIDITY (PERCENT)
 HIGHEST   100
 LOWEST     68
 AVERAGE    84

..........................................................


THE HARLINGEN CLIMATE NORMALS FOR TOMORROW
                         NORMAL    RECORD    YEAR
 MAXIMUM TEMPERATURE (F)   91       100      1950
                                             1965
 MINIMUM TEMPERATURE (F)   73        62      1942


SUNRISE AND SUNSET
SEPTEMBER 14 2014.....SUNRISE   716 AM CDT   SUNSET   736 PM CDT
SEPTEMBER 15 2014.....SUNRISE   716 AM CDT   SUNSET   735 PM CDT


-  INDICATES NEGATIVE NUMBERS.
R  INDICATES RECORD WAS SET OR TIED.
MM INDICATES DATA IS MISSING.
T  INDICATES TRACE AMOUNT.




$$
