000
CDUS44 KBRO 260644
CLIHRL


CLIMATE REPORT
NATIONAL WEATHER SERVICE BROWNSVILLE TX
143 AM CDT SAT JUL 26 2014


...................................

...THE HARLINGEN CLIMATE SUMMARY FOR JULY 25 2014...

CLIMATE NORMAL PERIOD 1981 TO 2010
CLIMATE RECORD PERIOD 1912 TO 2014


WEATHER ITEM   OBSERVED TIME   RECORD YEAR NORMAL DEPARTURE LAST
                VALUE   (LST)  VALUE       VALUE  FROM      YEAR
                                                  NORMAL
..................................................................
TEMPERATURE (F)
 YESTERDAY
  MAXIMUM        100    220 PM 104    1943  96      4      100
  MINIMUM         76    525 AM  66    1915  75      1       77
  AVERAGE         88                        85      3       89

PRECIPITATION (IN)
  YESTERDAY        0.00          1.25 1934   0.05  -0.05     0.00
  MONTH TO DATE    0.59                      1.66  -1.07     1.62
  SINCE JUN 1      0.88                      4.16  -3.28     2.42
  SINCE JAN 1      5.72                     12.08  -6.36     9.59

SNOWFALL (IN)
  YESTERDAY        0.0
  MONTH TO DATE    0.0
  SINCE JUN 1      0.0
  SINCE JUL 1      0.0

DEGREE DAYS
 HEATING
  YESTERDAY        0                         0      0        0
  MONTH TO DATE    0                         0      0        0
  SINCE JUN 1      0                         0      0        0
  SINCE JUL 1      0                         0      0        0

 COOLING
  YESTERDAY       23                        20      3       24
  MONTH TO DATE  511                       500     11      497
  SINCE JUN 1   1133                      1068     65     1132
  SINCE JAN 1   2069                      2169   -100     2227
..................................................................


WIND (MPH)
  HIGHEST WIND SPEED    25   HIGHEST WIND DIRECTION    SE (150)
  HIGHEST GUST SPEED    30   HIGHEST GUST DIRECTION    SE (150)
  AVERAGE WIND SPEED    13.3



WEATHER CONDITIONS
 THE FOLLOWING WEATHER WAS RECORDED YESTERDAY.
  FOG


RELATIVE HUMIDITY (PERCENT)
 HIGHEST   100
 LOWEST     35
 AVERAGE    68

..........................................................


THE HARLINGEN CLIMATE NORMALS FOR TODAY
                         NORMAL    RECORD    YEAR
 MAXIMUM TEMPERATURE (F)   96       102      1943
 MINIMUM TEMPERATURE (F)   75        68      1933


SUNRISE AND SUNSET
JULY 26 2014..........SUNRISE   653 AM CDT   SUNSET   821 PM CDT
JULY 27 2014..........SUNRISE   654 AM CDT   SUNSET   820 PM CDT


-  INDICATES NEGATIVE NUMBERS.
R  INDICATES RECORD WAS SET OR TIED.
MM INDICATES DATA IS MISSING.
T  INDICATES TRACE AMOUNT.




$$
