000
CDUS44 KBRO 222132
CLIHRL


CLIMATE REPORT
NATIONAL WEATHER SERVICE BROWNSVILLE TX
432 PM CDT FRI MAY 22 2015


...................................

...THE HARLINGEN CLIMATE SUMMARY FOR MAY 22 2015...
VALID TODAY AS OF 0400 PM LOCAL TIME.

CLIMATE NORMAL PERIOD 1981 TO 2010
CLIMATE RECORD PERIOD 1912 TO 2015


WEATHER ITEM   OBSERVED TIME   RECORD YEAR NORMAL DEPARTURE LAST
                VALUE   (LST)  VALUE       VALUE  FROM      YEAR
                                                  NORMAL
..................................................................
TEMPERATURE (F)
 TODAY
  MAXIMUM         92    130 PM 101    1955  91      1       91
  MINIMUM         72    316 AM  58    1967  72      0       74
  AVERAGE         82                        82      0       83

PRECIPITATION (IN)
  TODAY           MM             2.60 1941   0.08  MM        0.00
  MONTH TO DATE    1.13                      1.69  -0.56     1.77
  SINCE MAR 1      7.92                      4.65   3.27     3.72
  SINCE JAN 1     10.84                      7.12   3.72     4.72

SNOWFALL (IN)
  TODAY            0.0
  MONTH TO DATE    0.0
  SINCE MAR 1      0.0
  SINCE JUL 1      0.0
  SNOW DEPTH       0

DEGREE DAYS
 HEATING
  TODAY            0                         0      0        0
  MONTH TO DATE    0                         0      0        0
  SINCE MAR 1     74                        54     20      119
  SINCE JUL 1    767                       622    145      930

 COOLING
  TODAY           17                        17      0       18
  MONTH TO DATE  367                       331     36      245
  SINCE MAR 1    867                       820     47      656
  SINCE JAN 1    926                       945    -19      767
..................................................................


WIND (MPH)
  HIGHEST WIND SPEED    23   HIGHEST WIND DIRECTION    SE (150)
  HIGHEST GUST SPEED    28   HIGHEST GUST DIRECTION    SE (150)
  AVERAGE WIND SPEED     9.0



WEATHER CONDITIONS
 THE FOLLOWING WEATHER WAS RECORDED TODAY.
  THUNDERSTORM
  FOG
  FOG W/VISIBILITY <= 1/4 MILE


RELATIVE HUMIDITY (PERCENT)
 HIGHEST   100
 LOWEST     63
 AVERAGE    82

..........................................................


THE HARLINGEN CLIMATE NORMALS FOR TOMORROW
                         NORMAL    RECORD    YEAR
 MAXIMUM TEMPERATURE (F)   92       101      1916
 MINIMUM TEMPERATURE (F)   72        56      1928


SUNRISE AND SUNSET
MAY 22 2015...........SUNRISE   641 AM CDT   SUNSET   814 PM CDT
MAY 23 2015...........SUNRISE   641 AM CDT   SUNSET   814 PM CDT


-  INDICATES NEGATIVE NUMBERS.
R  INDICATES RECORD WAS SET OR TIED.
MM INDICATES DATA IS MISSING.
T  INDICATES TRACE AMOUNT.




$$
