000
CDUS44 KBRO 020627
CLIHRL


CLIMATE REPORT
NATIONAL WEATHER SERVICE BROWNSVILLE TX
126 AM CDT THU JUL 2 2015


...................................

...THE HARLINGEN CLIMATE SUMMARY FOR JULY 1 2015...

CLIMATE NORMAL PERIOD 1981 TO 2010
CLIMATE RECORD PERIOD 1912 TO 2015


WEATHER ITEM   OBSERVED TIME   RECORD YEAR NORMAL DEPARTURE LAST
                VALUE   (LST)  VALUE       VALUE  FROM      YEAR
                                                  NORMAL
..................................................................
TEMPERATURE (F)
 YESTERDAY
  MAXIMUM         84    245 PM 101    1937  94    -10       96
  MINIMUM         72   1018 PM  64    1924  75     -3       73
  AVERAGE         78                        85     -7       85

PRECIPITATION (IN)
  YESTERDAY        0.98          2.21 1975   0.06   0.92     0.00
  MONTH TO DATE    0.98                      0.06   0.92     0.00
  SINCE JUN 1      3.19                      2.56   0.63     0.29
  SINCE JAN 1     15.69                     10.48   5.21     5.13

SNOWFALL (IN)
  YESTERDAY        0.0
  MONTH TO DATE    0.0
  SINCE JUN 1      0.0
  SINCE JUL 1      0.0

DEGREE DAYS
 HEATING
  YESTERDAY        0                         0      0        0
  MONTH TO DATE    0                         0      0        0
  SINCE JUN 1      0                         0      0        0
  SINCE JUL 1      0                         0      0        0

 COOLING
  YESTERDAY       13                        20     -7       20
  MONTH TO DATE   13                        20     -7       20
  SINCE JUN 1    580                       588     -8      642
  SINCE JAN 1   1664                      1689    -25     1578
..................................................................


WIND (MPH)
  HIGHEST WIND SPEED    25   HIGHEST WIND DIRECTION    SE (150)
  HIGHEST GUST SPEED    30   HIGHEST GUST DIRECTION    SE (150)
  AVERAGE WIND SPEED    10.0



WEATHER CONDITIONS
 THE FOLLOWING WEATHER WAS RECORDED YESTERDAY.
  HEAVY RAIN
  RAIN
  LIGHT RAIN
  FOG


RELATIVE HUMIDITY (PERCENT)
 HIGHEST    93
 LOWEST     58
 AVERAGE    76

..........................................................


THE HARLINGEN CLIMATE NORMALS FOR TODAY
                         NORMAL    RECORD    YEAR
 MAXIMUM TEMPERATURE (F)   94       101      2005
                                             1946
 MINIMUM TEMPERATURE (F)   75        67      1963


SUNRISE AND SUNSET
JULY  2 2015..........SUNRISE   642 AM CDT   SUNSET   827 PM CDT
JULY  3 2015..........SUNRISE   643 AM CDT   SUNSET   827 PM CDT


-  INDICATES NEGATIVE NUMBERS.
R  INDICATES RECORD WAS SET OR TIED.
MM INDICATES DATA IS MISSING.
T  INDICATES TRACE AMOUNT.




$$
