000
CDUS44 KBRO 012227
CLIHRL


CLIMATE REPORT
NATIONAL WEATHER SERVICE BROWNSVILLE TX
426 PM CST SUN FEB 1 2015


...................................

...THE HARLINGEN CLIMATE SUMMARY FOR FEBRUARY 1 2015...
VALID TODAY AS OF 0400 PM LOCAL TIME.

CLIMATE NORMAL PERIOD 1981 TO 2010
CLIMATE RECORD PERIOD 1912 TO 2015


WEATHER ITEM   OBSERVED TIME   RECORD YEAR NORMAL DEPARTURE LAST
                VALUE   (LST)  VALUE       VALUE  FROM      YEAR
                                                  NORMAL
..................................................................
TEMPERATURE (F)
 TODAY
  MAXIMUM         79    307 PM  92    1971  72      7       81
  MINIMUM         62    246 AM  21    1951  51     11       68
  AVERAGE         71                        62      9       75

PRECIPITATION (IN)
  TODAY            T             2.50 1945   0.06  -0.06     0.00
  MONTH TO DATE    T                         0.06  -0.06     0.00
  SINCE DEC 1      4.24                      2.38   1.86     4.56
  SINCE JAN 1      1.93                      1.12   0.81     0.84

DEGREE DAYS
 HEATING
  TODAY            0                         5     -5        0
  MONTH TO DATE    0                         5     -5        0
  SINCE DEC 1    399                       396      3      501
  SINCE JUL 1    534                       453     81      633

 COOLING
  TODAY            6                         2      4       10
  MONTH TO DATE    6                         2      4       10
  SINCE DEC 1    111                       109      2       92
  SINCE JAN 1     20                        51    -31       29
..................................................................


WIND (MPH)
  HIGHEST WIND SPEED    23   HIGHEST WIND DIRECTION    SE (150)
  HIGHEST GUST SPEED    28   HIGHEST GUST DIRECTION    SE (150)
  AVERAGE WIND SPEED    12.4



WEATHER CONDITIONS
 THE FOLLOWING WEATHER WAS RECORDED TODAY.
  LIGHT RAIN


RELATIVE HUMIDITY (PERCENT)
 HIGHEST   100
 LOWEST     56
 AVERAGE    78

..........................................................


THE HARLINGEN CLIMATE NORMALS FOR TOMORROW
                         NORMAL    RECORD    YEAR
 MAXIMUM TEMPERATURE (F)   72        94      2006
 MINIMUM TEMPERATURE (F)   51        24      1951


SUNRISE AND SUNSET
FEBRUARY  1 2015......SUNRISE   715 AM CST   SUNSET   614 PM CST
FEBRUARY  2 2015......SUNRISE   715 AM CST   SUNSET   614 PM CST


-  INDICATES NEGATIVE NUMBERS.
R  INDICATES RECORD WAS SET OR TIED.
MM INDICATES DATA IS MISSING.
T  INDICATES TRACE AMOUNT.

$$
