000
CDUS44 KBRO 170627
CLIHRL


CLIMATE REPORT
NATIONAL WEATHER SERVICE BROWNSVILLE TX
126 AM CDT TUE OCT 17 2017


...................................

...THE HARLINGEN CLIMATE SUMMARY FOR OCTOBER 16 2017...

CLIMATE NORMAL PERIOD 1981 TO 2010
CLIMATE RECORD PERIOD 1912 TO 2017


WEATHER ITEM   OBSERVED TIME   RECORD YEAR NORMAL DEPARTURE LAST
                VALUE   (LST)  VALUE       VALUE  FROM      YEAR
                                                  NORMAL
..................................................................
TEMPERATURE (F)
 YESTERDAY
  MAXIMUM         81    300 PM  97    1957  87     -6       96
                                      1962
  MINIMUM         58   1159 PM  49    1954  65     -7       69
  AVERAGE         70                        76     -6       83

PRECIPITATION (IN)
  YESTERDAY        0.00          2.50 1941   0.10  -0.10     0.00
  MONTH TO DATE    3.50                      1.45   2.05     0.25
  SINCE SEP 1      5.44                      6.67  -1.23     2.74
  SINCE JAN 1     17.61                     20.88  -3.27    17.64

SNOWFALL (IN)
  YESTERDAY        0.0
  MONTH TO DATE    0.0
  SINCE SEP 1      0.0
  SINCE JUL 1      0.0

DEGREE DAYS
 HEATING
  YESTERDAY        0                         0      0        0
  MONTH TO DATE    0                         0      0        0
  SINCE SEP 1      0                         0      0        0
  SINCE JUL 1      0                         0      0        0

 COOLING
  YESTERDAY        5                        11     -6       18
  MONTH TO DATE  234                       201     33      260
  SINCE SEP 1    806                       706    100      862
  SINCE JAN 1   4311                      3630    681     4181
..................................................................


WIND (MPH)
  HIGHEST WIND SPEED    24   HIGHEST WIND DIRECTION     N (340)
  HIGHEST GUST SPEED    29   HIGHEST GUST DIRECTION     N (350)
  AVERAGE WIND SPEED    14.5



WEATHER CONDITIONS
 THE FOLLOWING WEATHER WAS RECORDED YESTERDAY.
  NO SIGNIFICANT WEATHER WAS OBSERVED.


RELATIVE HUMIDITY (PERCENT)
 HIGHEST    78
 LOWEST     30
 AVERAGE    54

..........................................................


THE HARLINGEN CLIMATE NORMALS FOR TODAY
                         NORMAL    RECORD    YEAR
 MAXIMUM TEMPERATURE (F)   87        97      2016
 MINIMUM TEMPERATURE (F)   65        49      1974
                                             1961


SUNRISE AND SUNSET
OCTOBER 17 2017.......SUNRISE   731 AM CDT   SUNSET   701 PM CDT
OCTOBER 18 2017.......SUNRISE   731 AM CDT   SUNSET   700 PM CDT


-  INDICATES NEGATIVE NUMBERS.
R  INDICATES RECORD WAS SET OR TIED.
MM INDICATES DATA IS MISSING.
T  INDICATES TRACE AMOUNT.




$$
