543
CDUS44 KBRO 210627
CLIHRL


CLIMATE REPORT
NATIONAL WEATHER SERVICE BROWNSVILLE TX
127 AM CDT MON AUG 21 2017


...................................

...THE HARLINGEN CLIMATE SUMMARY FOR AUGUST 20 2017...

CLIMATE NORMAL PERIOD 1981 TO 2010
CLIMATE RECORD PERIOD 1912 TO 2017


WEATHER ITEM   OBSERVED TIME   RECORD YEAR NORMAL DEPARTURE LAST
                VALUE   (LST)  VALUE       VALUE  FROM      YEAR
                                                  NORMAL
..................................................................
TEMPERATURE (F)
 YESTERDAY
  MAXIMUM         99    232 PM 103    1915  96      3       96
                                      1943
  MINIMUM         75    621 AM  65    1931  75      0       80
  AVERAGE         87                        86      1       88

PRECIPITATION (IN)
  YESTERDAY        0.00          2.21 2015   0.06  -0.06     0.00
  MONTH TO DATE    0.60                      0.76  -0.16     2.16
  SINCE JUN 1      5.14                      5.19  -0.05     7.40
  SINCE JAN 1     11.73                     13.11  -1.38    14.29

SNOWFALL (IN)
  YESTERDAY        0.0
  MONTH TO DATE    0.0
  SINCE JUN 1      0.0
  SINCE JUL 1      0.0

DEGREE DAYS
 HEATING
  YESTERDAY        0                         0      0        0
  MONTH TO DATE    0                         0      0        0
  SINCE JUN 1      0                         0      0        0
  SINCE JUL 1      0                         0      0        0

 COOLING
  YESTERDAY       22                        20      2       23
  MONTH TO DATE  459                       418     41      444
  SINCE JUN 1   1736                      1609    127     1724
  SINCE JAN 1   3271                      2710    561     3085
..................................................................


WIND (MPH)
  HIGHEST WIND SPEED    22   HIGHEST WIND DIRECTION     E (100)
  HIGHEST GUST SPEED    27   HIGHEST GUST DIRECTION     E (110)
  AVERAGE WIND SPEED    10.4



WEATHER CONDITIONS
 THE FOLLOWING WEATHER WAS RECORDED YESTERDAY.
  FOG


RELATIVE HUMIDITY (PERCENT)
 HIGHEST   100
 LOWEST     45
 AVERAGE    73

..........................................................


THE HARLINGEN CLIMATE NORMALS FOR TODAY
                         NORMAL    RECORD    YEAR
 MAXIMUM TEMPERATURE (F)   96       104      1930
 MINIMUM TEMPERATURE (F)   75        66      1931


SUNRISE AND SUNSET
AUGUST 21 2017........SUNRISE   706 AM CDT   SUNSET   801 PM CDT
AUGUST 22 2017........SUNRISE   706 AM CDT   SUNSET   800 PM CDT


-  INDICATES NEGATIVE NUMBERS.
R  INDICATES RECORD WAS SET OR TIED.
MM INDICATES DATA IS MISSING.
T  INDICATES TRACE AMOUNT.




$$
