000
CDUS44 KBRO 300627
CLIHRL


CLIMATE REPORT
NATIONAL WEATHER SERVICE BROWNSVILLE TX
127 AM CDT SUN AUG 30 2015


...................................

...THE HARLINGEN CLIMATE SUMMARY FOR AUGUST 29 2015...

CLIMATE NORMAL PERIOD 1981 TO 2010
CLIMATE RECORD PERIOD 1912 TO 2015


WEATHER ITEM   OBSERVED TIME   RECORD YEAR NORMAL DEPARTURE LAST
                VALUE   (LST)  VALUE       VALUE  FROM      YEAR
                                                  NORMAL
..................................................................
TEMPERATURE (F)
 YESTERDAY
  MAXIMUM         96    156 PM 104    2012  95      1       92
  MINIMUM         68    604 AM  63    1958  75     -7       76
  AVERAGE         82                        85     -3       84

PRECIPITATION (IN)
  YESTERDAY        0.00          5.55 1936   0.13  -0.13     0.15
  MONTH TO DATE    2.24                      1.59   0.65     0.60
  SINCE JUN 1      5.57                      6.02  -0.45     1.48
  SINCE JAN 1     18.07                     13.94   4.13     6.32

SNOWFALL (IN)
  YESTERDAY        0.0
  MONTH TO DATE    0.0
  SINCE JUN 1      0.0
  SINCE JUL 1      0.0

DEGREE DAYS
 HEATING
  YESTERDAY        0                         0      0        0
  MONTH TO DATE    0                         0      0        0
  SINCE JUN 1      0                         0      0        0
  SINCE JUL 1      0                         0      0        0

 COOLING
  YESTERDAY       17                        20     -3       19
  MONTH TO DATE  648                       598     50      649
  SINCE JUN 1   1870                      1789     81     1921
  SINCE JAN 1   2954                      2890     64     2857
..................................................................


WIND (MPH)
  HIGHEST WIND SPEED    18   HIGHEST WIND DIRECTION     E (110)
  HIGHEST GUST SPEED    23   HIGHEST GUST DIRECTION     E (80)
  AVERAGE WIND SPEED     6.0



WEATHER CONDITIONS
 THE FOLLOWING WEATHER WAS RECORDED YESTERDAY.
  NO SIGNIFICANT WEATHER WAS OBSERVED.


RELATIVE HUMIDITY (PERCENT)
 HIGHEST    90
 LOWEST     39
 AVERAGE    65

..........................................................


THE HARLINGEN CLIMATE NORMALS FOR TODAY
                         NORMAL    RECORD    YEAR
 MAXIMUM TEMPERATURE (F)   95       105      2005
 MINIMUM TEMPERATURE (F)   75        65      1970


SUNRISE AND SUNSET
AUGUST 30 2015........SUNRISE   710 AM CDT   SUNSET   753 PM CDT
AUGUST 31 2015........SUNRISE   710 AM CDT   SUNSET   751 PM CDT


-  INDICATES NEGATIVE NUMBERS.
R  INDICATES RECORD WAS SET OR TIED.
MM INDICATES DATA IS MISSING.
T  INDICATES TRACE AMOUNT.




$$
