000
CDUS44 KBRO 112236
CLIHRL


CLIMATE REPORT
NATIONAL WEATHER SERVICE BROWNSVILLE TX
436 PM CST MON DEC 11 2017


...................................

...THE HARLINGEN CLIMATE SUMMARY FOR DECEMBER 11 2017...
VALID TODAY AS OF 0400 PM LOCAL TIME.

CLIMATE NORMAL PERIOD 1981 TO 2010
CLIMATE RECORD PERIOD 1912 TO 2017


WEATHER ITEM   OBSERVED TIME   RECORD YEAR NORMAL DEPARTURE LAST
                VALUE   (LST)  VALUE       VALUE  FROM      YEAR
                                                  NORMAL
..................................................................
TEMPERATURE (F)
 TODAY
  MAXIMUM         72   1247 PM  92    1939  72      0       82
  MINIMUM         39    622 AM  30    1944  50    -11       51
  AVERAGE         56                        61     -5       67

PRECIPITATION (IN)
  TODAY            0.00          1.10 1935   0.05  -0.05     0.00
  MONTH TO DATE    0.80                      0.58   0.22     1.05
  SINCE DEC 1      0.80                      0.58   0.22     1.05
  SINCE JAN 1     19.13                     24.50  -5.37    21.31

SNOWFALL (IN)
  TODAY            0.0
  MONTH TO DATE    1.0
  SINCE DEC 1      1.0
  SINCE JUL 1      1.0
  SNOW DEPTH       0

DEGREE DAYS
 HEATING
  TODAY            9                         6      3        0
  MONTH TO DATE   93                        58     35       55
  SINCE DEC 1     93                        58     35       55
  SINCE JUL 1    136                       115     21       70

 COOLING
  TODAY            0                         2     -2        2
  MONTH TO DATE   41                        27     14       26
  SINCE DEC 1     41                        27     14       26
  SINCE JAN 1   4696                      3961    735     4664
..................................................................


WIND (MPH)
  HIGHEST WIND SPEED     8   HIGHEST WIND DIRECTION     W (270)
  HIGHEST GUST SPEED    10   HIGHEST GUST DIRECTION    SW (230)
  AVERAGE WIND SPEED     3.2



WEATHER CONDITIONS
 THE FOLLOWING WEATHER WAS RECORDED TODAY.
  FOG


RELATIVE HUMIDITY (PERCENT)
 HIGHEST   100
 LOWEST     26
 AVERAGE    63

..........................................................


THE HARLINGEN CLIMATE NORMALS FOR TOMORROW
                         NORMAL    RECORD    YEAR
 MAXIMUM TEMPERATURE (F)   72        89      1921
 MINIMUM TEMPERATURE (F)   50        28      1957


SUNRISE AND SUNSET
DECEMBER 11 2017......SUNRISE   708 AM CST   SUNSET   540 PM CST
DECEMBER 12 2017......SUNRISE   709 AM CST   SUNSET   540 PM CST


-  INDICATES NEGATIVE NUMBERS.
R  INDICATES RECORD WAS SET OR TIED.
MM INDICATES DATA IS MISSING.
T  INDICATES TRACE AMOUNT.




$$
