000
CDUS42 KMHX 262127
CLIHSE


CLIMATE REPORT
NATIONAL WEATHER SERVICE NEWPORT/MOREHEAD CITY NC
526 PM EDT MON JUN 26 2017


...................................

...THE CAPE HATTERAS NC CLIMATE SUMMARY FOR JUNE 26 2017...
VALID TODAY AS OF 0500 PM LOCAL TIME.

CLIMATE NORMAL PERIOD 1981 TO 2010
CLIMATE RECORD PERIOD 1874 TO 2017


WEATHER ITEM   OBSERVED TIME   RECORD YEAR NORMAL DEPARTURE LAST
                VALUE   (LST)  VALUE       VALUE  FROM      YEAR
                                                  NORMAL
..................................................................
TEMPERATURE (F)
 TODAY
  MAXIMUM         80   1000 AM  95    1952  83     -3       82
  MINIMUM         77        MM  57    1978  72      5       72
                                      1963
  AVERAGE         79                        78      1       77

PRECIPITATION (IN)
  TODAY            0.00          3.81 2015   0.15  -0.15     0.00
  MONTH TO DATE    2.37                      3.43  -1.06    10.18
  SINCE JUN 1      2.37                      3.43  -1.06    10.18
  SINCE JAN 1     29.10                     24.67   4.43    44.24

SNOWFALL (IN)
  TODAY            0.0
  MONTH TO DATE    0.0
  SINCE NOV 1      T
  SINCE JUL 1      T
  SNOW DEPTH       0

DEGREE DAYS
 HEATING
  TODAY            0                         0      0        0
  MONTH TO DATE    0                         0      0        0
  SINCE JUN 1      0                         0      0        0
  SINCE JUL 1   1728                      2584   -856     1700

 COOLING
  TODAY           14                        13      1       12
  MONTH TO DATE  341                       257     84      302
  SINCE JUN 1    341                       257     84      302
  SINCE JAN 1    768                       400    368      511
..................................................................


WIND (MPH)
  HIGHEST WIND SPEED     7   HIGHEST WIND DIRECTION     E (99)
  HIGHEST GUST SPEED    MM   HIGHEST GUST DIRECTION    MM
  AVERAGE WIND SPEED     5.9


SKY COVER
  POSSIBLE SUNSHINE  MM
  AVERAGE SKY COVER 0.3


WEATHER CONDITIONS
 THE FOLLOWING WEATHER WAS RECORDED TODAY.
  NO SIGNIFICANT WEATHER WAS OBSERVED.


RELATIVE HUMIDITY (PERCENT)
 HIGHEST    85          1200 AM
 LOWEST     54           400 AM
 AVERAGE    70

..........................................................


THE CAPE HATTERAS NC CLIMATE NORMALS FOR TOMORROW
                         NORMAL    RECORD    YEAR
 MAXIMUM TEMPERATURE (F)   83        97      1952
 MINIMUM TEMPERATURE (F)   72        61      2012
                                             1985


SUNRISE AND SUNSET
JUNE 26 2017..........SUNRISE   550 AM EDT   SUNSET   821 PM EDT
JUNE 27 2017..........SUNRISE   550 AM EDT   SUNSET   821 PM EDT


-  INDICATES NEGATIVE NUMBERS.
R  INDICATES RECORD WAS SET OR TIED.
MM INDICATES DATA IS MISSING.
T  INDICATES TRACE AMOUNT.




$$
