000
CDUS42 KMHX 270525
CLIHSE


CLIMATE REPORT
NATIONAL WEATHER SERVICE NEWPORT/MOREHEAD CITY NC
125 AM EDT FRI MAY 27 2016


...................................

...THE CAPE HATTERAS NC CLIMATE SUMMARY FOR MAY 26 2016...

CLIMATE NORMAL PERIOD 1981 TO 2010
CLIMATE RECORD PERIOD 1874 TO 2016


WEATHER ITEM   OBSERVED TIME   RECORD YEAR NORMAL DEPARTURE LAST
                VALUE   (LST)  VALUE       VALUE  FROM      YEAR
                                                  NORMAL
..................................................................
TEMPERATURE (F)
 YESTERDAY
  MAXIMUM         79    322 PM  88    1962  76      3       81
  MINIMUM         68    402 AM  45    1967  63      5       72
  AVERAGE         74                        70      4       77

PRECIPITATION (IN)
  YESTERDAY        0.00          3.28 1958   0.12  -0.12     0.00
  MONTH TO DATE    4.45                      3.01   1.44     3.21
  SINCE MAR 1     12.73                     11.42   1.31     7.68
  SINCE JAN 1     25.84                     20.68   5.16    19.63

SNOWFALL (IN)
  YESTERDAY        0.0
  MONTH TO DATE    0.0
  SINCE NOV 1      T
  SINCE JUL 1      T
  SNOW DEPTH       0

DEGREE DAYS
 HEATING
  YESTERDAY        0                         1     -1        0
  MONTH TO DATE   21                        47    -26       56
  SINCE MAR 1    387                       657   -270      633
  SINCE JUL 1   1700                      2581   -881     2806

 COOLING
  YESTERDAY        9                         5      4       12
  MONTH TO DATE   98                        85     13       90
  SINCE MAR 1    152                       113     39      107
  SINCE JAN 1    153                       113     40      109
..................................................................


WIND (MPH)
  HIGHEST WIND SPEED    13   HIGHEST WIND DIRECTION    SW (210)
  HIGHEST GUST SPEED    16   HIGHEST GUST DIRECTION    SW (210)
  AVERAGE WIND SPEED     7.2


SKY COVER
  POSSIBLE SUNSHINE  MM
  AVERAGE SKY COVER 0.0


WEATHER CONDITIONS
 THE FOLLOWING WEATHER WAS RECORDED YESTERDAY.
  NO SIGNIFICANT WEATHER WAS OBSERVED.


RELATIVE HUMIDITY (PERCENT)
 HIGHEST    90           100 AM
 LOWEST     69          1100 AM
 AVERAGE    80

..........................................................


THE CAPE HATTERAS NC CLIMATE NORMALS FOR TODAY
                         NORMAL    RECORD    YEAR
 MAXIMUM TEMPERATURE (F)   77        86      2004
                                             1991
 MINIMUM TEMPERATURE (F)   64        42      1979


SUNRISE AND SUNSET
MAY 27 2016...........SUNRISE   551 AM EDT   SUNSET   809 PM EDT
MAY 28 2016...........SUNRISE   550 AM EDT   SUNSET   810 PM EDT


-  INDICATES NEGATIVE NUMBERS.
R  INDICATES RECORD WAS SET OR TIED.
MM INDICATES DATA IS MISSING.
T  INDICATES TRACE AMOUNT.




$$
