000
CDUS42 KMHX 242131
CLIHSE


CLIMATE REPORT
NATIONAL WEATHER SERVICE NEWPORT/MOREHEAD CITY NC
530 PM EDT FRI MAR 24 2017


...................................

...THE CAPE HATTERAS NC CLIMATE SUMMARY FOR MARCH 24 2017...
VALID TODAY AS OF 0500 PM LOCAL TIME.

CLIMATE NORMAL PERIOD 1981 TO 2010
CLIMATE RECORD PERIOD 1874 TO 2017


WEATHER ITEM   OBSERVED TIME   RECORD YEAR NORMAL DEPARTURE LAST
                VALUE   (LST)  VALUE       VALUE  FROM      YEAR
                                                  NORMAL
..................................................................
TEMPERATURE (F)
 TODAY
  MAXIMUM         67    313 PM  80    1907  61      6       72
  MINIMUM         43    434 AM  26    1971  46     -3       62
  AVERAGE         55                        54      1       67

PRECIPITATION (IN)
  TODAY            0.00          4.57 1989   0.16  -0.16      T
  MONTH TO DATE    4.07                      3.65   0.42     3.97
  SINCE MAR 1      4.07                      3.65   0.42     3.97
  SINCE JAN 1     10.38                     12.91  -2.53    17.08

SNOWFALL (IN)
  TODAY           MM
  MONTH TO DATE    0.0
  SINCE NOV 1      T
  SINCE JUL 1      T
  SNOW DEPTH      MM

DEGREE DAYS
 HEATING
  TODAY           10                        12     -2        0
  MONTH TO DATE  344                       344      0      178
  SINCE MAR 1    344                       344      0      178
  SINCE JUL 1   1666                      2268   -602     1491

 COOLING
  TODAY            0                         0      0        2
  MONTH TO DATE    7                         0      7       13
  SINCE MAR 1      7                         0      7       13
  SINCE JAN 1     15                         0     15       14
..................................................................


WIND (MPH)
  HIGHEST WIND SPEED    13   HIGHEST WIND DIRECTION    SW (210)
  HIGHEST GUST SPEED    16   HIGHEST GUST DIRECTION    SW (220)
  AVERAGE WIND SPEED     7.2


SKY COVER
  POSSIBLE SUNSHINE  MM
  AVERAGE SKY COVER 0.0


WEATHER CONDITIONS
 THE FOLLOWING WEATHER WAS RECORDED TODAY.
  HAZE


RELATIVE HUMIDITY (PERCENT)
 HIGHEST    83           600 AM
 LOWEST     48          1200 PM
 AVERAGE    66

..........................................................


THE CAPE HATTERAS NC CLIMATE NORMALS FOR TOMORROW
                         NORMAL    RECORD    YEAR
 MAXIMUM TEMPERATURE (F)   61        75      2012
 MINIMUM TEMPERATURE (F)   47        26      1971


SUNRISE AND SUNSET
MARCH 24 2017.........SUNRISE   700 AM EDT   SUNSET   718 PM EDT
MARCH 25 2017.........SUNRISE   659 AM EDT   SUNSET   719 PM EDT


-  INDICATES NEGATIVE NUMBERS.
R  INDICATES RECORD WAS SET OR TIED.
MM INDICATES DATA IS MISSING.
T  INDICATES TRACE AMOUNT.




$$
