000
CDUS42 KMHX 222126
CLIHSE


CLIMATE REPORT
NATIONAL WEATHER SERVICE NEWPORT/MOREHEAD CITY NC
526 PM EDT SUN OCT 22 2017


...................................

...THE CAPE HATTERAS NC CLIMATE SUMMARY FOR OCTOBER 22 2017...
VALID TODAY AS OF 0500 PM LOCAL TIME.

CLIMATE NORMAL PERIOD 1981 TO 2010
CLIMATE RECORD PERIOD 1874 TO 2017


WEATHER ITEM   OBSERVED TIME   RECORD YEAR NORMAL DEPARTURE LAST
                VALUE   (LST)  VALUE       VALUE  FROM      YEAR
                                                  NORMAL
..................................................................
TEMPERATURE (F)
 TODAY
  MAXIMUM         82R   155 PM  82    1990  70     12       66
  MINIMUM         63    520 AM  38    1974  58      5       56
  AVERAGE         73                        64      9       61

PRECIPITATION (IN)
  TODAY            0.00          2.44 1893   0.19  -0.19     0.00
  MONTH TO DATE    0.68                      3.85  -3.17     5.02
  SINCE SEP 1      7.78                     10.10  -2.32    13.88
  SINCE JAN 1     50.14                     47.29   2.85    66.14

SNOWFALL (IN)
  TODAY            0.0
  MONTH TO DATE    0.0
  SINCE NOV 1      T
  SINCE JUL 1      0.0
  SNOW DEPTH       0

DEGREE DAYS
 HEATING
  TODAY            0                         3     -3        4
  MONTH TO DATE    1                        37    -36        8
  SINCE SEP 1      1                        40    -39        8
  SINCE JUL 1      1                        40    -39        8

 COOLING
  TODAY            8                         2      6        0
  MONTH TO DATE  188                        83    105      150
  SINCE SEP 1    535                       369    166      560
  SINCE JAN 1   2296                      1675    621     2195
..................................................................


WIND (MPH)
  HIGHEST WIND SPEED    10   HIGHEST WIND DIRECTION    SE (120)
  HIGHEST GUST SPEED    13   HIGHEST GUST DIRECTION     E (100)
  AVERAGE WIND SPEED     6.0


SKY COVER
  POSSIBLE SUNSHINE  MM
  AVERAGE SKY COVER 0.1


WEATHER CONDITIONS
 THE FOLLOWING WEATHER WAS RECORDED TODAY.
  NO SIGNIFICANT WEATHER WAS OBSERVED.


RELATIVE HUMIDITY (PERCENT)
 HIGHEST    93           100 AM
 LOWEST     51          1200 PM
 AVERAGE    72

..........................................................


THE CAPE HATTERAS NC CLIMATE NORMALS FOR TOMORROW
                         NORMAL    RECORD    YEAR
 MAXIMUM TEMPERATURE (F)   70        83      2007
 MINIMUM TEMPERATURE (F)   57        38      1976
                                             1974


SUNRISE AND SUNSET
OCTOBER 22 2017.......SUNRISE   715 AM EDT   SUNSET   618 PM EDT
OCTOBER 23 2017.......SUNRISE   716 AM EDT   SUNSET   617 PM EDT


-  INDICATES NEGATIVE NUMBERS.
R  INDICATES RECORD WAS SET OR TIED.
MM INDICATES DATA IS MISSING.
T  INDICATES TRACE AMOUNT.




$$
