000
CDUS42 KMHX 270627
CLIHSE


CLIMATE REPORT
NATIONAL WEATHER SERVICE NEWPORT/MOREHEAD CITY NC
126 AM EST THU NOV 27 2014


...................................

...THE CAPE HATTERAS NC CLIMATE SUMMARY FOR NOVEMBER 26 2014...

CLIMATE NORMAL PERIOD 1981 TO 2010
CLIMATE RECORD PERIOD 1874 TO 2014


WEATHER ITEM   OBSERVED TIME   RECORD YEAR NORMAL DEPARTURE LAST
                VALUE   (LST)  VALUE       VALUE  FROM      YEAR
                                                  NORMAL
..................................................................
TEMPERATURE (F)
 YESTERDAY
  MAXIMUM         72   1009 AM  76    1986  61     11       68
  MINIMUM         42   1028 PM  29    1970  48     -6       42
  AVERAGE         57                        55      2       55

PRECIPITATION (IN)
  YESTERDAY        0.71          3.54 1958   0.15   0.56     0.53
  MONTH TO DATE    4.27                      4.35  -0.08     2.21
  SINCE SEP 1     18.34                     15.98   2.36    16.49
  SINCE JAN 1     59.39                     53.17   6.22    47.69

SNOWFALL (IN)
  YESTERDAY        0.0
  MONTH TO DATE    0.0
  SINCE NOV 1      0.0
  SINCE JUL 1      0.0
  SNOW DEPTH       0

DEGREE DAYS
 HEATING
  YESTERDAY        8                        11     -3       10
  MONTH TO DATE  267                       197     70      198
  SINCE SEP 1    327                       272     55      249
  SINCE JUL 1    327                       272     55      249

 COOLING
  YESTERDAY        0                         0      0        0
  MONTH TO DATE    2                        22    -20       22
  SINCE SEP 1    388                       406    -18      446
  SINCE JAN 1   1764                      1712     52     1990
..................................................................


WIND (MPH)
  HIGHEST WIND SPEED    30   HIGHEST WIND DIRECTION    SW (210)
  HIGHEST GUST SPEED    40   HIGHEST GUST DIRECTION    SW (210)
  AVERAGE WIND SPEED    14.8


SKY COVER
  POSSIBLE SUNSHINE  MM
  AVERAGE SKY COVER 0.9


WEATHER CONDITIONS
 THE FOLLOWING WEATHER WAS RECORDED YESTERDAY.
  RAIN
  LIGHT RAIN
  FOG


RELATIVE HUMIDITY (PERCENT)
 HIGHEST   100          1200 AM
 LOWEST     83           900 PM
 AVERAGE    92

..........................................................


THE CAPE HATTERAS NC CLIMATE NORMALS FOR TODAY
                         NORMAL    RECORD    YEAR
 MAXIMUM TEMPERATURE (F)   61        79      1973
 MINIMUM TEMPERATURE (F)   48        30      2008
                                             1970
                                             1903


SUNRISE AND SUNSET
NOVEMBER 27 2014......SUNRISE   649 AM EST   SUNSET   451 PM EST
NOVEMBER 28 2014......SUNRISE   650 AM EST   SUNSET   451 PM EST


-  INDICATES NEGATIVE NUMBERS.
R  INDICATES RECORD WAS SET OR TIED.
MM INDICATES DATA IS MISSING.
T  INDICATES TRACE AMOUNT.




$$
