000
CDUS43 KGID 210854
CLIHSI


CLIMATE REPORT
NATIONAL WEATHER SERVICE HASTINGS NE
253 AM CST SAT JAN 21 2017


...................................

...THE HASTINGS NE CLIMATE SUMMARY FOR JANUARY 20 2017...

CLIMATE NORMAL PERIOD 1981 TO 2010
CLIMATE RECORD PERIOD 1894 TO 2017


WEATHER ITEM   OBSERVED TIME   RECORD YEAR NORMAL DEPARTURE LAST
                VALUE   (LST)  VALUE       VALUE  FROM      YEAR
                                                  NORMAL
..................................................................
TEMPERATURE (F)
 YESTERDAY
  MAXIMUM         41    607 PM  68    1944  36      5       33
  MINIMUM         36   1147 PM -13    1985  16     20       24
  AVERAGE         39                        26     13       29

PRECIPITATION (IN)
  YESTERDAY        0.01          0.42 1990   0.02  -0.01     0.10
  MONTH TO DATE    0.83                      0.21   0.62     0.31
  SINCE DEC 1      1.44                      0.82   0.62     2.49
  SINCE JAN 1      0.83                      0.21   0.62     0.31

SNOWFALL (IN)
  YESTERDAY        0.0           4.0  1951   0.2   -0.2      1.4
  MONTH TO DATE    3.7                       3.6    0.1      4.8
  SINCE DEC 1      4.7                       9.7   -5.0      9.4
  SINCE JUL 1      4.8                      13.5   -8.7     13.6
  SNOW DEPTH       0

DEGREE DAYS
 HEATING
  YESTERDAY       26                        39    -13       36
  MONTH TO DATE  827                       784     43      795
  SINCE DEC 1   2009                      1943     66     1779
  SINCE JUL 1   2876                      3224   -348     2705

 COOLING
  YESTERDAY        0                         0      0        0
  MONTH TO DATE    0                         0      0        0
  SINCE DEC 1      0                         0      0        0
  SINCE JAN 1      0                         0      0        0
..................................................................


WIND (MPH)
  HIGHEST WIND SPEED     9   HIGHEST WIND DIRECTION     S (160)
  HIGHEST GUST SPEED    12   HIGHEST GUST DIRECTION    SE (150)
  AVERAGE WIND SPEED     3.9


SKY COVER
  AVERAGE SKY COVER 1.0


WEATHER CONDITIONS
 THE FOLLOWING WEATHER WAS RECORDED YESTERDAY.
  LIGHT RAIN
  FOG
  FOG W/VISIBILITY <= 1/4 MILE


RELATIVE HUMIDITY (PERCENT)
 HIGHEST   100          1200 AM
 LOWEST     92           500 AM
 AVERAGE    96

..........................................................


THE HASTINGS NE CLIMATE NORMALS FOR TODAY
                         NORMAL    RECORD    YEAR
 MAXIMUM TEMPERATURE (F)   36        67      1986
 MINIMUM TEMPERATURE (F)   16       -13      1930


SUNRISE AND SUNSET
JANUARY 21 2017.......SUNRISE   752 AM CST   SUNSET   539 PM CST
JANUARY 22 2017.......SUNRISE   751 AM CST   SUNSET   540 PM CST


-  INDICATES NEGATIVE NUMBERS.
R  INDICATES RECORD WAS SET OR TIED.
MM INDICATES DATA IS MISSING.
T  INDICATES TRACE AMOUNT.




$$
