000
CDUS43 KGID 280635
CLIHSI


CLIMATE REPORT
NATIONAL WEATHER SERVICE HASTINGS NE
135 AM CDT FRI AUG 28 2015


...................................

...THE HASTINGS NE CLIMATE SUMMARY FOR AUGUST 27 2015...

CLIMATE NORMAL PERIOD 1981 TO 2010
CLIMATE RECORD PERIOD 1894 TO 2015


WEATHER ITEM   OBSERVED TIME   RECORD YEAR NORMAL DEPARTURE LAST
                VALUE   (LST)  VALUE       VALUE  FROM      YEAR
                                                  NORMAL
..................................................................
TEMPERATURE (F)
 YESTERDAY
  MAXIMUM         87    410 PM 105    1936  84      3       77
  MINIMUM         68    458 AM  46    1967  61      7       68
                                      1910
  AVERAGE         78                        72      6       73

PRECIPITATION (IN)
  YESTERDAY        0.00          1.06 1968   0.13  -0.13     0.51
  MONTH TO DATE    2.15                      2.74  -0.59     6.88
  SINCE JUN 1     14.33                     10.28   4.05    17.05
  SINCE JAN 1     23.05                     20.10   2.95    23.99

SNOWFALL (IN)
  YESTERDAY        0.0                       0.0    0.0      0.0
  MONTH TO DATE    0.0                       0.0    0.0      0.0
  SINCE JUN 1      0.0                       0.0    0.0      0.0
  SINCE JUL 1      0.0                       0.0    0.0      0.0
  SNOW DEPTH       0

DEGREE DAYS
 HEATING
  YESTERDAY        0                         0      0        0
  MONTH TO DATE   11                         0     11        0
  SINCE JUN 1     18                        22     -4       14
  SINCE JUL 1     15                         1     14        6

 COOLING
  YESTERDAY       13                         7      6        8
  MONTH TO DATE  221                       265    -44      259
  SINCE JUN 1    785                       866    -81      770
  SINCE JAN 1    816                       925   -109      888
..................................................................


WIND (MPH)
  HIGHEST WIND SPEED    26   HIGHEST WIND DIRECTION    SE (150)
  HIGHEST GUST SPEED    36   HIGHEST GUST DIRECTION    SE (140)
  AVERAGE WIND SPEED    14.3


SKY COVER
  AVERAGE SKY COVER 0.2


WEATHER CONDITIONS
 THE FOLLOWING WEATHER WAS RECORDED YESTERDAY.
  FOG


RELATIVE HUMIDITY (PERCENT)
 HIGHEST    97           700 AM
 LOWEST     55           400 PM
 AVERAGE    76

..........................................................


THE HASTINGS NE CLIMATE NORMALS FOR TODAY
                         NORMAL    RECORD    YEAR
 MAXIMUM TEMPERATURE (F)   83       103      1984
 MINIMUM TEMPERATURE (F)   61        44      1911


SUNRISE AND SUNSET
AUGUST 28 2015........SUNRISE   657 AM CDT   SUNSET   812 PM CDT
AUGUST 29 2015........SUNRISE   658 AM CDT   SUNSET   811 PM CDT


-  INDICATES NEGATIVE NUMBERS.
R  INDICATES RECORD WAS SET OR TIED.
MM INDICATES DATA IS MISSING.
T  INDICATES TRACE AMOUNT.




$$
