414
CDUS43 KGID 262222
CLIHSI


CLIMATE REPORT
NATIONAL WEATHER SERVICE HASTINGS NE
522 PM CDT SUN MAR 26 2017


...................................

...THE HASTINGS NE CLIMATE SUMMARY FOR MARCH 26 2017...
VALID TODAY AS OF 0500 PM LOCAL TIME.

CLIMATE NORMAL PERIOD 1981 TO 2010
CLIMATE RECORD PERIOD 1894 TO 2017


WEATHER ITEM   OBSERVED TIME   RECORD YEAR NORMAL DEPARTURE LAST
                VALUE   (LST)  VALUE       VALUE  FROM      YEAR
                                                  NORMAL
..................................................................
TEMPERATURE (F)
 TODAY
  MAXIMUM         50    359 PM  82    2012  56     -6       47
  MINIMUM         38    233 AM  -5    1996  32      6       26
  AVERAGE         44                        44      0       37

PRECIPITATION (IN)
  TODAY            0.00          1.90 1959   0.08  -0.08     0.07
  MONTH TO DATE    0.24                      1.34  -1.10     0.45
  SINCE MAR 1      0.24                      1.34  -1.10     0.45
  SINCE JAN 1      1.34                      2.24  -0.90     2.37

SNOWFALL (IN)
  TODAY            0.0          12.0  1916   0.1   -0.1      0.2
  MONTH TO DATE    1.2                       4.5   -3.3      2.1
  SINCE MAR 1      1.2                       4.5   -3.3      2.1
  SINCE JUL 1     10.3                      26.9  -16.6     32.4
  SNOW DEPTH       0

DEGREE DAYS
 HEATING
  TODAY           21                        21      0       28
  MONTH TO DATE  557                       676   -119      490
  SINCE MAR 1    557                       676   -119      490
  SINCE JUL 1   4487                      5306   -819     4400

 COOLING
  TODAY            0                         0      0        0
  MONTH TO DATE    0                         0      0        0
  SINCE MAR 1      0                         0      0        0
  SINCE JAN 1      0                         0      0        0
..................................................................


WIND (MPH)
  HIGHEST WIND SPEED    10   HIGHEST WIND DIRECTION    NE (60)
  HIGHEST GUST SPEED    13   HIGHEST GUST DIRECTION    NE (30)
  AVERAGE WIND SPEED     2.9


SKY COVER
  AVERAGE SKY COVER 1.0


WEATHER CONDITIONS
 THE FOLLOWING WEATHER WAS RECORDED TODAY.
  FOG


RELATIVE HUMIDITY (PERCENT)
 HIGHEST   100           100 AM
 LOWEST     74           200 PM
 AVERAGE    87

..........................................................


THE HASTINGS NE CLIMATE NORMALS FOR TOMORROW
                         NORMAL    RECORD    YEAR
 MAXIMUM TEMPERATURE (F)   56        86      1989
 MINIMUM TEMPERATURE (F)   32         4      1913


SUNRISE AND SUNSET
MARCH 26 2017.........SUNRISE   727 AM CDT   SUNSET   752 PM CDT
MARCH 27 2017.........SUNRISE   725 AM CDT   SUNSET   754 PM CDT


-  INDICATES NEGATIVE NUMBERS.
R  INDICATES RECORD WAS SET OR TIED.
MM INDICATES DATA IS MISSING.
T  INDICATES TRACE AMOUNT.




$$
