000
CDUS43 KGID 220654
CLIHSI


CLIMATE REPORT
NATIONAL WEATHER SERVICE HASTINGS NE
153 AM CDT WED OCT 22 2014


...................................

...THE HASTINGS NE CLIMATE SUMMARY FOR OCTOBER 21 2014...

CLIMATE NORMAL PERIOD 1981 TO 2010
CLIMATE RECORD PERIOD 1894 TO 2014


WEATHER ITEM   OBSERVED TIME   RECORD YEAR NORMAL DEPARTURE LAST
                VALUE   (LST)  VALUE       VALUE  FROM      YEAR
                                                  NORMAL
..................................................................
TEMPERATURE (F)
 YESTERDAY
  MAXIMUM         76    309 PM  90    1947  62     14       58
  MINIMUM         46    716 AM  20    1916  39      7       31
  AVERAGE         61                        50     11       45

PRECIPITATION (IN)
  YESTERDAY        0.00          1.10 1941   0.05  -0.05      T
  MONTH TO DATE    1.35                      1.47  -0.12     4.65
  SINCE SEP 1      3.13                      4.03  -0.90     5.91
  SINCE JAN 1     28.03                     24.69   3.34    23.97

SNOWFALL (IN)
  YESTERDAY        0.0           T    2006   0.0    0.0      0.0
                                      1997
  MONTH TO DATE    0.0                       0.5   -0.5      0.0
  SINCE SEP 1      0.0                       0.7   -0.7      0.0
  SINCE JUL 1      0.0                       0.7   -0.7      0.0
  SNOW DEPTH       0

DEGREE DAYS
 HEATING
  YESTERDAY        4                        15    -11       20
  MONTH TO DATE  206                       226    -20      221
  SINCE SEP 1    315                       316     -1      250
  SINCE JUL 1    321                       322     -1      256

 COOLING
  YESTERDAY        0                         0      0        0
  MONTH TO DATE    3                        11     -8       15
  SINCE SEP 1     98                       121    -23      200
  SINCE JAN 1   1018                      1074    -56     1158
..................................................................


WIND (MPH)
  HIGHEST WIND SPEED    18   HIGHEST WIND DIRECTION     S (160)
  HIGHEST GUST SPEED    26   HIGHEST GUST DIRECTION    SE (150)
  AVERAGE WIND SPEED     9.9


SKY COVER
  AVERAGE SKY COVER 0.0


WEATHER CONDITIONS
 THE FOLLOWING WEATHER WAS RECORDED YESTERDAY.
  NO SIGNIFICANT WEATHER WAS OBSERVED.


RELATIVE HUMIDITY (PERCENT)
 HIGHEST    77           800 AM
 LOWEST     23           100 PM
 AVERAGE    50

..........................................................


THE HASTINGS NE CLIMATE NORMALS FOR TODAY
                         NORMAL    RECORD    YEAR
 MAXIMUM TEMPERATURE (F)   62        90      1927
 MINIMUM TEMPERATURE (F)   38        18      1936


SUNRISE AND SUNSET
OCTOBER 22 2014.......SUNRISE   752 AM CDT   SUNSET   643 PM CDT
OCTOBER 23 2014.......SUNRISE   754 AM CDT   SUNSET   642 PM CDT


-  INDICATES NEGATIVE NUMBERS.
R  INDICATES RECORD WAS SET OR TIED.
MM INDICATES DATA IS MISSING.
T  INDICATES TRACE AMOUNT.




$$
