000
CDUS43 KGID 120632
CLIHSI


CLIMATE REPORT
NATIONAL WEATHER SERVICE HASTINGS NE
131 AM CDT SAT JUL 12 2014


...................................

...THE HASTINGS NE CLIMATE SUMMARY FOR JULY 11 2014...

CLIMATE NORMAL PERIOD 1981 TO 2010
CLIMATE RECORD PERIOD 1894 TO 2014


WEATHER ITEM   OBSERVED TIME   RECORD YEAR NORMAL DEPARTURE LAST
                VALUE   (LST)  VALUE       VALUE  FROM      YEAR
                                                  NORMAL
..................................................................
TEMPERATURE (F)
 YESTERDAY
  MAXIMUM         91    407 PM 110    1954  88      3       90
  MINIMUM         70    638 AM  50    1999  66      4       66
                                      1951
  AVERAGE         81                        77      4       78

PRECIPITATION (IN)
  YESTERDAY        0.00          2.35 1962   0.13  -0.13     0.00
  MONTH TO DATE    1.45                      1.47  -0.02     0.15
  SINCE JUN 1     10.14                      5.27   4.87     1.39
  SINCE JAN 1     17.08                     15.09   1.99    13.19

SNOWFALL (IN)
  YESTERDAY        0.0                       0.0    0.0      0.0
  MONTH TO DATE    0.0                       0.0    0.0      0.0
  SINCE JUN 1      0.0                       0.0    0.0      0.0
  SINCE JUL 1      0.0                       0.0    0.0      0.0
  SNOW DEPTH       0

DEGREE DAYS
 HEATING
  YESTERDAY        0                         0      0        0
  MONTH TO DATE    2                         0      2        0
  SINCE JUN 1     10                        21    -11       27
  SINCE JUL 1      2                         0      2        0

 COOLING
  YESTERDAY       16                        12      4       13
  MONTH TO DATE  102                       129    -27      140
  SINCE JUN 1    333                       354    -21      376
  SINCE JAN 1    451                       413     38      450
..................................................................


WIND (MPH)
  HIGHEST WIND SPEED    16   HIGHEST WIND DIRECTION     S (160)
  HIGHEST GUST SPEED    22   HIGHEST GUST DIRECTION     S (160)
  AVERAGE WIND SPEED     9.4


SKY COVER
  AVERAGE SKY COVER 0.2


WEATHER CONDITIONS
 THE FOLLOWING WEATHER WAS RECORDED YESTERDAY.
  NO SIGNIFICANT WEATHER WAS OBSERVED.


RELATIVE HUMIDITY (PERCENT)
 HIGHEST    84           300 AM
 LOWEST     47           400 PM
 AVERAGE    66

..........................................................


THE HASTINGS NE CLIMATE NORMALS FOR TODAY
                         NORMAL    RECORD    YEAR
 MAXIMUM TEMPERATURE (F)   88       112      1939
 MINIMUM TEMPERATURE (F)   67        52      1975
                                             1951


SUNRISE AND SUNSET
JULY 12 2014..........SUNRISE   614 AM CDT   SUNSET   905 PM CDT
JULY 13 2014..........SUNRISE   614 AM CDT   SUNSET   904 PM CDT


-  INDICATES NEGATIVE NUMBERS.
R  INDICATES RECORD WAS SET OR TIED.
MM INDICATES DATA IS MISSING.
T  INDICATES TRACE AMOUNT.




$$
