000
CDUS43 KGID 272322
CLIHSI


CLIMATE REPORT
NATIONAL WEATHER SERVICE HASTINGS NE
521 PM CST THU NOV 27 2014


...................................

...THE HASTINGS NE CLIMATE SUMMARY FOR NOVEMBER 27 2014...
VALID TODAY AS OF 0500 PM LOCAL TIME.

CLIMATE NORMAL PERIOD 1981 TO 2010
CLIMATE RECORD PERIOD 1894 TO 2014


WEATHER ITEM   OBSERVED TIME   RECORD YEAR NORMAL DEPARTURE LAST
                VALUE   (LST)  VALUE       VALUE  FROM      YEAR
                                                  NORMAL
..................................................................
TEMPERATURE (F)
 TODAY
  MAXIMUM         40    310 PM  70    2009  43     -3       41
                                      1998
  MINIMUM         15    227 AM   0    1976  23     -8        7
  AVERAGE         28                        33     -5       24

PRECIPITATION (IN)
  TODAY            0.00          1.51 1994   0.03  -0.03     0.00
  MONTH TO DATE    0.23                      1.22  -0.99     1.00
  SINCE SEP 1      3.77                      5.77  -2.00     7.01
  SINCE JAN 1     28.67                     26.43   2.24    25.07

SNOWFALL (IN)
  TODAY            0.0          10.5  1983   0.1   -0.1      0.0
  MONTH TO DATE    1.7                       2.2   -0.5      0.4
  SINCE SEP 1      1.7                       3.4   -1.7      0.4
  SINCE JUL 1      1.7                       3.4   -1.7      0.4
  SNOW DEPTH       0

DEGREE DAYS
 HEATING
  TODAY           37                        32      5       41
  MONTH TO DATE  838                       690    148      726
  SINCE SEP 1   1258                      1177     81     1168
  SINCE JUL 1   1264                      1183     81     1174

 COOLING
  TODAY            0                         0      0        0
  MONTH TO DATE    0                         0      0        0
  SINCE SEP 1     98                       124    -26      200
  SINCE JAN 1   1018                      1077    -59     1158
..................................................................


WIND (MPH)
  HIGHEST WIND SPEED    17   HIGHEST WIND DIRECTION     S (170)
  HIGHEST GUST SPEED    24   HIGHEST GUST DIRECTION     S (190)
  AVERAGE WIND SPEED     8.2


SKY COVER
  AVERAGE SKY COVER 0.2


WEATHER CONDITIONS
 THE FOLLOWING WEATHER WAS RECORDED TODAY.
  NO SIGNIFICANT WEATHER WAS OBSERVED.


RELATIVE HUMIDITY (PERCENT)
 HIGHEST    88           200 AM
 LOWEST     40           300 PM
 AVERAGE    64

..........................................................


THE HASTINGS NE CLIMATE NORMALS FOR TOMORROW
                         NORMAL    RECORD    YEAR
 MAXIMUM TEMPERATURE (F)   43        70      1932
 MINIMUM TEMPERATURE (F)   23        -3      1976


SUNRISE AND SUNSET
NOVEMBER 27 2014......SUNRISE   734 AM CST   SUNSET   509 PM CST
NOVEMBER 28 2014......SUNRISE   735 AM CST   SUNSET   508 PM CST


-  INDICATES NEGATIVE NUMBERS.
R  INDICATES RECORD WAS SET OR TIED.
MM INDICATES DATA IS MISSING.
T  INDICATES TRACE AMOUNT.




$$
