000
CDUS43 KGID 162234
CLIHSI


CLIMATE REPORT
NATIONAL WEATHER SERVICE HASTINGS NE
533 PM CDT WED AUG 16 2017


...................................

...THE HASTINGS NE CLIMATE SUMMARY FOR AUGUST 16 2017...
VALID TODAY AS OF 0500 PM LOCAL TIME.

CLIMATE NORMAL PERIOD 1981 TO 2010
CLIMATE RECORD PERIOD 1894 TO 2017


WEATHER ITEM   OBSERVED TIME   RECORD YEAR NORMAL DEPARTURE LAST
                VALUE   (LST)  VALUE       VALUE  FROM      YEAR
                                                  NORMAL
..................................................................
TEMPERATURE (F)
 TODAY
  MAXIMUM         79    359 PM 109    1983  85     -6       87
  MINIMUM         63    651 AM  51    1992  64     -1       65
  AVERAGE         71                        74     -3       76

PRECIPITATION (IN)
  TODAY            1.30          2.29 1957   0.12   1.18     0.00
  MONTH TO DATE    4.11                      1.47   2.64     0.45
  SINCE JUN 1     10.61                      9.01   1.60     3.42
  SINCE JAN 1     22.45                     18.83   3.62    15.25

SNOWFALL (IN)
  TODAY            0.0                       0.0    0.0      0.0
  MONTH TO DATE    0.0                       0.0    0.0      0.0
  SINCE JUN 1      0.0                       0.0    0.0      0.0
  SINCE JUL 1      0.0                       0.0    0.0      0.0
  SNOW DEPTH       0

DEGREE DAYS
 HEATING
  TODAY            0                         0      0        0
  MONTH TO DATE    4                         0      4        0
  SINCE JUN 1      7                        22    -15        3
  SINCE JUL 1      4                         1      3        3

 COOLING
  TODAY            6                        10     -4       11
  MONTH TO DATE   83                       173    -90      187
  SINCE JUN 1    789                       774     15      915
  SINCE JAN 1    850                       833     17      944
..................................................................


WIND (MPH)
  HIGHEST WIND SPEED    28   HIGHEST WIND DIRECTION    NW (310)
  HIGHEST GUST SPEED    35   HIGHEST GUST DIRECTION    NW (320)
  AVERAGE WIND SPEED    14.3


SKY COVER
  AVERAGE SKY COVER 0.6


WEATHER CONDITIONS
 THE FOLLOWING WEATHER WAS RECORDED TODAY.
  THUNDERSTORM
  HEAVY RAIN
  RAIN
  LIGHT RAIN
  FOG


RELATIVE HUMIDITY (PERCENT)
 HIGHEST    93           100 AM
 LOWEST     54           300 PM
 AVERAGE    74

..........................................................


THE HASTINGS NE CLIMATE NORMALS FOR TOMORROW
                         NORMAL    RECORD    YEAR
 MAXIMUM TEMPERATURE (F)   85       107      1983
                                             1936
 MINIMUM TEMPERATURE (F)   63        48      2012


SUNRISE AND SUNSET
AUGUST 16 2017........SUNRISE   646 AM CDT   SUNSET   830 PM CDT
AUGUST 17 2017........SUNRISE   647 AM CDT   SUNSET   828 PM CDT


-  INDICATES NEGATIVE NUMBERS.
R  INDICATES RECORD WAS SET OR TIED.
MM INDICATES DATA IS MISSING.
T  INDICATES TRACE AMOUNT.




$$
