000
CDUS44 KHUN 160707
CLIHSV


CLIMATE REPORT
NATIONAL WEATHER SERVICE HUNTSVILLE AL
206 AM CDT TUE SEP 16 2014


...................................

...THE HUNTSVILLE CLIMATE SUMMARY FOR SEPTEMBER 15 2014...

CLIMATE NORMAL PERIOD 1981 TO 2010
CLIMATE RECORD PERIOD 1894 TO 2014


WEATHER ITEM   OBSERVED TIME   RECORD YEAR NORMAL DEPARTURE LAST
                VALUE   (LST)  VALUE       VALUE  FROM      YEAR
                                                  NORMAL
..................................................................
TEMPERATURE (F)
 YESTERDAY
  MAXIMUM         88    336 PM 103    1927  85      3       85
  MINIMUM         64    148 AM  48    1937  63      1       55
  AVERAGE         76                        74      2       70

PRECIPITATION (IN)
  YESTERDAY        0.00          0.98 1943   0.13  -0.13     0.00
  MONTH TO DATE    0.27                      1.81  -1.54     1.27
  SINCE SEP 1      0.27                      1.81  -1.54     1.27
  SINCE JAN 1     38.42                     38.13   0.29    44.89

SNOWFALL (IN)
  YESTERDAY        0.0
  MONTH TO DATE    0.0
  SINCE SEP 1      0.0
  SINCE JUL 1      0.0
  SNOW DEPTH       0

DEGREE DAYS
 HEATING
  YESTERDAY        0                         0      0        0
  MONTH TO DATE    0                         0      0        0
  SINCE SEP 1      0                         0      0        0
  SINCE JUL 1      0                         0      0        0

 COOLING
  YESTERDAY       11                         9      2        5
  MONTH TO DATE  228                       172     56      179
  SINCE SEP 1    228                       172     56      179
  SINCE JAN 1   1780                      1767     13     1645
..................................................................


WIND (MPH)
  HIGHEST WIND SPEED     9   HIGHEST WIND DIRECTION     N (340)
  HIGHEST GUST SPEED    14   HIGHEST GUST DIRECTION    NW (330)
  AVERAGE WIND SPEED     2.5


SKY COVER
  POSSIBLE SUNSHINE  MM
  AVERAGE SKY COVER 0.7


WEATHER CONDITIONS
 THE FOLLOWING WEATHER WAS RECORDED YESTERDAY.
  FOG
  HAZE


RELATIVE HUMIDITY (PERCENT)
 HIGHEST    90           600 AM
 LOWEST     50           300 PM
 AVERAGE    70

..........................................................


THE HUNTSVILLE CLIMATE NORMALS FOR TODAY
                         NORMAL    RECORD    YEAR
 MAXIMUM TEMPERATURE (F)   85       102      1927
 MINIMUM TEMPERATURE (F)   63        47      1961


SUNRISE AND SUNSET
SEPTEMBER 16 2014.....SUNRISE   631 AM CDT   SUNSET   652 PM CDT
SEPTEMBER 17 2014.....SUNRISE   631 AM CDT   SUNSET   651 PM CDT


-  INDICATES NEGATIVE NUMBERS.
R  INDICATES RECORD WAS SET OR TIED.
MM INDICATES DATA IS MISSING.
T  INDICATES TRACE AMOUNT.




$$
