000
CDUS44 KHUN 212226
CLIHSV


CLIMATE REPORT
NATIONAL WEATHER SERVICE HUNTSVILLE AL
425 PM CST TUE NOV 21 2017


...................................

...THE HUNTSVILLE CLIMATE SUMMARY FOR NOVEMBER 21 2017...
VALID TODAY AS OF 0400 PM LOCAL TIME.

CLIMATE NORMAL PERIOD 1981 TO 2010
CLIMATE RECORD PERIOD 1894 TO 2017


WEATHER ITEM   OBSERVED TIME   RECORD YEAR NORMAL DEPARTURE LAST
                VALUE   (LST)  VALUE       VALUE  FROM      YEAR
                                                  NORMAL
..................................................................
TEMPERATURE (F)
 TODAY
  MAXIMUM         65    136 PM  78    1942  61      4       60
  MINIMUM         34    539 AM  17    1937  40     -6       27
  AVERAGE         50                        51     -1       44

PRECIPITATION (IN)
  TODAY            0.00          1.98 1977   0.18  -0.18     0.00
  MONTH TO DATE    0.85                      3.25  -2.40     0.21
  SINCE SEP 1      8.87                     10.56  -1.69     1.45
  SINCE JAN 1     49.08                     46.88   2.20    33.96

SNOWFALL (IN)
  TODAY            0.0
  MONTH TO DATE    0.0
  SINCE SEP 1      0.0
  SINCE JUL 1      0.0
  SNOW DEPTH       0

DEGREE DAYS
 HEATING
  TODAY           15                        14      1       21
  MONTH TO DATE  205                       232    -27      141
  SINCE SEP 1    347                       383    -36      165
  SINCE JUL 1    347                       383    -36      165

 COOLING
  TODAY            0                         0      0        0
  MONTH TO DATE   29                         7     22       28
  SINCE SEP 1    386                       352     34      643
  SINCE JAN 1   2114                      1947    167     2548
..................................................................


WIND (MPH)
  HIGHEST WIND SPEED     8   HIGHEST WIND DIRECTION    SW (230)
  HIGHEST GUST SPEED    14   HIGHEST GUST DIRECTION    SW (220)
  AVERAGE WIND SPEED     3.4


SKY COVER
  POSSIBLE SUNSHINE  MM
  AVERAGE SKY COVER 0.2


WEATHER CONDITIONS
 THE FOLLOWING WEATHER WAS RECORDED TODAY.
  NO SIGNIFICANT WEATHER WAS OBSERVED.


RELATIVE HUMIDITY (PERCENT)
 HIGHEST    92           400 AM
 LOWEST     40           200 PM
 AVERAGE    66

..........................................................


THE HUNTSVILLE CLIMATE NORMALS FOR TOMORROW
                         NORMAL    RECORD    YEAR
 MAXIMUM TEMPERATURE (F)   61        79      1940
 MINIMUM TEMPERATURE (F)   40        17      1964


SUNRISE AND SUNSET
NOVEMBER 21 2017......SUNRISE   627 AM CST   SUNSET   439 PM CST
NOVEMBER 22 2017......SUNRISE   628 AM CST   SUNSET   439 PM CST


-  INDICATES NEGATIVE NUMBERS.
R  INDICATES RECORD WAS SET OR TIED.
MM INDICATES DATA IS MISSING.
T  INDICATES TRACE AMOUNT.




$$
