000
CDUS44 KHUN 200824
CLIHSV


CLIMATE REPORT
NATIONAL WEATHER SERVICE HUNTSVILLE AL
222 AM CST TUE FEB 20 2018


...................................

...THE HUNTSVILLE CLIMATE SUMMARY FOR FEBRUARY 19 2018...

CLIMATE NORMAL PERIOD 1981 TO 2010
CLIMATE RECORD PERIOD 1894 TO 2018


WEATHER ITEM   OBSERVED TIME   RECORD YEAR NORMAL DEPARTURE LAST
                VALUE   (LST)  VALUE       VALUE  FROM      YEAR
                                                  NORMAL
..................................................................
TEMPERATURE (F)
 YESTERDAY
  MAXIMUM         77R   256 PM  75    1939  57     20       73
  MINIMUM         56    457 AM   2    1958  37     19       45
  AVERAGE         67                        47     20       59

PRECIPITATION (IN)
  YESTERDAY        0.00          3.04 1991   0.18  -0.18     0.00
  MONTH TO DATE    5.09                      3.23   1.86     0.96
  SINCE DEC 1     11.09                     13.89  -2.80    13.27
  SINCE JAN 1      6.61                      8.12  -1.51     7.36

SNOWFALL (IN)
  YESTERDAY        0.0
  MONTH TO DATE    0.0
  SINCE DEC 1      0.4
  SINCE JUL 1      0.4
  SNOW DEPTH       0

DEGREE DAYS
 HEATING
  YESTERDAY        0                        18    -18        6
  MONTH TO DATE  294                       389    -95      263
  SINCE DEC 1   1779                      1772      7     1244
  SINCE JUL 1   2257                      2299    -42     1508

 COOLING
  YESTERDAY        2                         0      2        0
  MONTH TO DATE    7                         0      7        0
  SINCE DEC 1      7                         2      5        5
  SINCE JAN 1      7                         0      7        1
..................................................................


WIND (MPH)
  HIGHEST WIND SPEED    22   HIGHEST WIND DIRECTION     S (170)
  HIGHEST GUST SPEED    28   HIGHEST GUST DIRECTION     S (180)
  AVERAGE WIND SPEED    11.4


SKY COVER
  POSSIBLE SUNSHINE  MM
  AVERAGE SKY COVER 0.6


WEATHER CONDITIONS
 THE FOLLOWING WEATHER WAS RECORDED YESTERDAY.
  NO SIGNIFICANT WEATHER WAS OBSERVED.


RELATIVE HUMIDITY (PERCENT)
 HIGHEST   100          1200 AM
 LOWEST     54           300 PM
 AVERAGE    77

..........................................................


THE HUNTSVILLE CLIMATE NORMALS FOR TODAY
                         NORMAL    RECORD    YEAR
 MAXIMUM TEMPERATURE (F)   57        79      1986
 MINIMUM TEMPERATURE (F)   37         9      1958


SUNRISE AND SUNSET
FEBRUARY 20 2018......SUNRISE   627 AM CST   SUNSET   535 PM CST
FEBRUARY 21 2018......SUNRISE   626 AM CST   SUNSET   536 PM CST


-  INDICATES NEGATIVE NUMBERS.
R  INDICATES RECORD WAS SET OR TIED.
MM INDICATES DATA IS MISSING.
T  INDICATES TRACE AMOUNT.




$$
