000
CDUS44 KHUN 010801
CLIHSV


CLIMATE REPORT
NATIONAL WEATHER SERVICE HUNTSVILLE AL
201 AM CST SUN FEB 1 2015


...................................

...THE HUNTSVILLE CLIMATE SUMMARY FOR JANUARY 31 2015...

CLIMATE NORMAL PERIOD 1981 TO 2010
CLIMATE RECORD PERIOD 1894 TO 2015


WEATHER ITEM   OBSERVED TIME   RECORD YEAR NORMAL DEPARTURE LAST
                VALUE   (LST)  VALUE       VALUE  FROM      YEAR
                                                  NORMAL
..................................................................
TEMPERATURE (F)
 YESTERDAY
  MAXIMUM         54    134 PM  76    2002  53      1       58
  MINIMUM         27    625 AM  -5    1936  33     -6       24
  AVERAGE         41                        43     -2       41

PRECIPITATION (IN)
  YESTERDAY        0.00          4.01 1951   0.16  -0.16     0.00
  MONTH TO DATE    3.97                      4.89  -0.92     3.30
  SINCE DEC 1      9.70                     10.66  -0.96     9.87
  SINCE JAN 1      3.97                      4.89  -0.92     3.30

SNOWFALL (IN)
  YESTERDAY        0.0
  MONTH TO DATE    T
  SINCE DEC 1      T
  SINCE JUL 1      T
  SNOW DEPTH       0

DEGREE DAYS
 HEATING
  YESTERDAY       24                        22      2       24
  MONTH TO DATE  737                       733      4      957
  SINCE DEC 1   1280                      1383   -103     1589
  SINCE JUL 1   1896                      1910    -14     2224

 COOLING
  YESTERDAY        0                         0      0        0
  MONTH TO DATE    0                         0      0        0
  SINCE DEC 1      0                         2     -2        5
  SINCE JAN 1      0                         0      0        0
..................................................................


WIND (MPH)
  HIGHEST WIND SPEED    12   HIGHEST WIND DIRECTION    SE (120)
  HIGHEST GUST SPEED    14   HIGHEST GUST DIRECTION     E (110)
  AVERAGE WIND SPEED     3.5


SKY COVER
  POSSIBLE SUNSHINE  MM
  AVERAGE SKY COVER 0.6


WEATHER CONDITIONS
 THE FOLLOWING WEATHER WAS RECORDED YESTERDAY.
  NO SIGNIFICANT WEATHER WAS OBSERVED.


RELATIVE HUMIDITY (PERCENT)
 HIGHEST    78           800 AM
 LOWEST     19           200 PM
 AVERAGE    49

..........................................................


THE HUNTSVILLE CLIMATE NORMALS FOR TODAY
                         NORMAL    RECORD    YEAR
 MAXIMUM TEMPERATURE (F)   53        74      1967
 MINIMUM TEMPERATURE (F)   33         4      1936


SUNRISE AND SUNSET
FEBRUARY  1 2015......SUNRISE   645 AM CST   SUNSET   516 PM CST
FEBRUARY  2 2015......SUNRISE   645 AM CST   SUNSET   517 PM CST


-  INDICATES NEGATIVE NUMBERS.
R  INDICATES RECORD WAS SET OR TIED.
MM INDICATES DATA IS MISSING.
T  INDICATES TRACE AMOUNT.




$$
