000
CDUS44 KHUN 222122
CLIHSV


CLIMATE REPORT
NATIONAL WEATHER SERVICE HUNTSVILLE AL
421 PM CDT FRI MAY 22 2015


...................................

...THE HUNTSVILLE CLIMATE SUMMARY FOR MAY 22 2015...
VALID TODAY AS OF 0400 PM LOCAL TIME.

CLIMATE NORMAL PERIOD 1981 TO 2010
CLIMATE RECORD PERIOD 1894 TO 2015


WEATHER ITEM   OBSERVED TIME   RECORD YEAR NORMAL DEPARTURE LAST
                VALUE   (LST)  VALUE       VALUE  FROM      YEAR
                                                  NORMAL
..................................................................
TEMPERATURE (F)
 TODAY
  MAXIMUM         79    248 PM  95    1941  83     -4       87
  MINIMUM         48    501 AM  43    1993  61    -13       63
  AVERAGE         64                        72     -8       75

PRECIPITATION (IN)
  TODAY            0.00          1.35 1905   0.15  -0.15     0.00
  MONTH TO DATE    1.73                      3.74  -2.01     2.14
  SINCE MAR 1     14.29                     13.27   1.02    12.94
  SINCE JAN 1     22.03                     23.00  -0.97    22.81

SNOWFALL (IN)
  TODAY            0.0
  MONTH TO DATE    0.0
  SINCE MAR 1      1.0
  SINCE JUL 1      9.8
  SNOW DEPTH       0

DEGREE DAYS
 HEATING
  TODAY            1                         0      1        0
  MONTH TO DATE   14                        25    -11       38
  SINCE MAR 1    389                       547   -158      628
  SINCE JUL 1   3030                      2999     31     3463

 COOLING
  TODAY            0                         7     -7       10
  MONTH TO DATE  169                       114     55      120
  SINCE MAR 1    232                       185     47      162
  SINCE JAN 1    232                       186     46      163
..................................................................


WIND (MPH)
  HIGHEST WIND SPEED    16   HIGHEST WIND DIRECTION    NE (60)
  HIGHEST GUST SPEED    21   HIGHEST GUST DIRECTION    NE (60)
  AVERAGE WIND SPEED     7.3


SKY COVER
  POSSIBLE SUNSHINE  MM
  AVERAGE SKY COVER 0.2


WEATHER CONDITIONS
 THE FOLLOWING WEATHER WAS RECORDED TODAY.
  FOG
  HAZE


RELATIVE HUMIDITY (PERCENT)
 HIGHEST    86           200 AM
 LOWEST     32           200 PM
 AVERAGE    59

..........................................................


THE HUNTSVILLE CLIMATE NORMALS FOR TOMORROW
                         NORMAL    RECORD    YEAR
 MAXIMUM TEMPERATURE (F)   83        95      2010
 MINIMUM TEMPERATURE (F)   61        45      1954
                                             1931


SUNRISE AND SUNSET
MAY 22 2015...........SUNRISE   540 AM CDT   SUNSET   748 PM CDT
MAY 23 2015...........SUNRISE   539 AM CDT   SUNSET   749 PM CDT


-  INDICATES NEGATIVE NUMBERS.
R  INDICATES RECORD WAS SET OR TIED.
MM INDICATES DATA IS MISSING.
T  INDICATES TRACE AMOUNT.




$$
