000
CDUS44 KHUN 020701
CLIHSV


CLIMATE REPORT
NATIONAL WEATHER SERVICE HUNTSVILLE AL
201 AM CDT THU OCT 2 2014


...................................

...THE HUNTSVILLE CLIMATE SUMMARY FOR OCTOBER 1 2014...

CLIMATE NORMAL PERIOD 1981 TO 2010
CLIMATE RECORD PERIOD 1894 TO 2014


WEATHER ITEM   OBSERVED TIME   RECORD YEAR NORMAL DEPARTURE LAST
                VALUE   (LST)  VALUE       VALUE  FROM      YEAR
                                                  NORMAL
..................................................................
TEMPERATURE (F)
 YESTERDAY
  MAXIMUM         89    319 PM  95    1954  80      9       82
                                      1926
  MINIMUM         62    536 AM  36    1920  56      6       60
  AVERAGE         76                        68      8       71

PRECIPITATION (IN)
  YESTERDAY        0.00          2.25 1906   0.11  -0.11     0.00
  MONTH TO DATE    0.00                      0.11  -0.11     0.00
  SINCE SEP 1      0.49                      3.83  -3.34     4.35
  SINCE JAN 1     38.64                     40.15  -1.51    47.97

SNOWFALL (IN)
  YESTERDAY        0.0
  MONTH TO DATE    0.0
  SINCE SEP 1      0.0
  SINCE JUL 1      0.0
  SNOW DEPTH       0

DEGREE DAYS
 HEATING
  YESTERDAY        0                         2     -2        0
  MONTH TO DATE    0                         2     -2        0
  SINCE SEP 1      0                        15    -15        0
  SINCE JUL 1      0                        15    -15        0

 COOLING
  YESTERDAY       11                         5      6        6
  MONTH TO DATE   11                         5      6        6
  SINCE SEP 1    381                       280    101      277
  SINCE JAN 1   1933                      1875     58     1743
..................................................................


WIND (MPH)
  HIGHEST WIND SPEED     8   HIGHEST WIND DIRECTION    SE (150)
  HIGHEST GUST SPEED    16   HIGHEST GUST DIRECTION     S (170)
  AVERAGE WIND SPEED     2.7


SKY COVER
  POSSIBLE SUNSHINE  MM
  AVERAGE SKY COVER 0.2


WEATHER CONDITIONS
 THE FOLLOWING WEATHER WAS RECORDED YESTERDAY.
  FOG
  HAZE


RELATIVE HUMIDITY (PERCENT)
 HIGHEST    93           200 AM
 LOWEST     31           400 PM
 AVERAGE    62

..........................................................


THE HUNTSVILLE CLIMATE NORMALS FOR TODAY
                         NORMAL    RECORD    YEAR
 MAXIMUM TEMPERATURE (F)   79        94      1926
                                             1910
 MINIMUM TEMPERATURE (F)   56        34      1984


SUNRISE AND SUNSET
OCTOBER  2 2014.......SUNRISE   642 AM CDT   SUNSET   630 PM CDT
OCTOBER  3 2014.......SUNRISE   643 AM CDT   SUNSET   628 PM CDT


-  INDICATES NEGATIVE NUMBERS.
R  INDICATES RECORD WAS SET OR TIED.
MM INDICATES DATA IS MISSING.
T  INDICATES TRACE AMOUNT.




$$
