361
CDUS44 KHUN 242225
CLIHSV


CLIMATE REPORT
NATIONAL WEATHER SERVICE HUNTSVILLE AL
424 PM CST FRI FEB 24 2017


...................................

...THE HUNTSVILLE CLIMATE SUMMARY FOR FEBRUARY 24 2017...
VALID TODAY AS OF 0400 PM LOCAL TIME.

CLIMATE NORMAL PERIOD 1981 TO 2010
CLIMATE RECORD PERIOD 1894 TO 2017


WEATHER ITEM   OBSERVED TIME   RECORD YEAR NORMAL DEPARTURE LAST
                VALUE   (LST)  VALUE       VALUE  FROM      YEAR
                                                  NORMAL
..................................................................
TEMPERATURE (F)
 TODAY
  MAXIMUM         81R   228 PM  77    2000  59     22       64
  MINIMUM         57    619 AM  14    1967  38     19       40
  AVERAGE         69                        48     21       52

PRECIPITATION (IN)
  TODAY            0.00          1.70 1979   0.18  -0.18     0.30
  MONTH TO DATE    1.02                      4.13  -3.11     6.38
  SINCE DEC 1     13.33                     14.79  -1.46    20.63
  SINCE JAN 1      7.42                      9.02  -1.60     9.95

SNOWFALL (IN)
  TODAY            0.0
  MONTH TO DATE    0.0
  SINCE DEC 1      T
  SINCE JUL 1      T
  SNOW DEPTH       0

DEGREE DAYS
 HEATING
  TODAY            0                        17    -17       13
  MONTH TO DATE  271                       477   -206      438
  SINCE DEC 1   1252                      1860   -608     1521
  SINCE JUL 1   1516                      2387   -871     1815

 COOLING
  TODAY            4                         0      4        0
  MONTH TO DATE    4                         0      4        1
  SINCE DEC 1      9                         2      7       24
  SINCE JAN 1      5                         0      5        1
..................................................................


WIND (MPH)
  HIGHEST WIND SPEED    24   HIGHEST WIND DIRECTION     S (180)
  HIGHEST GUST SPEED    30   HIGHEST GUST DIRECTION     S (180)
  AVERAGE WIND SPEED    13.0


SKY COVER
  POSSIBLE SUNSHINE  MM
  AVERAGE SKY COVER 0.3


WEATHER CONDITIONS
 THE FOLLOWING WEATHER WAS RECORDED TODAY.
  HAZE


RELATIVE HUMIDITY (PERCENT)
 HIGHEST    90           200 AM
 LOWEST     42           200 PM
 AVERAGE    66

..........................................................


THE HUNTSVILLE CLIMATE NORMALS FOR TOMORROW
                         NORMAL    RECORD    YEAR
 MAXIMUM TEMPERATURE (F)   59        80      1918
 MINIMUM TEMPERATURE (F)   38         7      1967


SUNRISE AND SUNSET
FEBRUARY 24 2017......SUNRISE   622 AM CST   SUNSET   539 PM CST
FEBRUARY 25 2017......SUNRISE   621 AM CST   SUNSET   540 PM CST


-  INDICATES NEGATIVE NUMBERS.
R  INDICATES RECORD WAS SET OR TIED.
MM INDICATES DATA IS MISSING.
T  INDICATES TRACE AMOUNT.


$$
