000
CDUS43 KAPX 240527
CLIHTL


CLIMATE REPORT
NATIONAL WEATHER SERVICE GAYLORD MI
126 AM EDT WED AUG 24 2016


...................................

...THE HOUGHTON LAKE MI CLIMATE SUMMARY FOR AUGUST 23 2016...

CLIMATE NORMAL PERIOD 1981 TO 2010
CLIMATE RECORD PERIOD 1913 TO 2016


WEATHER ITEM   OBSERVED TIME   RECORD YEAR NORMAL DEPARTURE LAST
                VALUE   (LST)  VALUE       VALUE  FROM      YEAR
                                                  NORMAL
..................................................................
TEMPERATURE (F)
 YESTERDAY
  MAXIMUM         81    316 PM  97    1922  76      5       74
  MINIMUM         58   1107 PM  31    1951  52      6       55
                                      1923
  AVERAGE         70                        64      6       65

PRECIPITATION (IN)
  YESTERDAY        0.00          2.50 2008   0.11  -0.11     0.36
  MONTH TO DATE    2.64                      2.58   0.06     3.04
  SINCE JUN 1      8.42                      8.44  -0.02     7.66
  SINCE JAN 1     22.49                     18.30   4.19    16.28

DEGREE DAYS
 HEATING
  YESTERDAY        0                         3     -3        0
  MONTH TO DATE    4                        52    -48       14
  SINCE JUN 1    136                       223    -87      179
  SINCE JUL 1     31                        99    -68       62

 COOLING
  YESTERDAY        5                         2      3        0
  MONTH TO DATE  137                        62     75       90
  SINCE JUN 1    347                       233    114      226
  SINCE JAN 1    376                       249    127      251
..................................................................


WIND (MPH)
  HIGHEST WIND SPEED    16   HIGHEST WIND DIRECTION    SW (240)
  HIGHEST GUST SPEED    23   HIGHEST GUST DIRECTION    SW (240)
  AVERAGE WIND SPEED     8.9




RELATIVE HUMIDITY (PERCENT)
 HIGHEST    90
 LOWEST     45
 AVERAGE    68

..........................................................


THE HOUGHTON LAKE MI CLIMATE NORMALS FOR TODAY
                         NORMAL    RECORD    YEAR
 MAXIMUM TEMPERATURE (F)   76        97      1948
 MINIMUM TEMPERATURE (F)   52        27      1927


SUNRISE AND SUNSET
AUGUST 24 2016........SUNRISE   653 AM EDT   SUNSET   828 PM EDT
AUGUST 25 2016........SUNRISE   654 AM EDT   SUNSET   826 PM EDT


-  INDICATES NEGATIVE NUMBERS.
R  INDICATES RECORD WAS SET OR TIED.
MM INDICATES DATA IS MISSING.
T  INDICATES TRACE AMOUNT.




$$
