000
CDUS43 KAPX 010535
CLIHTL


CLIMATE REPORT
NATIONAL WEATHER SERVICE GAYLORD MI
134 AM EDT FRI AUG 1 2014


...................................

...THE HOUGHTON LAKE MI CLIMATE SUMMARY FOR JULY 31 2014...

CLIMATE NORMAL PERIOD 1981 TO 2010
CLIMATE RECORD PERIOD 1913 TO 2014


WEATHER ITEM   OBSERVED TIME   RECORD YEAR NORMAL DEPARTURE LAST
                VALUE   (LST)  VALUE       VALUE  FROM      YEAR
                                                  NORMAL
..................................................................
TEMPERATURE (F)
 YESTERDAY
  MAXIMUM         77    321 PM  96    1933  79     -2       69
  MINIMUM         51    204 AM  30    1918  55     -4       57
  AVERAGE         64                        67     -3       63

PRECIPITATION (IN)
  YESTERDAY        T             0.80 1945   0.10  -0.10     0.02
  MONTH TO DATE    2.67                      2.76  -0.09     1.14
  SINCE JUN 1      5.29                      5.86  -0.57     2.43
  SINCE JAN 1     17.77                     15.72   2.05    18.37

DEGREE DAYS
 HEATING
  YESTERDAY        1                         2     -1        2
  MONTH TO DATE  104                        44     60       45
  SINCE JUN 1    178                       171      7      147
  SINCE JUL 1    104                        47     57       45

 COOLING
  YESTERDAY        0                         3     -3        0
  MONTH TO DATE   47                       112    -65      146
  SINCE JUN 1    120                       171    -51      225
  SINCE JAN 1    135                       187    -52      265
..................................................................


WIND (MPH)
  HIGHEST WIND SPEED    13   HIGHEST WIND DIRECTION     W (270)
  HIGHEST GUST SPEED    18   HIGHEST GUST DIRECTION     W (290)
  AVERAGE WIND SPEED     5.1




RELATIVE HUMIDITY (PERCENT)
 HIGHEST    96
 LOWEST     41
 AVERAGE    69

..........................................................


THE HOUGHTON LAKE MI CLIMATE NORMALS FOR TODAY
                         NORMAL    RECORD    YEAR
 MAXIMUM TEMPERATURE (F)   79        98      1955
 MINIMUM TEMPERATURE (F)   55        32      1947
                                             1918


SUNRISE AND SUNSET
AUGUST  1 2014........SUNRISE   626 AM EDT   SUNSET   904 PM EDT
AUGUST  2 2014........SUNRISE   627 AM EDT   SUNSET   902 PM EDT


-  INDICATES NEGATIVE NUMBERS.
R  INDICATES RECORD WAS SET OR TIED.
MM INDICATES DATA IS MISSING.
T  INDICATES TRACE AMOUNT.




$$
