000
CDUS43 KAPX 290529
CLIHTL


CLIMATE REPORT
NATIONAL WEATHER SERVICE GAYLORD MI
128 AM EDT FRI APR 29 2016


...................................

...THE HOUGHTON LAKE MI CLIMATE SUMMARY FOR APRIL 28 2016...

CLIMATE NORMAL PERIOD 1981 TO 2010
CLIMATE RECORD PERIOD 1913 TO 2016


WEATHER ITEM   OBSERVED TIME   RECORD YEAR NORMAL DEPARTURE LAST
                VALUE   (LST)  VALUE       VALUE  FROM      YEAR
                                                  NORMAL
..................................................................
TEMPERATURE (F)
 YESTERDAY
  MAXIMUM         47    147 PM  83    1986  60    -13       63
  MINIMUM         35    650 AM  16    1947  36     -1       30
                                      1946
                                      1917
  AVERAGE         41                        48     -7       47

PRECIPITATION (IN)
  YESTERDAY        0.03          1.19 1981   0.08  -0.05     0.00
  MONTH TO DATE    2.14                      2.32  -0.18     2.26
  SINCE MAR 1      6.87                      4.16   2.71     2.73
  SINCE JAN 1      9.99                      6.88   3.11     4.54

SNOWFALL (IN)
  YESTERDAY        0.0           1.5  1926   0.1   -0.1      0.0
  MONTH TO DATE   11.9                       3.7    8.2      1.0
  SINCE OCT 1     58.4                      66.5   -8.1     44.2
  SINCE JUL 1     58.4                      66.5   -8.1     44.2
  SNOW DEPTH       0

DEGREE DAYS
 HEATING
  YESTERDAY       24                        17      7       18
  MONTH TO DATE  717                       642     75      652
  SINCE MAR 1   1645                      1755   -110     1819
  SINCE JUL 1   6558                      7627  -1069     8186

 COOLING
  YESTERDAY        0                         0      0        0
  MONTH TO DATE    0                         0      0        0
  SINCE MAR 1      0                         0      0        0
  SINCE JAN 1      0                         0      0        0
..................................................................


WIND (MPH)
  HIGHEST WIND SPEED    21   HIGHEST WIND DIRECTION     E (100)
  HIGHEST GUST SPEED    26   HIGHEST GUST DIRECTION    SE (130)
  AVERAGE WIND SPEED     8.9




RELATIVE HUMIDITY (PERCENT)
 HIGHEST    79
 LOWEST     37
 AVERAGE    58

..........................................................


THE HOUGHTON LAKE MI CLIMATE NORMALS FOR TODAY
                         NORMAL    RECORD    YEAR
 MAXIMUM TEMPERATURE (F)   60        84      1970
 MINIMUM TEMPERATURE (F)   36        18      1945


SUNRISE AND SUNSET
APRIL 29 2016.........SUNRISE   632 AM EDT   SUNSET   841 PM EDT
APRIL 30 2016.........SUNRISE   630 AM EDT   SUNSET   842 PM EDT


-  INDICATES NEGATIVE NUMBERS.
R  INDICATES RECORD WAS SET OR TIED.
MM INDICATES DATA IS MISSING.
T  INDICATES TRACE AMOUNT.




$$
