000
CDUS43 KAPX 280528
CLIHTL


CLIMATE REPORT
NATIONAL WEATHER SERVICE GAYLORD MI
127 AM EDT WED SEP 28 2016


...................................

...THE HOUGHTON LAKE MI CLIMATE SUMMARY FOR SEPTEMBER 27 2016...

CLIMATE NORMAL PERIOD 1981 TO 2010
CLIMATE RECORD PERIOD 1913 TO 2016


WEATHER ITEM   OBSERVED TIME   RECORD YEAR NORMAL DEPARTURE LAST
                VALUE   (LST)  VALUE       VALUE  FROM      YEAR
                                                  NORMAL
..................................................................
TEMPERATURE (F)
 YESTERDAY
  MAXIMUM         56   1246 PM  84    1923  64     -8       71
  MINIMUM         49   1156 PM  21    1989  42      7       55
  AVERAGE         53                        53      0       63

PRECIPITATION (IN)
  YESTERDAY        0.10          1.55 1953   0.10   0.00     0.00
  MONTH TO DATE    2.59                      2.80  -0.21     3.47
  SINCE SEP 1      2.59                      2.80  -0.21     3.47
  SINCE JAN 1     26.20                     21.92   4.28    19.98

DEGREE DAYS
 HEATING
  YESTERDAY       12                        12      0        2
  MONTH TO DATE  107                       214   -107       97
  SINCE SEP 1    107                       214   -107       97
  SINCE JUL 1    140                       341   -201      187

 COOLING
  YESTERDAY        0                         0      0        0
  MONTH TO DATE   48                        18     30       68
  SINCE SEP 1     48                        18     30       68
  SINCE JAN 1    457                       283    174      325
..................................................................


WIND (MPH)
  HIGHEST WIND SPEED    16   HIGHEST WIND DIRECTION     W (250)
  HIGHEST GUST SPEED    23   HIGHEST GUST DIRECTION    SW (220)
  AVERAGE WIND SPEED    10.2




RELATIVE HUMIDITY (PERCENT)
 HIGHEST    89
 LOWEST     71
 AVERAGE    80

..........................................................


THE HOUGHTON LAKE MI CLIMATE NORMALS FOR TODAY
                         NORMAL    RECORD    YEAR
 MAXIMUM TEMPERATURE (F)   64        82      1923
                                             1922
                                             1920
 MINIMUM TEMPERATURE (F)   41        21      1935


SUNRISE AND SUNSET
SEPTEMBER 28 2016.....SUNRISE   733 AM EDT   SUNSET   724 PM EDT
SEPTEMBER 29 2016.....SUNRISE   735 AM EDT   SUNSET   722 PM EDT


-  INDICATES NEGATIVE NUMBERS.
R  INDICATES RECORD WAS SET OR TIED.
MM INDICATES DATA IS MISSING.
T  INDICATES TRACE AMOUNT.




$$
