000
CDUS43 KAPX 302126
CLIHTL


CLIMATE REPORT
NATIONAL WEATHER SERVICE GAYLORD MI
526 PM EDT SAT MAY 30 2015


...................................

...THE HOUGHTON LAKE MI CLIMATE SUMMARY FOR MAY 30 2015...
VALID TODAY AS OF 0500 PM LOCAL TIME.

CLIMATE NORMAL PERIOD 1981 TO 2010
CLIMATE RECORD PERIOD 1913 TO 2015


WEATHER ITEM   OBSERVED TIME   RECORD YEAR NORMAL DEPARTURE LAST
                VALUE   (LST)  VALUE       VALUE  FROM      YEAR
                                                  NORMAL
..................................................................
TEMPERATURE (F)
 TODAY
  MAXIMUM         68    405 AM  92    1937  71     -3       86
  MINIMUM         51    314 PM  28    1947  46      5       47
                                      1945
  AVERAGE         60                        58      2       67

PRECIPITATION (IN)
  TODAY            0.50          0.61 2013   0.10   0.40     0.00
  MONTH TO DATE    4.05                      2.72   1.33     2.87
  SINCE MAR 1      6.78                      7.04  -0.26     9.68
  SINCE JAN 1      8.59                      9.76  -1.17    12.48

DEGREE DAYS
 HEATING
  TODAY            5                         8     -3        0
  MONTH TO DATE  240                       350   -110      324
  SINCE MAR 1   2094                      2139    -45     2446
  SINCE JUL 1   8461                      8011    450     8894

 COOLING
  TODAY            0                         1     -1        2
  MONTH TO DATE   25                        11     14       14
  SINCE MAR 1     25                        13     12       14
  SINCE JAN 1     25                        13     12       14
..................................................................


WIND (MPH)
  RESULTANT WIND SPEED   6   RESULTANT WIND DIRECTION   N (340)
  HIGHEST WIND SPEED    18   HIGHEST WIND DIRECTION     N (10)
  HIGHEST GUST SPEED    23   HIGHEST GUST DIRECTION     N (360)
  AVERAGE WIND SPEED     8.8


SKY COVER
  POSSIBLE SUNSHINE  MM
  AVERAGE SKY COVER 0.9


WEATHER CONDITIONS
 THE FOLLOWING WEATHER WAS RECORDED TODAY.
  RAIN
  LIGHT RAIN
  FOG


RELATIVE HUMIDITY (PERCENT)
 HIGHEST    93           200 AM
 LOWEST     87           400 AM
 AVERAGE    90

..........................................................


THE HOUGHTON LAKE MI CLIMATE NORMALS FOR TOMORROW
                         NORMAL    RECORD    YEAR
 MAXIMUM TEMPERATURE (F)   71        96      1939
 MINIMUM TEMPERATURE (F)   46        29      1930


SUNRISE AND SUNSET
MAY 30 2015...........SUNRISE   559 AM EDT   SUNSET   914 PM EDT
MAY 31 2015...........SUNRISE   558 AM EDT   SUNSET   915 PM EDT


-  INDICATES NEGATIVE NUMBERS.
R  INDICATES RECORD WAS SET OR TIED.
MM INDICATES DATA IS MISSING.
T  INDICATES TRACE AMOUNT.




$$
