000
CDUS43 KAPX 260528
CLIHTL


CLIMATE REPORT
NATIONAL WEATHER SERVICE GAYLORD MI
127 AM EDT MON JUN 26 2017


...................................

...THE HOUGHTON LAKE MI CLIMATE SUMMARY FOR JUNE 25 2017...

CLIMATE NORMAL PERIOD 1981 TO 2010
CLIMATE RECORD PERIOD 1913 TO 2017


WEATHER ITEM   OBSERVED TIME   RECORD YEAR NORMAL DEPARTURE LAST
                VALUE   (LST)  VALUE       VALUE  FROM      YEAR
                                                  NORMAL
..................................................................
TEMPERATURE (F)
 YESTERDAY
  MAXIMUM         64   1140 AM  96    1931  78    -14       86
  MINIMUM         51    114 AM  36    1979  53     -2       50
  AVERAGE         58                        65     -7       68

PRECIPITATION (IN)
  YESTERDAY        0.04          1.87 1928   0.10  -0.06     0.00
  MONTH TO DATE    4.50                      2.61   1.89     2.39
  SINCE JUN 1      4.50                      2.61   1.89     2.39
  SINCE JAN 1     20.41                     12.47   7.94    16.46

DEGREE DAYS
 HEATING
  YESTERDAY        7                         2      5        0
  MONTH TO DATE   49                       113    -64       92
  SINCE JUN 1     49                       113    -64       92
  SINCE JUL 1   6881                      8132  -1251     6996

 COOLING
  YESTERDAY        0                         3     -3        3
  MONTH TO DATE   73                        44     29       32
  SINCE JUN 1     73                        44     29       32
  SINCE JAN 1     87                        60     27       61
..................................................................


WIND (MPH)
  HIGHEST WIND SPEED    17   HIGHEST WIND DIRECTION     W (260)
  HIGHEST GUST SPEED    22   HIGHEST GUST DIRECTION     W (260)
  AVERAGE WIND SPEED     8.0




RELATIVE HUMIDITY (PERCENT)
 HIGHEST    96
 LOWEST     64
 AVERAGE    80

..........................................................


THE HOUGHTON LAKE MI CLIMATE NORMALS FOR TODAY
                         NORMAL    RECORD    YEAR
 MAXIMUM TEMPERATURE (F)   78        96      1921
 MINIMUM TEMPERATURE (F)   53        30      1922


SUNRISE AND SUNSET
JUNE 26 2017..........SUNRISE   556 AM EDT   SUNSET   927 PM EDT
JUNE 27 2017..........SUNRISE   557 AM EDT   SUNSET   927 PM EDT


-  INDICATES NEGATIVE NUMBERS.
R  INDICATES RECORD WAS SET OR TIED.
MM INDICATES DATA IS MISSING.
T  INDICATES TRACE AMOUNT.




$$
