000
CDUS41 KRLX 170722
CLIHTS


CLIMATE REPORT
NATIONAL WEATHER SERVICE CHARLESTON WV
320 AM EDT TUE OCT 17 2017


...................................

...THE HUNTINGTON WV CLIMATE SUMMARY FOR OCTOBER 16 2017...

CLIMATE NORMAL PERIOD 1981 TO 2010
CLIMATE RECORD PERIOD 1897 TO 2017


WEATHER ITEM   OBSERVED TIME   RECORD YEAR NORMAL DEPARTURE LAST
                VALUE   (LST)  VALUE       VALUE  FROM      YEAR
                                                  NORMAL
..................................................................
TEMPERATURE (F)
 YESTERDAY
  MAXIMUM         62    210 PM  87    1947  68     -6       82
  MINIMUM         43   1159 PM  30    1945  45     -2       57
                                      1944
  AVERAGE         53                        56     -3       70

PRECIPITATION (IN)
  YESTERDAY        0.00          1.09 1993   0.09  -0.09     0.00
  MONTH TO DATE    3.22                      1.40   1.82     0.06
  SINCE JAN 1     39.35                     34.43   4.92    38.00

SNOWFALL (IN)
  YESTERDAY        0.0           T    1977   0.0    0.0      0.0
  MONTH TO DATE    0.0                       0.0    0.0      0.0
  SINCE SEP 1      0.0                       0.0    0.0      0.0
  SNOW DEPTH       0

DEGREE DAYS
 HEATING
  YESTERDAY       12                         9      3        0
  MONTH TO DATE   26                       113    -87       48
  SINCE SEP 1     58                       169   -111       58
  SINCE JUL 1     58                       171   -113       58

 COOLING
  YESTERDAY        0                         0      0        5
  MONTH TO DATE   54                        16     38       17
  SINCE SEP 1    186                       150     36      292
  SINCE JAN 1   1188                      1127     61     1542
..................................................................


WIND (MPH)
  HIGHEST WIND SPEED    14   HIGHEST WIND DIRECTION    NW (330)
  HIGHEST GUST SPEED    17   HIGHEST GUST DIRECTION    NW (320)
  AVERAGE WIND SPEED     5.7


SKY COVER
  POSSIBLE SUNSHINE  MM
  AVERAGE SKY COVER 0.5


WEATHER CONDITIONS
 THE FOLLOWING WEATHER WAS RECORDED YESTERDAY.
  NO SIGNIFICANT WEATHER WAS OBSERVED.


RELATIVE HUMIDITY (PERCENT)
 HIGHEST    89          1100 PM
 LOWEST     39           200 PM
 AVERAGE    64

..........................................................


THE HUNTINGTON WV CLIMATE NORMALS FOR TODAY
                         NORMAL    RECORD    YEAR
 MAXIMUM TEMPERATURE (F)   68        86      1938
 MINIMUM TEMPERATURE (F)   45        28      1991


SUNRISE AND SUNSET
OCTOBER 17 2017.......SUNRISE   741 AM EDT   SUNSET   649 PM EDT
OCTOBER 18 2017.......SUNRISE   742 AM EDT   SUNSET   648 PM EDT


-  INDICATES NEGATIVE NUMBERS.
R  INDICATES RECORD WAS SET OR TIED.
MM INDICATES DATA IS MISSING.
T  INDICATES TRACE AMOUNT.




$$
