000
CDUS41 KRLX 272231
CLIHTS


CLIMATE REPORT
NATIONAL WEATHER SERVICE CHARLESTON WV
528 PM EST TUE JAN 27 2015


...................................

...THE HUNTINGTON WV CLIMATE SUMMARY FOR JANUARY 27 2015...
VALID TODAY AS OF 0500 PM LOCAL TIME.

CLIMATE NORMAL PERIOD 1981 TO 2010
CLIMATE RECORD PERIOD 1897 TO 2015


WEATHER ITEM   OBSERVED TIME   RECORD YEAR NORMAL DEPARTURE LAST
                VALUE   (LST)  VALUE       VALUE  FROM      YEAR
                                                  NORMAL
..................................................................
TEMPERATURE (F)
 TODAY
  MAXIMUM         28    352 PM  71    1999  43    -15       48
  MINIMUM         15    803 AM  -5    1936  25    -10        9
  AVERAGE         22                        34    -12       29

PRECIPITATION (IN)
  TODAY            0.00          1.21 2009   0.09  -0.09      T
  MONTH TO DATE    2.08                      2.56  -0.48     2.30
  SINCE DEC 1      5.39                      5.87  -0.48     7.85
  SINCE JAN 1      2.08                      2.56  -0.48     2.30

DEGREE DAYS
 HEATING
  TODAY           43                        31     12       36
  MONTH TO DATE  891                       843     48      976
  SINCE DEC 1   1684                      1711    -27     1773
  SINCE JUL 1   2763                      2598    165     2724

 COOLING
  TODAY            0                         0      0        0
  MONTH TO DATE    0                         0      0        0
  SINCE DEC 1      0                         1     -1        2
  SINCE JAN 1      0                         0      0        0
..................................................................


WIND (MPH)
  HIGHEST WIND SPEED    12   HIGHEST WIND DIRECTION     N (360)
  HIGHEST GUST SPEED    16   HIGHEST GUST DIRECTION     N (360)
  AVERAGE WIND SPEED     4.9


SKY COVER
  POSSIBLE SUNSHINE  MM
  AVERAGE SKY COVER 0.7


WEATHER CONDITIONS
 THE FOLLOWING WEATHER WAS RECORDED TODAY.
  NO SIGNIFICANT WEATHER WAS OBSERVED.


RELATIVE HUMIDITY (PERCENT)
 HIGHEST    88          1200 AM
 LOWEST     58           400 PM
 AVERAGE    73

..........................................................


THE HUNTINGTON WV CLIMATE NORMALS FOR TOMORROW
                         NORMAL    RECORD    YEAR
 MAXIMUM TEMPERATURE (F)   43        71      2013
                                             2002
 MINIMUM TEMPERATURE (F)   26       -13      1963


SUNRISE AND SUNSET
JANUARY 27 2015.......SUNRISE   740 AM EST   SUNSET   547 PM EST
JANUARY 28 2015.......SUNRISE   739 AM EST   SUNSET   548 PM EST


-  INDICATES NEGATIVE NUMBERS.
R  INDICATES RECORD WAS SET OR TIED.
MM INDICATES DATA IS MISSING.
T  INDICATES TRACE AMOUNT.




$$
