000
CDUS41 KRLX 130821
CLIHTS


CLIMATE REPORT
NATIONAL WEATHER SERVICE CHARLESTON WV
320 AM EST WED DEC 13 2017


...................................

...THE HUNTINGTON WV CLIMATE SUMMARY FOR DECEMBER 12 2017...

CLIMATE NORMAL PERIOD 1981 TO 2010
CLIMATE RECORD PERIOD 1897 TO 2017


WEATHER ITEM   OBSERVED TIME   RECORD YEAR NORMAL DEPARTURE LAST
                VALUE   (LST)  VALUE       VALUE  FROM      YEAR
                                                  NORMAL
..................................................................
TEMPERATURE (F)
 YESTERDAY
  MAXIMUM         49   1220 AM  72    2015  46      3       50
  MINIMUM         23   1159 PM  -4    1962  29     -6       35
  AVERAGE         36                        38     -2       43

PRECIPITATION (IN)
  YESTERDAY        0.03          1.52 1949   0.11  -0.08     0.57
  MONTH TO DATE    0.61                      1.34  -0.73     1.38
  SINCE JAN 1     43.76                     40.62   3.14    43.67

SNOWFALL (IN)
  YESTERDAY        T             1.3  1944   0.1   -0.1      0.0
  MONTH TO DATE    T                         1.0   -1.0      0.5
  SINCE SEP 1      T                         1.8   -1.8      0.5
  SNOW DEPTH       0

DEGREE DAYS
 HEATING
  YESTERDAY       29                        27      2       22
  MONTH TO DATE  318                       309      9      321
  SINCE DEC 1    318                       309      9      321
  SINCE JUL 1   1090                      1196   -106      919

 COOLING
  YESTERDAY        0                         0      0        0
  MONTH TO DATE    0                         0      0        0
  SINCE DEC 1      0                         0      0        0
  SINCE JAN 1   1191                      1134     57     1589
..................................................................


WIND (MPH)
  HIGHEST WIND SPEED    24   HIGHEST WIND DIRECTION    NW (300)
  HIGHEST GUST SPEED    35   HIGHEST GUST DIRECTION    NW (300)
  AVERAGE WIND SPEED    11.3


SKY COVER
  POSSIBLE SUNSHINE  MM
  AVERAGE SKY COVER 0.9


WEATHER CONDITIONS
 THE FOLLOWING WEATHER WAS RECORDED YESTERDAY.
  SNOW
  LIGHT SNOW
  FOG
  HAZE


RELATIVE HUMIDITY (PERCENT)
 HIGHEST    85          1200 PM
 LOWEST     42           100 AM
 AVERAGE    64

..........................................................


THE HUNTINGTON WV CLIMATE NORMALS FOR TODAY
                         NORMAL    RECORD    YEAR
 MAXIMUM TEMPERATURE (F)   46        71      1929
                                             1901
 MINIMUM TEMPERATURE (F)   29        -3      1962


SUNRISE AND SUNSET
DECEMBER 13 2017......SUNRISE   739 AM EST   SUNSET   510 PM EST
DECEMBER 14 2017......SUNRISE   739 AM EST   SUNSET   510 PM EST


-  INDICATES NEGATIVE NUMBERS.
R  INDICATES RECORD WAS SET OR TIED.
MM INDICATES DATA IS MISSING.
T  INDICATES TRACE AMOUNT.




$$
