000
CDUS41 KRLX 040752
CLIHTS


CLIMATE REPORT
NATIONAL WEATHER SERVICE CHARLESTON WV
348 AM EDT WED MAY 4 2016


...................................

...THE HUNTINGTON WV CLIMATE SUMMARY FOR MAY 3 2016...

CLIMATE NORMAL PERIOD 1981 TO 2010
CLIMATE RECORD PERIOD 1897 TO 2016


WEATHER ITEM   OBSERVED TIME   RECORD YEAR NORMAL DEPARTURE LAST
                VALUE   (LST)  VALUE       VALUE  FROM      YEAR
                                                  NORMAL
..................................................................
TEMPERATURE (F)
 YESTERDAY
  MAXIMUM         63    315 PM  90    1942  73    -10       79
                                      1902
                                      1899
  MINIMUM         53   1159 PM  31    1900  49      4       43
  AVERAGE         58                        61     -3       61

PRECIPITATION (IN)
  YESTERDAY        0.08          1.09 2011   0.14  -0.06     0.00
  MONTH TO DATE    2.25                      0.41   1.84     0.00
  SINCE JAN 1     16.62                     13.79   2.83    19.34

SNOWFALL (IN)
  YESTERDAY        0.0
  MONTH TO DATE    0.0
  SINCE SEP 1     23.8
  SNOW DEPTH       0

DEGREE DAYS
 HEATING
  YESTERDAY        7                         5      2        4
  MONTH TO DATE    7                        17    -10       20
  SINCE MAR 1    633                       904   -271      922
  SINCE JUL 1   3668                      4405   -737     4938

 COOLING
  YESTERDAY        0                         1     -1        0
  MONTH TO DATE    8                         3      5        0
  SINCE MAR 1     55                        35     20        9
  SINCE JAN 1     55                        35     20        9
..................................................................


WIND (MPH)
  HIGHEST WIND SPEED    12   HIGHEST WIND DIRECTION    NW (330)
  HIGHEST GUST SPEED    15   HIGHEST GUST DIRECTION     N (340)
  AVERAGE WIND SPEED     3.7


SKY COVER
  POSSIBLE SUNSHINE  MM


WEATHER CONDITIONS
 THE FOLLOWING WEATHER WAS RECORDED YESTERDAY.
  LIGHT RAIN
  FOG


RELATIVE HUMIDITY (PERCENT)
 HIGHEST    93           500 AM
 LOWEST     72           500 PM
 AVERAGE    83

..........................................................


THE HUNTINGTON WV CLIMATE NORMALS FOR TODAY
                         NORMAL    RECORD    YEAR
 MAXIMUM TEMPERATURE (F)   73        93      1959
 MINIMUM TEMPERATURE (F)   50        30      1986


SUNRISE AND SUNSET
MAY  4 2016...........SUNRISE   629 AM EDT   SUNSET   825 PM EDT
MAY  5 2016...........SUNRISE   628 AM EDT   SUNSET   826 PM EDT


-  INDICATES NEGATIVE NUMBERS.
R  INDICATES RECORD WAS SET OR TIED.
MM INDICATES DATA IS MISSING.
T  INDICATES TRACE AMOUNT.




$$
