000
CDUS41 KRLX 252219
CLIHTS


CLIMATE REPORT
NATIONAL WEATHER SERVICE CHARLESTON WV
518 PM EST THU DEC 25 2014


...................................

...THE HUNTINGTON WV CLIMATE SUMMARY FOR DECEMBER 25 2014...
VALID TODAY AS OF 0500 PM LOCAL TIME.

CLIMATE NORMAL PERIOD 1981 TO 2010
CLIMATE RECORD PERIOD 1897 TO 2014


WEATHER ITEM   OBSERVED TIME   RECORD YEAR NORMAL DEPARTURE LAST
                VALUE   (LST)  VALUE       VALUE  FROM      YEAR
                                                  NORMAL
..................................................................
TEMPERATURE (F)
 TODAY
  MAXIMUM         42    350 PM  76    1982  43     -1       37
  MINIMUM         39    952 AM  -9    1983  27     12       14
  AVERAGE         41                        35      6       26

PRECIPITATION (IN)
  TODAY            0.01          1.71 1987   0.10  -0.09     0.00
  MONTH TO DATE    3.26                      2.70   0.56     4.86
  SINCE DEC 1      3.26                      2.70   0.56     4.86
  SINCE JAN 1     48.46                     41.98   6.48    44.22

DEGREE DAYS
 HEATING
  TODAY           24                        30     -6       39
  MONTH TO DATE  623                       686    -63      626
  SINCE DEC 1    623                       686    -63      626
  SINCE JUL 1   1702                      1573    129     1577

 COOLING
  TODAY            0                         0      0        0
  MONTH TO DATE    0                         0      0        2
  SINCE DEC 1      0                         0      0        2
  SINCE JAN 1    971                      1134   -163     1217
..................................................................


WIND (MPH)
  HIGHEST WIND SPEED    17   HIGHEST WIND DIRECTION    SW (240)
  HIGHEST GUST SPEED    24   HIGHEST GUST DIRECTION    SW (220)
  AVERAGE WIND SPEED     9.5


SKY COVER
  POSSIBLE SUNSHINE  MM
  AVERAGE SKY COVER 0.8


WEATHER CONDITIONS
 THE FOLLOWING WEATHER WAS RECORDED TODAY.
  LIGHT RAIN


RELATIVE HUMIDITY (PERCENT)
 HIGHEST    79           300 AM
 LOWEST     65           300 PM
 AVERAGE    72

..........................................................


THE HUNTINGTON WV CLIMATE NORMALS FOR TOMORROW
                         NORMAL    RECORD    YEAR
 MAXIMUM TEMPERATURE (F)   43        69      1940
 MINIMUM TEMPERATURE (F)   27         2      1983


SUNRISE AND SUNSET
DECEMBER 25 2014......SUNRISE   745 AM EST   SUNSET   515 PM EST
DECEMBER 26 2014......SUNRISE   746 AM EST   SUNSET   516 PM EST


-  INDICATES NEGATIVE NUMBERS.
R  INDICATES RECORD WAS SET OR TIED.
MM INDICATES DATA IS MISSING.
T  INDICATES TRACE AMOUNT.




$$
