000
CDUS41 KRLX 230738
CLIHTS


CLIMATE REPORT
NATIONAL WEATHER SERVICE CHARLESTON WV
337 AM EDT THU MAR 23 2017


...................................

...THE HUNTINGTON WV CLIMATE SUMMARY FOR MARCH 22 2017...

CLIMATE NORMAL PERIOD 1981 TO 2010
CLIMATE RECORD PERIOD 1897 TO 2017


WEATHER ITEM   OBSERVED TIME   RECORD YEAR NORMAL DEPARTURE LAST
                VALUE   (LST)  VALUE       VALUE  FROM      YEAR
                                                  NORMAL
..................................................................
TEMPERATURE (F)
 YESTERDAY
  MAXIMUM         50   1211 AM  87    1907  59     -9       68
  MINIMUM         33    827 AM  14    1914  37     -4       38
  AVERAGE         42                        48     -6       53

PRECIPITATION (IN)
  YESTERDAY        0.00          2.70 1952   0.13  -0.13     0.00
  MONTH TO DATE    2.10                      2.78  -0.68     1.92
  SINCE JAN 1      8.90                      8.82   0.08     9.38

SNOWFALL (IN)
  YESTERDAY        0.0
  MONTH TO DATE    T
  SINCE SEP 1      5.9
  SNOW DEPTH       0

DEGREE DAYS
 HEATING
  YESTERDAY       23                        17      6       12
  MONTH TO DATE  509                       457     52      305
  SINCE MAR 1    509                       457     52      305
  SINCE JUL 1   3158                      3958   -800     3340

 COOLING
  YESTERDAY        0                         0      0        0
  MONTH TO DATE    0                         0      0        5
  SINCE MAR 1      0                         0      0        5
  SINCE JAN 1      1                         0      1        5
..................................................................


WIND (MPH)
  HIGHEST WIND SPEED    18   HIGHEST WIND DIRECTION    NW (330)
  HIGHEST GUST SPEED    26   HIGHEST GUST DIRECTION     N (350)
  AVERAGE WIND SPEED     9.3


SKY COVER
  POSSIBLE SUNSHINE  MM


WEATHER CONDITIONS
 THE FOLLOWING WEATHER WAS RECORDED YESTERDAY.
  NO SIGNIFICANT WEATHER WAS OBSERVED.


RELATIVE HUMIDITY (PERCENT)
 HIGHEST    64           500 AM
 LOWEST     28           400 PM
 AVERAGE    46

..........................................................


THE HUNTINGTON WV CLIMATE NORMALS FOR TODAY
                         NORMAL    RECORD    YEAR
 MAXIMUM TEMPERATURE (F)   59        87      1907
 MINIMUM TEMPERATURE (F)   37        19      1959


SUNRISE AND SUNSET
MARCH 23 2017.........SUNRISE   729 AM EDT   SUNSET   745 PM EDT
MARCH 24 2017.........SUNRISE   727 AM EDT   SUNSET   746 PM EDT


-  INDICATES NEGATIVE NUMBERS.
R  INDICATES RECORD WAS SET OR TIED.
MM INDICATES DATA IS MISSING.
T  INDICATES TRACE AMOUNT.




$$
