000
CDUS41 KRLX 170837
CLIHTS


CLIMATE REPORT
NATIONAL WEATHER SERVICE CHARLESTON WV
337 AM EST SAT FEB 17 2018


...................................

...THE HUNTINGTON WV CLIMATE SUMMARY FOR FEBRUARY 16 2018...

CLIMATE NORMAL PERIOD 1981 TO 2010
CLIMATE RECORD PERIOD 1897 TO 2018


WEATHER ITEM   OBSERVED TIME   RECORD YEAR NORMAL DEPARTURE LAST
                VALUE   (LST)  VALUE       VALUE  FROM      YEAR
                                                  NORMAL
..................................................................
TEMPERATURE (F)
 YESTERDAY
  MAXIMUM         70    215 AM  76    1921  47     23       44
  MINIMUM         37   1159 PM  -8    1958  28      9       30
  AVERAGE         54                        37     17       37

PRECIPITATION (IN)
  YESTERDAY        1.42          1.69 2003   0.10   1.32     0.00
  MONTH TO DATE    5.18                      1.70   3.48     0.78
  SINCE JAN 1      8.09                      4.67   3.42     4.76

SNOWFALL (IN)
  YESTERDAY        0.0          10.9  2015   0.2   -0.2      0.0
                                      2009
  MONTH TO DATE    0.2                       4.6   -4.4       T
  SINCE SEP 1      7.2                      16.1   -8.9      5.9
  SNOW DEPTH       0

DEGREE DAYS
 HEATING
  YESTERDAY       11                        28    -17       28
  MONTH TO DATE  408                       466    -58      365
  SINCE DEC 1   2332                      2303     29     1892
  SINCE JUL 1   3104                      3190    -86     2490

 COOLING
  YESTERDAY        0                         0      0        0
  MONTH TO DATE    1                         0      1        0
  SINCE DEC 1      1                         1      0        0
  SINCE JAN 1      1                         0      1        0
..................................................................


WIND (MPH)
  HIGHEST WIND SPEED    24   HIGHEST WIND DIRECTION    SW (230)
  HIGHEST GUST SPEED    32   HIGHEST GUST DIRECTION    SW (230)
  AVERAGE WIND SPEED     7.1


SKY COVER
  POSSIBLE SUNSHINE  MM
  AVERAGE SKY COVER 1.0


WEATHER CONDITIONS
 THE FOLLOWING WEATHER WAS RECORDED YESTERDAY.
  HEAVY RAIN
  RAIN
  LIGHT RAIN
  FOG
  HAZE


RELATIVE HUMIDITY (PERCENT)
 HIGHEST    93           400 AM
 LOWEST     61          1200 AM
 AVERAGE    77

..........................................................


THE HUNTINGTON WV CLIMATE NORMALS FOR TODAY
                         NORMAL    RECORD    YEAR
 MAXIMUM TEMPERATURE (F)   47        70      2011
                                             1975
                                             1927
 MINIMUM TEMPERATURE (F)   28        -4      1958


SUNRISE AND SUNSET
FEBRUARY 17 2018......SUNRISE   718 AM EST   SUNSET   611 PM EST
FEBRUARY 18 2018......SUNRISE   717 AM EST   SUNSET   612 PM EST


-  INDICATES NEGATIVE NUMBERS.
R  INDICATES RECORD WAS SET OR TIED.
MM INDICATES DATA IS MISSING.
T  INDICATES TRACE AMOUNT.




$$
