000
CDUS41 KRLX 212130
CLIHTS


CLIMATE REPORT
NATIONAL WEATHER SERVICE CHARLESTON WV
527 PM EDT TUE OCT 21 2014


...................................

...THE HUNTINGTON WV CLIMATE SUMMARY FOR OCTOBER 21 2014...
VALID TODAY AS OF 0500 PM LOCAL TIME.

CLIMATE NORMAL PERIOD 1981 TO 2010
CLIMATE RECORD PERIOD 1897 TO 2014


WEATHER ITEM   OBSERVED TIME   RECORD YEAR NORMAL DEPARTURE LAST
                VALUE   (LST)  VALUE       VALUE  FROM      YEAR
                                                  NORMAL
..................................................................
TEMPERATURE (F)
 TODAY
  MAXIMUM         55   1210 PM  86    1933  67    -12       69
  MINIMUM         48    637 AM  20    1952  44      4       35
  AVERAGE         52                        55     -3       52

PRECIPITATION (IN)
  TODAY            0.01          1.57 1983   0.09  -0.08     0.00
                                      1929
  MONTH TO DATE    3.92                      1.84   2.08     1.56
  SINCE SEP 1      7.18                      4.62   2.56     3.28
  SINCE JAN 1     41.52                     34.87   6.65    35.70

DEGREE DAYS
 HEATING
  TODAY           13                        10      3       13
  MONTH TO DATE  173                       162     11      104
  SINCE SEP 1    227                       218      9      138
  SINCE JUL 1    230                       220     10      142

 COOLING
  TODAY            0                         0      0        0
  MONTH TO DATE   10                        16     -6       47
  SINCE SEP 1    130                       150    -20      180
  SINCE JAN 1    971                      1127   -156     1212
..................................................................


WIND (MPH)
  HIGHEST WIND SPEED    15   HIGHEST WIND DIRECTION    NW (320)
  HIGHEST GUST SPEED    22   HIGHEST GUST DIRECTION    NW (330)
  AVERAGE WIND SPEED     5.8


SKY COVER
  POSSIBLE SUNSHINE  MM
  AVERAGE SKY COVER 0.9


WEATHER CONDITIONS
 THE FOLLOWING WEATHER WAS RECORDED TODAY.
  FOG


RELATIVE HUMIDITY (PERCENT)
 HIGHEST   100           300 AM
 LOWEST     64           100 PM
 AVERAGE    82

..........................................................


THE HUNTINGTON WV CLIMATE NORMALS FOR TOMORROW
                         NORMAL    RECORD    YEAR
 MAXIMUM TEMPERATURE (F)   66        85      1979
                                             1947
 MINIMUM TEMPERATURE (F)   43        20      1952


SUNRISE AND SUNSET
OCTOBER 21 2014.......SUNRISE   745 AM EDT   SUNSET   644 PM EDT
OCTOBER 22 2014.......SUNRISE   746 AM EDT   SUNSET   643 PM EDT


-  INDICATES NEGATIVE NUMBERS.
R  INDICATES RECORD WAS SET OR TIED.
MM INDICATES DATA IS MISSING.
T  INDICATES TRACE AMOUNT.




$$
