000
CDUS41 KRLX 200824
CLIHTS


CLIMATE REPORT
NATIONAL WEATHER SERVICE CHARLESTON WV
324 AM EST FRI JAN 20 2017


...................................

...THE HUNTINGTON WV CLIMATE SUMMARY FOR JANUARY 19 2017...

CLIMATE NORMAL PERIOD 1981 TO 2010
CLIMATE RECORD PERIOD 1897 TO 2017


WEATHER ITEM   OBSERVED TIME   RECORD YEAR NORMAL DEPARTURE LAST
                VALUE   (LST)  VALUE       VALUE  FROM      YEAR
                                                  NORMAL
..................................................................
TEMPERATURE (F)
 YESTERDAY
  MAXIMUM         52    150 PM  74    1929  42     10       20
  MINIMUM         37    827 AM -21    1994  25     12        8
  AVERAGE         45                        34     11       14

PRECIPITATION (IN)
  YESTERDAY        T             1.30 1936   0.09  -0.09      T
  MONTH TO DATE    2.96                      1.81   1.15     0.71
  SINCE JAN 1      2.96                      1.81   1.15     0.71

SNOWFALL (IN)
  YESTERDAY        0.0
  MONTH TO DATE    2.3
  SINCE SEP 1      4.1
  SNOW DEPTH       0

DEGREE DAYS
 HEATING
  YESTERDAY       20                        31    -11       51
  MONTH TO DATE  466                       595   -129      645
  SINCE DEC 1   1275                      1463   -188     1165
  SINCE JUL 1   1873                      2350   -477     1885

 COOLING
  YESTERDAY        0                         0      0        0
  MONTH TO DATE    0                         0      0        0
  SINCE DEC 1      0                         1     -1        0
  SINCE JAN 1      0                         0      0        0
..................................................................


WIND (MPH)
  HIGHEST WIND SPEED     9   HIGHEST WIND DIRECTION     E (110)
  HIGHEST GUST SPEED    11   HIGHEST GUST DIRECTION    SE (120)
  AVERAGE WIND SPEED     3.5


SKY COVER
  POSSIBLE SUNSHINE  MM


WEATHER CONDITIONS
 THE FOLLOWING WEATHER WAS RECORDED YESTERDAY.
  FOG


RELATIVE HUMIDITY (PERCENT)
 HIGHEST    92           700 AM
 LOWEST     63           200 PM
 AVERAGE    78

..........................................................


THE HUNTINGTON WV CLIMATE NORMALS FOR TODAY
                         NORMAL    RECORD    YEAR
 MAXIMUM TEMPERATURE (F)   42        73      1929
 MINIMUM TEMPERATURE (F)   25       -16      1985


SUNRISE AND SUNSET
JANUARY 20 2017.......SUNRISE   744 AM EST   SUNSET   539 PM EST
JANUARY 21 2017.......SUNRISE   743 AM EST   SUNSET   541 PM EST


-  INDICATES NEGATIVE NUMBERS.
R  INDICATES RECORD WAS SET OR TIED.
MM INDICATES DATA IS MISSING.
T  INDICATES TRACE AMOUNT.




$$
