953
CDUS43 KIND 220531
CLIHUF


CLIMATE REPORT
NATIONAL WEATHER SERVICE INDIANAPOLIS IN
131 AM EDT FRI MAY 22 2015


...................................

...THE TERRE HAUTE IN CLIMATE SUMMARY FOR MAY 21 2015...

CLIMATE NORMAL PERIOD 1981 TO 2010
CLIMATE RECORD PERIOD 9999 TO 9999


WEATHER ITEM   OBSERVED TIME   NORMAL DEPARTURE LAST
                VALUE   (LST)  VALUE  FROM      YEAR
                                      NORMAL
......................................................
TEMPERATURE (F)
 YESTERDAY
  MAXIMUM         63    531 PM  76    -13       86
  MINIMUM         46    742 AM  54     -8       66
  AVERAGE         55            65    -10       76

PRECIPITATION (IN)
  YESTERDAY        0.00          0.24  -0.24     0.18
  MONTH TO DATE    2.44          4.85  -2.41     2.61
  SINCE MAR 1     10.46         12.37  -1.91    10.64
  SINCE JAN 1     13.36         16.66  -3.30    14.67

DEGREE DAYS
 HEATING
  YESTERDAY       10             3      7        0
  MONTH TO DATE   73           111    -38      125
  SINCE MAR 1   1192          1168     24     1301
  SINCE JUL 1   5826          5331    495     6036

 COOLING
  YESTERDAY        0             3     -3       11
  MONTH TO DATE   80            36     44       59
  SINCE MAR 1     86            51     35       65
  SINCE JAN 1     86            51     35       65
......................................................


WIND (MPH)
  HIGHEST WIND SPEED    14   HIGHEST WIND DIRECTION    SW (240)
  HIGHEST GUST SPEED    22   HIGHEST GUST DIRECTION     N (360)
  AVERAGE WIND SPEED     7.9


SKY COVER
  AVERAGE SKY COVER 0.7


WEATHER CONDITIONS
 THE FOLLOWING WEATHER WAS RECORDED YESTERDAY.
  FOG


RELATIVE HUMIDITY (PERCENT)
 HIGHEST    93           200 AM
 LOWEST     48           500 PM
 AVERAGE    71

..........................................................


THE TERRE HAUTE IN CLIMATE NORMALS FOR TODAY
                         NORMAL
 MAXIMUM TEMPERATURE (F)   76
 MINIMUM TEMPERATURE (F)   54


SUNRISE AND SUNSET
MAY 22 2015...........SUNRISE   630 AM EDT   SUNSET   902 PM EDT
MAY 23 2015...........SUNRISE   629 AM EDT   SUNSET   903 PM EDT


-  INDICATES NEGATIVE NUMBERS.
R  INDICATES RECORD WAS SET OR TIED.
MM INDICATES DATA IS MISSING.
T  INDICATES TRACE AMOUNT.




$$
