000
CDUS43 KIND 220531
CLIHUF


CLIMATE REPORT
NATIONAL WEATHER SERVICE INDIANAPOLIS IN
131 AM EDT MON SEP 22 2014


...................................

...THE TERRE HAUTE IN CLIMATE SUMMARY FOR SEPTEMBER 21 2014...

CLIMATE NORMAL PERIOD 1981 TO 2010
CLIMATE RECORD PERIOD 9999 TO 9999


WEATHER ITEM   OBSERVED TIME   NORMAL DEPARTURE LAST
                VALUE   (LST)  VALUE  FROM      YEAR
                                      NORMAL
......................................................
TEMPERATURE (F)
 YESTERDAY
  MAXIMUM         76    241 PM  76      0       73
  MINIMUM         56   1159 PM  51      5       48
  AVERAGE         66            64      2       61

PRECIPITATION (IN)
  YESTERDAY        0.18          0.11   0.07     0.00
  MONTH TO DATE    2.99          2.54   0.45     0.71
  SINCE SEP 1      2.99          2.54   0.45     0.71
  SINCE JAN 1     31.12         33.82  -2.70    33.74

DEGREE DAYS
 HEATING
  YESTERDAY        0             3     -3        4
  MONTH TO DATE   69            27     42       28
  SINCE SEP 1     69            27     42       28
  SINCE JUL 1     80            32     48       38

 COOLING
  YESTERDAY        1             2     -1        0
  MONTH TO DATE   70            83    -13      142
  SINCE SEP 1     70            83    -13      142
  SINCE JAN 1    921           962    -41     1017
......................................................


WIND (MPH)
  HIGHEST WIND SPEED    23   HIGHEST WIND DIRECTION     W (290)
  HIGHEST GUST SPEED    32   HIGHEST GUST DIRECTION     W (280)
  AVERAGE WIND SPEED    10.1


SKY COVER
  AVERAGE SKY COVER 0.4


WEATHER CONDITIONS
 THE FOLLOWING WEATHER WAS RECORDED YESTERDAY.
  HEAVY RAIN
  LIGHT RAIN
  FOG


RELATIVE HUMIDITY (PERCENT)
 HIGHEST    93           500 AM
 LOWEST     38           200 PM
 AVERAGE    66

..........................................................


THE TERRE HAUTE IN CLIMATE NORMALS FOR TODAY
                         NORMAL
 MAXIMUM TEMPERATURE (F)   76
 MINIMUM TEMPERATURE (F)   51


SUNRISE AND SUNSET
SEPTEMBER 22 2014.....SUNRISE   737 AM EDT   SUNSET   746 PM EDT
SEPTEMBER 23 2014.....SUNRISE   738 AM EDT   SUNSET   745 PM EDT


-  INDICATES NEGATIVE NUMBERS.
R  INDICATES RECORD WAS SET OR TIED.
MM INDICATES DATA IS MISSING.
T  INDICATES TRACE AMOUNT.




$$
