000
CDUS43 KIND 290533
CLIHUF


CLIMATE REPORT
NATIONAL WEATHER SERVICE INDIANAPOLIS IN
1233 AM EST MON DEC 29 2014


...................................

...THE TERRE HAUTE IN CLIMATE SUMMARY FOR DECEMBER 28 2014...

CLIMATE NORMAL PERIOD 1981 TO 2010
CLIMATE RECORD PERIOD 9999 TO 9999


WEATHER ITEM   OBSERVED TIME   NORMAL DEPARTURE LAST
                VALUE   (LST)  VALUE  FROM      YEAR
                                      NORMAL
......................................................
TEMPERATURE (F)
 YESTERDAY
  MAXIMUM         35   1244 AM  37     -2       51
  MINIMUM         22   1104 PM  21      1       26
  AVERAGE         29            29      0       39

PRECIPITATION (IN)
  YESTERDAY        0.00          0.12  -0.12     0.00
  MONTH TO DATE    2.78          2.69   0.09     3.65
  SINCE DEC 1      2.78          2.69   0.09     3.65
  SINCE JAN 1     43.26         44.80  -1.54    45.01

DEGREE DAYS
 HEATING
  YESTERDAY       36            36      0       26
  MONTH TO DATE  810           925   -115      969
  SINCE DEC 1    810           925   -115      969
  SINCE JUL 1   2110          2003    107     2091

 COOLING
  YESTERDAY        0             0      0        0
  MONTH TO DATE    0             0      0        0
  SINCE DEC 1      0             0      0        0
  SINCE JAN 1    939           993    -54     1056
......................................................


WIND (MPH)
  HIGHEST WIND SPEED    15   HIGHEST WIND DIRECTION    NW (320)
  HIGHEST GUST SPEED    19   HIGHEST GUST DIRECTION    NW (320)
  AVERAGE WIND SPEED     6.1


SKY COVER
  AVERAGE SKY COVER 0.5


WEATHER CONDITIONS
 THE FOLLOWING WEATHER WAS RECORDED YESTERDAY.
  NO SIGNIFICANT WEATHER WAS OBSERVED.


RELATIVE HUMIDITY (PERCENT)
 HIGHEST    89           100 AM
 LOWEST     63           300 PM
 AVERAGE    76

..........................................................


THE TERRE HAUTE IN CLIMATE NORMALS FOR TODAY
                         NORMAL
 MAXIMUM TEMPERATURE (F)   37
 MINIMUM TEMPERATURE (F)   21


SUNRISE AND SUNSET
DECEMBER 29 2014......SUNRISE   809 AM EST   SUNSET   534 PM EST
DECEMBER 30 2014......SUNRISE   809 AM EST   SUNSET   535 PM EST


-  INDICATES NEGATIVE NUMBERS.
R  INDICATES RECORD WAS SET OR TIED.
MM INDICATES DATA IS MISSING.
T  INDICATES TRACE AMOUNT.




$$
