000
CDUS41 KCAR 202152 CCA
CLIHUL

CLIMATE REPORT
NATIONAL WEATHER SERVICE CARIBOU, ME
451 PM EST MON FEB 20 2017


...................................

...THE HOULTON ME CLIMATE SUMMARY FOR FEBRUARY 20 2017...
VALID TODAY AS OF 0400 PM LOCAL TIME.

CLIMATE NORMAL PERIOD 1981 TO 2010
CLIMATE RECORD PERIOD 1948 TO 2017


WEATHER ITEM   OBSERVED TIME   RECORD YEAR NORMAL DEPARTURE LAST
                VALUE   (LST)  VALUE       VALUE  FROM      YEAR
                                                  NORMAL
..................................................................
TEMPERATURE (F)
 TODAY
  MAXIMUM         32    359 PM  62    1994  28      4       39
  MINIMUM         22    700 AM -33    1967   5     17       27
  AVERAGE         27                        17     10       33

PRECIPITATION (IN)
  TODAY            0.00          0.62 1974   0.06  -0.06     0.19
  MONTH TO DATE    1.00                      1.41  -0.41     1.95
  SINCE DEC 1      6.75                      7.56  -0.81     7.56
  SINCE JAN 1      3.83                      4.27  -0.44     3.37

SNOWFALL (IN)
  TODAY             MM          13.0  1963   0.6   -0.6     MM
  MONTH TO DATE     MM                      12.7  -12.7     MM
  SINCE DEC 1       MM                      52.4  -52.4     MM
  SINCE JUL 1       MM                      60.5  -60.5     MM
  SNOW DEPTH        M

DEGREE DAYS
 HEATING
  TODAY           38                        48    -10       32
  MONTH TO DATE 1067                      1022     45      944
  SINCE DEC 1   3949                      4089   -140     3467
  SINCE JUL 1   5692                      6197   -505     5262

 COOLING
  TODAY            0                         0      0        0
  MONTH TO DATE    0                         0      0        0
  SINCE DEC 1      0                         0      0        0
  SINCE JAN 1      0                         0      0        0
..................................................................


WIND (MPH)
  HIGHEST WIND SPEED    22   HIGHEST WIND DIRECTION     N (10)
  HIGHEST GUST SPEED    25   HIGHEST GUST DIRECTION     N (10)
  AVERAGE WIND SPEED    10.6


SKY COVER
  POSSIBLE SUNSHINE  MM
  AVERAGE SKY COVER 0.3


WEATHER CONDITIONS
 THE FOLLOWING WEATHER WAS RECORDED TODAY.
  NO SIGNIFICANT WEATHER WAS OBSERVED.


RELATIVE HUMIDITY (PERCENT)
 HIGHEST    81           400 AM
 LOWEST     49           200 PM
 AVERAGE    65

..........................................................


THE HOULTON ME CLIMATE NORMALS FOR TOMORROW
                         NORMAL    RECORD    YEAR
 MAXIMUM TEMPERATURE (F)   29        50      1953
 MINIMUM TEMPERATURE (F)    5       -36      1993


SUNRISE AND SUNSET
FEBRUARY 20 2017......SUNRISE   625 AM EST   SUNSET   505 PM EST
FEBRUARY 21 2017......SUNRISE   624 AM EST   SUNSET   506 PM EST


-  INDICATES NEGATIVE NUMBERS.
R  INDICATES RECORD WAS SET OR TIED.
MM INDICATES DATA IS MISSING.
T  INDICATES TRACE AMOUNT.




$$
