000
CDUS41 KCAR 302026
CLIHUL


CLIMATE REPORT
NATIONAL WEATHER SERVICE CARIBOU, ME
425 PM EDT SUN APR 30 2017


...................................

...THE HOULTON ME CLIMATE SUMMARY FOR APRIL 30 2017...
VALID TODAY AS OF 0400 PM LOCAL TIME.

CLIMATE NORMAL PERIOD 1981 TO 2010
CLIMATE RECORD PERIOD 1948 TO 2017


WEATHER ITEM   OBSERVED TIME   RECORD YEAR NORMAL DEPARTURE LAST
                VALUE   (LST)  VALUE       VALUE  FROM      YEAR
                                                  NORMAL
..................................................................
TEMPERATURE (F)
 TODAY
  MAXIMUM         56    244 PM  85    2004  58     -2       59
  MINIMUM         33    437 AM  19    1975  34     -1       21
  AVERAGE         45                        46     -1       40

PRECIPITATION (IN)
  TODAY            0.00          0.44 1962   0.14  -0.14     0.00
  MONTH TO DATE    3.86                      3.88  -0.02     2.76
  SINCE MAR 1      5.39                      6.47  -1.08     6.76
  SINCE JAN 1      9.84                     11.33  -1.49    11.72

SNOWFALL (IN)
  TODAY           MM             T    1995   0.1   MM       MM
  MONTH TO DATE   MM                         6.0   MM       MM
  SINCE MAR 1     MM                        23.8   MM       MM
  SINCE JUL 1     MM                        89.4   MM       MM
  SNOW DEPTH      MM

DEGREE DAYS
 HEATING
  TODAY           20                        19      1       25
  MONTH TO DATE  700                       777    -77      851
  SINCE MAR 1   2028                      2000     28     2028
  SINCE JUL 1   7989                      8573   -584     7646

 COOLING
  TODAY            0                         0      0        0
  MONTH TO DATE    0                         0      0        0
  SINCE MAR 1      0                         0      0        0
  SINCE JAN 1      0                         0      0        0
..................................................................


WIND (MPH)
  HIGHEST WIND SPEED    22   HIGHEST WIND DIRECTION    NW (330)
  HIGHEST GUST SPEED    30   HIGHEST GUST DIRECTION    NW (320)
  AVERAGE WIND SPEED    11.3


SKY COVER
  POSSIBLE SUNSHINE  MM
  AVERAGE SKY COVER 0.1


WEATHER CONDITIONS
 THE FOLLOWING WEATHER WAS RECORDED TODAY.
  NO SIGNIFICANT WEATHER WAS OBSERVED.


RELATIVE HUMIDITY (PERCENT)
 HIGHEST    61           400 AM
 LOWEST     24           300 PM
 AVERAGE    43

..........................................................


THE HOULTON ME CLIMATE NORMALS FOR TOMORROW
                         NORMAL    RECORD    YEAR
 MAXIMUM TEMPERATURE (F)   58        83      2004
 MINIMUM TEMPERATURE (F)   34        18      1977


SUNRISE AND SUNSET
APRIL 30 2017.........SUNRISE   519 AM EDT   SUNSET   738 PM EDT
MAY  1 2017...........SUNRISE   517 AM EDT   SUNSET   740 PM EDT


-  INDICATES NEGATIVE NUMBERS.
R  INDICATES RECORD WAS SET OR TIED.
MM INDICATES DATA IS MISSING.
T  INDICATES TRACE AMOUNT.




$$
