000
CDUS41 KCAR 210526
CLIHUL


CLIMATE REPORT
NATIONAL WEATHER SERVICE CARIBOU, ME
126 AM EDT TUE OCT 21 2014


...................................

...THE HOULTON ME CLIMATE SUMMARY FOR OCTOBER 20 2014...

CLIMATE NORMAL PERIOD 1981 TO 2010
CLIMATE RECORD PERIOD 1948 TO 2014


WEATHER ITEM   OBSERVED TIME   RECORD YEAR NORMAL DEPARTURE LAST
                VALUE   (LST)  VALUE       VALUE  FROM      YEAR
                                                  NORMAL
..................................................................
TEMPERATURE (F)
 YESTERDAY
  MAXIMUM         46    324 PM  75    1963  52     -6       57
  MINIMUM         27   1134 PM  11    1972  32     -5       40
  AVERAGE         37                        42     -5       49

PRECIPITATION (IN)
  YESTERDAY        T             1.79 1966   0.13  -0.13     0.11
  MONTH TO DATE    4.01                      2.34   1.67     1.61
  SINCE SEP 1      5.31                      5.74  -0.43     7.67
  SINCE JAN 1     32.97                     31.36   1.61    35.20

SNOWFALL (IN)
  YESTERDAY       MM             T    1974   0.0   MM       MM
  MONTH TO DATE   MM                         0.3   MM       MM
  SINCE SEP 1     MM                         0.4   MM       MM
  SINCE JUL 1     MM                         0.4   MM       MM
  SNOW DEPTH      MM

DEGREE DAYS
 HEATING
  YESTERDAY       28                        23      5       16
  MONTH TO DATE  287                       395   -108      301
  SINCE SEP 1    578                       707   -129      578
  SINCE JUL 1    663                       863   -200      711

 COOLING
  YESTERDAY        0                         0      0        0
  MONTH TO DATE    3                         0      3        0
  SINCE SEP 1     30                        13     17       19
  SINCE JAN 1    233                       191     42      198
..................................................................


WIND (MPH)
  HIGHEST WIND SPEED    18   HIGHEST WIND DIRECTION     W (280)
  HIGHEST GUST SPEED    25   HIGHEST GUST DIRECTION     W (270)
  AVERAGE WIND SPEED     7.7


SKY COVER
  POSSIBLE SUNSHINE  MM
  AVERAGE SKY COVER 0.6


WEATHER CONDITIONS
 THE FOLLOWING WEATHER WAS RECORDED YESTERDAY.
  NO SIGNIFICANT WEATHER WAS OBSERVED.


RELATIVE HUMIDITY (PERCENT)
 HIGHEST    92           900 PM
 LOWEST     42           300 PM
 AVERAGE    67

..........................................................


THE HOULTON ME CLIMATE NORMALS FOR TODAY
                         NORMAL    RECORD    YEAR
 MAXIMUM TEMPERATURE (F)   52        72      1979
 MINIMUM TEMPERATURE (F)   32        10      1972


SUNRISE AND SUNSET
OCTOBER 21 2014.......SUNRISE   656 AM EDT   SUNSET   535 PM EDT
OCTOBER 22 2014.......SUNRISE   658 AM EDT   SUNSET   533 PM EDT


-  INDICATES NEGATIVE NUMBERS.
R  INDICATES RECORD WAS SET OR TIED.
MM INDICATES DATA IS MISSING.
T  INDICATES TRACE AMOUNT.




$$
