000
CDUS41 KCAR 242039
CLIHUL


CLIMATE REPORT
NATIONAL WEATHER SERVICE CARIBOU, ME
439 PM EDT THU APR 24 2014


...................................

...THE HOULTON ME CLIMATE SUMMARY FOR APRIL 24 2014...
VALID TODAY AS OF 0400 PM LOCAL TIME.

CLIMATE NORMAL PERIOD 1981 TO 2010
CLIMATE RECORD PERIOD 1948 TO 2014


WEATHER ITEM   OBSERVED TIME   RECORD YEAR NORMAL DEPARTURE LAST
                VALUE   (LST)  VALUE       VALUE  FROM      YEAR
                                                  NORMAL
..................................................................
TEMPERATURE (F)
 TODAY
  MAXIMUM         37    208 PM  82    1942  55    -18       54
  MINIMUM         33    814 AM  17    1985  32      1       42
  AVERAGE         35                        43     -8       48

PRECIPITATION (IN)
  TODAY            0.36          0.77 1974   0.13   0.23     0.01
  MONTH TO DATE    3.32                      3.07   0.25     1.31
  SINCE MAR 1      5.80                      5.66   0.14     3.08
  SINCE JAN 1     11.38                     10.52   0.86     5.48

SNOWFALL (IN)
  TODAY           MM             8.8  1974   0.1   MM       MM
  MONTH TO DATE    0.0                       5.6   -5.6     MM
  SINCE MAR 1      0.0                      23.4  -23.4     MM
  SINCE JUL 1      0.0                      89.0  -89.0     MM
  SNOW DEPTH      MM

DEGREE DAYS
 HEATING
  TODAY           30                        22      8       17
  MONTH TO DATE  653                       655     -2      685
  SINCE MAR 1   2154                      1878    276     1760
  SINCE JUL 1   8744                      8451    293     7865

 COOLING
  TODAY            0                         0      0        0
  MONTH TO DATE    0                         0      0        0
  SINCE MAR 1      0                         0      0        0
  SINCE JAN 1      0                         0      0        0
..................................................................


WIND (MPH)
  HIGHEST WIND SPEED    23   HIGHEST WIND DIRECTION     N (350)
  HIGHEST GUST SPEED    31   HIGHEST GUST DIRECTION     N (360)
  AVERAGE WIND SPEED    13.1


SKY COVER
  POSSIBLE SUNSHINE  MM
  AVERAGE SKY COVER 1.0


WEATHER CONDITIONS
 THE FOLLOWING WEATHER WAS RECORDED TODAY.
  RAIN
  LIGHT RAIN
  SNOW
  LIGHT SNOW
  FOG


RELATIVE HUMIDITY (PERCENT)
 HIGHEST    96          1200 AM
 LOWEST     89           300 AM
 AVERAGE    93

..........................................................


THE HOULTON ME CLIMATE NORMALS FOR TOMORROW
                         NORMAL    RECORD    YEAR
 MAXIMUM TEMPERATURE (F)   55        81      1942
 MINIMUM TEMPERATURE (F)   32        17      1965


SUNRISE AND SUNSET
APRIL 24 2014.........SUNRISE   529 AM EDT   SUNSET   730 PM EDT
APRIL 25 2014.........SUNRISE   528 AM EDT   SUNSET   732 PM EDT


-  INDICATES NEGATIVE NUMBERS.
R  INDICATES RECORD WAS SET OR TIED.
MM INDICATES DATA IS MISSING.
T  INDICATES TRACE AMOUNT.




$$
