000
CDUS41 KCAR 172130
CLIHUL


CLIMATE REPORT
NATIONAL WEATHER SERVICE CARIBOU, ME
427 PM EST SAT FEB 17 2018


...................................

...THE HOULTON ME CLIMATE SUMMARY FOR FEBRUARY 17 2018...
VALID TODAY AS OF 0400 PM LOCAL TIME.

CLIMATE NORMAL PERIOD 1981 TO 2010
CLIMATE RECORD PERIOD 1948 TO 2018


WEATHER ITEM   OBSERVED TIME   RECORD YEAR NORMAL DEPARTURE LAST
                VALUE   (LST)  VALUE       VALUE  FROM      YEAR
                                                  NORMAL
..................................................................
TEMPERATURE (F)
 TODAY
  MAXIMUM         23    246 PM  50    2016  27     -4       34
  MINIMUM          3    714 AM -26    2004   4     -1       20
  AVERAGE         13                        16     -3       27

PRECIPITATION (IN)
  TODAY            0.00          1.36 1954   0.06  -0.06     0.00
  MONTH TO DATE    1.93                      1.21   0.72     1.00
  SINCE DEC 1      8.47                      7.36   1.11     6.75
  SINCE JAN 1      5.23                      4.07   1.16     3.83

SNOWFALL (IN)
  TODAY           MM            14.0  1954   0.6   MM       MM
  MONTH TO DATE   MM                        10.9   MM       MM
  SINCE DEC 1     MM                        50.6   MM       MM
  SINCE JUL 1     MM                        58.7   MM       MM
  SNOW DEPTH      MM

DEGREE DAYS
 HEATING
  TODAY           52                        49      3       38
  MONTH TO DATE  823                       876    -53      953
  SINCE DEC 1   3946                      3943      3     3835
  SINCE JUL 1   5652                      6051   -399     5578

 COOLING
  TODAY            0                         0      0        0
  MONTH TO DATE    0                         0      0        0
  SINCE DEC 1      0                         0      0        0
  SINCE JAN 1      0                         0      0        0
..................................................................


WIND (MPH)
  HIGHEST WIND SPEED    15   HIGHEST WIND DIRECTION    NW (330)
  HIGHEST GUST SPEED    20   HIGHEST GUST DIRECTION    NW (330)
  AVERAGE WIND SPEED     7.0


SKY COVER
  POSSIBLE SUNSHINE  MM
  AVERAGE SKY COVER 0.0


WEATHER CONDITIONS
 THE FOLLOWING WEATHER WAS RECORDED TODAY.
  NO SIGNIFICANT WEATHER WAS OBSERVED.


RELATIVE HUMIDITY (PERCENT)
 HIGHEST    68           700 AM
 LOWEST     34           200 PM
 AVERAGE    51

..........................................................


THE HOULTON ME CLIMATE NORMALS FOR TOMORROW
                         NORMAL    RECORD    YEAR
 MAXIMUM TEMPERATURE (F)   28        50      1981
 MINIMUM TEMPERATURE (F)    4       -36      1967


SUNRISE AND SUNSET
FEBRUARY 17 2018......SUNRISE   631 AM EST   SUNSET   500 PM EST
FEBRUARY 18 2018......SUNRISE   629 AM EST   SUNSET   502 PM EST


-  INDICATES NEGATIVE NUMBERS.
R  INDICATES RECORD WAS SET OR TIED.
MM INDICATES DATA IS MISSING.
T  INDICATES TRACE AMOUNT.




$$
