000
CDUS41 KCAR 040546
CLIHUL


CLIMATE REPORT
NATIONAL WEATHER SERVICE CARIBOU, ME
145 AM EDT SAT JUL 4 2015


...................................

...THE HOULTON ME CLIMATE SUMMARY FOR JULY 3 2015...

CLIMATE NORMAL PERIOD 1981 TO 2010
CLIMATE RECORD PERIOD 1948 TO 2015


WEATHER ITEM   OBSERVED TIME   RECORD YEAR NORMAL DEPARTURE LAST
                VALUE   (LST)  VALUE       VALUE  FROM      YEAR
                                                  NORMAL
..................................................................
TEMPERATURE (F)
 YESTERDAY
  MAXIMUM         75    434 PM  92    2002  77     -2       87
  MINIMUM         48    327 AM  36    1992  53     -5       69
  AVERAGE         62                        65     -3       78

PRECIPITATION (IN)
  YESTERDAY        0.00          0.85 1976   0.12  -0.12     0.03
  MONTH TO DATE    0.04                      0.38  -0.34     0.22
  SINCE JUN 1      4.06                      4.03   0.03     4.48
  SINCE JAN 1     13.41                     18.66  -5.25    19.18

SNOWFALL (IN)
  YESTERDAY       MM             0.0  2003   0.0   MM       MM
  MONTH TO DATE   MM                         0.0   MM       MM
  SINCE JUN 1     MM                         0.0   MM       MM
  SINCE JUL 1     MM                         0.0   MM       MM
  SNOW DEPTH      MM

DEGREE DAYS
 HEATING
  YESTERDAY        3                         3      0        0
  MONTH TO DATE    8                         9     -1        0
  SINCE JUN 1    245                       190     55      129
  SINCE JUL 1      8                         9     -1        0

 COOLING
  YESTERDAY        0                         3     -3       13
  MONTH TO DATE    0                         7     -7       40
  SINCE JUN 1     12                        42    -30       65
  SINCE JAN 1     37                        46     -9       66
..................................................................


WIND (MPH)
  HIGHEST WIND SPEED    20   HIGHEST WIND DIRECTION     W (250)
  HIGHEST GUST SPEED    32   HIGHEST GUST DIRECTION     W (270)
  AVERAGE WIND SPEED     9.2


SKY COVER
  POSSIBLE SUNSHINE  MM
  AVERAGE SKY COVER 0.0


WEATHER CONDITIONS
 THE FOLLOWING WEATHER WAS RECORDED YESTERDAY.
  NO SIGNIFICANT WEATHER WAS OBSERVED.


RELATIVE HUMIDITY (PERCENT)
 HIGHEST    89          1100 PM
 LOWEST     33           100 PM
 AVERAGE    61

..........................................................


THE HOULTON ME CLIMATE NORMALS FOR TODAY
                         NORMAL    RECORD    YEAR
 MAXIMUM TEMPERATURE (F)   77        93      1989
 MINIMUM TEMPERATURE (F)   53        33      1982


SUNRISE AND SUNSET
JULY  4 2015..........SUNRISE   446 AM EDT   SUNSET   825 PM EDT
JULY  5 2015..........SUNRISE   446 AM EDT   SUNSET   825 PM EDT


-  INDICATES NEGATIVE NUMBERS.
R  INDICATES RECORD WAS SET OR TIED.
MM INDICATES DATA IS MISSING.
T  INDICATES TRACE AMOUNT.




$$
