000
CDUS41 KCAR 292027
CLIHUL


CLIMATE REPORT
NATIONAL WEATHER SERVICE CARIBOU, ME
427 PM EDT FRI AUG 29 2014


...................................

...THE HOULTON ME CLIMATE SUMMARY FOR AUGUST 29 2014...
VALID TODAY AS OF 0400 PM LOCAL TIME.

CLIMATE NORMAL PERIOD 1981 TO 2010
CLIMATE RECORD PERIOD 1948 TO 2014


WEATHER ITEM   OBSERVED TIME   RECORD YEAR NORMAL DEPARTURE LAST
                VALUE   (LST)  VALUE       VALUE  FROM      YEAR
                                                  NORMAL
..................................................................
TEMPERATURE (F)
 TODAY
  MAXIMUM         71    249 PM  91    1977  74     -3       67
  MINIMUM         45    453 AM  33    1982  49     -4       41
  AVERAGE         58                        61     -3       54

PRECIPITATION (IN)
  TODAY            0.00          1.44 1967   0.10  -0.10     0.00
  MONTH TO DATE    2.25                      3.49  -1.24     4.31
  SINCE JUN 1     12.94                     10.80   2.14    15.94
  SINCE JAN 1     27.64                     25.43   2.21    27.17

SNOWFALL (IN)
  TODAY           MM             0.0  2003   0.0   MM       MM
  MONTH TO DATE   MM                         0.0   MM       MM
  SINCE JUN 1     MM                         0.0   MM       MM
  SINCE JUL 1     MM                         0.0   MM       MM
  SNOW DEPTH      MM

DEGREE DAYS
 HEATING
  TODAY            7                         5      2       11
  MONTH TO DATE   45                        86    -41       86
  SINCE JUN 1    211                       327   -116      320
  SINCE JUL 1     82                       146    -64      123

 COOLING
  TODAY            0                         1     -1        0
  MONTH TO DATE   45                        53     -8       30
  SINCE JUN 1    200                       169     31      173
  SINCE JAN 1    201                       173     28      177
..................................................................


WIND (MPH)
  HIGHEST WIND SPEED    16   HIGHEST WIND DIRECTION     N (360)
  HIGHEST GUST SPEED    21   HIGHEST GUST DIRECTION     N (360)
  AVERAGE WIND SPEED     8.6


SKY COVER
  POSSIBLE SUNSHINE  MM
  AVERAGE SKY COVER 0.2


WEATHER CONDITIONS
 THE FOLLOWING WEATHER WAS RECORDED TODAY.
  NO SIGNIFICANT WEATHER WAS OBSERVED.


RELATIVE HUMIDITY (PERCENT)
 HIGHEST   100           500 AM
 LOWEST     37           100 PM
 AVERAGE    69

..........................................................


THE HOULTON ME CLIMATE NORMALS FOR TOMORROW
                         NORMAL    RECORD    YEAR
 MAXIMUM TEMPERATURE (F)   73        91      2010
 MINIMUM TEMPERATURE (F)   49        32      1982


SUNRISE AND SUNSET
AUGUST 29 2014........SUNRISE   548 AM EDT   SUNSET   715 PM EDT
AUGUST 30 2014........SUNRISE   549 AM EDT   SUNSET   713 PM EDT


-  INDICATES NEGATIVE NUMBERS.
R  INDICATES RECORD WAS SET OR TIED.
MM INDICATES DATA IS MISSING.
T  INDICATES TRACE AMOUNT.




$$
