000
CDUS45 KTFX 290943
CLIHVR


CLIMATE REPORT
NATIONAL WEATHER SERVICE GREAT FALLS MT
242 AM MST THU JAN 29 2015


...................................

...THE HAVRE MT CLIMATE SUMMARY FOR JANUARY 28 2015...

CLIMATE NORMAL PERIOD 1981 TO 2010
CLIMATE RECORD PERIOD 1880 TO 2015


WEATHER ITEM   OBSERVED TIME   RECORD YEAR NORMAL DEPARTURE LAST
                VALUE   (LST)  VALUE       VALUE  FROM      YEAR
                                                  NORMAL
..................................................................
TEMPERATURE (F)
 YESTERDAY
  MAXIMUM         44    128 AM  62    1992  30     14       41
  MINIMUM         24   1159 PM -54    1916   8     16        1
  AVERAGE         34                        19     15       21

PRECIPITATION (IN)
  YESTERDAY        0.00          0.40 1905   0.01  -0.01     0.00
  MONTH TO DATE    1.17                      0.31   0.86     0.18
  SINCE OCT 1      2.74                      1.72   1.02     2.19
  SINCE JAN 1      1.17                      0.31   0.86     0.18

SNOWFALL (IN)
  YESTERDAY        0.0           4.2  1905   0.2   -0.2      0.0
  MONTH TO DATE    5.7                       6.6   -0.9      2.2
  SINCE DEC 1      5.8                      14.0   -8.2     22.4
  SINCE JUL 1     10.4                      21.6  -11.2     28.2
  SNOW DEPTH       0

DEGREE DAYS
 HEATING
  YESTERDAY       31                        46    -15       44
  MONTH TO DATE 1246                      1320    -74     1067
  SINCE DEC 1   2499                      2743   -244     2684
  SINCE JUL 1   4436                      4786   -350     4610

 COOLING
  YESTERDAY        0                         0      0        0
  MONTH TO DATE    0                         0      0        0
  SINCE DEC 1      0                         0      0        0
  SINCE JAN 1      0                         0      0        0
..................................................................


WIND (MPH)
  HIGHEST WIND SPEED    22   HIGHEST WIND DIRECTION    NW (300)
  HIGHEST GUST SPEED    30   HIGHEST GUST DIRECTION     W (290)
  AVERAGE WIND SPEED     8.2


SKY COVER
  AVERAGE SKY COVER 0.3


WEATHER CONDITIONS
 THE FOLLOWING WEATHER WAS RECORDED YESTERDAY.
  FOG


RELATIVE HUMIDITY (PERCENT)
 HIGHEST    92           600 PM
 LOWEST     53          1200 AM
 AVERAGE    73

..........................................................


THE HAVRE MT CLIMATE NORMALS FOR TODAY
                         NORMAL    RECORD    YEAR
 MAXIMUM TEMPERATURE (F)   30        57      1931
 MINIMUM TEMPERATURE (F)    9       -44      1969


SUNRISE AND SUNSET
JANUARY 29 2015.......SUNRISE   752 AM MST   SUNSET   513 PM MST
JANUARY 30 2015.......SUNRISE   751 AM MST   SUNSET   514 PM MST


-  INDICATES NEGATIVE NUMBERS.
R  INDICATES RECORD WAS SET OR TIED.
MM INDICATES DATA IS MISSING.
T  INDICATES TRACE AMOUNT.




$$
