000
CDUS45 KTFX 230945
CLIHVR


CLIMATE REPORT
NATIONAL WEATHER SERVICE GREAT FALLS MT
344 AM MDT TUE MAY 23 2017


...................................

...THE HAVRE MT CLIMATE SUMMARY FOR MAY 22 2017...

CLIMATE NORMAL PERIOD 1981 TO 2010
CLIMATE RECORD PERIOD 1880 TO 2017


WEATHER ITEM   OBSERVED TIME   RECORD YEAR NORMAL DEPARTURE LAST
                VALUE   (LST)  VALUE       VALUE  FROM      YEAR
                                                  NORMAL
..................................................................
TEMPERATURE (F)
 YESTERDAY
  MAXIMUM         74    436 PM  96    1928  69      5       65
  MINIMUM         41    131 AM  30    2002  43     -2       35
                                      1992
  AVERAGE         58                        56      2       50

PRECIPITATION (IN)
  YESTERDAY        0.00          0.93 1901   0.06  -0.06      T
  MONTH TO DATE    0.29                      1.12  -0.83     2.69
  SINCE OCT 1      6.47                      4.52   1.95     9.03
  SINCE JAN 1      2.48                      3.11  -0.63     7.10

SNOWFALL (IN)
  YESTERDAY        0.0           4.0  1903   0.1   -0.1      0.0
  MONTH TO DATE    0.0                       1.3   -1.3      0.0
  SINCE MAR 1      1.0                      10.6   -9.6      3.0
  SINCE JUL 1     32.9                      38.5   -5.6     17.3
  SNOW DEPTH       0

DEGREE DAYS
 HEATING
  YESTERDAY        7                         9     -2       15
  MONTH TO DATE  231                       278    -47      265
  SINCE MAR 1   1727                      1895   -168     1559
  SINCE JUL 1   7726                      8015   -289     6984

 COOLING
  YESTERDAY        0                         0      0        0
  MONTH TO DATE    6                         0      6        1
  SINCE MAR 1      6                         1      5        1
  SINCE JAN 1      6                         1      5        1
..................................................................


WIND (MPH)
  HIGHEST WIND SPEED    20   HIGHEST WIND DIRECTION     N (10)
  HIGHEST GUST SPEED    25   HIGHEST GUST DIRECTION     N (10)
  AVERAGE WIND SPEED     7.7


SKY COVER
  AVERAGE SKY COVER 0.2


WEATHER CONDITIONS
 THE FOLLOWING WEATHER WAS RECORDED YESTERDAY.
  NO SIGNIFICANT WEATHER WAS OBSERVED.


RELATIVE HUMIDITY (PERCENT)
 HIGHEST    83           400 AM
 LOWEST     17           400 PM
 AVERAGE    50

..........................................................


THE HAVRE MT CLIMATE NORMALS FOR TODAY
                         NORMAL    RECORD    YEAR
 MAXIMUM TEMPERATURE (F)   69        95      1886
 MINIMUM TEMPERATURE (F)   43        30      1895


SUNRISE AND SUNSET
MAY 23 2017...........SUNRISE   529 AM MDT   SUNSET   904 PM MDT
MAY 24 2017...........SUNRISE   528 AM MDT   SUNSET   905 PM MDT


-  INDICATES NEGATIVE NUMBERS.
R  INDICATES RECORD WAS SET OR TIED.
MM INDICATES DATA IS MISSING.
T  INDICATES TRACE AMOUNT.




$$
