793
CDUS45 KTFX 221010
CLIHVR


CLIMATE REPORT
NATIONAL WEATHER SERVICE GREAT FALLS MT
407 AM MDT FRI MAY 22 2015


...................................

...THE HAVRE MT CLIMATE SUMMARY FOR MAY 21 2015...

CLIMATE NORMAL PERIOD 1981 TO 2010
CLIMATE RECORD PERIOD 1880 TO 2015


WEATHER ITEM   OBSERVED TIME   RECORD YEAR NORMAL DEPARTURE LAST
                VALUE   (LST)  VALUE       VALUE  FROM      YEAR
                                                  NORMAL
..................................................................
TEMPERATURE (F)
 YESTERDAY
  MAXIMUM         72    452 PM  98    1980  69      3       78
  MINIMUM         36    449 AM  27    1969  43     -7       38
  AVERAGE         54                        56     -2       58

PRECIPITATION (IN)
  YESTERDAY        0.00          1.03 1962   0.06  -0.06     0.00
  MONTH TO DATE    1.04                      1.06  -0.02     0.78
  SINCE OCT 1      5.10                      4.46   0.64     5.51
  SINCE JAN 1      3.53                      3.05   0.48     3.50

SNOWFALL (IN)
  YESTERDAY        0.0           T    1993   0.0    0.0      0.0
                                      1998
  MONTH TO DATE    0.0                       1.2   -1.2      0.0
  SINCE MAR 1      0.2                      10.5  -10.3      7.0
  SINCE JUL 1     20.8                      38.4  -17.6     44.4
  SNOW DEPTH       0

DEGREE DAYS
 HEATING
  YESTERDAY       11                        10      1        7
  MONTH TO DATE  334                       269     65      336
  SINCE MAR 1   1674                      1886   -212     2108
  SINCE JUL 1   7342                      8006   -664     8349

 COOLING
  YESTERDAY        0                         0      0        0
  MONTH TO DATE    0                         0      0        0
  SINCE MAR 1      0                         1     -1        0
  SINCE JAN 1      0                         1     -1        0
..................................................................


WIND (MPH)
  HIGHEST WIND SPEED    23   HIGHEST WIND DIRECTION    SE (130)
  HIGHEST GUST SPEED    32   HIGHEST GUST DIRECTION    SE (120)
  AVERAGE WIND SPEED    12.8


SKY COVER
  AVERAGE SKY COVER 0.0


WEATHER CONDITIONS
 THE FOLLOWING WEATHER WAS RECORDED YESTERDAY.
  NO SIGNIFICANT WEATHER WAS OBSERVED.


RELATIVE HUMIDITY (PERCENT)
 HIGHEST    85           400 AM
 LOWEST     19           200 PM
 AVERAGE    52

..........................................................


THE HAVRE MT CLIMATE NORMALS FOR TODAY
                         NORMAL    RECORD    YEAR
 MAXIMUM TEMPERATURE (F)   69        96      1928
 MINIMUM TEMPERATURE (F)   43        30      2002
                                             1992


SUNRISE AND SUNSET
MAY 22 2015...........SUNRISE   530 AM MDT   SUNSET   902 PM MDT
MAY 23 2015...........SUNRISE   529 AM MDT   SUNSET   903 PM MDT


-  INDICATES NEGATIVE NUMBERS.
R  INDICATES RECORD WAS SET OR TIED.
MM INDICATES DATA IS MISSING.
T  INDICATES TRACE AMOUNT.




$$
