000
CDUS45 KTFX 012223
CLIHVR


CLIMATE REPORT
NATIONAL WEATHER SERVICE GREAT FALLS MT
421 PM MDT FRI AUG 1 2014


...................................

...THE HAVRE MT CLIMATE SUMMARY FOR AUGUST 1 2014...
VALID TODAY AS OF 0400 PM LOCAL TIME.

CLIMATE NORMAL PERIOD 1981 TO 2010
CLIMATE RECORD PERIOD 1880 TO 2014


WEATHER ITEM   OBSERVED TIME   RECORD YEAR NORMAL DEPARTURE LAST
                VALUE   (LST)  VALUE       VALUE  FROM      YEAR
                                                  NORMAL
..................................................................
TEMPERATURE (F)
 TODAY
  MAXIMUM         94    252 PM 106    1908  88      6       76
  MINIMUM         52    516 AM  38    1880  55     -3       59
  AVERAGE         73                        71      2       68

PRECIPITATION (IN)
  TODAY            0.00          1.27 1884   0.03  -0.03      T
  MONTH TO DATE    0.00                      0.03  -0.03      T
  SINCE OCT 1      8.65                      9.00  -0.35    16.44
  SINCE JAN 1      6.64                      7.59  -0.95    13.96

SNOWFALL (IN)
  TODAY            0.0           T    1924   0.0    0.0      0.0
                                      2001
                                      1998
  MONTH TO DATE    0.0                       0.0    0.0      0.0
  SINCE JUN 1      0.0                       0.0    0.0      0.0
  SINCE JUL 1      0.0                       0.0    0.0      0.0
  SNOW DEPTH       0

DEGREE DAYS
 HEATING
  TODAY            0                         0      0        0
  MONTH TO DATE    0                         0      0        0
  SINCE JUN 1    175                       163     12      121
  SINCE JUL 1      0                        30    -30        8

 COOLING
  TODAY            8                         7      1        3
  MONTH TO DATE    8                         7      1        3
  SINCE JUN 1    215                       217     -2      192
  SINCE JAN 1    222                       228     -6      199
..................................................................


WIND (MPH)
  HIGHEST WIND SPEED    14   HIGHEST WIND DIRECTION     N (350)
  HIGHEST GUST SPEED    19   HIGHEST GUST DIRECTION    NE (50)
  AVERAGE WIND SPEED     4.4


SKY COVER
  AVERAGE SKY COVER 0.0


WEATHER CONDITIONS
 THE FOLLOWING WEATHER WAS RECORDED TODAY.
  NO SIGNIFICANT WEATHER WAS OBSERVED.


RELATIVE HUMIDITY (PERCENT)
 HIGHEST    77           500 AM
 LOWEST     24           200 PM
 AVERAGE    51

..........................................................


THE HAVRE MT CLIMATE NORMALS FOR TOMORROW
                         NORMAL    RECORD    YEAR
 MAXIMUM TEMPERATURE (F)   88       102      1893
 MINIMUM TEMPERATURE (F)   55        42      1937
                                             1897


SUNRISE AND SUNSET
AUGUST  1 2014........SUNRISE   554 AM MDT   SUNSET   856 PM MDT
AUGUST  2 2014........SUNRISE   555 AM MDT   SUNSET   855 PM MDT


-  INDICATES NEGATIVE NUMBERS.
R  INDICATES RECORD WAS SET OR TIED.
MM INDICATES DATA IS MISSING.
T  INDICATES TRACE AMOUNT.




$$
