000
CDUS45 KTFX 290907
CLIHVR


CLIMATE REPORT
NATIONAL WEATHER SERVICE GREAT FALLS MT
305 AM MDT SUN MAR 29 2015


...................................

...THE HAVRE MT CLIMATE SUMMARY FOR MARCH 28 2015...

CLIMATE NORMAL PERIOD 1981 TO 2010
CLIMATE RECORD PERIOD 1880 TO 2015


WEATHER ITEM   OBSERVED TIME   RECORD YEAR NORMAL DEPARTURE LAST
                VALUE   (LST)  VALUE       VALUE  FROM      YEAR
                                                  NORMAL
..................................................................
TEMPERATURE (F)
 YESTERDAY
  MAXIMUM         67   1027 AM  74    1986  50     17       36
  MINIMUM         42   1104 PM -17    1894  26     16       19
  AVERAGE         55                        38     17       28

PRECIPITATION (IN)
  YESTERDAY        0.14          0.44 1977   0.02   0.12     0.07
  MONTH TO DATE    0.53                      0.47   0.06     1.14
  SINCE OCT 1      3.73                      2.49   1.24     3.81
  SINCE JAN 1      2.16                      1.08   1.08     1.80

SNOWFALL (IN)
  YESTERDAY       MM             7.7  1977   0.2   MM        2.0
  MONTH TO DATE    T                         5.7   -5.7      7.0
  SINCE MAR 1      T                         5.7   -5.7      7.0
  SINCE JUL 1     20.6                      33.6  -13.0     44.4
  SNOW DEPTH       0

DEGREE DAYS
 HEATING
  YESTERDAY       10                        27    -17       37
  MONTH TO DATE  695                       920   -225     1069
  SINCE MAR 1    695                       920   -225     1069
  SINCE JUL 1   6363                      7040   -677     7310

 COOLING
  YESTERDAY        0                         0      0        0
  MONTH TO DATE    0                         0      0        0
  SINCE MAR 1      0                         0      0        0
  SINCE JAN 1      0                         0      0        0
..................................................................


WIND (MPH)
  HIGHEST WIND SPEED    45   HIGHEST WIND DIRECTION     W (280)
  HIGHEST GUST SPEED    54   HIGHEST GUST DIRECTION     W (290)
  AVERAGE WIND SPEED    17.0


SKY COVER
  AVERAGE SKY COVER 0.6


WEATHER CONDITIONS
 THE FOLLOWING WEATHER WAS RECORDED YESTERDAY.
  LIGHT RAIN
  FOG


RELATIVE HUMIDITY (PERCENT)
 HIGHEST    89           600 PM
 LOWEST     32           300 PM
 AVERAGE    61

..........................................................


THE HAVRE MT CLIMATE NORMALS FOR TODAY
                         NORMAL    RECORD    YEAR
 MAXIMUM TEMPERATURE (F)   51        75      1966
 MINIMUM TEMPERATURE (F)   26       -11      1936
                                             1898


SUNRISE AND SUNSET
MARCH 29 2015.........SUNRISE   704 AM MDT   SUNSET   745 PM MDT
MARCH 30 2015.........SUNRISE   701 AM MDT   SUNSET   747 PM MDT


-  INDICATES NEGATIVE NUMBERS.
R  INDICATES RECORD WAS SET OR TIED.
MM INDICATES DATA IS MISSING.
T  INDICATES TRACE AMOUNT.




$$
