000
CDUS45 KTFX 180918
CLIHVR


CLIMATE REPORT
NATIONAL WEATHER SERVICE GREAT FALLS MT
317 AM MDT WED OCT 18 2017


...................................

...THE HAVRE MT CLIMATE SUMMARY FOR OCTOBER 17 2017...

CLIMATE NORMAL PERIOD 1981 TO 2010
CLIMATE RECORD PERIOD 1880 TO 2017


WEATHER ITEM   OBSERVED TIME   RECORD YEAR NORMAL DEPARTURE LAST
                VALUE   (LST)  VALUE       VALUE  FROM      YEAR
                                                  NORMAL
..................................................................
TEMPERATURE (F)
 YESTERDAY
  MAXIMUM         77    302 PM  85    1927  58     19       54
  MINIMUM         43   1159 PM   9    1930  30     13       29
  AVERAGE         60                        44     16       42

PRECIPITATION (IN)
  YESTERDAY        0.00          0.72 1918   0.02  -0.02      T
  MONTH TO DATE    1.78                      0.36   1.42     2.64
  SINCE OCT 1      1.78                      0.36   1.42     2.64
  SINCE JAN 1      6.34                     10.15  -3.81    17.93

SNOWFALL (IN)
  YESTERDAY        0.0           2.0  1982   0.0    0.0      0.0
  MONTH TO DATE   13.0                       0.8   12.2      5.5
  SINCE SEP 1     13.0                       1.1   11.9      5.5
  SINCE JUL 1     13.0                       1.1   11.9      5.5
  SNOW DEPTH       0

DEGREE DAYS
 HEATING
  YESTERDAY        5                        21    -16       23
  MONTH TO DATE  419                       301    118      434
  SINCE SEP 1    671                       575     96      689
  SINCE JUL 1    683                       658     25      750

 COOLING
  YESTERDAY        0                         0      0        0
  MONTH TO DATE    0                         0      0        0
  SINCE SEP 1     39                        19     20       20
  SINCE JAN 1    526                       386    140      344
..................................................................


WIND (MPH)
  HIGHEST WIND SPEED    47   HIGHEST WIND DIRECTION     W (280)
  HIGHEST GUST SPEED    60   HIGHEST GUST DIRECTION     W (290)
  AVERAGE WIND SPEED    27.6


SKY COVER
  AVERAGE SKY COVER 0.1


WEATHER CONDITIONS
 THE FOLLOWING WEATHER WAS RECORDED YESTERDAY.
  NO SIGNIFICANT WEATHER WAS OBSERVED.


RELATIVE HUMIDITY (PERCENT)
 HIGHEST    65          1100 PM
 LOWEST     13           300 PM
 AVERAGE    39

..........................................................


THE HAVRE MT CLIMATE NORMALS FOR TODAY
                         NORMAL    RECORD    YEAR
 MAXIMUM TEMPERATURE (F)   58        85      1958
 MINIMUM TEMPERATURE (F)   30         6      1905


SUNRISE AND SUNSET
OCTOBER 18 2017.......SUNRISE   744 AM MDT   SUNSET   623 PM MDT
OCTOBER 19 2017.......SUNRISE   746 AM MDT   SUNSET   621 PM MDT


-  INDICATES NEGATIVE NUMBERS.
R  INDICATES RECORD WAS SET OR TIED.
MM INDICATES DATA IS MISSING.
T  INDICATES TRACE AMOUNT.




$$
