814
CDUS45 KTFX 301015
CLIHVR


CLIMATE REPORT
NATIONAL WEATHER SERVICE GREAT FALLS MT
414 AM MDT THU MAR 30 2017


...................................

...THE HAVRE MT CLIMATE SUMMARY FOR MARCH 29 2017...

CLIMATE NORMAL PERIOD 1981 TO 2010
CLIMATE RECORD PERIOD 1880 TO 2017


WEATHER ITEM   OBSERVED TIME   RECORD YEAR NORMAL DEPARTURE LAST
                VALUE   (LST)  VALUE       VALUE  FROM      YEAR
                                                  NORMAL
..................................................................
TEMPERATURE (F)
 YESTERDAY
  MAXIMUM         60    246 PM  75    1966  51      9       54
  MINIMUM         36    619 AM -11    1936  26     10       27
                                      1898
  AVERAGE         48                        38     10       41

PRECIPITATION (IN)
  YESTERDAY        0.00          1.38 1977   0.02  -0.02     0.00
  MONTH TO DATE    0.15                      0.49  -0.34     0.39
  SINCE OCT 1      5.52                      2.51   3.01     2.78
  SINCE JAN 1      1.53                      1.10   0.43     0.85

SNOWFALL (IN)
  YESTERDAY        0.0          20.0  1977   0.2   -0.2      0.0
  MONTH TO DATE    1.0                       5.9   -4.9       T
  SINCE MAR 1      1.0                       5.9   -4.9       T
  SINCE JUL 1     31.9                      33.8   -1.9     14.3
  SNOW DEPTH       0

DEGREE DAYS
 HEATING
  YESTERDAY       17                        27    -10       24
  MONTH TO DATE  878                       947    -69      729
  SINCE MAR 1    878                       947    -69      729
  SINCE JUL 1   6877                      7067   -190     6154

 COOLING
  YESTERDAY        0                         0      0        0
  MONTH TO DATE    0                         0      0        0
  SINCE MAR 1      0                         0      0        0
  SINCE JAN 1      0                         0      0        0
..................................................................


WIND (MPH)
  HIGHEST WIND SPEED    22   HIGHEST WIND DIRECTION    SW (230)
  HIGHEST GUST SPEED    26   HIGHEST GUST DIRECTION    SW (230)
  AVERAGE WIND SPEED    11.5


SKY COVER
  AVERAGE SKY COVER 0.3


WEATHER CONDITIONS
 THE FOLLOWING WEATHER WAS RECORDED YESTERDAY.
  NO SIGNIFICANT WEATHER WAS OBSERVED.


RELATIVE HUMIDITY (PERCENT)
 HIGHEST    71          1100 PM
 LOWEST     31           300 PM
 AVERAGE    51

..........................................................


THE HAVRE MT CLIMATE NORMALS FOR TODAY
                         NORMAL    RECORD    YEAR
 MAXIMUM TEMPERATURE (F)   51        79      2004
 MINIMUM TEMPERATURE (F)   27        -7      1936


SUNRISE AND SUNSET
MARCH 30 2017.........SUNRISE   700 AM MDT   SUNSET   747 PM MDT
MARCH 31 2017.........SUNRISE   658 AM MDT   SUNSET   749 PM MDT


-  INDICATES NEGATIVE NUMBERS.
R  INDICATES RECORD WAS SET OR TIED.
MM INDICATES DATA IS MISSING.
T  INDICATES TRACE AMOUNT.




$$
