000
CDUS45 KTFX 112222
CLIHVR


CLIMATE REPORT
NATIONAL WEATHER SERVICE GREAT FALLS MT
421 PM MDT FRI JUL 11 2014


...................................

...THE HAVRE MT CLIMATE SUMMARY FOR JULY 11 2014...
VALID TODAY AS OF 0400 PM LOCAL TIME.

CLIMATE NORMAL PERIOD 1981 TO 2010
CLIMATE RECORD PERIOD 1880 TO 2014


WEATHER ITEM   OBSERVED TIME   RECORD YEAR NORMAL DEPARTURE LAST
                VALUE   (LST)  VALUE       VALUE  FROM      YEAR
                                                  NORMAL
..................................................................
TEMPERATURE (F)
 TODAY
  MAXIMUM         78    259 PM 105    1886  84     -6       89
  MINIMUM         59    545 AM  40    1987  53      6       59
  AVERAGE         69                        68      1       74

PRECIPITATION (IN)
  TODAY            0.09          0.89 1891   0.07   0.02     0.00
  MONTH TO DATE    0.09                      0.73  -0.64     1.29
  SINCE OCT 1      8.48                      8.06   0.42    14.98
  SINCE JAN 1      6.47                      6.65  -0.18    12.50

SNOWFALL (IN)
  TODAY            0.0           0.0  1999   0.0    0.0      0.0
                                      2001
                                      1998
  MONTH TO DATE    0.0                       0.0    0.0      0.0
  SINCE JUN 1      0.0                       0.0    0.0      0.0
  SINCE JUL 1      0.0                       0.0    0.0      0.0
  SNOW DEPTH       0

DEGREE DAYS
 HEATING
  TODAY            0                         1     -1        0
  MONTH TO DATE    0                        18    -18        1
  SINCE JUN 1    175                       151     24      114
  SINCE JUL 1      0                        18    -18        1

 COOLING
  TODAY            4                         5     -1        9
  MONTH TO DATE   69                        41     28       65
  SINCE JUN 1     75                        89    -14      108
  SINCE JAN 1     82                       100    -18      115
..................................................................


WIND (MPH)
  HIGHEST WIND SPEED    32   HIGHEST WIND DIRECTION     N (20)
  HIGHEST GUST SPEED    42   HIGHEST GUST DIRECTION     N (20)
  AVERAGE WIND SPEED     7.4


SKY COVER
  AVERAGE SKY COVER 0.5


WEATHER CONDITIONS
 THE FOLLOWING WEATHER WAS RECORDED TODAY.
  THUNDERSTORM
  LIGHT RAIN
  FOG


RELATIVE HUMIDITY (PERCENT)
 HIGHEST    97           200 AM
 LOWEST     39           300 PM
 AVERAGE    68

..........................................................


THE HAVRE MT CLIMATE NORMALS FOR TOMORROW
                         NORMAL    RECORD    YEAR
 MAXIMUM TEMPERATURE (F)   84       108      1886
 MINIMUM TEMPERATURE (F)   53        41      1997
                                             1987


SUNRISE AND SUNSET
JULY 11 2014..........SUNRISE   529 AM MDT   SUNSET   920 PM MDT
JULY 12 2014..........SUNRISE   530 AM MDT   SUNSET   919 PM MDT


-  INDICATES NEGATIVE NUMBERS.
R  INDICATES RECORD WAS SET OR TIED.
MM INDICATES DATA IS MISSING.
T  INDICATES TRACE AMOUNT.




$$
