614
CDUS45 KTFX 121120
CLIHVR


CLIMATE REPORT
NATIONAL WEATHER SERVICE GREAT FALLS MT
420 AM MST FRI FEB 12 2016


...................................

...THE HAVRE MT CLIMATE SUMMARY FOR FEBRUARY 11 2016...

CLIMATE NORMAL PERIOD 1981 TO 2010
CLIMATE RECORD PERIOD 1880 TO 2016


WEATHER ITEM   OBSERVED TIME   RECORD YEAR NORMAL DEPARTURE LAST
                VALUE   (LST)  VALUE       VALUE  FROM      YEAR
                                                  NORMAL
..................................................................
TEMPERATURE (F)
 YESTERDAY
  MAXIMUM         41    100 PM  64    1921  33      8       24
  MINIMUM         25    304 AM -43    1899  10     15       20
  AVERAGE         33                        21     12       22

PRECIPITATION (IN)
  YESTERDAY        0.00          0.20 1938   0.01  -0.01      T
                                      1881
  MONTH TO DATE    T                         0.10  -0.10     0.31
  SINCE OCT 1      2.29                      1.84   0.45     3.18
  SINCE JAN 1      0.36                      0.43  -0.07     1.61

SNOWFALL (IN)
  YESTERDAY        0.0           4.0  2014   0.2   -0.2       T
  MONTH TO DATE    T                         2.1   -2.1      5.0
  SINCE DEC 1     10.8                      16.6   -5.8     15.8
  SINCE JUL 1     13.8                      24.2  -10.4     20.4
  SNOW DEPTH       0

DEGREE DAYS
 HEATING
  YESTERDAY       32                        44    -12       43
  MONTH TO DATE  339                       490   -151      485
  SINCE DEC 1   3046                      3370   -324     3097
  SINCE JUL 1   4899                      5413   -514     5034

 COOLING
  YESTERDAY        0                         0      0        0
  MONTH TO DATE    0                         0      0        0
  SINCE DEC 1      0                         0      0        0
  SINCE JAN 1      0                         0      0        0
..................................................................


WIND (MPH)
  HIGHEST WIND SPEED    17   HIGHEST WIND DIRECTION    SW (230)
  HIGHEST GUST SPEED    21   HIGHEST GUST DIRECTION    SW (240)
  AVERAGE WIND SPEED     6.3


SKY COVER
  AVERAGE SKY COVER 0.6


WEATHER CONDITIONS
 THE FOLLOWING WEATHER WAS RECORDED YESTERDAY.
  FOG


RELATIVE HUMIDITY (PERCENT)
 HIGHEST   100           200 AM
 LOWEST     70          1100 AM
 AVERAGE    85

..........................................................


THE HAVRE MT CLIMATE NORMALS FOR TODAY
                         NORMAL    RECORD    YEAR
 MAXIMUM TEMPERATURE (F)   33        63      1924
 MINIMUM TEMPERATURE (F)   10       -45      1905


SUNRISE AND SUNSET
FEBRUARY 12 2016......SUNRISE   732 AM MST   SUNSET   535 PM MST
FEBRUARY 13 2016......SUNRISE   731 AM MST   SUNSET   537 PM MST


-  INDICATES NEGATIVE NUMBERS.
R  INDICATES RECORD WAS SET OR TIED.
MM INDICATES DATA IS MISSING.
T  INDICATES TRACE AMOUNT.




$$
