000
CDUS45 KTFX 291033
CLIHVR


CLIMATE REPORT
NATIONAL WEATHER SERVICE GREAT FALLS MT
431 AM MDT SAT AUG 29 2015


...................................

...THE HAVRE MT CLIMATE SUMMARY FOR AUGUST 28 2015...

CLIMATE NORMAL PERIOD 1981 TO 2010
CLIMATE RECORD PERIOD 1880 TO 2015


WEATHER ITEM   OBSERVED TIME   RECORD YEAR NORMAL DEPARTURE LAST
                VALUE   (LST)  VALUE       VALUE  FROM      YEAR
                                                  NORMAL
..................................................................
TEMPERATURE (F)
 YESTERDAY
  MAXIMUM         90    343 PM  99    2012  80     10       85
  MINIMUM         55    457 AM  34    1911  48      7       54
  AVERAGE         73                        64      9       70

PRECIPITATION (IN)
  YESTERDAY        0.00          0.42 1937   0.04  -0.04     0.00
  MONTH TO DATE    0.67                      1.01  -0.34     3.67
  SINCE OCT 1     10.07                      9.98   0.09    12.32
  SINCE JAN 1      8.50                      8.57  -0.07    10.31

SNOWFALL (IN)
  YESTERDAY        0.0           0.0  1999   0.0    0.0      0.0
                                      1998
  MONTH TO DATE    0.0                       0.0    0.0      0.0
  SINCE JUN 1      T                         0.0    0.0      0.0
  SINCE JUL 1      T                         0.0    0.0      0.0
  SNOW DEPTH       0

DEGREE DAYS
 HEATING
  YESTERDAY        0                         3     -3        0
  MONTH TO DATE   50                        42      8       42
  SINCE JUN 1    132                       205    -73      217
  SINCE JUL 1     75                        72      3       42

 COOLING
  YESTERDAY        8                         2      6        5
  MONTH TO DATE  131                       141    -10      174
  SINCE JUN 1    394                       351     43      381
  SINCE JAN 1    394                       362     32      388
..................................................................


WIND (MPH)
  HIGHEST WIND SPEED    18   HIGHEST WIND DIRECTION     W (250)
  HIGHEST GUST SPEED    22   HIGHEST GUST DIRECTION    SW (240)
  AVERAGE WIND SPEED     9.4


SKY COVER
  AVERAGE SKY COVER 0.8


WEATHER CONDITIONS
 THE FOLLOWING WEATHER WAS RECORDED YESTERDAY.
  HAZE


RELATIVE HUMIDITY (PERCENT)
 HIGHEST    62           400 AM
 LOWEST     15           300 PM
 AVERAGE    39

..........................................................


THE HAVRE MT CLIMATE NORMALS FOR TODAY
                         NORMAL    RECORD    YEAR
 MAXIMUM TEMPERATURE (F)   79       102      2005
 MINIMUM TEMPERATURE (F)   48        37      2000
                                             1946
                                             1937


SUNRISE AND SUNSET
AUGUST 29 2015........SUNRISE   632 AM MDT   SUNSET   807 PM MDT
AUGUST 30 2015........SUNRISE   633 AM MDT   SUNSET   805 PM MDT


-  INDICATES NEGATIVE NUMBERS.
R  INDICATES RECORD WAS SET OR TIED.
MM INDICATES DATA IS MISSING.
T  INDICATES TRACE AMOUNT.




$$
