000
CDUS43 KUNR 170836
CLIICR


CLIMATE REPORT
NATIONAL WEATHER SERVICE RAPID CITY SD
235 AM MDT TUE OCT 17 2017


...................................

...THE WINNER REGIONAL AIRPORT SD CLIMATE SUMMARY FOR OCTOBER 16 2017...

CLIMATE NORMAL PERIOD 1981 TO 2010
CLIMATE RECORD PERIOD 9999 TO 9999


WEATHER ITEM   OBSERVED TIME   NORMAL DEPARTURE LAST
                VALUE   (LST)  VALUE  FROM      YEAR
                                      NORMAL
......................................................
TEMPERATURE (F)
 YESTERDAY
  MAXIMUM         76    230 PM  63     13       78
  MINIMUM         42    532 AM  39      3       54
  AVERAGE         59            51      8       66

PRECIPITATION (IN)
  YESTERDAY        0.00          0.05  -0.05     0.00
  MONTH TO DATE    0.56          0.93  -0.37     1.25
  SINCE SEP 1      3.35          2.92   0.43     3.28
  SINCE JAN 1     18.87         19.92  -1.05    18.14

DEGREE DAYS
 HEATING
  YESTERDAY        6            15     -9        0
  MONTH TO DATE  194           189      5      132
  SINCE SEP 1    302           317    -15      197
  SINCE JUL 1    304           331    -27      205

 COOLING
  YESTERDAY        0             0      0        1
  MONTH TO DATE    0             9     -9       23
  SINCE SEP 1    131           109     22      139
  SINCE JAN 1   1107           915    192     1183
......................................................


WIND (MPH)
  HIGHEST WIND SPEED    21   HIGHEST WIND DIRECTION     S (200)
  HIGHEST GUST SPEED    27   HIGHEST GUST DIRECTION     S (200)
  AVERAGE WIND SPEED     8.2


SKY COVER
  AVERAGE SKY COVER 0.0


WEATHER CONDITIONS
 THE FOLLOWING WEATHER WAS RECORDED YESTERDAY.
  HAZE


RELATIVE HUMIDITY (PERCENT)
 HIGHEST    76          1000 PM
 LOWEST     26           700 PM
 AVERAGE    51

..........................................................




SUNRISE AND SUNSET
OCTOBER 17 2017.......SUNRISE   756 AM CDT   SUNSET   652 PM CDT
OCTOBER 18 2017.......SUNRISE   757 AM CDT   SUNSET   651 PM CDT


-  INDICATES NEGATIVE NUMBERS.
R  INDICATES RECORD WAS SET OR TIED.
MM INDICATES DATA IS MISSING.
T  INDICATES TRACE AMOUNT.




$$
