000
CDUS43 KUNR 300838
CLIICR


CLIMATE REPORT
NATIONAL WEATHER SERVICE RAPID CITY SD
235 AM MDT MON MAR 30 2015


...................................

...THE WINNER REGIONAL AIRPORT SD CLIMATE SUMMARY FOR MARCH 29 2015...

CLIMATE NORMAL PERIOD 1981 TO 2010
CLIMATE RECORD PERIOD 9999 TO 9999


WEATHER ITEM   OBSERVED TIME   NORMAL DEPARTURE LAST
                VALUE   (LST)  VALUE  FROM      YEAR
                                      NORMAL
......................................................
TEMPERATURE (F)
 YESTERDAY
  MAXIMUM         63    544 PM  53     10       74
  MINIMUM         46    350 AM  30     16       19
  AVERAGE         55            42     13       47

PRECIPITATION (IN)
  YESTERDAY        0.00          0.09  -0.09     0.00
  MONTH TO DATE    0.11          1.21  -1.10     0.04
  SINCE MAR 1      0.11          1.21  -1.10     0.04
  SINCE JAN 1      0.20          1.97  -1.77     0.12

DEGREE DAYS
 HEATING
  YESTERDAY       10            23    -13       18
  MONTH TO DATE  615           829   -214      908
  SINCE MAR 1    615           829   -214      908
  SINCE JUL 1   5375          5838   -463     6241

 COOLING
  YESTERDAY        0             0      0        0
  MONTH TO DATE    6             0      6        0
  SINCE MAR 1      6             0      6        0
  SINCE JAN 1      6             0      6        0
......................................................


WIND (MPH)
  HIGHEST WIND SPEED    47   HIGHEST WIND DIRECTION    NW (330)
  HIGHEST GUST SPEED    59   HIGHEST GUST DIRECTION    NW (320)
  AVERAGE WIND SPEED    20.5


SKY COVER
  AVERAGE SKY COVER 0.2


WEATHER CONDITIONS
 THE FOLLOWING WEATHER WAS RECORDED YESTERDAY.
  NO SIGNIFICANT WEATHER WAS OBSERVED.


RELATIVE HUMIDITY (PERCENT)
 HIGHEST    58           300 AM
 LOWEST     17           400 PM
 AVERAGE    38

..........................................................




SUNRISE AND SUNSET
MARCH 30 2015.........SUNRISE   725 AM CDT   SUNSET   803 PM CDT
MARCH 31 2015.........SUNRISE   723 AM CDT   SUNSET   805 PM CDT


-  INDICATES NEGATIVE NUMBERS.
R  INDICATES RECORD WAS SET OR TIED.
MM INDICATES DATA IS MISSING.
T  INDICATES TRACE AMOUNT.




$$
