000
CDUS43 KUNR 270836
CLIICR


CLIMATE REPORT
NATIONAL WEATHER SERVICE RAPID CITY SD
233 AM MDT SUN JUL 27 2014


...................................

...THE WINNER REGIONAL AIRPORT SD CLIMATE SUMMARY FOR JULY 26 2014...

CLIMATE NORMAL PERIOD 1981 TO 2010
CLIMATE RECORD PERIOD 9999 TO 9999


WEATHER ITEM   OBSERVED TIME   NORMAL DEPARTURE LAST
                VALUE   (LST)  VALUE  FROM      YEAR
                                      NORMAL
......................................................
TEMPERATURE (F)
 YESTERDAY
  MAXIMUM         90    453 PM  89      1       74
  MINIMUM         63   1159 PM  64     -1       52
  AVERAGE         77            77      0       63

PRECIPITATION (IN)
  YESTERDAY        0.02          0.10  -0.08      T
  MONTH TO DATE    0.25          2.43  -2.18     2.53
  SINCE JUN 1      4.41          6.08  -1.67     6.04
  SINCE JAN 1      9.20         14.15  -4.95    13.43

DEGREE DAYS
 HEATING
  YESTERDAY        0             0      0        2
  MONTH TO DATE   12             0     12        2
  SINCE JUN 1     49            54     -5       55
  SINCE JUL 1     12             0     12        2

 COOLING
  YESTERDAY       12            12      0        0
  MONTH TO DATE  262           272    -10      269
  SINCE JUN 1    379           417    -38      401
  SINCE JAN 1    460           447     13      440
......................................................


WIND (MPH)
  HIGHEST WIND SPEED    21   HIGHEST WIND DIRECTION    NE (50)
  HIGHEST GUST SPEED    26   HIGHEST GUST DIRECTION    NE (50)
  AVERAGE WIND SPEED     8.7


SKY COVER
  AVERAGE SKY COVER 0.4


WEATHER CONDITIONS
 THE FOLLOWING WEATHER WAS RECORDED YESTERDAY.
  LIGHT RAIN
  FOG
  HAZE


RELATIVE HUMIDITY (PERCENT)
 HIGHEST    90           300 AM
 LOWEST     21           400 PM
 AVERAGE    56

..........................................................




SUNRISE AND SUNSET
JULY 27 2014..........SUNRISE   624 AM CDT   SUNSET   907 PM CDT
JULY 28 2014..........SUNRISE   625 AM CDT   SUNSET   906 PM CDT


-  INDICATES NEGATIVE NUMBERS.
R  INDICATES RECORD WAS SET OR TIED.
MM INDICATES DATA IS MISSING.
T  INDICATES TRACE AMOUNT.




$$
