336
CDUS43 KUNR 240832
CLIICR


CLIMATE REPORT
NATIONAL WEATHER SERVICE RAPID CITY SD
231 AM MDT SAT JUN 24 2017


...................................

...THE WINNER REGIONAL AIRPORT SD CLIMATE SUMMARY FOR JUNE 23 2017...

CLIMATE NORMAL PERIOD 1981 TO 2010
CLIMATE RECORD PERIOD 9999 TO 9999


WEATHER ITEM   OBSERVED TIME   NORMAL DEPARTURE LAST
                VALUE   (LST)  VALUE  FROM      YEAR
                                      NORMAL
......................................................
TEMPERATURE (F)
 YESTERDAY
  MAXIMUM         76    242 PM  83     -7       84
  MINIMUM         50   1159 PM  58     -8       52
  AVERAGE         63            71     -8       68

PRECIPITATION (IN)
  YESTERDAY        0.00          0.10  -0.10     0.00
  MONTH TO DATE    0.22          3.07  -2.85     0.71
  SINCE JUN 1      0.22          3.07  -2.85     0.71
  SINCE JAN 1      7.31         11.14  -3.83    10.06

DEGREE DAYS
 HEATING
  YESTERDAY        2             1      1        0
  MONTH TO DATE    2            50    -48        3
  SINCE JUN 1      2            50    -48        3
  SINCE JUL 1   5547          6695  -1148     5573

 COOLING
  YESTERDAY        0             6     -6        3
  MONTH TO DATE  195            92    103      216
  SINCE JUN 1    195            92    103      216
  SINCE JAN 1    223           122    101      263
......................................................


WIND (MPH)
  HIGHEST WIND SPEED    31   HIGHEST WIND DIRECTION    NW (320)
  HIGHEST GUST SPEED    39   HIGHEST GUST DIRECTION    NW (320)
  AVERAGE WIND SPEED    17.1


SKY COVER
  AVERAGE SKY COVER 0.3


WEATHER CONDITIONS
 THE FOLLOWING WEATHER WAS RECORDED YESTERDAY.
  NO SIGNIFICANT WEATHER WAS OBSERVED.


RELATIVE HUMIDITY (PERCENT)
 HIGHEST    62          1200 AM
 LOWEST     20           500 PM
 AVERAGE    41

..........................................................




SUNRISE AND SUNSET
JUNE 24 2017..........SUNRISE   600 AM CDT   SUNSET   924 PM CDT
JUNE 25 2017..........SUNRISE   600 AM CDT   SUNSET   924 PM CDT


-  INDICATES NEGATIVE NUMBERS.
R  INDICATES RECORD WAS SET OR TIED.
MM INDICATES DATA IS MISSING.
T  INDICATES TRACE AMOUNT.




$$
