000
CDUS43 KUNR 180832
CLIICR


CLIMATE REPORT
NATIONAL WEATHER SERVICE RAPID CITY SD
231 AM MDT FRI AUG 18 2017


...................................

...THE WINNER REGIONAL AIRPORT SD CLIMATE SUMMARY FOR AUGUST 17 2017...

CLIMATE NORMAL PERIOD 1981 TO 2010
CLIMATE RECORD PERIOD 9999 TO 9999


WEATHER ITEM   OBSERVED TIME   NORMAL DEPARTURE LAST
                VALUE   (LST)  VALUE  FROM      YEAR
                                      NORMAL
......................................................
TEMPERATURE (F)
 YESTERDAY
  MAXIMUM         90    435 PM  87      3       93
  MINIMUM         55    522 AM  62     -7       63
  AVERAGE         73            75     -2       78

PRECIPITATION (IN)
  YESTERDAY        0.83          0.09   0.74     0.00
  MONTH TO DATE    6.41          1.46   4.95     0.78
  SINCE JUN 1      6.91          8.07  -1.16     4.30
  SINCE JAN 1     14.00         16.14  -2.14    13.65

DEGREE DAYS
 HEATING
  YESTERDAY        0             0      0        0
  MONTH TO DATE    2             0      2        0
  SINCE JUN 1     10            59    -49        4
  SINCE JUL 1      2             5     -3        1

 COOLING
  YESTERDAY        8            10     -2       13
  MONTH TO DATE   86           184    -98      209
  SINCE JUN 1    842           660    182      881
  SINCE JAN 1    870           690    180      928
......................................................


WIND (MPH)
  HIGHEST WIND SPEED    38   HIGHEST WIND DIRECTION     W (290)
  HIGHEST GUST SPEED    49   HIGHEST GUST DIRECTION     W (280)
  AVERAGE WIND SPEED     9.3


SKY COVER
  AVERAGE SKY COVER 0.0


WEATHER CONDITIONS
 THE FOLLOWING WEATHER WAS RECORDED YESTERDAY.
  THUNDERSTORM
  HEAVY RAIN
  RAIN
  LIGHT RAIN
  HAZE


RELATIVE HUMIDITY (PERCENT)
 HIGHEST    80          1200 AM
 LOWEST     35           100 PM
 AVERAGE    58

..........................................................




SUNRISE AND SUNSET
AUGUST 18 2017........SUNRISE   648 AM CDT   SUNSET   837 PM CDT
AUGUST 19 2017........SUNRISE   649 AM CDT   SUNSET   836 PM CDT


-  INDICATES NEGATIVE NUMBERS.
R  INDICATES RECORD WAS SET OR TIED.
MM INDICATES DATA IS MISSING.
T  INDICATES TRACE AMOUNT.




$$
