000
CDUS43 KUNR 100834
CLIICR


CLIMATE REPORT
NATIONAL WEATHER SERVICE RAPID CITY SD
134 AM MST SAT DEC 10 2016


...................................

...THE WINNER REGIONAL AIRPORT SD CLIMATE SUMMARY FOR DECEMBER 9 2016...

CLIMATE NORMAL PERIOD 1981 TO 2010
CLIMATE RECORD PERIOD 9999 TO 9999


WEATHER ITEM   OBSERVED TIME   NORMAL DEPARTURE LAST
                VALUE   (LST)  VALUE  FROM      YEAR
                                      NORMAL
......................................................
TEMPERATURE (F)
 YESTERDAY
  MAXIMUM         13    206 PM  35    -22       67
  MINIMUM         -4    141 AM  16    -20       39
  AVERAGE          5            26    -21       53

PRECIPITATION (IN)
  YESTERDAY        T             0.01  -0.01     0.00
  MONTH TO DATE    T             0.16  -0.16     0.53
  SINCE DEC 1      T             0.16  -0.16     0.53
  SINCE JAN 1     18.47         21.41  -2.94    17.93

DEGREE DAYS
 HEATING
  YESTERDAY       60            39     21       12
  MONTH TO DATE  379           344     35      235
  SINCE DEC 1    379           344     35      235
  SINCE JUL 1   1249          1815   -566     1330

 COOLING
  YESTERDAY        0             0      0        0
  MONTH TO DATE    0             0      0        0
  SINCE DEC 1      0             0      0        0
  SINCE JAN 1   1193           916    277     1145
......................................................


WIND (MPH)
  HIGHEST WIND SPEED    14   HIGHEST WIND DIRECTION     E (110)
  HIGHEST GUST SPEED    17   HIGHEST GUST DIRECTION     E (110)
  AVERAGE WIND SPEED     8.0


SKY COVER
  AVERAGE SKY COVER 0.7


WEATHER CONDITIONS
 THE FOLLOWING WEATHER WAS RECORDED YESTERDAY.
  LIGHT SNOW
  FOG
  HAZE
  BLOWING SNOW


RELATIVE HUMIDITY (PERCENT)
 HIGHEST    88          1000 AM
 LOWEST     70           400 PM
 AVERAGE    79

..........................................................




SUNRISE AND SUNSET
DECEMBER 10 2016......SUNRISE   801 AM CST   SUNSET   503 PM CST
DECEMBER 11 2016......SUNRISE   802 AM CST   SUNSET   503 PM CST


-  INDICATES NEGATIVE NUMBERS.
R  INDICATES RECORD WAS SET OR TIED.
MM INDICATES DATA IS MISSING.
T  INDICATES TRACE AMOUNT.




$$
