000
CDUS43 KUNR 310831
CLIICR


CLIMATE REPORT
NATIONAL WEATHER SERVICE RAPID CITY SD
230 AM MDT FRI JUL 31 2015


...................................

...THE WINNER REGIONAL AIRPORT SD CLIMATE SUMMARY FOR JULY 30 2015...

CLIMATE NORMAL PERIOD 1981 TO 2010
CLIMATE RECORD PERIOD 9999 TO 9999


WEATHER ITEM   OBSERVED TIME   NORMAL DEPARTURE LAST
                VALUE   (LST)  VALUE  FROM      YEAR
                                      NORMAL
......................................................
TEMPERATURE (F)
 YESTERDAY
  MAXIMUM         93    436 PM  89      4       88
  MINIMUM         64    604 AM  64      0       56
  AVERAGE         79            76      3       72

PRECIPITATION (IN)
  YESTERDAY        0.00          0.11  -0.11     0.00
  MONTH TO DATE    2.02          2.84  -0.82     0.25
  SINCE JUN 1      6.04          6.49  -0.45     4.41
  SINCE JAN 1      9.71         14.56  -4.85     9.20

DEGREE DAYS
 HEATING
  YESTERDAY        0             0      0        0
  MONTH TO DATE    0             0      0       12
  SINCE JUN 1      3            54    -51       49
  SINCE JUL 1      0             0      0       12

 COOLING
  YESTERDAY       14            12      2        7
  MONTH TO DATE  362           320     42      279
  SINCE JUN 1    580           465    115      396
  SINCE JAN 1    615           495    120      477
......................................................


WIND (MPH)
  HIGHEST WIND SPEED    13   HIGHEST WIND DIRECTION     W (290)
  HIGHEST GUST SPEED    16   HIGHEST GUST DIRECTION    SW (210)
  AVERAGE WIND SPEED     7.3


SKY COVER
  AVERAGE SKY COVER 0.1


WEATHER CONDITIONS
 THE FOLLOWING WEATHER WAS RECORDED YESTERDAY.
  NO SIGNIFICANT WEATHER WAS OBSERVED.


RELATIVE HUMIDITY (PERCENT)
 HIGHEST    63           600 AM
 LOWEST     18           100 PM
 AVERAGE    41

..........................................................




SUNRISE AND SUNSET
JULY 31 2015..........SUNRISE   628 AM CDT   SUNSET   903 PM CDT
AUGUST  1 2015........SUNRISE   629 AM CDT   SUNSET   902 PM CDT


-  INDICATES NEGATIVE NUMBERS.
R  INDICATES RECORD WAS SET OR TIED.
MM INDICATES DATA IS MISSING.
T  INDICATES TRACE AMOUNT.




$$
