000
CDUS43 KUNR 260834
CLIICR


CLIMATE REPORT
NATIONAL WEATHER SERVICE RAPID CITY SD
234 AM MDT TUE JUL 26 2016


...................................

...THE WINNER REGIONAL AIRPORT SD CLIMATE SUMMARY FOR JULY 25 2016...

CLIMATE NORMAL PERIOD 1981 TO 2010
CLIMATE RECORD PERIOD 9999 TO 9999


WEATHER ITEM   OBSERVED TIME   NORMAL DEPARTURE LAST
                VALUE   (LST)  VALUE  FROM      YEAR
                                      NORMAL
......................................................
TEMPERATURE (F)
 YESTERDAY
  MAXIMUM         96    350 PM  89      7       95
  MINIMUM         64    602 AM  64      0       69
  AVERAGE         80            76      4       82

PRECIPITATION (IN)
  YESTERDAY        0.00          0.08  -0.08     0.33
  MONTH TO DATE    1.22          2.33  -1.11     1.48
  SINCE JUN 1      2.27          5.98  -3.71     5.50
  SINCE JAN 1     11.62         14.05  -2.43     9.17

DEGREE DAYS
 HEATING
  YESTERDAY        0             0      0        0
  MONTH TO DATE    1             0      1        0
  SINCE JUN 1      4            54    -50        3
  SINCE JUL 1      1             0      1        0

 COOLING
  YESTERDAY       15            12      3       17
  MONTH TO DATE  321           260     61      301
  SINCE JUN 1    607           405    202      519
  SINCE JAN 1    654           435    219      554
......................................................


WIND (MPH)
  HIGHEST WIND SPEED    23   HIGHEST WIND DIRECTION     S (160)
  HIGHEST GUST SPEED    31   HIGHEST GUST DIRECTION     S (160)
  AVERAGE WIND SPEED    13.3


SKY COVER
  AVERAGE SKY COVER 0.0


WEATHER CONDITIONS
 THE FOLLOWING WEATHER WAS RECORDED YESTERDAY.
  NO SIGNIFICANT WEATHER WAS OBSERVED.


RELATIVE HUMIDITY (PERCENT)
 HIGHEST    63           400 AM
 LOWEST     16           100 PM
 AVERAGE    40

..........................................................




SUNRISE AND SUNSET
JULY 26 2016..........SUNRISE   623 AM CDT   SUNSET   908 PM CDT
JULY 27 2016..........SUNRISE   625 AM CDT   SUNSET   907 PM CDT


-  INDICATES NEGATIVE NUMBERS.
R  INDICATES RECORD WAS SET OR TIED.
MM INDICATES DATA IS MISSING.
T  INDICATES TRACE AMOUNT.




$$
