000
CDUS43 KUNR 240836
CLIICR


CLIMATE REPORT
NATIONAL WEATHER SERVICE RAPID CITY SD
135 AM MST FRI FEB 24 2017


...................................

...THE WINNER REGIONAL AIRPORT SD CLIMATE SUMMARY FOR FEBRUARY 23 2017...

CLIMATE NORMAL PERIOD 1981 TO 2010
CLIMATE RECORD PERIOD 9999 TO 9999


WEATHER ITEM   OBSERVED TIME   NORMAL DEPARTURE LAST
                VALUE   (LST)  VALUE  FROM      YEAR
                                      NORMAL
......................................................
TEMPERATURE (F)
 YESTERDAY
  MAXIMUM         34   1237 AM  40     -6       48
  MINIMUM         26   1159 PM  19      7       27
  AVERAGE         30            29      1       38

PRECIPITATION (IN)
  YESTERDAY       MM             0.02  MM        0.00
  MONTH TO DATE    0.09          0.43  -0.34     0.26
  SINCE DEC 1      1.72          1.02   0.70     1.78
  SINCE JAN 1      1.17          0.68   0.49     0.33

DEGREE DAYS
 HEATING
  YESTERDAY       35            36     -1       27
  MONTH TO DATE  649           881   -232      675
  SINCE DEC 1   3101          3365   -264     3050
  SINCE JUL 1   3971          4836   -865     4145

 COOLING
  YESTERDAY        0             0      0        0
  MONTH TO DATE    0             0      0        0
  SINCE DEC 1      0             0      0        0
  SINCE JAN 1      0             0      0        0
......................................................


WIND (MPH)
  HIGHEST WIND SPEED    26   HIGHEST WIND DIRECTION     N (20)
  HIGHEST GUST SPEED    33   HIGHEST GUST DIRECTION     N (20)
  AVERAGE WIND SPEED    17.9


SKY COVER
  AVERAGE SKY COVER 1.0


WEATHER CONDITIONS
 THE FOLLOWING WEATHER WAS RECORDED YESTERDAY.
  SNOW
  LIGHT SNOW
  FOG


RELATIVE HUMIDITY (PERCENT)
 HIGHEST    92           500 PM
 LOWEST     78           300 AM
 AVERAGE    85

..........................................................




SUNRISE AND SUNSET
FEBRUARY 24 2017......SUNRISE   723 AM CST   SUNSET   622 PM CST
FEBRUARY 25 2017......SUNRISE   722 AM CST   SUNSET   624 PM CST


-  INDICATES NEGATIVE NUMBERS.
R  INDICATES RECORD WAS SET OR TIED.
MM INDICATES DATA IS MISSING.
T  INDICATES TRACE AMOUNT.




$$
