000
CDUS43 KICT 160624
CLIICT


CLIMATE REPORT
NATIONAL WEATHER SERVICE WICHITA KS
1224 AM CST TUE JAN 16 2018


...................................

...THE WICHITA EISENHOWER NATIONAL CLIMATE SUMMARY FOR JANUARY 15 2018...

CLIMATE NORMAL PERIOD 1981 TO 2010
CLIMATE RECORD PERIOD 1888 TO 2018


WEATHER ITEM   OBSERVED TIME   RECORD YEAR NORMAL DEPARTURE LAST
                VALUE   (LST)  VALUE       VALUE  FROM      YEAR
                                                  NORMAL
..................................................................
TEMPERATURE (F)
 YESTERDAY
  MAXIMUM         45    117 AM  68    1990  42      3       36
  MINIMUM          8   1159 PM -11    1905  22    -14       32
  AVERAGE         27                        32     -5       34

PRECIPITATION (IN)
  YESTERDAY        0.03          1.31 2017   0.02   0.01     1.31
  MONTH TO DATE    0.20                      0.35  -0.15     1.69
  SINCE DEC 1      0.23                      1.55  -1.32     2.35
  SINCE JAN 1      0.20                      0.35  -0.15     1.69

SNOWFALL (IN)
  YESTERDAY        0.3           3.0  1978   0.1    0.2      0.0
  MONTH TO DATE    0.3                       1.6   -1.3       T
  SINCE DEC 1      0.3                       5.8   -5.5      2.0
  SINCE JUL 1      0.3                       7.2   -6.9      2.0
  SNOW DEPTH       T

DEGREE DAYS
 HEATING
  YESTERDAY       38                        33      5       31
  MONTH TO DATE  535                       495     40      506
  SINCE DEC 1   1401                      1462    -61     1493
  SINCE JUL 1   2131                      2338   -207     1946

 COOLING
  YESTERDAY        0                         0      0        0
  MONTH TO DATE    0                         0      0        0
  SINCE DEC 1      0                         0      0        0
  SINCE JAN 1      0                         0      0        0
..................................................................


WIND (MPH)
  HIGHEST WIND SPEED    28   HIGHEST WIND DIRECTION     N (360)
  HIGHEST GUST SPEED    36   HIGHEST GUST DIRECTION     N (360)
  AVERAGE WIND SPEED    17.3


SKY COVER
  POSSIBLE SUNSHINE  MM
  AVERAGE SKY COVER 0.8


WEATHER CONDITIONS
 THE FOLLOWING WEATHER WAS RECORDED YESTERDAY.
  LIGHT RAIN
  SNOW
  LIGHT SNOW
  FOG
  HAZE


RELATIVE HUMIDITY (PERCENT)
 HIGHEST    96           600 AM
 LOWEST     55          1200 AM
 AVERAGE    76

..........................................................


THE WICHITA EISENHOWER NATIONAL CLIMATE NORMALS FOR TODAY
                         NORMAL    RECORD    YEAR
 MAXIMUM TEMPERATURE (F)   42        72      1894
 MINIMUM TEMPERATURE (F)   22        -5      1930


SUNRISE AND SUNSET
JANUARY 16 2018.......SUNRISE   743 AM CST   SUNSET   536 PM CST
JANUARY 17 2018.......SUNRISE   743 AM CST   SUNSET   537 PM CST


-  INDICATES NEGATIVE NUMBERS.
R  INDICATES RECORD WAS SET OR TIED.
MM INDICATES DATA IS MISSING.
T  INDICATES TRACE AMOUNT.




$$
