824
CDUS43 KICT 010626
CLIICT


CLIMATE REPORT
NATIONAL WEATHER SERVICE WICHITA KS
126 AM CDT WED JUN 1 2016


...................................

...THE WICHITA EISENHOWER NATIONAL CLIMATE SUMMARY FOR MAY 31 2016...

CLIMATE NORMAL PERIOD 1981 TO 2010
CLIMATE RECORD PERIOD 1888 TO 2016


WEATHER ITEM   OBSERVED TIME   RECORD YEAR NORMAL DEPARTURE LAST
                VALUE   (LST)  VALUE       VALUE  FROM      YEAR
                                                  NORMAL
..................................................................
TEMPERATURE (F)
 YESTERDAY
  MAXIMUM         81    500 PM 100    1934  81      0       74
  MINIMUM         63    810 AM  44    1975  60      3       60
  AVERAGE         72                        71      1       67

PRECIPITATION (IN)
  YESTERDAY        0.36          3.98 1908   0.17   0.19     0.00
  MONTH TO DATE    7.06                      4.57   2.49    11.77
  SINCE MAR 1     14.82                      9.85   4.97    14.67
  SINCE JAN 1     15.56                     11.86   3.70    16.44

SNOWFALL (IN)
  YESTERDAY        0.0           T    2008   0.0    0.0      0.0
  MONTH TO DATE    0.0                       0.0    0.0      0.0
  SINCE MAR 1      3.5                       2.5    1.0      1.1
  SINCE JUL 1      4.3                      14.9  -10.6     18.0
  SNOW DEPTH       0

DEGREE DAYS
 HEATING
  YESTERDAY        0                         1     -1        0
  MONTH TO DATE   91                        80     11       77
  SINCE MAR 1    654                       948   -294      714
  SINCE JUL 1   3504                      4588  -1084     4279

 COOLING
  YESTERDAY        7                         7      0        2
  MONTH TO DATE   93                       110    -17       85
  SINCE MAR 1    130                       136     -6      113
  SINCE JAN 1    130                       136     -6      113
..................................................................


WIND (MPH)
  HIGHEST WIND SPEED    25   HIGHEST WIND DIRECTION    NW (320)
  HIGHEST GUST SPEED    30   HIGHEST GUST DIRECTION    NW (320)
  AVERAGE WIND SPEED     7.6


SKY COVER
  POSSIBLE SUNSHINE  MM
  AVERAGE SKY COVER 0.5


WEATHER CONDITIONS
 THE FOLLOWING WEATHER WAS RECORDED YESTERDAY.
  THUNDERSTORM
  RAIN
  LIGHT RAIN
  FOG


RELATIVE HUMIDITY (PERCENT)
 HIGHEST    93           300 AM
 LOWEST     49           500 PM
 AVERAGE    71

..........................................................


THE WICHITA EISENHOWER NATIONAL CLIMATE NORMALS FOR TODAY
                         NORMAL    RECORD    YEAR
 MAXIMUM TEMPERATURE (F)   82        99      1985
 MINIMUM TEMPERATURE (F)   61        44      1983


SUNRISE AND SUNSET
JUNE  1 2016..........SUNRISE   610 AM CDT   SUNSET   846 PM CDT
JUNE  2 2016..........SUNRISE   609 AM CDT   SUNSET   847 PM CDT


-  INDICATES NEGATIVE NUMBERS.
R  INDICATES RECORD WAS SET OR TIED.
MM INDICATES DATA IS MISSING.
T  INDICATES TRACE AMOUNT.




$$
