896
CDUS43 KICT 232309
CLIICT


CLIMATE REPORT
NATIONAL WEATHER SERVICE WICHITA KS
509 PM CST MON JAN 23 2017


...................................

...THE WICHITA EISENHOWER NATIONAL CLIMATE SUMMARY FOR JANUARY 23 2017...
VALID TODAY AS OF 0500 PM LOCAL TIME.

CLIMATE NORMAL PERIOD 1981 TO 2010
CLIMATE RECORD PERIOD 1888 TO 2017


WEATHER ITEM   OBSERVED TIME   RECORD YEAR NORMAL DEPARTURE LAST
                VALUE   (LST)  VALUE       VALUE  FROM      YEAR
                                                  NORMAL
..................................................................
TEMPERATURE (F)
 TODAY
  MAXIMUM         55    400 PM  73    1967  43     12       41
  MINIMUM         25    618 AM  -6    1894  22      3       23
  AVERAGE         40                        32      8       32

PRECIPITATION (IN)
  TODAY            0.00          0.43 1949   0.03  -0.03     0.00
  MONTH TO DATE    2.79                      0.57   2.22     0.19
  SINCE DEC 1      3.45                      1.77   1.68     2.41
  SINCE JAN 1      2.79                      0.57   2.22     0.19

SNOWFALL (IN)
  TODAY            0.0           3.7  1979   0.1   -0.1      0.0
  MONTH TO DATE    T                         2.5   -2.5      0.1
  SINCE DEC 1      2.0                       6.7   -4.7      0.5
  SINCE JUL 1      2.0                       8.1   -6.1      0.8
  SNOW DEPTH       0

DEGREE DAYS
 HEATING
  TODAY           25                        32     -7       33
  MONTH TO DATE  693                       758    -65      771
  SINCE DEC 1   1680                      1725    -45     1501
  SINCE JUL 1   2133                      2601   -468     2070

 COOLING
  TODAY            0                         0      0        0
  MONTH TO DATE    0                         0      0        0
  SINCE DEC 1      0                         0      0        0
  SINCE JAN 1      0                         0      0        0
..................................................................


WIND (MPH)
  HIGHEST WIND SPEED    20   HIGHEST WIND DIRECTION     S (170)
  HIGHEST GUST SPEED    25   HIGHEST GUST DIRECTION     S (160)
  AVERAGE WIND SPEED     7.6


SKY COVER
  POSSIBLE SUNSHINE  MM
  AVERAGE SKY COVER 0.2


WEATHER CONDITIONS
 THE FOLLOWING WEATHER WAS RECORDED TODAY.
  FOG


RELATIVE HUMIDITY (PERCENT)
 HIGHEST   100           500 AM
 LOWEST     46           200 PM
 AVERAGE    73

..........................................................


THE WICHITA EISENHOWER NATIONAL CLIMATE NORMALS FOR TOMORROW
                         NORMAL    RECORD    YEAR
 MAXIMUM TEMPERATURE (F)   43        74      1981
 MINIMUM TEMPERATURE (F)   22       -12      1894


SUNRISE AND SUNSET
JANUARY 23 2017.......SUNRISE   740 AM CST   SUNSET   544 PM CST
JANUARY 24 2017.......SUNRISE   739 AM CST   SUNSET   545 PM CST


-  INDICATES NEGATIVE NUMBERS.
R  INDICATES RECORD WAS SET OR TIED.
MM INDICATES DATA IS MISSING.
T  INDICATES TRACE AMOUNT.




$$
