000
CDUS43 KICT 260630
CLIICT


CLIMATE REPORT
NATIONAL WEATHER SERVICE WICHITA KS
1229 AM CST SUN FEB 26 2017


...................................

...THE WICHITA EISENHOWER NATIONAL CLIMATE SUMMARY FOR FEBRUARY 25 2017...

CLIMATE NORMAL PERIOD 1981 TO 2010
CLIMATE RECORD PERIOD 1888 TO 2017


WEATHER ITEM   OBSERVED TIME   RECORD YEAR NORMAL DEPARTURE LAST
                VALUE   (LST)  VALUE       VALUE  FROM      YEAR
                                                  NORMAL
..................................................................
TEMPERATURE (F)
 YESTERDAY
  MAXIMUM         45    335 PM  78    1986  51     -6       46
  MINIMUM         18    726 AM   3    1960  29    -11       22
  AVERAGE         32                        40     -8       34

PRECIPITATION (IN)
  YESTERDAY        0.00          1.60 1912   0.04  -0.04     0.00
  MONTH TO DATE    0.83                      1.03  -0.20     0.55
  SINCE DEC 1      4.28                      3.06   1.22     2.96
  SINCE JAN 1      3.62                      1.86   1.76     0.74

SNOWFALL (IN)
  YESTERDAY        0.0           4.8  2013   0.1   -0.1      0.0
  MONTH TO DATE    0.0                       3.0   -3.0      0.0
  SINCE DEC 1      2.0                      10.8   -8.8      0.5
  SINCE JUL 1      2.0                      12.2  -10.2      0.8
  SNOW DEPTH       0

DEGREE DAYS
 HEATING
  YESTERDAY       33                        25      8       31
  MONTH TO DATE  481                       707   -226      539
  SINCE DEC 1   2340                      2691   -351     2221
  SINCE JUL 1   2793                      3567   -774     2790

 COOLING
  YESTERDAY        0                         0      0        0
  MONTH TO DATE    0                         0      0        0
  SINCE DEC 1      0                         0      0        0
  SINCE JAN 1      0                         0      0        0
..................................................................


WIND (MPH)
  HIGHEST WIND SPEED    18   HIGHEST WIND DIRECTION     S (200)
  HIGHEST GUST SPEED    23   HIGHEST GUST DIRECTION     S (200)
  AVERAGE WIND SPEED     8.9


SKY COVER
  POSSIBLE SUNSHINE  MM
  AVERAGE SKY COVER 0.2


WEATHER CONDITIONS
 THE FOLLOWING WEATHER WAS RECORDED YESTERDAY.
  NO SIGNIFICANT WEATHER WAS OBSERVED.


RELATIVE HUMIDITY (PERCENT)
 HIGHEST    84           300 AM
 LOWEST     30           200 PM
 AVERAGE    57

..........................................................


THE WICHITA EISENHOWER NATIONAL CLIMATE NORMALS FOR TODAY
                         NORMAL    RECORD    YEAR
 MAXIMUM TEMPERATURE (F)   52        78      1896
 MINIMUM TEMPERATURE (F)   30         0      1934


SUNRISE AND SUNSET
FEBRUARY 26 2017......SUNRISE   705 AM CST   SUNSET   621 PM CST
FEBRUARY 27 2017......SUNRISE   703 AM CST   SUNSET   622 PM CST


-  INDICATES NEGATIVE NUMBERS.
R  INDICATES RECORD WAS SET OR TIED.
MM INDICATES DATA IS MISSING.
T  INDICATES TRACE AMOUNT.




$$
