000
CDUS45 KPIH 170730
CLIIDA


CLIMATE REPORT
NATIONAL WEATHER SERVICE POCATELLO ID
128 AM MDT WED SEP 17 2014


...................................

...THE IDAHO FALLS ID CLIMATE SUMMARY FOR SEPTEMBER 16 2014...

CLIMATE NORMAL PERIOD 1981 TO 2010
CLIMATE RECORD PERIOD 1948 TO 2014


WEATHER ITEM   OBSERVED TIME   RECORD YEAR NORMAL DEPARTURE LAST
                VALUE   (LST)  VALUE       VALUE  FROM      YEAR
                                                  NORMAL
..................................................................
TEMPERATURE (F)
 YESTERDAY
  MAXIMUM         87    505 PM  89    2000  74     13       83
  MINIMUM         45    411 AM  29    1970  40      5       49
  AVERAGE         66                        57      9       66

PRECIPITATION (IN)
  YESTERDAY        0.00          0.20 2011   0.03  -0.03     0.01
  MONTH TO DATE    0.00                      0.43  -0.43     1.80
  SINCE OCT 1      7.64                      9.98  -2.34     7.19
  SINCE JAN 1      6.34                      7.41  -1.07     4.50

SNOWFALL (IN)
  YESTERDAY       MM
  MONTH TO DATE   MM
  SINCE SEP 1     MM
  SINCE JUL 1     MM
  SNOW DEPTH      MM

DEGREE DAYS
 HEATING
  YESTERDAY        0                         8     -8        0
  MONTH TO DATE  102                        87     15        3
  SINCE SEP 1    102                        87     15        3
  SINCE JUL 1    157                       152      5        3

 COOLING
  YESTERDAY        1                         0      1        1
  MONTH TO DATE    2                        10     -8       46
  SINCE SEP 1      2                        10     -8       46
  SINCE JAN 1    284                       262     22      506
..................................................................


WIND (MPH)
  HIGHEST WIND SPEED    13   HIGHEST WIND DIRECTION     N (360)
  HIGHEST GUST SPEED    15   HIGHEST GUST DIRECTION     N (10)
  AVERAGE WIND SPEED     3.8


SKY COVER
  POSSIBLE SUNSHINE  MM
  AVERAGE SKY COVER 0.2


WEATHER CONDITIONS
 THE FOLLOWING WEATHER WAS RECORDED YESTERDAY.
  NO SIGNIFICANT WEATHER WAS OBSERVED.


RELATIVE HUMIDITY (PERCENT)
 HIGHEST    74          1200 AM
 LOWEST     16           300 PM
 AVERAGE    45

..........................................................


THE IDAHO FALLS ID CLIMATE NORMALS FOR TODAY
                         NORMAL    RECORD    YEAR
 MAXIMUM TEMPERATURE (F)   74        88      1981
 MINIMUM TEMPERATURE (F)   40        24      1965


SUNRISE AND SUNSET
SEPTEMBER 17 2014.....SUNRISE   710 AM MDT   SUNSET   735 PM MDT
SEPTEMBER 18 2014.....SUNRISE   711 AM MDT   SUNSET   733 PM MDT


-  INDICATES NEGATIVE NUMBERS.
R  INDICATES RECORD WAS SET OR TIED.
MM INDICATES DATA IS MISSING.
T  INDICATES TRACE AMOUNT.




$$
