000
CDUS45 KPIH 300733
CLIIDA


CLIMATE REPORT
NATIONAL WEATHER SERVICE POCATELLO ID
131 AM MDT SUN APR 30 2017


...................................

...THE IDAHO FALLS ID CLIMATE SUMMARY FOR APRIL 29 2017...

CLIMATE NORMAL PERIOD 1981 TO 2010
CLIMATE RECORD PERIOD 1948 TO 2017


WEATHER ITEM   OBSERVED TIME   RECORD YEAR NORMAL DEPARTURE LAST
                VALUE   (LST)  VALUE       VALUE  FROM      YEAR
                                                  NORMAL
..................................................................
TEMPERATURE (F)
 YESTERDAY
  MAXIMUM         55    413 PM  85    1992  62     -7       55
  MINIMUM         30    604 AM  17    2011  34     -4       34
  AVERAGE         43                        48     -5       45

PRECIPITATION (IN)
  YESTERDAY        0.00          0.50 1999   0.05  -0.05     0.02
  MONTH TO DATE    1.03                      1.09  -0.06     0.60
  SINCE OCT 1      7.79                      5.87   1.92     5.59
  SINCE JAN 1      3.51                      3.30   0.21     3.27

SNOWFALL (IN)
  YESTERDAY       MM
  MONTH TO DATE   MM
  SINCE MAR 1     MM
  SINCE JUL 1     MM
  SNOW DEPTH      MM

DEGREE DAYS
 HEATING
  YESTERDAY       22                        17      5       20
  MONTH TO DATE  616                       593     23      477
  SINCE MAR 1   1350                      1495   -145     1272
  SINCE JUL 1   7147                      7297   -150     6854

 COOLING
  YESTERDAY        0                         0      0        0
  MONTH TO DATE    0                         0      0        0
  SINCE MAR 1      0                         0      0        0
  SINCE JAN 1      0                         0      0        0
..................................................................


WIND (MPH)
  HIGHEST WIND SPEED    16   HIGHEST WIND DIRECTION    SW (210)
  HIGHEST GUST SPEED    19   HIGHEST GUST DIRECTION    SW (210)
  AVERAGE WIND SPEED     6.5


SKY COVER
  POSSIBLE SUNSHINE  MM
  AVERAGE SKY COVER 0.2


WEATHER CONDITIONS
 THE FOLLOWING WEATHER WAS RECORDED YESTERDAY.
  NO SIGNIFICANT WEATHER WAS OBSERVED.


RELATIVE HUMIDITY (PERCENT)
 HIGHEST    85           100 AM
 LOWEST     27           400 PM
 AVERAGE    56

..........................................................


THE IDAHO FALLS ID CLIMATE NORMALS FOR TODAY
                         NORMAL    RECORD    YEAR
 MAXIMUM TEMPERATURE (F)   62        78      1977
 MINIMUM TEMPERATURE (F)   35        18      1967


SUNRISE AND SUNSET
APRIL 30 2017.........SUNRISE   622 AM MDT   SUNSET   830 PM MDT
MAY  1 2017...........SUNRISE   621 AM MDT   SUNSET   831 PM MDT


-  INDICATES NEGATIVE NUMBERS.
R  INDICATES RECORD WAS SET OR TIED.
MM INDICATES DATA IS MISSING.
T  INDICATES TRACE AMOUNT.




$$
