000
CDUS45 KPIH 312321
CLIIDA


CLIMATE REPORT
NATIONAL WEATHER SERVICE POCATELLO ID
521 PM MDT TUE MAY 31 2016


...................................

...THE IDAHO FALLS ID CLIMATE SUMMARY FOR MAY 31 2016...
VALID TODAY AS OF 0500 PM LOCAL TIME.

CLIMATE NORMAL PERIOD 1981 TO 2010
CLIMATE RECORD PERIOD 1948 TO 2016


WEATHER ITEM   OBSERVED TIME   RECORD YEAR NORMAL DEPARTURE LAST
                VALUE   (LST)  VALUE       VALUE  FROM      YEAR
                                                  NORMAL
..................................................................
TEMPERATURE (F)
 TODAY
  MAXIMUM         70    342 PM  89    1986  71     -1       83
  MINIMUM         36    508 AM  28    1978  43     -7       48
  AVERAGE         53                        57     -4       66

PRECIPITATION (IN)
  TODAY            0.00          0.49 1955   0.05  -0.05     0.27
  MONTH TO DATE    1.84                      1.50   0.34     4.29
  SINCE OCT 1      7.43                      7.42   0.01     6.68
  SINCE JAN 1      5.11                      4.85   0.26     5.22

SNOWFALL (IN)
  TODAY           MM
  MONTH TO DATE   MM
  SINCE MAR 1     MM
  SINCE JUL 1     MM
  SNOW DEPTH      MM

DEGREE DAYS
 HEATING
  TODAY           12                         9      3        0
  MONTH TO DATE  365                       379    -14      306
  SINCE MAR 1   1657                      1889   -232     1573
  SINCE JUL 1   7239                      7691   -452     6391

 COOLING
  TODAY            0                         0      0        1
  MONTH TO DATE    0                         2     -2        1
  SINCE MAR 1      0                         2     -2        1
  SINCE JAN 1      0                         2     -2        1
..................................................................


WIND (MPH)
  HIGHEST WIND SPEED    17   HIGHEST WIND DIRECTION    NE (30)
  HIGHEST GUST SPEED    24   HIGHEST GUST DIRECTION    NE (40)
  AVERAGE WIND SPEED     7.6


SKY COVER
  POSSIBLE SUNSHINE  MM
  AVERAGE SKY COVER 0.0


WEATHER CONDITIONS
 THE FOLLOWING WEATHER WAS RECORDED TODAY.
  NO SIGNIFICANT WEATHER WAS OBSERVED.


RELATIVE HUMIDITY (PERCENT)
 HIGHEST    82           400 AM
 LOWEST     22           100 PM
 AVERAGE    52

..........................................................


THE IDAHO FALLS ID CLIMATE NORMALS FOR TOMORROW
                         NORMAL    RECORD    YEAR
 MAXIMUM TEMPERATURE (F)   71        93      1977
 MINIMUM TEMPERATURE (F)   43        29      2000


SUNRISE AND SUNSET
MAY 31 2016...........SUNRISE   550 AM MDT   SUNSET   902 PM MDT
JUNE  1 2016..........SUNRISE   550 AM MDT   SUNSET   903 PM MDT


-  INDICATES NEGATIVE NUMBERS.
R  INDICATES RECORD WAS SET OR TIED.
MM INDICATES DATA IS MISSING.
T  INDICATES TRACE AMOUNT.




$$
