000
CDUS45 KPIH 280731
CLIIDA


CLIMATE REPORT
NATIONAL WEATHER SERVICE POCATELLO ID
131 AM MDT MON JUL 28 2014


...................................

...THE IDAHO FALLS ID CLIMATE SUMMARY FOR JULY 27 2014...

CLIMATE NORMAL PERIOD 1981 TO 2010
CLIMATE RECORD PERIOD 1948 TO 2014


WEATHER ITEM   OBSERVED TIME   RECORD YEAR NORMAL DEPARTURE LAST
                VALUE   (LST)  VALUE       VALUE  FROM      YEAR
                                                  NORMAL
..................................................................
TEMPERATURE (F)
 YESTERDAY
  MAXIMUM         95    523 PM  97    1975  88      7       83
  MINIMUM         44    519 AM  39    2005  51     -7       58
  AVERAGE         70                        69      1       71

PRECIPITATION (IN)
  YESTERDAY        0.00          0.31 1962   0.02  -0.02     0.16
  MONTH TO DATE    T                         0.44  -0.44     0.46
  SINCE OCT 1      5.14                      8.95  -3.81     5.09
  SINCE JAN 1      3.84                      6.38  -2.54     2.40

SNOWFALL (IN)
  YESTERDAY       MM
  MONTH TO DATE   MM
  SINCE JUN 1     MM
  SINCE JUL 1     MM
  SNOW DEPTH      MM

DEGREE DAYS
 HEATING
  YESTERDAY        0                         0      0        0
  MONTH TO DATE    2                        25    -23        0
  SINCE JUN 1    130                       178    -48      100
  SINCE JUL 1      2                        25    -23        0

 COOLING
  YESTERDAY        5                         5      0        6
  MONTH TO DATE  177                       108     69      200
  SINCE JUN 1    186                       138     48      269
  SINCE JAN 1    187                       140     47      273
..................................................................


WIND (MPH)
  HIGHEST WIND SPEED    12   HIGHEST WIND DIRECTION    NW (330)
  HIGHEST GUST SPEED    15   HIGHEST GUST DIRECTION     N (350)
  AVERAGE WIND SPEED     5.9


SKY COVER
  POSSIBLE SUNSHINE  MM
  AVERAGE SKY COVER 0.0


WEATHER CONDITIONS
 THE FOLLOWING WEATHER WAS RECORDED YESTERDAY.
  NO SIGNIFICANT WEATHER WAS OBSERVED.


RELATIVE HUMIDITY (PERCENT)
 HIGHEST    83           500 AM
 LOWEST      9           500 PM
 AVERAGE    46

..........................................................


THE IDAHO FALLS ID CLIMATE NORMALS FOR TODAY
                         NORMAL    RECORD    YEAR
 MAXIMUM TEMPERATURE (F)   88        98      2006
 MINIMUM TEMPERATURE (F)   51        41      2005


SUNRISE AND SUNSET
JULY 28 2014..........SUNRISE   614 AM MDT   SUNSET   855 PM MDT
JULY 29 2014..........SUNRISE   615 AM MDT   SUNSET   854 PM MDT


-  INDICATES NEGATIVE NUMBERS.
R  INDICATES RECORD WAS SET OR TIED.
MM INDICATES DATA IS MISSING.
T  INDICATES TRACE AMOUNT.




$$
