000
CDUS45 KPIH 210733
CLIIDA


CLIMATE REPORT
NATIONAL WEATHER SERVICE POCATELLO ID
1232 AM MST SAT JAN 21 2017


...................................

...THE IDAHO FALLS ID CLIMATE SUMMARY FOR JANUARY 20 2017...

CLIMATE NORMAL PERIOD 1981 TO 2010
CLIMATE RECORD PERIOD 1948 TO 2017


WEATHER ITEM   OBSERVED TIME   RECORD YEAR NORMAL DEPARTURE LAST
                VALUE   (LST)  VALUE       VALUE  FROM      YEAR
                                                  NORMAL
..................................................................
TEMPERATURE (F)
 YESTERDAY
  MAXIMUM         32   1050 AM  51    1953  29      3       36
  MINIMUM         11    914 PM -21    1984  12     -1       15
  AVERAGE         22                        20      2       26

PRECIPITATION (IN)
  YESTERDAY        T             0.34 1957   0.02  -0.02     0.01
  MONTH TO DATE    0.73                      0.48   0.25     0.46
  SINCE OCT 1      5.01                      3.05   1.96     2.78
  SINCE JAN 1      0.73                      0.48   0.25     0.46

SNOWFALL (IN)
  YESTERDAY       MM
  MONTH TO DATE   MM
  SINCE DEC 1     MM
  SINCE JUL 1     MM
  SNOW DEPTH      MM

DEGREE DAYS
 HEATING
  YESTERDAY       43                        45     -2       39
  MONTH TO DATE 1095                       900    195      879
  SINCE DEC 1   2624                      2270    354     2250
  SINCE JUL 1   4242                      4173     69     3950

 COOLING
  YESTERDAY        0                         0      0        0
  MONTH TO DATE    0                         0      0        0
  SINCE DEC 1      0                         0      0        0
  SINCE JAN 1      0                         0      0        0
..................................................................


WIND (MPH)
  HIGHEST WIND SPEED    10   HIGHEST WIND DIRECTION    SW (210)
  HIGHEST GUST SPEED    12   HIGHEST GUST DIRECTION    SW (210)
  AVERAGE WIND SPEED     3.6


SKY COVER
  POSSIBLE SUNSHINE  MM
  AVERAGE SKY COVER 0.7


WEATHER CONDITIONS
 THE FOLLOWING WEATHER WAS RECORDED YESTERDAY.
  LIGHT SNOW
  FOG


RELATIVE HUMIDITY (PERCENT)
 HIGHEST   100           500 AM
 LOWEST     85           200 PM
 AVERAGE    93

..........................................................


THE IDAHO FALLS ID CLIMATE NORMALS FOR TODAY
                         NORMAL    RECORD    YEAR
 MAXIMUM TEMPERATURE (F)   29        44      1969
 MINIMUM TEMPERATURE (F)   12       -29      1962


SUNRISE AND SUNSET
JANUARY 21 2017.......SUNRISE   754 AM MST   SUNSET   526 PM MST
JANUARY 22 2017.......SUNRISE   754 AM MST   SUNSET   527 PM MST


-  INDICATES NEGATIVE NUMBERS.
R  INDICATES RECORD WAS SET OR TIED.
MM INDICATES DATA IS MISSING.
T  INDICATES TRACE AMOUNT.




$$
