000
CDUS45 KPIH 250732
CLIIDA


CLIMATE REPORT
NATIONAL WEATHER SERVICE POCATELLO ID
129 AM MDT FRI APR 25 2014


...................................

...THE IDAHO FALLS ID CLIMATE SUMMARY FOR APRIL 24 2014...

CLIMATE NORMAL PERIOD 1981 TO 2010
CLIMATE RECORD PERIOD 1948 TO 2014


WEATHER ITEM   OBSERVED TIME   RECORD YEAR NORMAL DEPARTURE LAST
                VALUE   (LST)  VALUE       VALUE  FROM      YEAR
                                                  NORMAL
..................................................................
TEMPERATURE (F)
 YESTERDAY
  MAXIMUM         56    546 PM  81    1977  61     -5       56
  MINIMUM         33    432 AM  19    2002  33      0       22
                                      1950
  AVERAGE         45                        47     -2       39

PRECIPITATION (IN)
  YESTERDAY        T             0.54 1971   0.05  -0.05     0.00
  MONTH TO DATE    0.40                      0.85  -0.45     0.52
  SINCE OCT 1      3.99                      5.63  -1.64     4.05
  SINCE JAN 1      2.69                      3.06  -0.37     1.36

SNOWFALL (IN)
  YESTERDAY       MM
  MONTH TO DATE   MM
  SINCE MAR 1     MM
  SINCE JUL 1     MM
  SNOW DEPTH      MM

DEGREE DAYS
 HEATING
  YESTERDAY       20                        18      2       26
  MONTH TO DATE  470                       506    -36      559
  SINCE MAR 1   1262                      1408   -146     1455
  SINCE JUL 1   6779                      7210   -431     7018

 COOLING
  YESTERDAY        0                         0      0        0
  MONTH TO DATE    0                         0      0        0
  SINCE MAR 1      0                         0      0        0
  SINCE JAN 1      0                         0      0        0
..................................................................


WIND (MPH)
  HIGHEST WIND SPEED    32   HIGHEST WIND DIRECTION    SW (230)
  HIGHEST GUST SPEED    42   HIGHEST GUST DIRECTION    SW (220)
  AVERAGE WIND SPEED    15.1


SKY COVER
  POSSIBLE SUNSHINE  MM
  AVERAGE SKY COVER 0.5


WEATHER CONDITIONS
 THE FOLLOWING WEATHER WAS RECORDED YESTERDAY.
  LIGHT RAIN


RELATIVE HUMIDITY (PERCENT)
 HIGHEST    76          1000 PM
 LOWEST     35          1000 AM
 AVERAGE    56

..........................................................


THE IDAHO FALLS ID CLIMATE NORMALS FOR TODAY
                         NORMAL    RECORD    YEAR
 MAXIMUM TEMPERATURE (F)   61        82      1977
 MINIMUM TEMPERATURE (F)   33        23      2009


SUNRISE AND SUNSET
APRIL 25 2014.........SUNRISE   630 AM MDT   SUNSET   823 PM MDT
APRIL 26 2014.........SUNRISE   628 AM MDT   SUNSET   825 PM MDT


-  INDICATES NEGATIVE NUMBERS.
R  INDICATES RECORD WAS SET OR TIED.
MM INDICATES DATA IS MISSING.
T  INDICATES TRACE AMOUNT.




$$
