100
CDUS45 KPIH 190733
CLIIDA


CLIMATE REPORT
NATIONAL WEATHER SERVICE POCATELLO ID
132 AM MDT SAT AUG 19 2017


...................................

...THE IDAHO FALLS ID CLIMATE SUMMARY FOR AUGUST 18 2017...

CLIMATE NORMAL PERIOD 1981 TO 2010
CLIMATE RECORD PERIOD 1948 TO 2017


WEATHER ITEM   OBSERVED TIME   RECORD YEAR NORMAL DEPARTURE LAST
                VALUE   (LST)  VALUE       VALUE  FROM      YEAR
                                                  NORMAL
..................................................................
TEMPERATURE (F)
 YESTERDAY
  MAXIMUM         86    411 PM  94    1986  86      0       88
  MINIMUM         43    532 AM  35    1978  48     -5       51
  AVERAGE         65                        67     -2       70

PRECIPITATION (IN)
  YESTERDAY        0.00          0.77 1980   0.01  -0.01     0.00
  MONTH TO DATE    0.03                      0.27  -0.24     0.09
  SINCE OCT 1     10.37                      9.28   1.09     7.76
  SINCE JAN 1      6.09                      6.71  -0.62     5.44

SNOWFALL (IN)
  YESTERDAY       MM
  MONTH TO DATE   MM
  SINCE JUN 1     MM
  SINCE JUL 1     MM
  SNOW DEPTH      MM

DEGREE DAYS
 HEATING
  YESTERDAY        0                         1     -1        0
  MONTH TO DATE    9                        10     -1       14
  SINCE JUN 1    117                       190    -73      121
  SINCE JUL 1      9                        37    -28       47

 COOLING
  YESTERDAY        0                         3     -3        5
  MONTH TO DATE   53                        67    -14       51
  SINCE JUN 1    287                       220     67      227
  SINCE JAN 1    289                       222     67      227
..................................................................


WIND (MPH)
  HIGHEST WIND SPEED    20   HIGHEST WIND DIRECTION    SW (210)
  HIGHEST GUST SPEED    25   HIGHEST GUST DIRECTION     S (200)
  AVERAGE WIND SPEED     8.0


SKY COVER
  POSSIBLE SUNSHINE  MM
  AVERAGE SKY COVER 0.0


WEATHER CONDITIONS
 THE FOLLOWING WEATHER WAS RECORDED YESTERDAY.
  NO SIGNIFICANT WEATHER WAS OBSERVED.


RELATIVE HUMIDITY (PERCENT)
 HIGHEST    80           700 AM
 LOWEST     17           300 PM
 AVERAGE    49

..........................................................


THE IDAHO FALLS ID CLIMATE NORMALS FOR TODAY
                         NORMAL    RECORD    YEAR
 MAXIMUM TEMPERATURE (F)   85        97      1992
 MINIMUM TEMPERATURE (F)   48        37      1978


SUNRISE AND SUNSET
AUGUST 19 2017........SUNRISE   638 AM MDT   SUNSET   825 PM MDT
AUGUST 20 2017........SUNRISE   639 AM MDT   SUNSET   823 PM MDT


-  INDICATES NEGATIVE NUMBERS.
R  INDICATES RECORD WAS SET OR TIED.
MM INDICATES DATA IS MISSING.
T  INDICATES TRACE AMOUNT.




$$
