000
CDUS45 KPIH 242324
CLIIDA


CLIMATE REPORT
NATIONAL WEATHER SERVICE POCATELLO ID
422 PM MST FRI FEB 24 2017


...................................

...THE IDAHO FALLS ID CLIMATE SUMMARY FOR FEBRUARY 24 2017...
VALID TODAY AS OF 0400 PM LOCAL TIME.

CLIMATE NORMAL PERIOD 1981 TO 2010
CLIMATE RECORD PERIOD 1948 TO 2017


WEATHER ITEM   OBSERVED TIME   RECORD YEAR NORMAL DEPARTURE LAST
                VALUE   (LST)  VALUE       VALUE  FROM      YEAR
                                                  NORMAL
..................................................................
TEMPERATURE (F)
 TODAY
  MAXIMUM         22    320 AM  60    1986  37    -15       32
  MINIMUM         19   1235 PM -14    1952  18      1       11
  AVERAGE         21                        27     -6       22

PRECIPITATION (IN)
  TODAY            T             0.16 1969   0.02  -0.02     0.00
  MONTH TO DATE    1.15                      0.55   0.60     0.11
  SINCE OCT 1      6.32                      3.81   2.51     3.38
  SINCE JAN 1      2.04                      1.24   0.80     1.06

SNOWFALL (IN)
  TODAY           MM
  MONTH TO DATE   MM
  SINCE DEC 1     MM
  SINCE JUL 1     MM
  SNOW DEPTH      MM

DEGREE DAYS
 HEATING
  TODAY           44                        38      6       43
  MONTH TO DATE  830                       994   -164      991
  SINCE DEC 1   3989                      3754    235     3727
  SINCE JUL 1   5607                      5657    -50     5427

 COOLING
  TODAY            0                         0      0        0
  MONTH TO DATE    0                         0      0        0
  SINCE DEC 1      0                         0      0        0
  SINCE JAN 1      0                         0      0        0
..................................................................


WIND (MPH)
  HIGHEST WIND SPEED    28   HIGHEST WIND DIRECTION    SW (210)
  HIGHEST GUST SPEED    39   HIGHEST GUST DIRECTION    SW (210)
  AVERAGE WIND SPEED    20.9


SKY COVER
  POSSIBLE SUNSHINE  MM
  AVERAGE SKY COVER 0.9


WEATHER CONDITIONS
 THE FOLLOWING WEATHER WAS RECORDED TODAY.
  LIGHT SNOW
  FOG


RELATIVE HUMIDITY (PERCENT)
 HIGHEST   100           100 AM
 LOWEST     91           800 AM
 AVERAGE    96

..........................................................


THE IDAHO FALLS ID CLIMATE NORMALS FOR TOMORROW
                         NORMAL    RECORD    YEAR
 MAXIMUM TEMPERATURE (F)   38        60      1986
 MINIMUM TEMPERATURE (F)   18       -10      1964


SUNRISE AND SUNSET
FEBRUARY 24 2017......SUNRISE   712 AM MST   SUNSET   611 PM MST
FEBRUARY 25 2017......SUNRISE   711 AM MST   SUNSET   612 PM MST


-  INDICATES NEGATIVE NUMBERS.
R  INDICATES RECORD WAS SET OR TIED.
MM INDICATES DATA IS MISSING.
T  INDICATES TRACE AMOUNT.




$$
