000
CDUS43 KUNR 130850
CLIIEN


CLIMATE REPORT
NATIONAL WEATHER SERVICE RAPID CITY SD
150 AM MST SAT FEB 13 2016


...................................

...THE PINE RIDGE SD CLIMATE SUMMARY FOR FEBRUARY 12 2016...

CLIMATE NORMAL PERIOD 1981 TO 2010
CLIMATE RECORD PERIOD 9999 TO 9999


WEATHER ITEM   OBSERVED TIME   NORMAL DEPARTURE LAST
                VALUE   (LST)  VALUE  FROM      YEAR
                                      NORMAL
......................................................
TEMPERATURE (F)
 YESTERDAY
  MAXIMUM         34    335 PM  39     -5       54
  MINIMUM         29    855 PM  12     17       19
  AVERAGE         32            26      6       37

PRECIPITATION (IN)
  YESTERDAY        0.00          0.02  -0.02     0.00
  MONTH TO DATE    0.06          0.22  -0.16     0.06
  SINCE DEC 1      1.29          0.89   0.40     0.80
  SINCE JAN 1      0.27          0.54  -0.27     0.25

DEGREE DAYS
 HEATING
  YESTERDAY       33            39     -6       28
  MONTH TO DATE  411           481    -70      353
  SINCE DEC 1   2954          3068   -114     2750
  SINCE JUL 1   4442          4758   -316     4549

 COOLING
  YESTERDAY        0             0      0        0
  MONTH TO DATE    0             0      0        0
  SINCE DEC 1      0             0      0        0
  SINCE JAN 1      0             0      0        0
......................................................


WIND (MPH)
  HIGHEST WIND SPEED    21   HIGHEST WIND DIRECTION     S (180)
  HIGHEST GUST SPEED    27   HIGHEST GUST DIRECTION     S (180)
  AVERAGE WIND SPEED     7.2


SKY COVER
  AVERAGE SKY COVER 1.0


WEATHER CONDITIONS
 THE FOLLOWING WEATHER WAS RECORDED YESTERDAY.
  FOG


RELATIVE HUMIDITY (PERCENT)
 HIGHEST    92           700 AM
 LOWEST     75           200 PM
 AVERAGE    84

..........................................................




SUNRISE AND SUNSET
FEBRUARY 13 2016......SUNRISE   651 AM MST   SUNSET   518 PM MST
FEBRUARY 14 2016......SUNRISE   650 AM MST   SUNSET   519 PM MST


-  INDICATES NEGATIVE NUMBERS.
R  INDICATES RECORD WAS SET OR TIED.
MM INDICATES DATA IS MISSING.
T  INDICATES TRACE AMOUNT.




$$
