000
CDUS43 KUNR 020837
CLIIEN


CLIMATE REPORT
NATIONAL WEATHER SERVICE RAPID CITY SD
134 AM MST MON MAR 2 2015


...................................

...THE PINE RIDGE SD CLIMATE SUMMARY FOR MARCH 1 2015...

CLIMATE NORMAL PERIOD 1981 TO 2010
CLIMATE RECORD PERIOD 9999 TO 9999


WEATHER ITEM   OBSERVED TIME   NORMAL DEPARTURE LAST
                VALUE   (LST)  VALUE  FROM      YEAR
                                      NORMAL
......................................................
TEMPERATURE (F)
 YESTERDAY
  MAXIMUM         36    238 PM  44     -8        6
  MINIMUM         15   1019 PM  17     -2      -11
  AVERAGE         26            31     -5       -2

PRECIPITATION (IN)
  YESTERDAY        T             0.01  -0.01     0.14
  MONTH TO DATE    T             0.01  -0.01     0.14
  SINCE MAR 1      T             0.01  -0.01     0.14
  SINCE JAN 1      0.46          0.80  -0.34     0.41

DEGREE DAYS
 HEATING
  YESTERDAY       39            34      5       67
  MONTH TO DATE   39            34      5       67
  SINCE MAR 1     39            34      5       67
  SINCE JUL 1   5249          5384   -135     5549

 COOLING
  YESTERDAY        0             0      0        0
  MONTH TO DATE    0             0      0        0
  SINCE MAR 1      0             0      0        0
  SINCE JAN 1      0             0      0        0
......................................................


WIND (MPH)
  HIGHEST WIND SPEED    20   HIGHEST WIND DIRECTION     W (290)
  HIGHEST GUST SPEED    25   HIGHEST GUST DIRECTION     W (290)
  AVERAGE WIND SPEED     5.9


SKY COVER
  AVERAGE SKY COVER 0.4


WEATHER CONDITIONS
 THE FOLLOWING WEATHER WAS RECORDED YESTERDAY.
  LIGHT SNOW
  HAZE


RELATIVE HUMIDITY (PERCENT)
 HIGHEST    80           500 AM
 LOWEST     29           200 PM
 AVERAGE    55

..........................................................




SUNRISE AND SUNSET
MARCH  2 2015.........SUNRISE   625 AM MST   SUNSET   540 PM MST
MARCH  3 2015.........SUNRISE   623 AM MST   SUNSET   542 PM MST


-  INDICATES NEGATIVE NUMBERS.
R  INDICATES RECORD WAS SET OR TIED.
MM INDICATES DATA IS MISSING.
T  INDICATES TRACE AMOUNT.




$$
