734
CDUS43 KUNR 210840
CLIIEN


CLIMATE REPORT
NATIONAL WEATHER SERVICE RAPID CITY SD
239 AM MDT THU SEP 21 2017


...................................

...THE PINE RIDGE SD CLIMATE SUMMARY FOR SEPTEMBER 20 2017...

CLIMATE NORMAL PERIOD 1981 TO 2010
CLIMATE RECORD PERIOD 9999 TO 9999


WEATHER ITEM   OBSERVED TIME   NORMAL DEPARTURE LAST
                VALUE   (LST)  VALUE  FROM      YEAR
                                      NORMAL
......................................................
TEMPERATURE (F)
 YESTERDAY
  MAXIMUM         77    339 PM  76      1       87
  MINIMUM         42    330 AM  43     -1       60
  AVERAGE         60            59      1       74

PRECIPITATION (IN)
  YESTERDAY        0.00          0.06  -0.06     0.00
  MONTH TO DATE    0.49          1.12  -0.63     0.67
  SINCE SEP 1      0.49          1.12  -0.63     0.67
  SINCE JAN 1     13.66         14.91  -1.25    13.59

DEGREE DAYS
 HEATING
  YESTERDAY        5             7     -2        0
  MONTH TO DATE   63            92    -29       80
  SINCE SEP 1     63            92    -29       80
  SINCE JUL 1     75           129    -54      113

 COOLING
  YESTERDAY        0             1     -1        9
  MONTH TO DATE   88            59     29       49
  SINCE SEP 1     88            59     29       49
  SINCE JAN 1    761           707     54      761
......................................................


WIND (MPH)
  HIGHEST WIND SPEED    26   HIGHEST WIND DIRECTION     W (280)
  HIGHEST GUST SPEED    36   HIGHEST GUST DIRECTION     S (170)
  AVERAGE WIND SPEED    12.5


SKY COVER
  AVERAGE SKY COVER 0.0


WEATHER CONDITIONS
 THE FOLLOWING WEATHER WAS RECORDED YESTERDAY.
  NO SIGNIFICANT WEATHER WAS OBSERVED.


RELATIVE HUMIDITY (PERCENT)
 HIGHEST    31           600 PM
 LOWEST     16           100 PM
 AVERAGE    24

..........................................................




SUNRISE AND SUNSET
SEPTEMBER 21 2017.....SUNRISE   637 AM MDT   SUNSET   649 PM MDT
SEPTEMBER 22 2017.....SUNRISE   638 AM MDT   SUNSET   647 PM MDT


-  INDICATES NEGATIVE NUMBERS.
R  INDICATES RECORD WAS SET OR TIED.
MM INDICATES DATA IS MISSING.
T  INDICATES TRACE AMOUNT.




$$
