000
CDUS43 KUNR 220831
CLIIEN


CLIMATE REPORT
NATIONAL WEATHER SERVICE RAPID CITY SD
131 AM MST WED FEB 22 2017


...................................

...THE PINE RIDGE SD CLIMATE SUMMARY FOR FEBRUARY 21 2017...

CLIMATE NORMAL PERIOD 1981 TO 2010
CLIMATE RECORD PERIOD 9999 TO 9999


WEATHER ITEM   OBSERVED TIME   NORMAL DEPARTURE LAST
                VALUE   (LST)  VALUE  FROM      YEAR
                                      NORMAL
......................................................
TEMPERATURE (F)
 YESTERDAY
  MAXIMUM         72    307 PM  41     31       51
  MINIMUM         32    352 AM  15     17       24
  AVERAGE         52            28     24       38

PRECIPITATION (IN)
  YESTERDAY        0.00          0.01  -0.01     0.00
  MONTH TO DATE    0.41          0.34   0.07     0.21
  SINCE DEC 1      1.65          1.01   0.64     1.44
  SINCE JAN 1      0.82          0.66   0.16     0.42

DEGREE DAYS
 HEATING
  YESTERDAY       13            37    -24       27
  MONTH TO DATE  677           824   -147      622
  SINCE DEC 1   3704          3411    293     3165
  SINCE JUL 1   4877          5101   -224     4653

 COOLING
  YESTERDAY        0             0      0        0
  MONTH TO DATE    0             0      0        0
  SINCE DEC 1      0             0      0        0
  SINCE JAN 1      0             0      0        0
......................................................


WIND (MPH)
  HIGHEST WIND SPEED    37   HIGHEST WIND DIRECTION     W (270)
  HIGHEST GUST SPEED    49   HIGHEST GUST DIRECTION     W (290)
  AVERAGE WIND SPEED    12.1


SKY COVER
  AVERAGE SKY COVER 0.0


WEATHER CONDITIONS
 THE FOLLOWING WEATHER WAS RECORDED YESTERDAY.
  NO SIGNIFICANT WEATHER WAS OBSERVED.


RELATIVE HUMIDITY (PERCENT)
 HIGHEST    78           400 AM
 LOWEST     19           300 PM
 AVERAGE    49

..........................................................




SUNRISE AND SUNSET
FEBRUARY 22 2017......SUNRISE   637 AM MST   SUNSET   531 PM MST
FEBRUARY 23 2017......SUNRISE   635 AM MST   SUNSET   532 PM MST


-  INDICATES NEGATIVE NUMBERS.
R  INDICATES RECORD WAS SET OR TIED.
MM INDICATES DATA IS MISSING.
T  INDICATES TRACE AMOUNT.




$$
