000
CDUS43 KUNR 270832
CLIIEN


CLIMATE REPORT
NATIONAL WEATHER SERVICE RAPID CITY SD
231 AM MDT WED AUG 27 2014


...................................

...THE PINE RIDGE SD CLIMATE SUMMARY FOR AUGUST 26 2014...

CLIMATE NORMAL PERIOD 1981 TO 2010
CLIMATE RECORD PERIOD 9999 TO 9999


WEATHER ITEM   OBSERVED TIME   NORMAL DEPARTURE LAST
                VALUE   (LST)  VALUE  FROM      YEAR
                                      NORMAL
......................................................
TEMPERATURE (F)
 YESTERDAY
  MAXIMUM         83    419 PM  86     -3       99
  MINIMUM         52   1139 PM  53     -1       61
  AVERAGE         68            70     -2       80

PRECIPITATION (IN)
  YESTERDAY        1.34          0.05   1.29     0.00
  MONTH TO DATE    3.03          1.61   1.42     2.30
  SINCE JUN 1     10.13          7.31   2.82     6.23
  SINCE JAN 1     17.73         13.55   4.18    13.99

DEGREE DAYS
 HEATING
  YESTERDAY        0             1     -1        0
  MONTH TO DATE    6            14     -8        0
  SINCE JUN 1    142           113     29       80
  SINCE JUL 1     34            26      8        2

 COOLING
  YESTERDAY        3             6     -3       15
  MONTH TO DATE  157           215    -58      204
  SINCE JUN 1    390           606   -216      571
  SINCE JAN 1    415           623   -208      588
......................................................


WIND (MPH)
  HIGHEST WIND SPEED    48   HIGHEST WIND DIRECTION    SE (150)
  HIGHEST GUST SPEED    76   HIGHEST GUST DIRECTION     E (110)
  AVERAGE WIND SPEED     6.8


SKY COVER
  AVERAGE SKY COVER 0.6


WEATHER CONDITIONS
 THE FOLLOWING WEATHER WAS RECORDED YESTERDAY.
  THUNDERSTORM
  HEAVY RAIN
  RAIN
  LIGHT RAIN
  FOG
  FOG W/VISIBILITY <= 1/4 MILE
  HAZE


RELATIVE HUMIDITY (PERCENT)
 HIGHEST   100          1100 PM
 LOWEST     47           300 PM
 AVERAGE    74

..........................................................




SUNRISE AND SUNSET
AUGUST 27 2014........SUNRISE   609 AM MDT   SUNSET   733 PM MDT
AUGUST 28 2014........SUNRISE   610 AM MDT   SUNSET   732 PM MDT


-  INDICATES NEGATIVE NUMBERS.
R  INDICATES RECORD WAS SET OR TIED.
MM INDICATES DATA IS MISSING.
T  INDICATES TRACE AMOUNT.




$$
