000
CDUS43 KUNR 300835
CLIIEN


CLIMATE REPORT
NATIONAL WEATHER SERVICE RAPID CITY SD
233 AM MDT TUE JUN 30 2015


...................................

...THE PINE RIDGE SD CLIMATE SUMMARY FOR JUNE 29 2015...

CLIMATE NORMAL PERIOD 1981 TO 2010
CLIMATE RECORD PERIOD 9999 TO 9999


WEATHER ITEM   OBSERVED TIME   NORMAL DEPARTURE LAST
                VALUE   (LST)  VALUE  FROM      YEAR
                                      NORMAL
......................................................
TEMPERATURE (F)
 YESTERDAY
  MAXIMUM         89    439 PM  85      4       82
  MINIMUM         56    235 AM  55      1       46
  AVERAGE         73            70      3       64

PRECIPITATION (IN)
  YESTERDAY        0.03          0.07  -0.04     0.00
  MONTH TO DATE    3.77          3.35   0.42     4.54
  SINCE JUN 1      3.77          3.35   0.42     4.54
  SINCE JAN 1     13.45          9.59   3.86    12.14

DEGREE DAYS
 HEATING
  YESTERDAY        0             1     -1        1
  MONTH TO DATE   10            86    -76      106
  SINCE JUN 1     10            86    -76      106
  SINCE JUL 1   6874          7213   -339     7466

 COOLING
  YESTERDAY        8             6      2        0
  MONTH TO DATE  110           104      6       57
  SINCE JUN 1    110           104      6       57
  SINCE JAN 1    110           121    -11       82
......................................................


WIND (MPH)
  HIGHEST WIND SPEED    24   HIGHEST WIND DIRECTION    NW (310)
  HIGHEST GUST SPEED    33   HIGHEST GUST DIRECTION    NW (310)
  AVERAGE WIND SPEED     4.6


SKY COVER
  AVERAGE SKY COVER 0.0


WEATHER CONDITIONS
 THE FOLLOWING WEATHER WAS RECORDED YESTERDAY.
  THUNDERSTORM
  RAIN
  LIGHT RAIN
  HAZE


RELATIVE HUMIDITY (PERCENT)
 HIGHEST    93          1200 AM
 LOWEST     29           400 PM
 AVERAGE    61

..........................................................




SUNRISE AND SUNSET
JUNE 30 2015..........SUNRISE   514 AM MDT   SUNSET   833 PM MDT
JULY  1 2015..........SUNRISE   515 AM MDT   SUNSET   833 PM MDT


-  INDICATES NEGATIVE NUMBERS.
R  INDICATES RECORD WAS SET OR TIED.
MM INDICATES DATA IS MISSING.
T  INDICATES TRACE AMOUNT.




$$
