000
CDUS43 KUNR 220831
CLIIEN


CLIMATE REPORT
NATIONAL WEATHER SERVICE RAPID CITY SD
131 AM MST WED NOV 22 2017


...................................

...THE PINE RIDGE SD CLIMATE SUMMARY FOR NOVEMBER 21 2017...

CLIMATE NORMAL PERIOD 1981 TO 2010
CLIMATE RECORD PERIOD 9999 TO 9999


WEATHER ITEM   OBSERVED TIME   NORMAL DEPARTURE LAST
                VALUE   (LST)  VALUE  FROM      YEAR
                                      NORMAL
......................................................
TEMPERATURE (F)
 YESTERDAY
  MAXIMUM         41   1215 AM  45     -4       61
  MINIMUM         19    913 PM  17      2       36
  AVERAGE         30            31     -1       49

PRECIPITATION (IN)
  YESTERDAY        T             0.01  -0.01     0.00
  MONTH TO DATE    0.28          0.48  -0.20     0.13
  SINCE SEP 1      2.02          3.29  -1.27     1.35
  SINCE JAN 1     15.19         17.08  -1.89    14.27

DEGREE DAYS
 HEATING
  YESTERDAY       35            34      1       16
  MONTH TO DATE  569           606    -37      412
  SINCE SEP 1   1287          1324    -37      858
  SINCE JUL 1   1299          1361    -62      891

 COOLING
  YESTERDAY        0             0      0        0
  MONTH TO DATE    0             0      0        0
  SINCE SEP 1    107            69     38       62
  SINCE JAN 1    780           717     63      774
......................................................


WIND (MPH)
  HIGHEST WIND SPEED    24   HIGHEST WIND DIRECTION     N (10)
  HIGHEST GUST SPEED    29   HIGHEST GUST DIRECTION     N (10)
  AVERAGE WIND SPEED     6.5


SKY COVER
  AVERAGE SKY COVER 0.6


WEATHER CONDITIONS
 THE FOLLOWING WEATHER WAS RECORDED YESTERDAY.
  LIGHT SNOW
  FOG


RELATIVE HUMIDITY (PERCENT)
 HIGHEST    91           700 PM
 LOWEST     51          1200 AM
 AVERAGE    71

..........................................................




SUNRISE AND SUNSET
NOVEMBER 22 2017......SUNRISE   652 AM MST   SUNSET   421 PM MST
NOVEMBER 23 2017......SUNRISE   653 AM MST   SUNSET   420 PM MST


-  INDICATES NEGATIVE NUMBERS.
R  INDICATES RECORD WAS SET OR TIED.
MM INDICATES DATA IS MISSING.
T  INDICATES TRACE AMOUNT.




$$
