000
CDUS43 KUNR 310839
CLIIEN


CLIMATE REPORT
NATIONAL WEATHER SERVICE RAPID CITY SD
238 AM MDT MON AUG 31 2015


...................................

...THE PINE RIDGE SD CLIMATE SUMMARY FOR AUGUST 30 2015...

CLIMATE NORMAL PERIOD 1981 TO 2010
CLIMATE RECORD PERIOD 9999 TO 9999


WEATHER ITEM   OBSERVED TIME   NORMAL DEPARTURE LAST
                VALUE   (LST)  VALUE  FROM      YEAR
                                      NORMAL
......................................................
TEMPERATURE (F)
 YESTERDAY
  MAXIMUM         99    259 PM  85     14       89
  MINIMUM         64    515 AM  52     12       47
  AVERAGE         82            68     14       68

PRECIPITATION (IN)
  YESTERDAY        0.00          0.05  -0.05     0.08
  MONTH TO DATE    0.22          1.80  -1.58     3.39
  SINCE JUN 1      6.63          7.50  -0.87    10.49
  SINCE JAN 1     16.31         13.74   2.57    18.09

DEGREE DAYS
 HEATING
  YESTERDAY        0             2     -2        0
  MONTH TO DATE   42            21     21       13
  SINCE JUN 1     60           120    -60      149
  SINCE JUL 1     50            33     17       41

 COOLING
  YESTERDAY       17             5     12        3
  MONTH TO DATE  181           236    -55      160
  SINCE JUN 1    498           627   -129      393
  SINCE JAN 1    498           644   -146      418
......................................................


WIND (MPH)
  HIGHEST WIND SPEED    21   HIGHEST WIND DIRECTION     S (180)
  HIGHEST GUST SPEED    29   HIGHEST GUST DIRECTION     S (170)
  AVERAGE WIND SPEED    11.2


SKY COVER
  AVERAGE SKY COVER 0.0


WEATHER CONDITIONS
 THE FOLLOWING WEATHER WAS RECORDED YESTERDAY.
  HAZE


RELATIVE HUMIDITY (PERCENT)
 HIGHEST    45           300 AM
 LOWEST     16           300 PM
 AVERAGE    31

..........................................................




SUNRISE AND SUNSET
AUGUST 31 2015........SUNRISE   613 AM MDT   SUNSET   727 PM MDT
SEPTEMBER  1 2015.....SUNRISE   614 AM MDT   SUNSET   725 PM MDT


-  INDICATES NEGATIVE NUMBERS.
R  INDICATES RECORD WAS SET OR TIED.
MM INDICATES DATA IS MISSING.
T  INDICATES TRACE AMOUNT.




$$
