000
CDUS43 KUNR 230833
CLIIEN


CLIMATE REPORT
NATIONAL WEATHER SERVICE RAPID CITY SD
232 AM MDT TUE AUG 23 2016


...................................

...THE PINE RIDGE SD CLIMATE SUMMARY FOR AUGUST 22 2016...

CLIMATE NORMAL PERIOD 1981 TO 2010
CLIMATE RECORD PERIOD 9999 TO 9999


WEATHER ITEM   OBSERVED TIME   NORMAL DEPARTURE LAST
                VALUE   (LST)  VALUE  FROM      YEAR
                                      NORMAL
......................................................
TEMPERATURE (F)
 YESTERDAY
  MAXIMUM         99    222 PM  87     12       73
  MINIMUM         58    515 AM  55      3       39
  AVERAGE         79            71      8       56

PRECIPITATION (IN)
  YESTERDAY        0.00          0.06  -0.06      T
  MONTH TO DATE    2.18          1.42   0.76     0.22
  SINCE JUN 1      6.25          7.12  -0.87     6.63
  SINCE JAN 1     12.33         13.36  -1.03    16.31

DEGREE DAYS
 HEATING
  YESTERDAY        0             1     -1        9
  MONTH TO DATE   14            10      4       27
  SINCE JUN 1     42           109    -67       45
  SINCE JUL 1     16            22     -6       35

 COOLING
  YESTERDAY       14             7      7        0
  MONTH TO DATE  164           191    -27      136
  SINCE JUN 1    673           582     91      453
  SINCE JAN 1    681           599     82      453
......................................................


WIND (MPH)
  HIGHEST WIND SPEED    24   HIGHEST WIND DIRECTION     S (180)
  HIGHEST GUST SPEED    34   HIGHEST GUST DIRECTION     S (180)
  AVERAGE WIND SPEED    13.7


SKY COVER
  AVERAGE SKY COVER 0.0


WEATHER CONDITIONS
 THE FOLLOWING WEATHER WAS RECORDED YESTERDAY.
  NO SIGNIFICANT WEATHER WAS OBSERVED.


RELATIVE HUMIDITY (PERCENT)
 HIGHEST    87           500 AM
 LOWEST     14           200 PM
 AVERAGE    51

..........................................................




SUNRISE AND SUNSET
AUGUST 23 2016........SUNRISE   605 AM MDT   SUNSET   739 PM MDT
AUGUST 24 2016........SUNRISE   606 AM MDT   SUNSET   737 PM MDT


-  INDICATES NEGATIVE NUMBERS.
R  INDICATES RECORD WAS SET OR TIED.
MM INDICATES DATA IS MISSING.
T  INDICATES TRACE AMOUNT.




$$
