000
CDUS43 KUNR 190835
CLIIEN


CLIMATE REPORT
NATIONAL WEATHER SERVICE RAPID CITY SD
134 AM MST MON FEB 19 2018


...................................

...THE PINE RIDGE SD CLIMATE SUMMARY FOR FEBRUARY 18 2018...

CLIMATE NORMAL PERIOD 1981 TO 2010
CLIMATE RECORD PERIOD 9999 TO 9999


WEATHER ITEM   OBSERVED TIME   NORMAL DEPARTURE LAST
                VALUE   (LST)  VALUE  FROM      YEAR
                                      NORMAL
......................................................
TEMPERATURE (F)
 YESTERDAY
  MAXIMUM         49    646 AM  41      8       57
  MINIMUM          7   1159 PM  14     -7       31
  AVERAGE         28            27      1       44

PRECIPITATION (IN)
  YESTERDAY        T             0.01  -0.01     0.00
  MONTH TO DATE    0.50          0.30   0.20     0.40
  SINCE DEC 1      1.19          0.97   0.22     1.64
  SINCE JAN 1      0.87          0.62   0.25     0.81

DEGREE DAYS
 HEATING
  YESTERDAY       37            38     -1       21
  MONTH TO DATE  848           712    136      632
  SINCE DEC 1   3308          3299      9     3659
  SINCE JUL 1   4805          4989   -184     4832

 COOLING
  YESTERDAY        0             0      0        0
  MONTH TO DATE    0             0      0        0
  SINCE DEC 1      0             0      0        0
  SINCE JAN 1      0             0      0        0
......................................................


WIND (MPH)
  HIGHEST WIND SPEED    26   HIGHEST WIND DIRECTION     N (20)
  HIGHEST GUST SPEED    35   HIGHEST GUST DIRECTION     N (20)
  AVERAGE WIND SPEED    15.5


SKY COVER
  AVERAGE SKY COVER 0.5


WEATHER CONDITIONS
 THE FOLLOWING WEATHER WAS RECORDED YESTERDAY.
  LIGHT SNOW
  FOG


RELATIVE HUMIDITY (PERCENT)
 HIGHEST    83           700 PM
 LOWEST     38           700 AM
 AVERAGE    61

..........................................................




SUNRISE AND SUNSET
FEBRUARY 19 2018......SUNRISE   642 AM MST   SUNSET   527 PM MST
FEBRUARY 20 2018......SUNRISE   640 AM MST   SUNSET   528 PM MST


-  INDICATES NEGATIVE NUMBERS.
R  INDICATES RECORD WAS SET OR TIED.
MM INDICATES DATA IS MISSING.
T  INDICATES TRACE AMOUNT.




$$
